[INFO] fetching crate resonance-platform 4.0.0...
[INFO] testing resonance-platform-4.0.0 against 1.100.0-beta.1+cargoflags=--release for beta-release-1.100-2
[INFO] extracting crate resonance-platform 4.0.0 into /workspace/builds/worker-2-tc2/source
[INFO] started tweaking crates.io crate resonance-platform 4.0.0
[INFO] finished tweaking crates.io crate resonance-platform 4.0.0
[INFO] tweaked toml for crates.io crate resonance-platform 4.0.0 written to /workspace/builds/worker-2-tc2/source/Cargo.toml
[INFO] validating manifest of crates.io crate resonance-platform 4.0.0 on toolchain 1.100.0-beta.1
[INFO] running `Command { std: CARGO_HOME="/workspace/cargo-home" RUSTUP_HOME="/workspace/rustup-home" "/workspace/cargo-home/bin/cargo" "+1.100.0-beta.1" "metadata" "--manifest-path" "Cargo.toml" "--no-deps", kill_on_drop: false }`
[INFO] crate crates.io crate resonance-platform 4.0.0 already has a lockfile, it will not be regenerated
[INFO] running `Command { std: CARGO_HOME="/workspace/cargo-home" RUSTUP_HOME="/workspace/rustup-home" "/workspace/cargo-home/bin/cargo" "+1.100.0-beta.1" "fetch" "--manifest-path" "Cargo.toml", kill_on_drop: false }`
[INFO] running `Command { std: "docker" "create" "-v" "/var/lib/crater-agent-workspace/builds/worker-2-tc2/source:/opt/rustwide/workdir:ro,Z" "-v" "/var/lib/crater-agent-workspace/builds/worker-2-tc2/target:/opt/rustwide/target:rw,Z" "-v" "/var/lib/crater-agent-workspace/cargo-home:/opt/rustwide/cargo-home:ro,Z" "-v" "/var/lib/crater-agent-workspace/rustup-home:/opt/rustwide/rustup-home:ro,Z" "-m" "1610612736" "--network" "none" "ghcr.io/rust-lang/crates-build-env/linux@sha256:77db811e55d90add9212f6832c23229e3de5f1c1f9905e8cb07319ea15df73ac" "sleep" "infinity", kill_on_drop: false }`
[INFO] [stdout] eceea9a8e4a996ce5f5f39a771e93e6d508a0eabc0cdce348af2701850ee307a
[INFO] running `Command { std: "docker" "start" "eceea9a8e4a996ce5f5f39a771e93e6d508a0eabc0cdce348af2701850ee307a", kill_on_drop: false }`
[INFO] running `Command { std: "docker" "inspect" "eceea9a8e4a996ce5f5f39a771e93e6d508a0eabc0cdce348af2701850ee307a", kill_on_drop: false }`
[INFO] running `Command { std: "docker" "exec" "-e" "SOURCE_DIR=/opt/rustwide/workdir" "-e" "CARGO_HOME=/opt/rustwide/cargo-home" "-e" "RUSTUP_HOME=/opt/rustwide/rustup-home" "-e" "CARGO_TARGET_DIR=/opt/rustwide/target" "-w" "/opt/rustwide/workdir" "--user" "0:0" "eceea9a8e4a996ce5f5f39a771e93e6d508a0eabc0cdce348af2701850ee307a" "/opt/rustwide/cargo-home/bin/cargo" "+1.100.0-beta.1" "metadata" "--no-deps" "--format-version=1", kill_on_drop: false }`
[INFO] running `Command { std: "docker" "inspect" "eceea9a8e4a996ce5f5f39a771e93e6d508a0eabc0cdce348af2701850ee307a", kill_on_drop: false }`
[INFO] running `Command { std: "docker" "exec" "-e" "SOURCE_DIR=/opt/rustwide/workdir" "-e" "CARGO_HOME=/opt/rustwide/cargo-home" "-e" "RUSTUP_HOME=/opt/rustwide/rustup-home" "-e" "CARGO_TARGET_DIR=/opt/rustwide/target" "-e" "CARGO_INCREMENTAL=0" "-e" "RUST_BACKTRACE=full" "-e" "RUSTFLAGS=--cap-lints=warn" "-e" "RUSTDOCFLAGS=--cap-lints=warn" "-w" "/opt/rustwide/workdir" "--user" "0:0" "eceea9a8e4a996ce5f5f39a771e93e6d508a0eabc0cdce348af2701850ee307a" "/opt/rustwide/cargo-home/bin/cargo" "+1.100.0-beta.1" "build" "--frozen" "--message-format=json" "--release", kill_on_drop: false }`
[INFO] [stderr]    Compiling serde_core v1.0.229
[INFO] [stderr]    Compiling serde v1.0.229
[INFO] [stderr]    Compiling zerofrom v0.1.8
[INFO] [stderr]    Compiling ring v0.17.14
[INFO] [stderr]    Compiling serde_json v1.0.151
[INFO] [stderr]    Compiling digest v0.10.7
[INFO] [stderr]    Compiling zerovec v0.11.8
[INFO] [stderr]    Compiling crossbeam-utils v0.8.22
[INFO] [stderr]    Compiling getrandom v0.2.17
[INFO] [stderr]    Compiling zerocopy v0.8.56
[INFO] [stderr]    Compiling writeable v0.6.4
[INFO] [stderr]    Compiling smallvec v1.15.2
[INFO] [stderr]    Compiling litemap v0.8.3
[INFO] [stderr]    Compiling rustls v0.21.12
[INFO] [stderr]    Compiling zerotrie v0.2.5
[INFO] [stderr]    Compiling icu_normalizer_data v2.3.0
[INFO] [stderr]    Compiling icu_properties_data v2.3.0
[INFO] [stderr]    Compiling futures-io v0.3.34
[INFO] [stderr]    Compiling yoke v0.8.3
[INFO] [stderr]    Compiling futures-util v0.3.34
[INFO] [stderr]    Compiling pin-project-lite v0.2.17
[INFO] [stderr]    Compiling futures-core v0.3.34
[INFO] [stderr]    Compiling num-traits v0.2.19
[INFO] [stderr]    Compiling getrandom v0.3.4
[INFO] [stderr]    Compiling parking_lot_core v0.9.12
[INFO] [stderr]    Compiling sha2 v0.10.9
[INFO] [stderr]    Compiling num-integer v0.1.47
[INFO] [stderr]    Compiling rustls-pki-types v1.15.1
[INFO] [stderr]    Compiling mio v1.2.2
[INFO] [stderr]    Compiling socket2 v0.6.5
[INFO] [stderr]    Compiling futures-sink v0.3.34
[INFO] [stderr]    Compiling bytes v1.12.1
[INFO] [stderr]    Compiling allocator-api2 v0.2.21
[INFO] [stderr]    Compiling tinyvec_macros v0.1.1
[INFO] [stderr]    Compiling tinyvec v1.12.0
[INFO] [stderr]    Compiling tinystr v0.8.4
[INFO] [stderr]    Compiling potential_utf v0.1.6
[INFO] [stderr]    Compiling icu_collections v2.3.0
[INFO] [stderr]    Compiling tokio v1.53.1
[INFO] [stderr]    Compiling icu_locale_core v2.3.0
[INFO] [stderr]    Compiling form_urlencoded v1.2.2
[INFO] [stderr]    Compiling nom v7.1.3
[INFO] [stderr]    Compiling parking_lot v0.12.5
[INFO] [stderr]    Compiling ahash v0.8.12
[INFO] [stderr]    Compiling rand_core v0.6.4
[INFO] [stderr]    Compiling tracing-core v0.1.36
[INFO] [stderr]    Compiling thiserror v1.0.69
[INFO] [stderr]    Compiling slab v0.4.12
[INFO] [stderr]    Compiling crc32fast v1.5.1
[INFO] [stderr]    Compiling base64 v0.21.7
[INFO] [stderr]    Compiling unicode_categories v0.1.1
[INFO] [stderr]    Compiling bitflags v2.13.1
[INFO] [stderr]    Compiling crc-catalog v2.5.0
[INFO] [stderr]    Compiling futures-task v0.3.34
[INFO] [stderr]    Compiling iana-time-zone v0.1.65
[INFO] [stderr]    Compiling rustix v1.1.4
[INFO] [stderr]    Compiling hashbrown v0.14.5
[INFO] [stderr]    Compiling crc v3.4.0
[INFO] [stderr]    Compiling tracing v0.1.44
[INFO] [stderr]    Compiling icu_provider v2.3.1
[INFO] [stderr]    Compiling icu_properties v2.3.0
[INFO] [stderr]    Compiling icu_normalizer v2.3.0
[INFO] [stderr]    Compiling chrono v0.4.45
[INFO] [stderr]    Compiling either v1.18.0
[INFO] [stderr]    Compiling rustls-pemfile v1.0.4
[INFO] [stderr]    Compiling rustls-webpki v0.101.7
[INFO] [stderr]    Compiling sct v0.7.1
[INFO] [stderr]    Compiling idna_adapter v1.2.2
[INFO] [stderr]    Compiling idna v1.1.0
[INFO] [stderr]    Compiling crossbeam-queue v0.3.13
[INFO] [stderr]    Compiling der v0.7.10
[INFO] [stderr]    Compiling sqlformat v0.2.6
[INFO] [stderr]    Compiling url v2.5.8
[INFO] [stderr]    Compiling futures-intrusive v0.5.0
[INFO] [stderr]    Compiling unicode-normalization v0.1.25
[INFO] [stderr]    Compiling atoi v2.0.0
[INFO] [stderr]    Compiling curve25519-dalek v4.1.3
[INFO] [stderr]    Compiling futures-channel v0.3.34
[INFO] [stderr]    Compiling hmac v0.12.1
[INFO] [stderr]    Compiling signature v2.2.0
[INFO] [stderr]    Compiling getrandom v0.4.3
[INFO] [stderr]    Compiling webpki-roots v0.25.4
[INFO] [stderr]    Compiling num-conv v0.2.2
[INFO] [stderr]    Compiling unicode-properties v0.1.4
[INFO] [stderr]    Compiling unicode-bidi v0.3.18
[INFO] [stderr]    Compiling syn v1.0.109
[INFO] [stderr]    Compiling time-core v0.1.9
[INFO] [stderr]    Compiling byteorder v1.5.0
[INFO] [stderr]    Compiling uuid v1.25.0
[INFO] [stderr]    Compiling event-listener v2.5.3
[INFO] [stderr]    Compiling linux-raw-sys v0.12.1
[INFO] [stderr]    Compiling time-macros v0.2.32
[INFO] [stderr]    Compiling stringprep v0.1.5
[INFO] [stderr]    Compiling ppv-lite86 v0.2.21
[INFO] [stderr]    Compiling rand_chacha v0.3.1
[INFO] [stderr]    Compiling http v1.5.0
[INFO] [stderr]    Compiling hashlink v0.8.4
[INFO] [stderr]    Compiling tokio-stream v0.1.19
[INFO] [stderr]    Compiling rand v0.8.8
[INFO] [stderr]    Compiling spki v0.7.3
[INFO] [stderr]    Compiling miniz_oxide v0.8.9
[INFO] [stderr]    Compiling hkdf v0.12.4
[INFO] [stderr]    Compiling http-body v1.1.0
[INFO] [stderr]    Compiling deranged v0.5.8
[INFO] [stderr]    Compiling md-5 v0.10.6
[INFO] [stderr]    Compiling curve25519-dalek-derive v0.1.1
[INFO] [stderr]    Compiling whoami v1.6.1
[INFO] [stderr]    Compiling thiserror v2.0.20
[INFO] [stderr]    Compiling fastrand v2.5.0
[INFO] [stderr]    Compiling rustls v0.23.43
[INFO] [stderr]    Compiling sqlx-core v0.7.4
[INFO] [stderr]    Compiling dotenvy v0.15.7
[INFO] [stderr]    Compiling heck v0.4.1
[INFO] [stderr]    Compiling tempfile v3.27.0
[INFO] [stderr]    Compiling flate2 v1.1.9
[INFO] [stderr]    Compiling http-body-util v0.1.5
[INFO] [stderr]    Compiling pkcs8 v0.10.2
[INFO] [stderr]    Compiling ed25519 v2.2.3
[INFO] [stderr]    Compiling sha1 v0.10.7
[INFO] [stderr]    Compiling aho-corasick v1.1.5
[INFO] [stderr]    Compiling thiserror-impl v2.0.20
[INFO] [stderr]    Compiling portable-atomic v1.15.0
[INFO] [stderr]    Compiling strength_reduce v0.2.4
[INFO] [stderr]    Compiling compression-core v0.4.32
[INFO] [stderr]    Compiling compression-codecs v0.4.38
[INFO] [stderr]    Compiling time v0.3.55
[INFO] [stderr]    Compiling ed25519-dalek v2.2.0
[INFO] [stderr]    Compiling tungstenite v0.24.0
[INFO] [stderr]    Compiling transpose v0.2.3
[INFO] [stderr]    Compiling signatory v0.27.1
[INFO] [stderr]    Compiling rustls-pemfile v2.2.0
[INFO] [stderr]    Compiling num-bigint v0.4.8
[INFO] [stderr]    Compiling primal-check v0.3.4
[INFO] [stderr]    Compiling num-complex v0.4.6
[INFO] [stderr]    Compiling regex-automata v0.4.18
[INFO] [stderr]    Compiling home v0.5.12
[INFO] [stderr]    Compiling rustls-native-certs v0.7.3
[INFO] [stderr]    Compiling rustfft v6.4.1
[INFO] [stderr]    Compiling serde_urlencoded v0.7.1
[INFO] [stderr]    Compiling sqlx-postgres v0.7.4
[INFO] [stderr]    Compiling axum-core v0.4.5
[INFO] [stderr]    Compiling nkeys v0.4.5
[INFO] [stderr]    Compiling pem v3.0.6
[INFO] [stderr]    Compiling serde_nanos v0.1.4
[INFO] [stderr]    Compiling serde_path_to_error v0.1.20
[INFO] [stdout] error[E0277]: the trait bound `!: sqlx_core::io::Decode<'_>` is not satisfied
[INFO] [stdout]   --> /opt/rustwide/cargo-home/registry/src/index.crates.io-1949cf8c6b5b557f/sqlx-postgres-0.7.4/src/connection/executor.rs:68:10
[INFO] [stdout]    |
[INFO] [stdout] 68 |         .recv_expect(MessageFormat::ParseComplete)
[INFO] [stdout]    |          ^^^^^^^^^^^ the trait `sqlx_core::io::Decode<'_>` is not implemented for `!`
[INFO] [stdout]    |
[INFO] [stdout]    = help: the following other types implement trait `sqlx_core::io::Decode<'de, Context>`:
[INFO] [stdout]              ()
[INFO] [stdout]              Authentication
[INFO] [stdout]              AuthenticationSaslContinue
[INFO] [stdout]              AuthenticationSaslFinal
[INFO] [stdout]              BackendKeyData
[INFO] [stdout]              CommandComplete
[INFO] [stdout]              CopyData<sqlx_core::bytes::Bytes>
[INFO] [stdout]              CopyDone
[INFO] [stdout]            and 10 others
[INFO] [stdout]    = note: this error might have been caused by changes to Rust's type-inference algorithm (see issue #148922 <https://github.com/rust-lang/rust/issues/148922> for more information)
[INFO] [stdout]    = help: you might have intended to use the type `()` here instead
[INFO] [stdout] note: required by a bound in `PgStream::recv_expect`
[INFO] [stdout]   --> /opt/rustwide/cargo-home/registry/src/index.crates.io-1949cf8c6b5b557f/sqlx-postgres-0.7.4/src/connection/stream.rs:68:45
[INFO] [stdout]    |
[INFO] [stdout] 41 | impl PgStream {
[INFO] [stdout] ...
[INFO] [stdout] 68 |     pub(crate) async fn recv_expect<'de, T: Decode<'de>>(
[INFO] [stdout]    |                                             ^^^^^^^^^^^ required by this bound in `PgStream::recv_expect`
[INFO] [stdout] 
[INFO] [stdout] 
[INFO] [stdout] error[E0277]: the trait bound `!: sqlx_core::io::Decode<'_>` is not satisfied
[INFO] [stdout]   --> /opt/rustwide/cargo-home/registry/src/index.crates.io-1949cf8c6b5b557f/sqlx-postgres-0.7.4/src/connection/executor.rs:66:13
[INFO] [stdout]    |
[INFO] [stdout] 66 |       let _ = conn
[INFO] [stdout]    |  _____________^
[INFO] [stdout] 67 | |         .stream
[INFO] [stdout] 68 | |         .recv_expect(MessageFormat::ParseComplete)
[INFO] [stdout]    | |__________________________________________________^ the trait `sqlx_core::io::Decode<'_>` is not implemented for `!`
[INFO] [stdout]    |
[INFO] [stdout]    = help: the following other types implement trait `sqlx_core::io::Decode<'de, Context>`:
[INFO] [stdout]              ()
[INFO] [stdout]              Authentication
[INFO] [stdout]              AuthenticationSaslContinue
[INFO] [stdout]              AuthenticationSaslFinal
[INFO] [stdout]              BackendKeyData
[INFO] [stdout]              CommandComplete
[INFO] [stdout]              CopyData<sqlx_core::bytes::Bytes>
[INFO] [stdout]              CopyDone
[INFO] [stdout]            and 10 others
[INFO] [stdout]    = note: this error might have been caused by changes to Rust's type-inference algorithm (see issue #148922 <https://github.com/rust-lang/rust/issues/148922> for more information)
[INFO] [stdout]    = help: you might have intended to use the type `()` here instead
[INFO] [stdout] note: required by a bound in `PgStream::recv_expect`
[INFO] [stdout]   --> /opt/rustwide/cargo-home/registry/src/index.crates.io-1949cf8c6b5b557f/sqlx-postgres-0.7.4/src/connection/stream.rs:68:45
[INFO] [stdout]    |
[INFO] [stdout] 41 | impl PgStream {
[INFO] [stdout] ...
[INFO] [stdout] 68 |     pub(crate) async fn recv_expect<'de, T: Decode<'de>>(
[INFO] [stdout]    |                                             ^^^^^^^^^^^ required by this bound in `PgStream::recv_expect`
[INFO] [stdout] 
[INFO] [stdout] 
[INFO] [stdout] error[E0277]: the trait bound `!: sqlx_core::io::Decode<'_>` is not satisfied
[INFO] [stdout]   --> /opt/rustwide/cargo-home/registry/src/index.crates.io-1949cf8c6b5b557f/sqlx-postgres-0.7.4/src/connection/executor.rs:69:10
[INFO] [stdout]    |
[INFO] [stdout] 69 |         .await?;
[INFO] [stdout]    |          ^^^^^ the trait `sqlx_core::io::Decode<'_>` is not implemented for `!`
[INFO] [stdout]    |
[INFO] [stdout]    = help: the following other types implement trait `sqlx_core::io::Decode<'de, Context>`:
[INFO] [stdout]              ()
[INFO] [stdout]              Authentication
[INFO] [stdout]              AuthenticationSaslContinue
[INFO] [stdout]              AuthenticationSaslFinal
[INFO] [stdout]              BackendKeyData
[INFO] [stdout]              CommandComplete
[INFO] [stdout]              CopyData<sqlx_core::bytes::Bytes>
[INFO] [stdout]              CopyDone
[INFO] [stdout]            and 10 others
[INFO] [stdout]    = note: this error might have been caused by changes to Rust's type-inference algorithm (see issue #148922 <https://github.com/rust-lang/rust/issues/148922> for more information)
[INFO] [stdout]    = help: you might have intended to use the type `()` here instead
[INFO] [stdout] note: required by a bound in `PgStream::recv_expect`
[INFO] [stdout]   --> /opt/rustwide/cargo-home/registry/src/index.crates.io-1949cf8c6b5b557f/sqlx-postgres-0.7.4/src/connection/stream.rs:68:45
[INFO] [stdout]    |
[INFO] [stdout] 41 | impl PgStream {
[INFO] [stdout] ...
[INFO] [stdout] 68 |     pub(crate) async fn recv_expect<'de, T: Decode<'de>>(
[INFO] [stdout]    |                                             ^^^^^^^^^^^ required by this bound in `PgStream::recv_expect`
[INFO] [stdout] 
[INFO] [stdout] 
[INFO] [stdout] error[E0277]: the trait bound `!: sqlx_core::io::Decode<'_>` is not satisfied
[INFO] [stdout]    --> /opt/rustwide/cargo-home/registry/src/index.crates.io-1949cf8c6b5b557f/sqlx-postgres-0.7.4/src/copy.rs:280:30
[INFO] [stdout]     |
[INFO] [stdout] 280 | ...                   .recv_expect(MessageFormat::ReadyForQuery)
[INFO] [stdout]     |                        ^^^^^^^^^^^ the trait `sqlx_core::io::Decode<'_>` is not implemented for `!`
[INFO] [stdout]     |
[INFO] [stdout]     = help: the following other types implement trait `sqlx_core::io::Decode<'de, Context>`:
[INFO] [stdout]               ()
[INFO] [stdout]               Authentication
[INFO] [stdout]               AuthenticationSaslContinue
[INFO] [stdout]               AuthenticationSaslFinal
[INFO] [stdout]               BackendKeyData
[INFO] [stdout]               CommandComplete
[INFO] [stdout]               CopyData<sqlx_core::bytes::Bytes>
[INFO] [stdout]               CopyDone
[INFO] [stdout]             and 10 others
[INFO] [stdout]     = note: this error might have been caused by changes to Rust's type-inference algorithm (see issue #148922 <https://github.com/rust-lang/rust/issues/148922> for more information)
[INFO] [stdout]     = help: you might have intended to use the type `()` here instead
[INFO] [stdout] note: required by a bound in `PgStream::recv_expect`
[INFO] [stdout]    --> /opt/rustwide/cargo-home/registry/src/index.crates.io-1949cf8c6b5b557f/sqlx-postgres-0.7.4/src/connection/stream.rs:68:45
[INFO] [stdout]     |
[INFO] [stdout]  41 | impl PgStream {
[INFO] [stdout] ...
[INFO] [stdout]  68 |     pub(crate) async fn recv_expect<'de, T: Decode<'de>>(
[INFO] [stdout]     |                                             ^^^^^^^^^^^ required by this bound in `PgStream::recv_expect`
[INFO] [stdout] 
[INFO] [stdout] 
[INFO] [stdout] error[E0277]: the trait bound `!: sqlx_core::io::Decode<'_>` is not satisfied
[INFO] [stdout]    --> /opt/rustwide/cargo-home/registry/src/index.crates.io-1949cf8c6b5b557f/sqlx-postgres-0.7.4/src/copy.rs:279:25
[INFO] [stdout]     |
[INFO] [stdout] 279 | /                         conn.stream
[INFO] [stdout] 280 | |                             .recv_expect(MessageFormat::ReadyForQuery)
[INFO] [stdout]     | |______________________________________________________________________^ the trait `sqlx_core::io::Decode<'_>` is not implemented for `!`
[INFO] [stdout]     |
[INFO] [stdout]     = help: the following other types implement trait `sqlx_core::io::Decode<'de, Context>`:
[INFO] [stdout]               ()
[INFO] [stdout]               Authentication
[INFO] [stdout]               AuthenticationSaslContinue
[INFO] [stdout]               AuthenticationSaslFinal
[INFO] [stdout]               BackendKeyData
[INFO] [stdout]               CommandComplete
[INFO] [stdout]               CopyData<sqlx_core::bytes::Bytes>
[INFO] [stdout]               CopyDone
[INFO] [stdout]             and 10 others
[INFO] [stdout]     = note: this error might have been caused by changes to Rust's type-inference algorithm (see issue #148922 <https://github.com/rust-lang/rust/issues/148922> for more information)
[INFO] [stdout]     = help: you might have intended to use the type `()` here instead
[INFO] [stdout] note: required by a bound in `PgStream::recv_expect`
[INFO] [stdout]    --> /opt/rustwide/cargo-home/registry/src/index.crates.io-1949cf8c6b5b557f/sqlx-postgres-0.7.4/src/connection/stream.rs:68:45
[INFO] [stdout]     |
[INFO] [stdout]  41 | impl PgStream {
[INFO] [stdout] ...
[INFO] [stdout]  68 |     pub(crate) async fn recv_expect<'de, T: Decode<'de>>(
[INFO] [stdout]     |                                             ^^^^^^^^^^^ required by this bound in `PgStream::recv_expect`
[INFO] [stdout] 
[INFO] [stdout] 
[INFO] [stdout] error[E0277]: the trait bound `!: sqlx_core::io::Decode<'_>` is not satisfied
[INFO] [stdout]    --> /opt/rustwide/cargo-home/registry/src/index.crates.io-1949cf8c6b5b557f/sqlx-postgres-0.7.4/src/copy.rs:281:30
[INFO] [stdout]     |
[INFO] [stdout] 281 | ...                   .await?;
[INFO] [stdout]     |                        ^^^^^ the trait `sqlx_core::io::Decode<'_>` is not implemented for `!`
[INFO] [stdout]     |
[INFO] [stdout]     = help: the following other types implement trait `sqlx_core::io::Decode<'de, Context>`:
[INFO] [stdout]               ()
[INFO] [stdout]               Authentication
[INFO] [stdout]               AuthenticationSaslContinue
[INFO] [stdout]               AuthenticationSaslFinal
[INFO] [stdout]               BackendKeyData
[INFO] [stdout]               CommandComplete
[INFO] [stdout]               CopyData<sqlx_core::bytes::Bytes>
[INFO] [stdout]               CopyDone
[INFO] [stdout]             and 10 others
[INFO] [stdout]     = note: this error might have been caused by changes to Rust's type-inference algorithm (see issue #148922 <https://github.com/rust-lang/rust/issues/148922> for more information)
[INFO] [stdout]     = help: you might have intended to use the type `()` here instead
[INFO] [stdout] note: required by a bound in `PgStream::recv_expect`
[INFO] [stdout]    --> /opt/rustwide/cargo-home/registry/src/index.crates.io-1949cf8c6b5b557f/sqlx-postgres-0.7.4/src/connection/stream.rs:68:45
[INFO] [stdout]     |
[INFO] [stdout]  41 | impl PgStream {
[INFO] [stdout] ...
[INFO] [stdout]  68 |     pub(crate) async fn recv_expect<'de, T: Decode<'de>>(
[INFO] [stdout]     |                                             ^^^^^^^^^^^ required by this bound in `PgStream::recv_expect`
[INFO] [stdout] 
[INFO] [stdout] 
[INFO] [stdout] error[E0277]: the trait bound `!: sqlx_core::io::Decode<'_>` is not satisfied
[INFO] [stdout]    --> /opt/rustwide/cargo-home/registry/src/index.crates.io-1949cf8c6b5b557f/sqlx-postgres-0.7.4/src/copy.rs:314:14
[INFO] [stdout]     |
[INFO] [stdout] 314 |             .recv_expect(MessageFormat::ReadyForQuery)
[INFO] [stdout]     |              ^^^^^^^^^^^ the trait `sqlx_core::io::Decode<'_>` is not implemented for `!`
[INFO] [stdout]     |
[INFO] [stdout]     = help: the following other types implement trait `sqlx_core::io::Decode<'de, Context>`:
[INFO] [stdout]               ()
[INFO] [stdout]               Authentication
[INFO] [stdout]               AuthenticationSaslContinue
[INFO] [stdout]               AuthenticationSaslFinal
[INFO] [stdout]               BackendKeyData
[INFO] [stdout]               CommandComplete
[INFO] [stdout]               CopyData<sqlx_core::bytes::Bytes>
[INFO] [stdout]               CopyDone
[INFO] [stdout]             and 10 others
[INFO] [stdout]     = note: this error might have been caused by changes to Rust's type-inference algorithm (see issue #148922 <https://github.com/rust-lang/rust/issues/148922> for more information)
[INFO] [stdout]     = help: you might have intended to use the type `()` here instead
[INFO] [stdout] note: required by a bound in `PgStream::recv_expect`
[INFO] [stdout]    --> /opt/rustwide/cargo-home/registry/src/index.crates.io-1949cf8c6b5b557f/sqlx-postgres-0.7.4/src/connection/stream.rs:68:45
[INFO] [stdout]     |
[INFO] [stdout]  41 | impl PgStream {
[INFO] [stdout] ...
[INFO] [stdout]  68 |     pub(crate) async fn recv_expect<'de, T: Decode<'de>>(
[INFO] [stdout]     |                                             ^^^^^^^^^^^ required by this bound in `PgStream::recv_expect`
[INFO] [stdout] 
[INFO] [stdout] 
[INFO] [stdout] error[E0277]: the trait bound `!: sqlx_core::io::Decode<'_>` is not satisfied
[INFO] [stdout]    --> /opt/rustwide/cargo-home/registry/src/index.crates.io-1949cf8c6b5b557f/sqlx-postgres-0.7.4/src/copy.rs:313:9
[INFO] [stdout]     |
[INFO] [stdout] 313 | /         conn.stream
[INFO] [stdout] 314 | |             .recv_expect(MessageFormat::ReadyForQuery)
[INFO] [stdout]     | |______________________________________________________^ the trait `sqlx_core::io::Decode<'_>` is not implemented for `!`
[INFO] [stdout]     |
[INFO] [stdout]     = help: the following other types implement trait `sqlx_core::io::Decode<'de, Context>`:
[INFO] [stdout]               ()
[INFO] [stdout]               Authentication
[INFO] [stdout]               AuthenticationSaslContinue
[INFO] [stdout]               AuthenticationSaslFinal
[INFO] [stdout]               BackendKeyData
[INFO] [stdout]               CommandComplete
[INFO] [stdout]               CopyData<sqlx_core::bytes::Bytes>
[INFO] [stdout]               CopyDone
[INFO] [stdout]             and 10 others
[INFO] [stdout]     = note: this error might have been caused by changes to Rust's type-inference algorithm (see issue #148922 <https://github.com/rust-lang/rust/issues/148922> for more information)
[INFO] [stdout]     = help: you might have intended to use the type `()` here instead
[INFO] [stdout] note: required by a bound in `PgStream::recv_expect`
[INFO] [stdout]    --> /opt/rustwide/cargo-home/registry/src/index.crates.io-1949cf8c6b5b557f/sqlx-postgres-0.7.4/src/connection/stream.rs:68:45
[INFO] [stdout]     |
[INFO] [stdout]  41 | impl PgStream {
[INFO] [stdout] ...
[INFO] [stdout]  68 |     pub(crate) async fn recv_expect<'de, T: Decode<'de>>(
[INFO] [stdout]     |                                             ^^^^^^^^^^^ required by this bound in `PgStream::recv_expect`
[INFO] [stdout] 
[INFO] [stdout] 
[INFO] [stdout] error[E0277]: the trait bound `!: sqlx_core::io::Decode<'_>` is not satisfied
[INFO] [stdout]    --> /opt/rustwide/cargo-home/registry/src/index.crates.io-1949cf8c6b5b557f/sqlx-postgres-0.7.4/src/copy.rs:315:14
[INFO] [stdout]     |
[INFO] [stdout] 315 |             .await?;
[INFO] [stdout]     |              ^^^^^ the trait `sqlx_core::io::Decode<'_>` is not implemented for `!`
[INFO] [stdout]     |
[INFO] [stdout]     = help: the following other types implement trait `sqlx_core::io::Decode<'de, Context>`:
[INFO] [stdout]               ()
[INFO] [stdout]               Authentication
[INFO] [stdout]               AuthenticationSaslContinue
[INFO] [stdout]               AuthenticationSaslFinal
[INFO] [stdout]               BackendKeyData
[INFO] [stdout]               CommandComplete
[INFO] [stdout]               CopyData<sqlx_core::bytes::Bytes>
[INFO] [stdout]               CopyDone
[INFO] [stdout]             and 10 others
[INFO] [stdout]     = note: this error might have been caused by changes to Rust's type-inference algorithm (see issue #148922 <https://github.com/rust-lang/rust/issues/148922> for more information)
[INFO] [stdout]     = help: you might have intended to use the type `()` here instead
[INFO] [stdout] note: required by a bound in `PgStream::recv_expect`
[INFO] [stdout]    --> /opt/rustwide/cargo-home/registry/src/index.crates.io-1949cf8c6b5b557f/sqlx-postgres-0.7.4/src/connection/stream.rs:68:45
[INFO] [stdout]     |
[INFO] [stdout]  41 | impl PgStream {
[INFO] [stdout] ...
[INFO] [stdout]  68 |     pub(crate) async fn recv_expect<'de, T: Decode<'de>>(
[INFO] [stdout]     |                                             ^^^^^^^^^^^ required by this bound in `PgStream::recv_expect`
[INFO] [stdout] 
[INFO] [stdout] 
[INFO] [stdout] error[E0277]: the trait bound `!: sqlx_core::io::Decode<'_>` is not satisfied
[INFO] [stdout]    --> /opt/rustwide/cargo-home/registry/src/index.crates.io-1949cf8c6b5b557f/sqlx-postgres-0.7.4/src/copy.rs:350:33
[INFO] [stdout]     |
[INFO] [stdout] 350 |                     conn.stream.recv_expect(MessageFormat::CommandComplete).await?;
[INFO] [stdout]     |                                 ^^^^^^^^^^^ the trait `sqlx_core::io::Decode<'_>` is not implemented for `!`
[INFO] [stdout]     |
[INFO] [stdout]     = help: the following other types implement trait `sqlx_core::io::Decode<'de, Context>`:
[INFO] [stdout]               ()
[INFO] [stdout]               Authentication
[INFO] [stdout]               AuthenticationSaslContinue
[INFO] [stdout]               AuthenticationSaslFinal
[INFO] [stdout]               BackendKeyData
[INFO] [stdout]               CommandComplete
[INFO] [stdout]               CopyData<sqlx_core::bytes::Bytes>
[INFO] [stdout]               CopyDone
[INFO] [stdout]             and 10 others
[INFO] [stdout]     = note: this error might have been caused by changes to Rust's type-inference algorithm (see issue #148922 <https://github.com/rust-lang/rust/issues/148922> for more information)
[INFO] [stdout]     = help: you might have intended to use the type `()` here instead
[INFO] [stdout] note: required by a bound in `PgStream::recv_expect`
[INFO] [stdout]    --> /opt/rustwide/cargo-home/registry/src/index.crates.io-1949cf8c6b5b557f/sqlx-postgres-0.7.4/src/connection/stream.rs:68:45
[INFO] [stdout]     |
[INFO] [stdout]  41 | impl PgStream {
[INFO] [stdout] ...
[INFO] [stdout]  68 |     pub(crate) async fn recv_expect<'de, T: Decode<'de>>(
[INFO] [stdout]     |                                             ^^^^^^^^^^^ required by this bound in `PgStream::recv_expect`
[INFO] [stdout] 
[INFO] [stdout] 
[INFO] [stdout] error[E0277]: the trait bound `!: sqlx_core::io::Decode<'_>` is not satisfied
[INFO] [stdout]    --> /opt/rustwide/cargo-home/registry/src/index.crates.io-1949cf8c6b5b557f/sqlx-postgres-0.7.4/src/copy.rs:350:21
[INFO] [stdout]     |
[INFO] [stdout] 350 |                     conn.stream.recv_expect(MessageFormat::CommandComplete).await?;
[INFO] [stdout]     |                     ^^^^^^^^^^^^^^^^^^^^^^^^^^^^^^^^^^^^^^^^^^^^^^^^^^^^^^^ the trait `sqlx_core::io::Decode<'_>` is not implemented for `!`
[INFO] [stdout]     |
[INFO] [stdout]     = help: the following other types implement trait `sqlx_core::io::Decode<'de, Context>`:
[INFO] [stdout]               ()
[INFO] [stdout]               Authentication
[INFO] [stdout]               AuthenticationSaslContinue
[INFO] [stdout]               AuthenticationSaslFinal
[INFO] [stdout]               BackendKeyData
[INFO] [stdout]               CommandComplete
[INFO] [stdout]               CopyData<sqlx_core::bytes::Bytes>
[INFO] [stdout]               CopyDone
[INFO] [stdout]             and 10 others
[INFO] [stdout]     = note: this error might have been caused by changes to Rust's type-inference algorithm (see issue #148922 <https://github.com/rust-lang/rust/issues/148922> for more information)
[INFO] [stdout]     = help: you might have intended to use the type `()` here instead
[INFO] [stdout] note: required by a bound in `PgStream::recv_expect`
[INFO] [stdout]    --> /opt/rustwide/cargo-home/registry/src/index.crates.io-1949cf8c6b5b557f/sqlx-postgres-0.7.4/src/connection/stream.rs:68:45
[INFO] [stdout]     |
[INFO] [stdout]  41 | impl PgStream {
[INFO] [stdout] ...
[INFO] [stdout]  68 |     pub(crate) async fn recv_expect<'de, T: Decode<'de>>(
[INFO] [stdout]     |                                             ^^^^^^^^^^^ required by this bound in `PgStream::recv_expect`
[INFO] [stdout] 
[INFO] [stdout] 
[INFO] [stdout] error[E0277]: the trait bound `!: sqlx_core::io::Decode<'_>` is not satisfied
[INFO] [stdout]    --> /opt/rustwide/cargo-home/registry/src/index.crates.io-1949cf8c6b5b557f/sqlx-postgres-0.7.4/src/copy.rs:351:33
[INFO] [stdout]     |
[INFO] [stdout] 351 |                     conn.stream.recv_expect(MessageFormat::ReadyForQuery).await?;
[INFO] [stdout]     |                                 ^^^^^^^^^^^ the trait `sqlx_core::io::Decode<'_>` is not implemented for `!`
[INFO] [stdout]     |
[INFO] [stdout]     = help: the following other types implement trait `sqlx_core::io::Decode<'de, Context>`:
[INFO] [stdout]               ()
[INFO] [stdout]               Authentication
[INFO] [stdout]               AuthenticationSaslContinue
[INFO] [stdout]               AuthenticationSaslFinal
[INFO] [stdout]               BackendKeyData
[INFO] [stdout]               CommandComplete
[INFO] [stdout]               CopyData<sqlx_core::bytes::Bytes>
[INFO] [stdout]               CopyDone
[INFO] [stdout]             and 10 others
[INFO] [stdout]     = note: this error might have been caused by changes to Rust's type-inference algorithm (see issue #148922 <https://github.com/rust-lang/rust/issues/148922> for more information)
[INFO] [stdout]     = help: you might have intended to use the type `()` here instead
[INFO] [stdout] note: required by a bound in `PgStream::recv_expect`
[INFO] [stdout]    --> /opt/rustwide/cargo-home/registry/src/index.crates.io-1949cf8c6b5b557f/sqlx-postgres-0.7.4/src/connection/stream.rs:68:45
[INFO] [stdout]     |
[INFO] [stdout]  41 | impl PgStream {
[INFO] [stdout] ...
[INFO] [stdout]  68 |     pub(crate) async fn recv_expect<'de, T: Decode<'de>>(
[INFO] [stdout]     |                                             ^^^^^^^^^^^ required by this bound in `PgStream::recv_expect`
[INFO] [stdout] 
[INFO] [stdout] 
[INFO] [stdout] error[E0277]: the trait bound `!: sqlx_core::io::Decode<'_>` is not satisfied
[INFO] [stdout]    --> /opt/rustwide/cargo-home/registry/src/index.crates.io-1949cf8c6b5b557f/sqlx-postgres-0.7.4/src/copy.rs:351:21
[INFO] [stdout]     |
[INFO] [stdout] 351 |                     conn.stream.recv_expect(MessageFormat::ReadyForQuery).await?;
[INFO] [stdout]     |                     ^^^^^^^^^^^^^^^^^^^^^^^^^^^^^^^^^^^^^^^^^^^^^^^^^^^^^ the trait `sqlx_core::io::Decode<'_>` is not implemented for `!`
[INFO] [stdout]     |
[INFO] [stdout]     = help: the following other types implement trait `sqlx_core::io::Decode<'de, Context>`:
[INFO] [stdout]               ()
[INFO] [stdout]               Authentication
[INFO] [stdout]               AuthenticationSaslContinue
[INFO] [stdout]               AuthenticationSaslFinal
[INFO] [stdout]               BackendKeyData
[INFO] [stdout]               CommandComplete
[INFO] [stdout]               CopyData<sqlx_core::bytes::Bytes>
[INFO] [stdout]               CopyDone
[INFO] [stdout]             and 10 others
[INFO] [stdout]     = note: this error might have been caused by changes to Rust's type-inference algorithm (see issue #148922 <https://github.com/rust-lang/rust/issues/148922> for more information)
[INFO] [stdout]     = help: you might have intended to use the type `()` here instead
[INFO] [stdout] note: required by a bound in `PgStream::recv_expect`
[INFO] [stdout]    --> /opt/rustwide/cargo-home/registry/src/index.crates.io-1949cf8c6b5b557f/sqlx-postgres-0.7.4/src/connection/stream.rs:68:45
[INFO] [stdout]     |
[INFO] [stdout]  41 | impl PgStream {
[INFO] [stdout] ...
[INFO] [stdout]  68 |     pub(crate) async fn recv_expect<'de, T: Decode<'de>>(
[INFO] [stdout]     |                                             ^^^^^^^^^^^ required by this bound in `PgStream::recv_expect`
[INFO] [stdout] 
[INFO] [stdout] 
[INFO] [stdout] error[E0277]: the trait bound `!: sqlx_core::io::Decode<'_>` is not satisfied
[INFO] [stdout]    --> /opt/rustwide/cargo-home/registry/src/index.crates.io-1949cf8c6b5b557f/sqlx-postgres-0.7.4/src/copy.rs:350:77
[INFO] [stdout]     |
[INFO] [stdout] 350 |                     conn.stream.recv_expect(MessageFormat::CommandComplete).await?;
[INFO] [stdout]     |                                                                             ^^^^^ the trait `sqlx_core::io::Decode<'_>` is not implemented for `!`
[INFO] [stdout]     |
[INFO] [stdout]     = help: the following other types implement trait `sqlx_core::io::Decode<'de, Context>`:
[INFO] [stdout]               ()
[INFO] [stdout]               Authentication
[INFO] [stdout]               AuthenticationSaslContinue
[INFO] [stdout]               AuthenticationSaslFinal
[INFO] [stdout]               BackendKeyData
[INFO] [stdout]               CommandComplete
[INFO] [stdout]               CopyData<sqlx_core::bytes::Bytes>
[INFO] [stdout]               CopyDone
[INFO] [stdout]             and 10 others
[INFO] [stdout]     = note: this error might have been caused by changes to Rust's type-inference algorithm (see issue #148922 <https://github.com/rust-lang/rust/issues/148922> for more information)
[INFO] [stdout]     = help: you might have intended to use the type `()` here instead
[INFO] [stdout] note: required by a bound in `PgStream::recv_expect`
[INFO] [stdout]    --> /opt/rustwide/cargo-home/registry/src/index.crates.io-1949cf8c6b5b557f/sqlx-postgres-0.7.4/src/connection/stream.rs:68:45
[INFO] [stdout]     |
[INFO] [stdout]  41 | impl PgStream {
[INFO] [stdout] ...
[INFO] [stdout]  68 |     pub(crate) async fn recv_expect<'de, T: Decode<'de>>(
[INFO] [stdout]     |                                             ^^^^^^^^^^^ required by this bound in `PgStream::recv_expect`
[INFO] [stdout] 
[INFO] [stdout] 
[INFO] [stdout] error[E0277]: the trait bound `!: sqlx_core::io::Decode<'_>` is not satisfied
[INFO] [stdout]    --> /opt/rustwide/cargo-home/registry/src/index.crates.io-1949cf8c6b5b557f/sqlx-postgres-0.7.4/src/copy.rs:351:75
[INFO] [stdout]     |
[INFO] [stdout] 351 |                     conn.stream.recv_expect(MessageFormat::ReadyForQuery).await?;
[INFO] [stdout]     |                                                                           ^^^^^ the trait `sqlx_core::io::Decode<'_>` is not implemented for `!`
[INFO] [stdout]     |
[INFO] [stdout]     = help: the following other types implement trait `sqlx_core::io::Decode<'de, Context>`:
[INFO] [stdout]               ()
[INFO] [stdout]               Authentication
[INFO] [stdout]               AuthenticationSaslContinue
[INFO] [stdout]               AuthenticationSaslFinal
[INFO] [stdout]               BackendKeyData
[INFO] [stdout]               CommandComplete
[INFO] [stdout]               CopyData<sqlx_core::bytes::Bytes>
[INFO] [stdout]               CopyDone
[INFO] [stdout]             and 10 others
[INFO] [stdout]     = note: this error might have been caused by changes to Rust's type-inference algorithm (see issue #148922 <https://github.com/rust-lang/rust/issues/148922> for more information)
[INFO] [stdout]     = help: you might have intended to use the type `()` here instead
[INFO] [stdout] note: required by a bound in `PgStream::recv_expect`
[INFO] [stdout]    --> /opt/rustwide/cargo-home/registry/src/index.crates.io-1949cf8c6b5b557f/sqlx-postgres-0.7.4/src/connection/stream.rs:68:45
[INFO] [stdout]     |
[INFO] [stdout]  41 | impl PgStream {
[INFO] [stdout] ...
[INFO] [stdout]  68 |     pub(crate) async fn recv_expect<'de, T: Decode<'de>>(
[INFO] [stdout]     |                                             ^^^^^^^^^^^ required by this bound in `PgStream::recv_expect`
[INFO] [stdout] 
[INFO] [stdout] 
[INFO] [stderr]    Compiling futures v0.3.34
[INFO] [stderr]    Compiling nuid v0.5.0
[INFO] [stderr]    Compiling axum-macros v0.4.2
[INFO] [stderr]    Compiling serde_repr v0.1.21
[INFO] [stderr]    Compiling dashmap v5.5.3
[INFO] [stderr] error: could not compile `time` (lib)
[INFO] [stderr] 
[INFO] [stderr] Caused by:
[INFO] [stderr]   process didn't exit successfully: `/opt/rustwide/rustup-home/toolchains/1.100.0-beta.1-x86_64-unknown-linux-gnu/bin/rustc --crate-name time --edition=2024 /opt/rustwide/cargo-home/registry/src/index.crates.io-1949cf8c6b5b557f/time-0.3.55/src/lib.rs --error-format=json --json=diagnostic-rendered-ansi,artifacts,future-incompat,unused-externs-silent --crate-type lib --emit=dep-info,metadata,link -C opt-level=3 -C embed-bitcode=no --cfg 'feature="alloc"' --cfg 'feature="default"' --cfg 'feature="formatting"' --cfg 'feature="macros"' --cfg 'feature="parsing"' --cfg 'feature="serde"' --cfg 'feature="serde-well-known"' --cfg 'feature="std"' --check-cfg 'cfg(docsrs,test)' --check-cfg 'cfg(feature, values("alloc", "default", "formatting", "large-dates", "local-offset", "macros", "parsing", "quickcheck", "rand", "rand010", "rand08", "rand09", "serde", "serde-human-readable", "serde-well-known", "std", "wasm-bindgen"))' -C metadata=ca59a3586f8c8b22 -C extra-filename=-33449b0dce47bdd8 --out-dir /opt/rustwide/target/release/build/time/33449b0dce47bdd8/out -C strip=debuginfo -L dependency=/opt/rustwide/target/release/build/serde_core/0717b0e9216e529c/out --extern deranged=/opt/rustwide/target/release/build/deranged/97c5bc620f55cc9d/out/libderanged-97c5bc620f55cc9d.rmeta --extern num_conv=/opt/rustwide/target/release/build/num-conv/08e57f26d0acaf0c/out/libnum_conv-08e57f26d0acaf0c.rmeta --extern powerfmt=/opt/rustwide/target/release/build/powerfmt/36b72e9804a215c5/out/libpowerfmt-36b72e9804a215c5.rmeta --extern serde_core=/opt/rustwide/target/release/build/serde_core/0717b0e9216e529c/out/libserde_core-0717b0e9216e529c.rmeta --extern time_core=/opt/rustwide/target/release/build/time-core/2b0526d01a8480c3/out/libtime_core-2b0526d01a8480c3.rmeta --extern time_macros=/opt/rustwide/target/release/build/time-macros/ecc9b51807f92a99/out/libtime_macros-ecc9b51807f92a99.so --cap-lints allow --cap-lints=warn --force-warn=unused_crate_dependencies` (signal: 9, SIGKILL: kill)
[INFO] [stderr] warning: build failed, waiting for other jobs to finish...
[INFO] [stderr] error: could not compile `tokio` (lib)
[INFO] [stderr] 
[INFO] [stderr] Caused by:
[INFO] [stderr]   process didn't exit successfully: `/opt/rustwide/rustup-home/toolchains/1.100.0-beta.1-x86_64-unknown-linux-gnu/bin/rustc --crate-name tokio --edition=2021 /opt/rustwide/cargo-home/registry/src/index.crates.io-1949cf8c6b5b557f/tokio-1.53.1/src/lib.rs --error-format=json --json=diagnostic-rendered-ansi,artifacts,future-incompat,unused-externs-silent --crate-type lib --emit=dep-info,metadata,link -C opt-level=3 -C embed-bitcode=no --cfg 'feature="bytes"' --cfg 'feature="default"' --cfg 'feature="fs"' --cfg 'feature="full"' --cfg 'feature="io-std"' --cfg 'feature="io-util"' --cfg 'feature="libc"' --cfg 'feature="macros"' --cfg 'feature="mio"' --cfg 'feature="net"' --cfg 'feature="parking_lot"' --cfg 'feature="process"' --cfg 'feature="rt"' --cfg 'feature="rt-multi-thread"' --cfg 'feature="signal"' --cfg 'feature="signal-hook-registry"' --cfg 'feature="socket2"' --cfg 'feature="sync"' --cfg 'feature="test-util"' --cfg 'feature="time"' --cfg 'feature="tokio-macros"' --check-cfg 'cfg(docsrs,test)' --check-cfg 'cfg(feature, values("bytes", "default", "fs", "full", "io-std", "io-uring", "io-util", "libc", "macros", "mio", "net", "parking_lot", "process", "rt", "rt-multi-thread", "schedule-latency", "signal", "signal-hook-registry", "socket2", "sync", "taskdump", "test-util", "time", "tokio-macros", "tracing", "windows-sys"))' -C metadata=137beb266d929e2f -C extra-filename=-b18170ac82a38747 --out-dir /opt/rustwide/target/release/build/tokio/b18170ac82a38747/out -C strip=debuginfo -L dependency=/opt/rustwide/target/release/build/cfg-if/6d8dca19095bb388/out -L dependency=/opt/rustwide/target/release/build/errno/6727c48c188121ff/out -L dependency=/opt/rustwide/target/release/build/libc/a0996e9cad7bedd7/out -L dependency=/opt/rustwide/target/release/build/lock_api/0c6a3406bef68330/out -L dependency=/opt/rustwide/target/release/build/parking_lot_core/8774ef2c00580f4d/out -L dependency=/opt/rustwide/target/release/build/scopeguard/5f9373ec660020b4/out -L dependency=/opt/rustwide/target/release/build/serde/1f3cfd7daf491703/out -L dependency=/opt/rustwide/target/release/build/serde_core/0717b0e9216e529c/out -L dependency=/opt/rustwide/target/release/build/serde_derive/8a4574472fa1f2b2/out -L dependency=/opt/rustwide/target/release/build/smallvec/1c0b75fb5d2d69fa/out --extern bytes=/opt/rustwide/target/release/build/bytes/f1181bf9df0e9f97/out/libbytes-f1181bf9df0e9f97.rmeta --extern libc=/opt/rustwide/target/release/build/libc/a0996e9cad7bedd7/out/liblibc-a0996e9cad7bedd7.rmeta --extern mio=/opt/rustwide/target/release/build/mio/7a82b99cc60b3b64/out/libmio-7a82b99cc60b3b64.rmeta --extern parking_lot=/opt/rustwide/target/release/build/parking_lot/7143600100ab9d0b/out/libparking_lot-7143600100ab9d0b.rmeta --extern pin_project_lite=/opt/rustwide/target/release/build/pin-project-lite/9a89bb36c0c56875/out/libpin_project_lite-9a89bb36c0c56875.rmeta --extern signal_hook_registry=/opt/rustwide/target/release/build/signal-hook-registry/1101c3194325a44f/out/libsignal_hook_registry-1101c3194325a44f.rmeta --extern socket2=/opt/rustwide/target/release/build/socket2/150b3378961994f5/out/libsocket2-150b3378961994f5.rmeta --extern tokio_macros=/opt/rustwide/target/release/build/tokio-macros/3d641a82546eddb2/out/libtokio_macros-3d641a82546eddb2.so --cap-lints allow --cap-lints=warn --force-warn=unused_crate_dependencies` (signal: 9, SIGKILL: kill)
[INFO] [stdout] For more information about this error, try `rustc --explain E0277`.
[INFO] [stdout] 
[INFO] [stderr] error: could not compile `sqlx-postgres` (lib) due to 15 previous errors
[INFO] running `Command { std: "docker" "inspect" "eceea9a8e4a996ce5f5f39a771e93e6d508a0eabc0cdce348af2701850ee307a", kill_on_drop: false }`
[INFO] running `Command { std: "docker" "rm" "-f" "eceea9a8e4a996ce5f5f39a771e93e6d508a0eabc0cdce348af2701850ee307a", kill_on_drop: false }`
[INFO] [stdout] eceea9a8e4a996ce5f5f39a771e93e6d508a0eabc0cdce348af2701850ee307a
