[INFO] fetching crate resolute 0.5.0...
[INFO] testing resolute-0.5.0 against 1.99.0-beta.8+cargoflags=--release for beta-release-1.100-2
[INFO] extracting crate resolute 0.5.0 into /workspace/builds/worker-7-tc1/source
[INFO] started tweaking crates.io crate resolute 0.5.0
[INFO] removed 0 missing examples
[INFO] removed 0 missing tests
[INFO] finished tweaking crates.io crate resolute 0.5.0
[INFO] tweaked toml for crates.io crate resolute 0.5.0 written to /workspace/builds/worker-7-tc1/source/Cargo.toml
[INFO] validating manifest of crates.io crate resolute 0.5.0 on toolchain 1.99.0-beta.8
[INFO] running `Command { std: CARGO_HOME="/workspace/cargo-home" RUSTUP_HOME="/workspace/rustup-home" "/workspace/cargo-home/bin/cargo" "+1.99.0-beta.8" "metadata" "--manifest-path" "Cargo.toml" "--no-deps", kill_on_drop: false }`
[INFO] crate crates.io crate resolute 0.5.0 already has a lockfile, it will not be regenerated
[INFO] running `Command { std: CARGO_HOME="/workspace/cargo-home" RUSTUP_HOME="/workspace/rustup-home" "/workspace/cargo-home/bin/cargo" "+1.99.0-beta.8" "fetch" "--manifest-path" "Cargo.toml", kill_on_drop: false }`
[INFO] [stderr]  Downloading crates ...
[INFO] [stderr]   Downloaded trybuild v1.0.116
[INFO] [stderr]   Downloaded toml_writer v1.1.0+spec-1.1.0
[INFO] [stderr]   Downloaded serde_spanned v1.1.0
[INFO] [stderr]   Downloaded toml v1.1.0+spec-1.1.0
[INFO] running `Command { std: "docker" "create" "-v" "/var/lib/crater-agent-workspace/builds/worker-7-tc1/source:/opt/rustwide/workdir:ro,Z" "-v" "/var/lib/crater-agent-workspace/builds/worker-7-tc1/target:/opt/rustwide/target:rw,Z" "-v" "/var/lib/crater-agent-workspace/cargo-home:/opt/rustwide/cargo-home:ro,Z" "-v" "/var/lib/crater-agent-workspace/rustup-home:/opt/rustwide/rustup-home:ro,Z" "-m" "1610612736" "--network" "none" "ghcr.io/rust-lang/crates-build-env/linux@sha256:77db811e55d90add9212f6832c23229e3de5f1c1f9905e8cb07319ea15df73ac" "sleep" "infinity", kill_on_drop: false }`
[INFO] [stdout] 80fc847a5c3035135b6d0d69186368da5ce146208bc5c70e4c3fcb71ee9b964f
[INFO] running `Command { std: "docker" "start" "80fc847a5c3035135b6d0d69186368da5ce146208bc5c70e4c3fcb71ee9b964f", kill_on_drop: false }`
[INFO] running `Command { std: "docker" "inspect" "80fc847a5c3035135b6d0d69186368da5ce146208bc5c70e4c3fcb71ee9b964f", kill_on_drop: false }`
[INFO] running `Command { std: "docker" "exec" "-e" "SOURCE_DIR=/opt/rustwide/workdir" "-e" "CARGO_HOME=/opt/rustwide/cargo-home" "-e" "RUSTUP_HOME=/opt/rustwide/rustup-home" "-e" "CARGO_TARGET_DIR=/opt/rustwide/target" "-w" "/opt/rustwide/workdir" "--user" "0:0" "80fc847a5c3035135b6d0d69186368da5ce146208bc5c70e4c3fcb71ee9b964f" "/opt/rustwide/cargo-home/bin/cargo" "+1.99.0-beta.8" "metadata" "--no-deps" "--format-version=1", kill_on_drop: false }`
[INFO] running `Command { std: "docker" "inspect" "80fc847a5c3035135b6d0d69186368da5ce146208bc5c70e4c3fcb71ee9b964f", kill_on_drop: false }`
[INFO] running `Command { std: "docker" "exec" "-e" "SOURCE_DIR=/opt/rustwide/workdir" "-e" "CARGO_HOME=/opt/rustwide/cargo-home" "-e" "RUSTUP_HOME=/opt/rustwide/rustup-home" "-e" "CARGO_TARGET_DIR=/opt/rustwide/target" "-e" "CARGO_INCREMENTAL=0" "-e" "RUST_BACKTRACE=full" "-e" "RUSTFLAGS=--cap-lints=warn" "-e" "RUSTDOCFLAGS=--cap-lints=warn" "-w" "/opt/rustwide/workdir" "--user" "0:0" "80fc847a5c3035135b6d0d69186368da5ce146208bc5c70e4c3fcb71ee9b964f" "/opt/rustwide/cargo-home/bin/cargo" "+1.99.0-beta.8" "build" "--frozen" "--message-format=json" "--release", kill_on_drop: false }`
[INFO] [stderr]    Compiling libc v0.2.183
[INFO] [stderr]    Compiling getrandom v0.3.4
[INFO] [stderr]    Compiling zerocopy v0.8.48
[INFO] [stderr]    Compiling mio v1.2.0
[INFO] [stderr]    Compiling socket2 v0.6.3
[INFO] [stderr]    Compiling digest v0.10.7
[INFO] [stderr]    Compiling serde_core v1.0.228
[INFO] [stderr]    Compiling tracing v0.1.44
[INFO] [stderr]    Compiling thiserror v2.0.18
[INFO] [stderr]    Compiling socket2 v0.5.10
[INFO] [stderr]    Compiling md5 v0.7.0
[INFO] [stderr]    Compiling chrono v0.4.44
[INFO] [stderr]    Compiling arc-swap v1.9.0
[INFO] [stderr]    Compiling resolute-derive v0.1.0
[INFO] [stderr]    Compiling uuid v1.23.0
[INFO] [stderr]    Compiling rand_core v0.9.5
[INFO] [stderr]    Compiling hmac v0.12.1
[INFO] [stderr]    Compiling sha2 v0.10.9
[INFO] [stderr]    Compiling rand_chacha v0.9.0
[INFO] [stderr]    Compiling tokio v1.50.0
[INFO] [stderr]    Compiling rand v0.9.2
[INFO] [stderr]    Compiling serde_json v1.0.149
[INFO] [stderr]    Compiling ppv-lite86 v0.2.21
[INFO] [stderr]    Compiling pg-wired v0.4.0
[INFO] [stderr]    Compiling tokio-stream v0.1.18
[INFO] [stderr]    Compiling pg-pool v0.4.0
[INFO] [stderr]    Compiling resolute-macros v0.3.0
[INFO] [stderr]    Compiling resolute v0.5.0 (/opt/rustwide/workdir)
[INFO] [stderr]     Finished `release` profile [optimized] target(s) in 20.63s
[INFO] running `Command { std: "docker" "inspect" "80fc847a5c3035135b6d0d69186368da5ce146208bc5c70e4c3fcb71ee9b964f", kill_on_drop: false }`
[INFO] running `Command { std: "docker" "exec" "-e" "SOURCE_DIR=/opt/rustwide/workdir" "-e" "CARGO_HOME=/opt/rustwide/cargo-home" "-e" "RUSTUP_HOME=/opt/rustwide/rustup-home" "-e" "CARGO_TARGET_DIR=/opt/rustwide/target" "-e" "CARGO_INCREMENTAL=0" "-e" "RUST_BACKTRACE=full" "-e" "RUSTFLAGS=--cap-lints=warn" "-e" "RUSTDOCFLAGS=--cap-lints=warn" "-w" "/opt/rustwide/workdir" "--user" "0:0" "80fc847a5c3035135b6d0d69186368da5ce146208bc5c70e4c3fcb71ee9b964f" "/opt/rustwide/cargo-home/bin/cargo" "+1.99.0-beta.8" "test" "--frozen" "--no-run" "--message-format=json" "--release", kill_on_drop: false }`
[INFO] [stderr]    Compiling serde_json v1.0.149
[INFO] [stderr]    Compiling litemap v0.8.1
[INFO] [stderr]    Compiling writeable v0.6.2
[INFO] [stderr]    Compiling icu_properties_data v2.1.2
[INFO] [stderr]    Compiling zerovec-derive v0.11.2
[INFO] [stderr]    Compiling tokio-macros v2.6.1
[INFO] [stderr]    Compiling zerofrom-derive v0.1.6
[INFO] [stderr]    Compiling yoke-derive v0.8.1
[INFO] [stderr]    Compiling smallvec v1.15.1
[INFO] [stderr]    Compiling icu_normalizer_data v2.1.1
[INFO] [stderr]    Compiling errno v0.3.14
[INFO] [stderr]    Compiling memchr v2.8.0
[INFO] [stderr]    Compiling tracing v0.1.44
[INFO] [stderr]    Compiling num-traits v0.2.19
[INFO] [stderr]    Compiling getrandom v0.4.2
[INFO] [stderr]    Compiling signal-hook-registry v1.4.8
[INFO] [stderr]    Compiling hmac v0.12.1
[INFO] [stderr]    Compiling either v1.15.0
[INFO] [stderr]    Compiling getrandom v0.2.17
[INFO] [stderr]    Compiling tinyvec_macros v0.1.1
[INFO] [stderr]    Compiling parking_lot_core v0.9.12
[INFO] [stderr]    Compiling tinyvec v1.11.0
[INFO] [stderr]    Compiling crc-catalog v2.4.0
[INFO] [stderr]    Compiling iana-time-zone v0.1.65
[INFO] [stderr]    Compiling rand_core v0.6.4
[INFO] [stderr]    Compiling parking_lot v0.12.5
[INFO] [stderr]    Compiling indexmap v2.13.0
[INFO] [stderr]    Compiling rand_chacha v0.3.1
[INFO] [stderr]    Compiling crc v3.4.0
[INFO] [stderr]    Compiling rand_chacha v0.9.0
[INFO] [stderr]    Compiling unicode-normalization v0.1.25
[INFO] [stderr]    Compiling futures-intrusive v0.5.0
[INFO] [stderr]    Compiling tokio v1.50.0
[INFO] [stderr]    Compiling futures-util v0.3.32
[INFO] [stderr]    Compiling unicode-properties v0.1.4
[INFO] [stderr]    Compiling unicode-bidi v0.3.18
[INFO] [stderr]    Compiling uuid v1.23.0
[INFO] [stderr]    Compiling futures-sink v0.3.32
[INFO] [stderr]    Compiling rand v0.9.2
[INFO] [stderr]    Compiling chrono v0.4.44
[INFO] [stderr]    Compiling atoi v2.0.0
[INFO] [stderr]    Compiling zerofrom v0.1.6
[INFO] [stderr]    Compiling yoke v0.8.1
[INFO] [stderr]    Compiling stringprep v0.1.5
[INFO] [stderr]    Compiling zerovec v0.11.5
[INFO] [stderr]    Compiling zerotrie v0.2.3
[INFO] [stderr]    Compiling rand v0.8.5
[INFO] [stderr]    Compiling hkdf v0.12.4
[INFO] [stderr]    Compiling md-5 v0.10.6
[INFO] [stderr]    Compiling concurrent-queue v2.5.0
[INFO] [stderr]    Compiling whoami v1.6.1
[INFO] [stderr]    Compiling bitflags v2.11.0
[INFO] [stderr]    Compiling tinystr v0.8.2
[INFO] [stderr]    Compiling potential_utf v0.1.4
[INFO] [stderr]    Compiling event-listener v5.4.1
[INFO] [stderr]    Compiling icu_locale_core v2.1.1
[INFO] [stderr]    Compiling icu_collections v2.1.1
[INFO] [stderr]    Compiling crossbeam-queue v0.3.12
[INFO] [stderr]    Compiling target-triple v1.0.0
[INFO] [stderr]    Compiling winnow v1.0.1
[INFO] [stderr]    Compiling clap_builder v4.6.0
[INFO] [stderr]    Compiling tempfile v3.27.0
[INFO] [stderr]    Compiling toml_parser v1.1.0+spec-1.1.0
[INFO] [stderr]    Compiling icu_provider v2.1.1
[INFO] [stderr]    Compiling icu_normalizer v2.1.1
[INFO] [stderr]    Compiling icu_properties v2.1.2
[INFO] [stderr]    Compiling regex-automata v0.4.14
[INFO] [stderr]    Compiling futures-channel v0.3.32
[INFO] [stderr]    Compiling itertools v0.10.5
[INFO] [stderr]    Compiling toml_datetime v1.1.0+spec-1.1.0
[INFO] [stderr]    Compiling serde_spanned v1.1.0
[INFO] [stderr]    Compiling wait-timeout v0.2.1
[INFO] [stderr]    Compiling toml_writer v1.1.0+spec-1.1.0
[INFO] [stderr]    Compiling home v0.5.12
[INFO] [stderr]    Compiling rusty-fork v0.3.1
[INFO] [stderr]    Compiling toml v1.1.0+spec-1.1.0
[INFO] [stderr]    Compiling rayon v1.11.0
[INFO] [stderr]    Compiling idna_adapter v1.2.1
[INFO] [stderr]    Compiling ciborium v0.2.2
[INFO] [stderr]    Compiling idna v1.1.0
[INFO] [stderr]    Compiling clap v4.6.0
[INFO] [stderr]    Compiling url v2.5.8
[INFO] [stderr]    Compiling criterion-plot v0.5.0
[INFO] [stderr]    Compiling tinytemplate v1.2.1
[INFO] [stderr]    Compiling rand_xorshift v0.4.0
[INFO] [stderr]    Compiling resolute-derive v0.1.0
[INFO] [stderr]    Compiling regex v1.12.3
[INFO] [stderr]    Compiling is-terminal v0.4.17
[INFO] [stderr]    Compiling proptest v1.11.0
[INFO] [stderr]    Compiling trybuild v1.0.116
[INFO] [stderr]    Compiling tokio-stream v0.1.18
[INFO] [stderr]    Compiling pg-wired v0.4.0
[INFO] [stderr]    Compiling sqlx-core v0.8.6
[INFO] [stderr]    Compiling criterion v0.5.1
[INFO] [stderr]    Compiling resolute-macros v0.3.0
[INFO] [stderr]    Compiling pg-pool v0.4.0
[INFO] [stderr]    Compiling resolute v0.5.0 (/opt/rustwide/workdir)
[INFO] [stderr]    Compiling sqlx-postgres v0.8.6
[INFO] [stderr]    Compiling sqlx-macros-core v0.8.6
[INFO] [stderr]    Compiling sqlx-macros v0.8.6
[INFO] [stderr]    Compiling sqlx v0.8.6
[INFO] [stdout] error: DATABASE_URL not set and no cached metadata found. Set DATABASE_URL or run `resolute-cli prepare`.
[INFO] [stdout]   --> tests/query_macro_test.rs:24:33
[INFO] [stdout]    |
[INFO] [stdout] 24 |     let rows = resolute::query!("SELECT 42::int4 AS answer")
[INFO] [stdout]    |                                 ^^^^^^^^^^^^^^^^^^^^^^^^^^^
[INFO] [stdout] 
[INFO] [stdout] 
[INFO] [stdout] error: DATABASE_URL not set and no cached metadata found. Set DATABASE_URL or run `resolute-cli prepare`.
[INFO] [stdout]   --> tests/query_macro_test.rs:36:32
[INFO] [stdout]    |
[INFO] [stdout] 36 |     let row = resolute::query!("SELECT id, name FROM api.authors WHERE id = $1", id)
[INFO] [stdout]    |                                ^^^^^^^^^^^^^^^^^^^^^^^^^^^^^^^^^^^^^^^^^^^^^^^^
[INFO] [stdout] 
[INFO] [stdout] 
[INFO] [stdout] error: DATABASE_URL not set and no cached metadata found. Set DATABASE_URL or run `resolute-cli prepare`.
[INFO] [stdout]   --> tests/query_macro_test.rs:49:32
[INFO] [stdout]    |
[INFO] [stdout] 49 |     let row = resolute::query!("SELECT ($1::int4 + $2::int4) AS sum", a, b)
[INFO] [stdout]    |                                ^^^^^^^^^^^^^^^^^^^^^^^^^^^^^^^^^^^^^
[INFO] [stdout] 
[INFO] [stdout] 
[INFO] [stdout] error: DATABASE_URL not set and no cached metadata found. Set DATABASE_URL or run `resolute-cli prepare`.
[INFO] [stdout]   --> tests/query_macro_test.rs:59:33
[INFO] [stdout]    |
[INFO] [stdout] 59 |     let rows = resolute::query!("SELECT id, name FROM api.authors ORDER BY id")
[INFO] [stdout]    |                                 ^^^^^^^^^^^^^^^^^^^^^^^^^^^^^^^^^^^^^^^^^^^^^^
[INFO] [stdout] 
[INFO] [stdout] 
[INFO] [stdout] error: DATABASE_URL not set and no cached metadata found. Set DATABASE_URL or run `resolute-cli prepare`.
[INFO] [stdout]   --> tests/query_macro_test.rs:72:32
[INFO] [stdout]    |
[INFO] [stdout] 72 |     let row = resolute::query!("SELECT name FROM api.authors WHERE id = $1", id)
[INFO] [stdout]    |                                ^^^^^^^^^^^^^^^^^^^^^^^^^^^^^^^^^^^^^^^^^^^^
[INFO] [stdout] 
[INFO] [stdout] 
[INFO] [stdout] error: DATABASE_URL not set and no cached metadata found. Set DATABASE_URL or run `resolute-cli prepare`.
[INFO] [stdout]   --> tests/query_macro_test.rs:84:32
[INFO] [stdout]    |
[INFO] [stdout] 84 |     let row = resolute::query!("SELECT name FROM api.authors WHERE id = $1", id)
[INFO] [stdout]    |                                ^^^^^^^^^^^^^^^^^^^^^^^^^^^^^^^^^^^^^^^^^^^^
[INFO] [stdout] 
[INFO] [stdout] 
[INFO] [stdout] error: DATABASE_URL not set and no cached metadata found. Set DATABASE_URL or run `resolute-cli prepare`.
[INFO] [stdout]   --> tests/query_macro_test.rs:95:26
[INFO] [stdout]    |
[INFO] [stdout] 95 |         resolute::query!("SELECT 1::int4 AS a, 'hello'::text AS b, true AS c, 3.14::float8 AS d")
[INFO] [stdout]    |                          ^^^^^^^^^^^^^^^^^^^^^^^^^^^^^^^^^^^^^^^^^^^^^^^^^^^^^^^^^^^^^^^^^^^^^^^
[INFO] [stdout] 
[INFO] [stdout] 
[INFO] [stdout] error: DATABASE_URL not set and no cached metadata found. Set DATABASE_URL or run `resolute-cli prepare`.
[INFO] [stdout]    --> tests/query_macro_test.rs:109:33
[INFO] [stdout]     |
[INFO] [stdout] 109 |     let rows = resolute::query!("SELECT id FROM api.authors WHERE name = $1", name)
[INFO] [stdout]     |                                 ^^^^^^^^^^^^^^^^^^^^^^^^^^^^^^^^^^^^^^^^^^^^
[INFO] [stdout] 
[INFO] [stdout] 
[INFO] [stdout] error: DATABASE_URL not set and no cached metadata found. Set DATABASE_URL or run `resolute-cli prepare`.
[INFO] [stdout]    --> tests/query_macro_test.rs:121:32
[INFO] [stdout]     |
[INFO] [stdout] 121 |     let row = resolute::query!("SELECT $1::int8 AS n", val)
[INFO] [stdout]     |                                ^^^^^^^^^^^^^^^^^^^^^^
[INFO] [stdout] 
[INFO] [stdout] 
[INFO] [stdout] error: DATABASE_URL not set and no cached metadata found. Set DATABASE_URL or run `resolute-cli prepare`.
[INFO] [stdout]    --> tests/query_macro_test.rs:144:9
[INFO] [stdout]     |
[INFO] [stdout] 144 |         "SELECT id, name FROM api.authors WHERE id = $1",
[INFO] [stdout]     |         ^^^^^^^^^^^^^^^^^^^^^^^^^^^^^^^^^^^^^^^^^^^^^^^^
[INFO] [stdout] 
[INFO] [stdout] 
[INFO] [stdout] error: DATABASE_URL not set and no cached metadata found. Set DATABASE_URL or run `resolute-cli prepare`.
[INFO] [stdout]    --> tests/query_macro_test.rs:157:52
[INFO] [stdout]     |
[INFO] [stdout] 157 |     let authors = resolute::query_as!(MacroAuthor, "SELECT id, name FROM api.authors ORDER BY id")
[INFO] [stdout]     |                                                    ^^^^^^^^^^^^^^^^^^^^^^^^^^^^^^^^^^^^^^^^^^^^^^
[INFO] [stdout] 
[INFO] [stdout] 
[INFO] [stdout] error: DATABASE_URL not set and no cached metadata found. Set DATABASE_URL or run `resolute-cli prepare`.
[INFO] [stdout]    --> tests/query_macro_test.rs:172:41
[INFO] [stdout]     |
[INFO] [stdout] 172 |     let count = resolute::query_scalar!("SELECT count(*)::int4 FROM api.authors")
[INFO] [stdout]     |                                         ^^^^^^^^^^^^^^^^^^^^^^^^^^^^^^^^^^^^^^^^
[INFO] [stdout] 
[INFO] [stdout] 
[INFO] [stdout] error: DATABASE_URL not set and no cached metadata found. Set DATABASE_URL or run `resolute-cli prepare`.
[INFO] [stdout]    --> tests/query_macro_test.rs:183:40
[INFO] [stdout]     |
[INFO] [stdout] 183 |     let name = resolute::query_scalar!("SELECT name FROM api.authors WHERE id = $1", id)
[INFO] [stdout]     |                                        ^^^^^^^^^^^^^^^^^^^^^^^^^^^^^^^^^^^^^^^^^^^^
[INFO] [stdout] 
[INFO] [stdout] 
[INFO] [stdout] error: DATABASE_URL not set and no cached metadata found. Set DATABASE_URL or run `resolute-cli prepare`.
[INFO] [stdout]    --> tests/query_macro_test.rs:193:42
[INFO] [stdout]     |
[INFO] [stdout] 193 |     let exists = resolute::query_scalar!("SELECT exists(SELECT 1 FROM api.authors WHERE id = 1)")
[INFO] [stdout]     |                                          ^^^^^^^^^^^^^^^^^^^^^^^^^^^^^^^^^^^^^^^^^^^^^^^^^^^^^^^
[INFO] [stdout] 
[INFO] [stdout] 
[INFO] [stdout] error: DATABASE_URL not set and no cached metadata found. Set DATABASE_URL or run `resolute-cli prepare`.
[INFO] [stdout]    --> tests/query_macro_test.rs:208:37
[INFO] [stdout]     |
[INFO] [stdout] 208 |     let row = resolute::query_file!("tests/sql/get_author.sql", id)
[INFO] [stdout]     |                                     ^^^^^^^^^^^^^^^^^^^^^^^^^^
[INFO] [stdout] 
[INFO] [stdout] 
[INFO] [stdout] error: DATABASE_URL not set and no cached metadata found. Set DATABASE_URL or run `resolute-cli prepare`.
[INFO] [stdout]    --> tests/query_macro_test.rs:220:56
[INFO] [stdout]     |
[INFO] [stdout] 220 |     let author = resolute::query_file_as!(MacroAuthor, "tests/sql/get_author.sql", id)
[INFO] [stdout]     |                                                        ^^^^^^^^^^^^^^^^^^^^^^^^^^
[INFO] [stdout] 
[INFO] [stdout] 
[INFO] [stdout] error: DATABASE_URL not set and no cached metadata found. Set DATABASE_URL or run `resolute-cli prepare`.
[INFO] [stdout]    --> tests/query_macro_test.rs:235:46
[INFO] [stdout]     |
[INFO] [stdout] 235 |     let count = resolute::query_file_scalar!("tests/sql/count_authors.sql")
[INFO] [stdout]     |                                              ^^^^^^^^^^^^^^^^^^^^^^^^^^^^^
[INFO] [stdout] 
[INFO] [stdout] 
[INFO] [stdout] error: DATABASE_URL not set and no cached metadata found. Set DATABASE_URL or run `resolute-cli prepare`.
[INFO] [stdout]    --> tests/query_macro_test.rs:278:32
[INFO] [stdout]     |
[INFO] [stdout] 278 |     let row = resolute::query!("SELECT id, name, bio FROM api.authors WHERE id = $1", 1i32)
[INFO] [stdout]     |                                ^^^^^^^^^^^^^^^^^^^^^^^^^^^^^^^^^^^^^^^^^^^^^^^^^^^^^
[INFO] [stdout] 
[INFO] [stdout] 
[INFO] [stdout] error: DATABASE_URL not set and no cached metadata found. Set DATABASE_URL or run `resolute-cli prepare`.
[INFO] [stdout]    --> tests/query_macro_test.rs:298:32
[INFO] [stdout]     |
[INFO] [stdout] 298 |     let row = resolute::query!("SELECT id, name FROM api.authors WHERE id = :id", id = id)
[INFO] [stdout]     |                                ^^^^^^^^^^^^^^^^^^^^^^^^^^^^^^^^^^^^^^^^^^^^^^^^^
[INFO] [stdout] 
[INFO] [stdout] 
[INFO] [stdout] error: DATABASE_URL not set and no cached metadata found. Set DATABASE_URL or run `resolute-cli prepare`.
[INFO] [stdout]    --> tests/query_macro_test.rs:311:32
[INFO] [stdout]     |
[INFO] [stdout] 311 |     let row = resolute::query!("SELECT :a::int4 AS a, :b::text AS b", a = a_val, b = b_val,)
[INFO] [stdout]     |                                ^^^^^^^^^^^^^^^^^^^^^^^^^^^^^^^^^^^^^
[INFO] [stdout] 
[INFO] [stdout] 
[INFO] [stdout] error: DATABASE_URL not set and no cached metadata found. Set DATABASE_URL or run `resolute-cli prepare`.
[INFO] [stdout]    --> tests/query_macro_test.rs:324:9
[INFO] [stdout]     |
[INFO] [stdout] 324 |         "SELECT count(*)::int4 FROM api.authors WHERE id = :id",
[INFO] [stdout]     |         ^^^^^^^^^^^^^^^^^^^^^^^^^^^^^^^^^^^^^^^^^^^^^^^^^^^^^^^
[INFO] [stdout] 
[INFO] [stdout] 
[INFO] [stdout] error[E0432]: unresolved import `resolute::test_db`
[INFO] [stdout]    --> tests/shared_pool_stress_test.rs:18:15
[INFO] [stdout]     |
[INFO] [stdout]  18 | use resolute::test_db::{
[INFO] [stdout]     |               ^^^^^^^ could not find `test_db` in `resolute`
[INFO] [stdout]     |
[INFO] [stdout] note: found an item that was configured out
[INFO] [stdout]    --> src/lib.rs:185:9
[INFO] [stdout]     |
[INFO] [stdout] 184 | #[cfg(feature = "test-utils")]
[INFO] [stdout]     |       ---------------------- the item is gated behind the `test-utils` feature
[INFO] [stdout] 185 | pub mod test_db;
[INFO] [stdout]     |         ^^^^^^^
[INFO] [stdout] 
[INFO] [stdout] 
[INFO] [stdout] error[E0432]: unresolved import `resolute::test_db`
[INFO] [stdout]    --> tests/pool_integration_test.rs:6:15
[INFO] [stdout]     |
[INFO] [stdout]   6 | use resolute::test_db::{
[INFO] [stdout]     |               ^^^^^^^ could not find `test_db` in `resolute`
[INFO] [stdout]     |
[INFO] [stdout] note: found an item that was configured out
[INFO] [stdout]    --> src/lib.rs:185:9
[INFO] [stdout]     |
[INFO] [stdout] 184 | #[cfg(feature = "test-utils")]
[INFO] [stdout]     |       ---------------------- the item is gated behind the `test-utils` feature
[INFO] [stdout] 185 | pub mod test_db;
[INFO] [stdout]     |         ^^^^^^^
[INFO] [stdout] 
[INFO] [stdout] 
[INFO] [stdout] error[E0432]: unresolved import `resolute::test_db`
[INFO] [stdout]    --> tests/query_macro_test.rs:8:15
[INFO] [stdout]     |
[INFO] [stdout]   8 | use resolute::test_db::{test_addr, test_database, test_password, test_user};
[INFO] [stdout]     |               ^^^^^^^ could not find `test_db` in `resolute`
[INFO] [stdout]     |
[INFO] [stdout] note: found an item that was configured out
[INFO] [stdout]    --> src/lib.rs:185:9
[INFO] [stdout]     |
[INFO] [stdout] 184 | #[cfg(feature = "test-utils")]
[INFO] [stdout]     |       ---------------------- the item is gated behind the `test-utils` feature
[INFO] [stdout] 185 | pub mod test_db;
[INFO] [stdout]     |         ^^^^^^^
[INFO] [stdout] 
[INFO] [stdout] 
[INFO] [stdout] For more information about this error, try `rustc --explain E0432`.
[INFO] [stdout] 
[INFO] [stderr] error: could not compile `resolute` (test "shared_pool_stress_test") due to 1 previous error
[INFO] [stderr] warning: build failed, waiting for other jobs to finish...
[INFO] [stdout] For more information about this error, try `rustc --explain E0432`.
[INFO] [stdout] 
[INFO] [stderr] error: could not compile `resolute` (test "query_macro_test") due to 22 previous errors
[INFO] [stdout] For more information about this error, try `rustc --explain E0432`.
[INFO] [stdout] 
[INFO] [stderr] error: could not compile `resolute` (test "pool_integration_test") due to 1 previous error
[INFO] [stdout] error[E0432]: unresolved import `resolute::test_db`
[INFO] [stdout]    --> tests/typed_test.rs:79:15
[INFO] [stdout]     |
[INFO] [stdout]  79 | use resolute::test_db::{test_addr, test_database, test_database_url, test_password, test_user};
[INFO] [stdout]     |               ^^^^^^^ could not find `test_db` in `resolute`
[INFO] [stdout]     |
[INFO] [stdout] note: found an item that was configured out
[INFO] [stdout]    --> src/lib.rs:185:9
[INFO] [stdout]     |
[INFO] [stdout] 184 | #[cfg(feature = "test-utils")]
[INFO] [stdout]     |       ---------------------- the item is gated behind the `test-utils` feature
[INFO] [stdout] 185 | pub mod test_db;
[INFO] [stdout]     |         ^^^^^^^
[INFO] [stdout] 
[INFO] [stdout] 
[INFO] [stdout] error[E0433]: cannot find `test_db` in `resolute`
[INFO] [stdout]    --> tests/typed_test.rs:61:1
[INFO] [stdout]     |
[INFO] [stdout]  61 | #[resolute::test]
[INFO] [stdout]     | ^^^^^^^^^^^^^^^^^ could not find `test_db` in `resolute`
[INFO] [stdout]     |
[INFO] [stdout] note: found an item that was configured out
[INFO] [stdout]    --> src/lib.rs:185:9
[INFO] [stdout]     |
[INFO] [stdout] 184 | #[cfg(feature = "test-utils")]
[INFO] [stdout]     |       ---------------------- the item is gated behind the `test-utils` feature
[INFO] [stdout] 185 | pub mod test_db;
[INFO] [stdout]     |         ^^^^^^^
[INFO] [stdout]     = note: this error originates in the attribute macro `resolute::test` (in Nightly builds, run with -Z macro-backtrace for more info)
[INFO] [stdout] 
[INFO] [stdout] 
[INFO] [stdout] error[E0433]: cannot find `test_db` in `resolute`
[INFO] [stdout]     --> tests/typed_test.rs:4310:24
[INFO] [stdout]      |
[INFO] [stdout] 4310 |     let db = resolute::test_db::TestDb::create(addr(), user(), pass())
[INFO] [stdout]      |                        ^^^^^^^ could not find `test_db` in `resolute`
[INFO] [stdout]      |
[INFO] [stdout] note: found an item that was configured out
[INFO] [stdout]     --> src/lib.rs:185:9
[INFO] [stdout]      |
[INFO] [stdout]  184 | #[cfg(feature = "test-utils")]
[INFO] [stdout]      |       ---------------------- the item is gated behind the `test-utils` feature
[INFO] [stdout]  185 | pub mod test_db;
[INFO] [stdout]      |         ^^^^^^^
[INFO] [stdout] 
[INFO] [stdout] 
[INFO] [stdout] Some errors have detailed explanations: E0432, E0433.
[INFO] [stdout] 
[INFO] [stdout] For more information about an error, try `rustc --explain E0432`.
[INFO] [stdout] 
[INFO] [stderr] error: could not compile `resolute` (test "typed_test") due to 3 previous errors
[INFO] running `Command { std: "docker" "inspect" "80fc847a5c3035135b6d0d69186368da5ce146208bc5c70e4c3fcb71ee9b964f", kill_on_drop: false }`
[INFO] running `Command { std: "docker" "rm" "-f" "80fc847a5c3035135b6d0d69186368da5ce146208bc5c70e4c3fcb71ee9b964f", kill_on_drop: false }`
[INFO] [stdout] 80fc847a5c3035135b6d0d69186368da5ce146208bc5c70e4c3fcb71ee9b964f
