[INFO] fetching crate renew-ui-render 0.1.1...
[INFO] testing renew-ui-render-0.1.1 against 1.99.0-beta.8+cargoflags=--release for beta-release-1.100-2
[INFO] extracting crate renew-ui-render 0.1.1 into /workspace/builds/worker-4-tc1/source
[INFO] started tweaking crates.io crate renew-ui-render 0.1.1
[INFO] removed 0 missing tests
[INFO] finished tweaking crates.io crate renew-ui-render 0.1.1
[INFO] tweaked toml for crates.io crate renew-ui-render 0.1.1 written to /workspace/builds/worker-4-tc1/source/Cargo.toml
[INFO] validating manifest of crates.io crate renew-ui-render 0.1.1 on toolchain 1.99.0-beta.8
[INFO] running `Command { std: CARGO_HOME="/workspace/cargo-home" RUSTUP_HOME="/workspace/rustup-home" "/workspace/cargo-home/bin/cargo" "+1.99.0-beta.8" "metadata" "--manifest-path" "Cargo.toml" "--no-deps", kill_on_drop: false }`
[INFO] crate crates.io crate renew-ui-render 0.1.1 already has a lockfile, it will not be regenerated
[INFO] running `Command { std: CARGO_HOME="/workspace/cargo-home" RUSTUP_HOME="/workspace/rustup-home" "/workspace/cargo-home/bin/cargo" "+1.99.0-beta.8" "fetch" "--manifest-path" "Cargo.toml", kill_on_drop: false }`
[INFO] [stderr]     Updating crates.io index
[INFO] [stderr]  Downloading crates ...
[INFO] [stderr]   Downloaded renew-render2d v0.1.1
[INFO] [stderr]   Downloaded renew-ui v0.1.1
[INFO] [stderr]   Downloaded renew-diag v0.1.1
[INFO] [stderr]   Downloaded renew-frame v0.1.1
[INFO] [stderr]   Downloaded renew-math v0.1.1
[INFO] [stderr]   Downloaded renew-fixed v0.1.1
[INFO] [stderr]   Downloaded renew-rhi v0.1.1
[INFO] running `Command { std: "docker" "create" "-v" "/var/lib/crater-agent-workspace/builds/worker-4-tc1/source:/opt/rustwide/workdir:ro,Z" "-v" "/var/lib/crater-agent-workspace/builds/worker-4-tc1/target:/opt/rustwide/target:rw,Z" "-v" "/var/lib/crater-agent-workspace/cargo-home:/opt/rustwide/cargo-home:ro,Z" "-v" "/var/lib/crater-agent-workspace/rustup-home:/opt/rustwide/rustup-home:ro,Z" "-m" "1610612736" "--network" "none" "ghcr.io/rust-lang/crates-build-env/linux@sha256:77db811e55d90add9212f6832c23229e3de5f1c1f9905e8cb07319ea15df73ac" "sleep" "infinity", kill_on_drop: false }`
[INFO] [stdout] 920621fad9b1a43d6f4ddc592a460ba43079f9403641d6664f6559b5ff6b2b93
[INFO] running `Command { std: "docker" "start" "920621fad9b1a43d6f4ddc592a460ba43079f9403641d6664f6559b5ff6b2b93", kill_on_drop: false }`
[INFO] running `Command { std: "docker" "inspect" "920621fad9b1a43d6f4ddc592a460ba43079f9403641d6664f6559b5ff6b2b93", kill_on_drop: false }`
[INFO] running `Command { std: "docker" "exec" "-e" "SOURCE_DIR=/opt/rustwide/workdir" "-e" "CARGO_HOME=/opt/rustwide/cargo-home" "-e" "RUSTUP_HOME=/opt/rustwide/rustup-home" "-e" "CARGO_TARGET_DIR=/opt/rustwide/target" "-w" "/opt/rustwide/workdir" "--user" "0:0" "920621fad9b1a43d6f4ddc592a460ba43079f9403641d6664f6559b5ff6b2b93" "/opt/rustwide/cargo-home/bin/cargo" "+1.99.0-beta.8" "metadata" "--no-deps" "--format-version=1", kill_on_drop: false }`
[INFO] running `Command { std: "docker" "inspect" "920621fad9b1a43d6f4ddc592a460ba43079f9403641d6664f6559b5ff6b2b93", kill_on_drop: false }`
[INFO] running `Command { std: "docker" "exec" "-e" "SOURCE_DIR=/opt/rustwide/workdir" "-e" "CARGO_HOME=/opt/rustwide/cargo-home" "-e" "RUSTUP_HOME=/opt/rustwide/rustup-home" "-e" "CARGO_TARGET_DIR=/opt/rustwide/target" "-e" "CARGO_INCREMENTAL=0" "-e" "RUST_BACKTRACE=full" "-e" "RUSTFLAGS=--cap-lints=warn" "-e" "RUSTDOCFLAGS=--cap-lints=warn" "-w" "/opt/rustwide/workdir" "--user" "0:0" "920621fad9b1a43d6f4ddc592a460ba43079f9403641d6664f6559b5ff6b2b93" "/opt/rustwide/cargo-home/bin/cargo" "+1.99.0-beta.8" "build" "--frozen" "--message-format=json" "--release", kill_on_drop: false }`
[INFO] [stderr]    Compiling ash v0.38.0+1.3.281
[INFO] [stderr]    Compiling renew-diag v0.1.1
[INFO] [stderr]    Compiling renew-frame v0.1.1
[INFO] [stderr]    Compiling renew-fixed v0.1.1
[INFO] [stderr]    Compiling renew-math v0.1.1
[INFO] [stderr]    Compiling renew-ui v0.1.1
[INFO] [stderr]    Compiling renew-rhi v0.1.1
[INFO] [stderr]    Compiling renew-render2d v0.1.1
[INFO] [stderr]    Compiling renew-ui-render v0.1.1 (/opt/rustwide/workdir)
[INFO] [stderr]     Finished `release` profile [optimized] target(s) in 20.96s
[INFO] running `Command { std: "docker" "inspect" "920621fad9b1a43d6f4ddc592a460ba43079f9403641d6664f6559b5ff6b2b93", kill_on_drop: false }`
[INFO] running `Command { std: "docker" "exec" "-e" "SOURCE_DIR=/opt/rustwide/workdir" "-e" "CARGO_HOME=/opt/rustwide/cargo-home" "-e" "RUSTUP_HOME=/opt/rustwide/rustup-home" "-e" "CARGO_TARGET_DIR=/opt/rustwide/target" "-e" "CARGO_INCREMENTAL=0" "-e" "RUST_BACKTRACE=full" "-e" "RUSTFLAGS=--cap-lints=warn" "-e" "RUSTDOCFLAGS=--cap-lints=warn" "-w" "/opt/rustwide/workdir" "--user" "0:0" "920621fad9b1a43d6f4ddc592a460ba43079f9403641d6664f6559b5ff6b2b93" "/opt/rustwide/cargo-home/bin/cargo" "+1.99.0-beta.8" "test" "--frozen" "--no-run" "--message-format=json" "--release", kill_on_drop: false }`
[INFO] [stderr]    Compiling ppv-lite86 v0.2.21
[INFO] [stderr]    Compiling wait-timeout v0.2.1
[INFO] [stderr]    Compiling tempfile v3.27.0
[INFO] [stderr]    Compiling rand_xorshift v0.4.0
[INFO] [stderr]    Compiling rand v0.9.5
[INFO] [stderr]    Compiling rusty-fork v0.3.1
[INFO] [stderr]    Compiling rand_chacha v0.9.0
[INFO] [stderr]    Compiling proptest v1.11.0
[INFO] [stderr]    Compiling renew-ui-render v0.1.1 (/opt/rustwide/workdir)
[INFO] [stdout] error[E0432]: unresolved import `renew_rhi`
[INFO] [stdout]   --> tests/golden.rs:17:5
[INFO] [stdout]    |
[INFO] [stdout] 17 | use renew_rhi::{
[INFO] [stdout]    |     ^^^^^^^^^ use of unresolved module or unlinked crate `renew_rhi`
[INFO] [stdout]    |
[INFO] [stdout] help: there is a crate or module with a similar name
[INFO] [stdout]    |
[INFO] [stdout] 17 - use renew_rhi::{
[INFO] [stdout] 17 + use renew_ui::{
[INFO] [stdout]    |
[INFO] [stdout] 
[INFO] [stdout] 
[INFO] [stdout] error[E0433]: cannot find module or crate `renew_rhi` in this scope
[INFO] [stdout]    --> tests/golden.rs:164:18
[INFO] [stdout]     |
[INFO] [stdout] 164 |     let color = [renew_rhi::color_attachment(CLEAR)];
[INFO] [stdout]     |                  ^^^^^^^^^ use of unresolved module or unlinked crate `renew_rhi`
[INFO] [stdout]     |
[INFO] [stdout] help: there is a crate or module with a similar name
[INFO] [stdout]     |
[INFO] [stdout] 164 -     let color = [renew_rhi::color_attachment(CLEAR)];
[INFO] [stdout] 164 +     let color = [renew_ui::color_attachment(CLEAR)];
[INFO] [stdout]     |
[INFO] [stdout] 
[INFO] [stdout] 
[INFO] [stdout] error[E0432]: unresolved import `renew_memory`
[INFO] [stdout]   --> tests/zero_alloc.rs:10:5
[INFO] [stdout]    |
[INFO] [stdout] 10 | use renew_memory::{CountingAllocator, counters};
[INFO] [stdout]    |     ^^^^^^^^^^^^ use of unresolved module or unlinked crate `renew_memory`
[INFO] [stdout]    |
[INFO] [stdout]    = help: if you wanted to use a crate named `renew_memory`, use `cargo add renew_memory` to add it to your `Cargo.toml`
[INFO] [stdout] 
[INFO] [stdout] 
[INFO] [stdout] error[E0433]: cannot find module or crate `renew_rhi` in this scope
[INFO] [stdout]    --> tests/golden.rs:262:18
[INFO] [stdout]     |
[INFO] [stdout] 262 |     let color = [renew_rhi::color_attachment(CLEAR)];
[INFO] [stdout]     |                  ^^^^^^^^^ use of unresolved module or unlinked crate `renew_rhi`
[INFO] [stdout]     |
[INFO] [stdout] help: there is a crate or module with a similar name
[INFO] [stdout]     |
[INFO] [stdout] 262 -     let color = [renew_rhi::color_attachment(CLEAR)];
[INFO] [stdout] 262 +     let color = [renew_ui::color_attachment(CLEAR)];
[INFO] [stdout]     |
[INFO] [stdout] 
[INFO] [stdout] 
[INFO] [stdout] Some errors have detailed explanations: E0432, E0433.
[INFO] [stdout] 
[INFO] [stdout] For more information about an error, try `rustc --explain E0432`.
[INFO] [stdout] 
[INFO] [stdout] For more information about this error, try `rustc --explain E0432`.
[INFO] [stdout] 
[INFO] [stderr] error: could not compile `renew-ui-render` (test "zero_alloc") due to 1 previous error
[INFO] [stderr] warning: build failed, waiting for other jobs to finish...
[INFO] [stderr] error: could not compile `renew-ui-render` (test "golden") due to 3 previous errors
[INFO] running `Command { std: "docker" "inspect" "920621fad9b1a43d6f4ddc592a460ba43079f9403641d6664f6559b5ff6b2b93", kill_on_drop: false }`
[INFO] running `Command { std: "docker" "rm" "-f" "920621fad9b1a43d6f4ddc592a460ba43079f9403641d6664f6559b5ff6b2b93", kill_on_drop: false }`
[INFO] [stdout] 920621fad9b1a43d6f4ddc592a460ba43079f9403641d6664f6559b5ff6b2b93
