[INFO] fetching crate remendo 0.2.0...
[INFO] testing remendo-0.2.0 against 1.99.0-beta.8+cargoflags=--release for beta-release-1.100-2
[INFO] extracting crate remendo 0.2.0 into /workspace/builds/worker-4-tc1/source
[INFO] started tweaking crates.io crate remendo 0.2.0
[INFO] removed 0 missing tests
[INFO] finished tweaking crates.io crate remendo 0.2.0
[INFO] tweaked toml for crates.io crate remendo 0.2.0 written to /workspace/builds/worker-4-tc1/source/Cargo.toml
[INFO] validating manifest of crates.io crate remendo 0.2.0 on toolchain 1.99.0-beta.8
[INFO] running `Command { std: CARGO_HOME="/workspace/cargo-home" RUSTUP_HOME="/workspace/rustup-home" "/workspace/cargo-home/bin/cargo" "+1.99.0-beta.8" "metadata" "--manifest-path" "Cargo.toml" "--no-deps", kill_on_drop: false }`
[INFO] crate crates.io crate remendo 0.2.0 already has a lockfile, it will not be regenerated
[INFO] running `Command { std: CARGO_HOME="/workspace/cargo-home" RUSTUP_HOME="/workspace/rustup-home" "/workspace/cargo-home/bin/cargo" "+1.99.0-beta.8" "fetch" "--manifest-path" "Cargo.toml", kill_on_drop: false }`
[INFO] running `Command { std: "docker" "create" "-v" "/var/lib/crater-agent-workspace/builds/worker-4-tc1/source:/opt/rustwide/workdir:ro,Z" "-v" "/var/lib/crater-agent-workspace/builds/worker-4-tc1/target:/opt/rustwide/target:rw,Z" "-v" "/var/lib/crater-agent-workspace/cargo-home:/opt/rustwide/cargo-home:ro,Z" "-v" "/var/lib/crater-agent-workspace/rustup-home:/opt/rustwide/rustup-home:ro,Z" "-m" "1610612736" "--network" "none" "ghcr.io/rust-lang/crates-build-env/linux@sha256:77db811e55d90add9212f6832c23229e3de5f1c1f9905e8cb07319ea15df73ac" "sleep" "infinity", kill_on_drop: false }`
[INFO] [stdout] 95c8c8565c4f8b9fcbd8f33322c994f6d9d1e1fcd911d81a6046c1fa40d388d2
[INFO] running `Command { std: "docker" "start" "95c8c8565c4f8b9fcbd8f33322c994f6d9d1e1fcd911d81a6046c1fa40d388d2", kill_on_drop: false }`
[INFO] running `Command { std: "docker" "inspect" "95c8c8565c4f8b9fcbd8f33322c994f6d9d1e1fcd911d81a6046c1fa40d388d2", kill_on_drop: false }`
[INFO] running `Command { std: "docker" "exec" "-e" "SOURCE_DIR=/opt/rustwide/workdir" "-e" "CARGO_HOME=/opt/rustwide/cargo-home" "-e" "RUSTUP_HOME=/opt/rustwide/rustup-home" "-e" "CARGO_TARGET_DIR=/opt/rustwide/target" "-w" "/opt/rustwide/workdir" "--user" "0:0" "95c8c8565c4f8b9fcbd8f33322c994f6d9d1e1fcd911d81a6046c1fa40d388d2" "/opt/rustwide/cargo-home/bin/cargo" "+1.99.0-beta.8" "metadata" "--no-deps" "--format-version=1", kill_on_drop: false }`
[INFO] running `Command { std: "docker" "inspect" "95c8c8565c4f8b9fcbd8f33322c994f6d9d1e1fcd911d81a6046c1fa40d388d2", kill_on_drop: false }`
[INFO] running `Command { std: "docker" "exec" "-e" "SOURCE_DIR=/opt/rustwide/workdir" "-e" "CARGO_HOME=/opt/rustwide/cargo-home" "-e" "RUSTUP_HOME=/opt/rustwide/rustup-home" "-e" "CARGO_TARGET_DIR=/opt/rustwide/target" "-e" "CARGO_INCREMENTAL=0" "-e" "RUST_BACKTRACE=full" "-e" "RUSTFLAGS=--cap-lints=warn" "-e" "RUSTDOCFLAGS=--cap-lints=warn" "-w" "/opt/rustwide/workdir" "--user" "0:0" "95c8c8565c4f8b9fcbd8f33322c994f6d9d1e1fcd911d81a6046c1fa40d388d2" "/opt/rustwide/cargo-home/bin/cargo" "+1.99.0-beta.8" "build" "--frozen" "--message-format=json" "--release", kill_on_drop: false }`
[INFO] [stderr]    Compiling quote v1.0.45
[INFO] [stderr]    Compiling libc v0.2.186
[INFO] [stderr]    Compiling cfg-if v1.0.4
[INFO] [stderr]    Compiling log v0.4.29
[INFO] [stderr]    Compiling pin-project-lite v0.2.17
[INFO] [stderr]    Compiling smallvec v1.15.1
[INFO] [stderr]    Compiling itoa v1.0.18
[INFO] [stderr]    Compiling futures-core v0.3.32
[INFO] [stderr]    Compiling stable_deref_trait v1.2.1
[INFO] [stderr]    Compiling once_cell v1.21.4
[INFO] [stderr]    Compiling bytes v1.11.1
[INFO] [stderr]    Compiling memchr v2.8.0
[INFO] [stderr]    Compiling futures-sink v0.3.32
[INFO] [stderr]    Compiling bitflags v2.11.1
[INFO] [stderr]    Compiling equivalent v1.0.2
[INFO] [stderr]    Compiling cc v1.2.62
[INFO] [stderr]    Compiling serde_core v1.0.228
[INFO] [stderr]    Compiling rustversion v1.0.22
[INFO] [stderr]    Compiling writeable v0.6.3
[INFO] [stderr]    Compiling litemap v0.8.2
[INFO] [stderr]    Compiling thiserror v2.0.18
[INFO] [stderr]    Compiling futures-channel v0.3.32
[INFO] [stderr]    Compiling icu_normalizer_data v2.2.0
[INFO] [stderr]    Compiling icu_properties_data v2.2.0
[INFO] [stderr]    Compiling syn v2.0.117
[INFO] [stderr]    Compiling utf8_iter v1.0.4
[INFO] [stderr]    Compiling futures-task v0.3.32
[INFO] [stderr]    Compiling strsim v0.11.1
[INFO] [stderr]    Compiling slab v0.4.12
[INFO] [stderr]    Compiling ident_case v1.0.1
[INFO] [stderr]    Compiling allocator-api2 v0.2.21
[INFO] [stderr]    Compiling ryu v1.0.23
[INFO] [stderr]    Compiling futures-io v0.3.32
[INFO] [stderr]    Compiling foldhash v0.2.0
[INFO] [stderr]    Compiling serde v1.0.228
[INFO] [stderr]    Compiling tracing-core v0.1.36
[INFO] [stderr]    Compiling zeroize v1.8.2
[INFO] [stderr]    Compiling regex-syntax v0.8.10
[INFO] [stderr]    Compiling either v1.15.0
[INFO] [stderr]    Compiling percent-encoding v2.3.2
[INFO] [stderr]    Compiling lazy_static v1.5.0
[INFO] [stderr]    Compiling rustix v1.1.4
[INFO] [stderr]    Compiling rustls-pki-types v1.14.1
[INFO] [stderr]    Compiling itertools v0.14.0
[INFO] [stderr]    Compiling static_assertions v1.1.0
[INFO] [stderr]    Compiling untrusted v0.9.0
[INFO] [stderr]    Compiling indoc v2.0.7
[INFO] [stderr]    Compiling unicode-width v0.2.2
[INFO] [stderr]    Compiling powerfmt v0.2.0
[INFO] [stderr]    Compiling unicode-segmentation v1.13.2
[INFO] [stderr]    Compiling castaway v0.2.4
[INFO] [stderr]    Compiling hashbrown v0.16.1
[INFO] [stderr]    Compiling instability v0.3.12
[INFO] [stderr]    Compiling signal-hook v0.3.18
[INFO] [stderr]    Compiling compact_str v0.9.0
[INFO] [stderr]    Compiling http v1.4.0
[INFO] [stderr]    Compiling deranged v0.5.8
[INFO] [stderr]    Compiling lru v0.16.4
[INFO] [stderr]    Compiling parking_lot_core v0.9.12
[INFO] [stderr]    Compiling convert_case v0.10.0
[INFO] [stderr]    Compiling httparse v1.10.1
[INFO] [stderr]    Compiling tracing-log v0.2.0
[INFO] [stderr]    Compiling sharded-slab v0.1.7
[INFO] [stderr]    Compiling thread_local v1.1.9
[INFO] [stderr]    Compiling tower-service v0.3.3
[INFO] [stderr]    Compiling num-conv v0.2.2
[INFO] [stderr]    Compiling nu-ansi-term v0.50.3
[INFO] [stderr]    Compiling scopeguard v1.2.0
[INFO] [stderr]    Compiling try-lock v0.2.5
[INFO] [stderr]    Compiling num_threads v0.1.7
[INFO] [stderr]    Compiling linux-raw-sys v0.12.1
[INFO] [stderr]    Compiling time-core v0.1.8
[INFO] [stderr]    Compiling rustls v0.23.40
[INFO] [stderr]    Compiling want v0.3.1
[INFO] [stderr]    Compiling lock_api v0.4.14
[INFO] [stderr]    Compiling form_urlencoded v1.2.2
[INFO] [stderr]    Compiling subtle v2.6.1
[INFO] [stderr]    Compiling owo-colors v4.3.0
[INFO] [stderr]    Compiling atomic-waker v1.1.2
[INFO] [stderr]    Compiling litrs v1.0.0
[INFO] [stderr]    Compiling crossbeam-utils v0.8.21
[INFO] [stderr]    Compiling object v0.37.3
[INFO] [stderr]    Compiling zmij v1.0.21
[INFO] [stderr]    Compiling line-clipping v0.3.7
[INFO] [stderr]    Compiling sync_wrapper v1.0.2
[INFO] [stderr]    Compiling color-spantrace v0.3.0
[INFO] [stderr]    Compiling tower-layer v0.3.3
[INFO] [stderr]    Compiling hashbrown v0.17.1
[INFO] [stderr]    Compiling http-body v1.0.1
[INFO] [stderr]    Compiling regex-automata v0.4.14
[INFO] [stderr]    Compiling eyre v0.6.12
[INFO] [stderr]    Compiling adler2 v2.0.1
[INFO] [stderr]    Compiling base64 v0.22.1
[INFO] [stderr]    Compiling ring v0.17.14
[INFO] [stderr]    Compiling mio v1.2.0
[INFO] [stderr]    Compiling socket2 v0.6.3
[INFO] [stderr]    Compiling getrandom v0.2.17
[INFO] [stderr]    Compiling errno v0.3.14
[INFO] [stderr]    Compiling signal-hook-registry v1.4.8
[INFO] [stderr]    Compiling document-features v0.2.12
[INFO] [stderr]    Compiling parking_lot v0.12.5
[INFO] [stderr]    Compiling time v0.3.47
[INFO] [stderr]    Compiling ipnet v2.12.0
[INFO] [stderr]    Compiling serde_json v1.0.150
[INFO] [stderr]    Compiling unicode-truncate v2.0.1
[INFO] [stderr]    Compiling gimli v0.32.3
[INFO] [stderr]    Compiling signal-hook-mio v0.2.5
[INFO] [stderr]    Compiling getrandom v0.4.2
[INFO] [stderr]    Compiling indexmap v2.14.0
[INFO] [stderr]    Compiling miniz_oxide v0.8.9
[INFO] [stderr]    Compiling webpki-roots v1.0.7
[INFO] [stderr]    Compiling rustc-demangle v0.1.27
[INFO] [stderr]    Compiling indenter v0.3.4
[INFO] [stderr]    Compiling option-ext v0.2.0
[INFO] [stderr]    Compiling winnow v0.7.15
[INFO] [stderr]    Compiling toml_write v0.1.2
[INFO] [stderr]    Compiling dirs-sys v0.5.0
[INFO] [stderr]    Compiling crossbeam-channel v0.5.15
[INFO] [stderr]    Compiling http-body-util v0.1.3
[INFO] [stderr]    Compiling fastrand v2.4.1
[INFO] [stderr]    Compiling symlink v0.1.0
[INFO] [stderr]    Compiling dirs v6.0.0
[INFO] [stderr]    Compiling tempfile v3.27.0
[INFO] [stderr]    Compiling matchers v0.2.0
[INFO] [stderr]    Compiling addr2line v0.25.1
[INFO] [stderr]    Compiling synstructure v0.13.2
[INFO] [stderr]    Compiling darling_core v0.23.0
[INFO] [stderr]    Compiling zerofrom-derive v0.1.7
[INFO] [stderr]    Compiling yoke-derive v0.8.2
[INFO] [stderr]    Compiling zerovec-derive v0.11.3
[INFO] [stderr]    Compiling displaydoc v0.2.5
[INFO] [stderr]    Compiling tokio-macros v2.7.0
[INFO] [stderr]    Compiling tracing-attributes v0.1.31
[INFO] [stderr]    Compiling thiserror-impl v2.0.18
[INFO] [stderr]    Compiling futures-macro v0.3.32
[INFO] [stderr]    Compiling serde_derive v1.0.228
[INFO] [stderr]    Compiling strum_macros v0.27.2
[INFO] [stderr]    Compiling derive_more-impl v2.1.1
[INFO] [stderr]    Compiling async-trait v0.1.89
[INFO] [stderr]    Compiling futures-util v0.3.32
[INFO] [stderr]    Compiling tokio v1.52.3
[INFO] [stderr]    Compiling derive_more v2.1.1
[INFO] [stderr]    Compiling crossterm v0.29.0
[INFO] [stderr]    Compiling zerofrom v0.1.8
[INFO] [stderr]    Compiling yoke v0.8.2
[INFO] [stderr]    Compiling zerovec v0.11.6
[INFO] [stderr]    Compiling zerotrie v0.2.4
[INFO] [stderr]    Compiling kasuari v0.4.12
[INFO] [stderr]    Compiling tracing v0.1.44
[INFO] [stderr]    Compiling tracing-subscriber v0.3.23
[INFO] [stderr]    Compiling tinystr v0.8.3
[INFO] [stderr]    Compiling potential_utf v0.1.5
[INFO] [stderr]    Compiling icu_locale_core v2.2.0
[INFO] [stderr]    Compiling icu_collections v2.2.0
[INFO] [stderr]    Compiling backtrace v0.3.76
[INFO] [stderr]    Compiling strum v0.27.2
[INFO] [stderr]    Compiling rustls-webpki v0.103.13
[INFO] [stderr]    Compiling ratatui-core v0.1.0
[INFO] [stderr]    Compiling darling_macro v0.23.0
[INFO] [stderr]    Compiling darling v0.23.0
[INFO] [stderr]    Compiling toml_datetime v0.6.11
[INFO] [stderr]    Compiling serde_spanned v0.6.9
[INFO] [stderr]    Compiling serde_urlencoded v0.7.1
[INFO] [stderr]    Compiling icu_provider v2.2.0
[INFO] [stderr]    Compiling ratatui-widgets v0.3.0
[INFO] [stderr]    Compiling ratatui-crossterm v0.1.0
[INFO] [stderr]    Compiling toml_edit v0.22.27
[INFO] [stderr]    Compiling icu_normalizer v2.2.0
[INFO] [stderr]    Compiling icu_properties v2.2.0
[INFO] [stderr]    Compiling tracing-error v0.2.1
[INFO] [stderr]    Compiling tracing-appender v0.2.5
[INFO] [stderr]    Compiling futures-executor v0.3.32
[INFO] [stderr]    Compiling futures v0.3.32
[INFO] [stderr]    Compiling color-eyre v0.6.5
[INFO] [stderr]    Compiling ratatui-macros v0.7.0
[INFO] [stderr]    Compiling ratatui v0.30.0
[INFO] [stderr]    Compiling idna_adapter v1.2.2
[INFO] [stderr]    Compiling idna v1.1.0
[INFO] [stderr]    Compiling hyper v1.9.0
[INFO] [stderr]    Compiling tower v0.5.3
[INFO] [stderr]    Compiling tokio-util v0.7.18
[INFO] [stderr]    Compiling url v2.5.8
[INFO] [stderr]    Compiling toml v0.8.23
[INFO] [stderr]    Compiling tower-http v0.6.11
[INFO] [stderr]    Compiling hyper-util v0.1.20
[INFO] [stderr]    Compiling tokio-rustls v0.26.4
[INFO] [stderr]    Compiling hyper-rustls v0.27.9
[INFO] [stderr]    Compiling reqwest v0.12.28
[INFO] [stderr]    Compiling remendo v0.2.0 (/opt/rustwide/workdir)
[INFO] [stderr]     Finished `release` profile [optimized] target(s) in 2m 04s
[INFO] running `Command { std: "docker" "inspect" "95c8c8565c4f8b9fcbd8f33322c994f6d9d1e1fcd911d81a6046c1fa40d388d2", kill_on_drop: false }`
[INFO] running `Command { std: "docker" "exec" "-e" "SOURCE_DIR=/opt/rustwide/workdir" "-e" "CARGO_HOME=/opt/rustwide/cargo-home" "-e" "RUSTUP_HOME=/opt/rustwide/rustup-home" "-e" "CARGO_TARGET_DIR=/opt/rustwide/target" "-e" "CARGO_INCREMENTAL=0" "-e" "RUST_BACKTRACE=full" "-e" "RUSTFLAGS=--cap-lints=warn" "-e" "RUSTDOCFLAGS=--cap-lints=warn" "-w" "/opt/rustwide/workdir" "--user" "0:0" "95c8c8565c4f8b9fcbd8f33322c994f6d9d1e1fcd911d81a6046c1fa40d388d2" "/opt/rustwide/cargo-home/bin/cargo" "+1.99.0-beta.8" "test" "--frozen" "--no-run" "--message-format=json" "--release", kill_on_drop: false }`
[INFO] [stderr]    Compiling slab v0.4.12
[INFO] [stderr]    Compiling aho-corasick v1.1.4
[INFO] [stderr]    Compiling regex-syntax v0.8.10
[INFO] [stderr]    Compiling tokio-util v0.7.18
[INFO] [stderr]    Compiling fnv v1.0.7
[INFO] [stderr]    Compiling httpdate v1.0.3
[INFO] [stderr]    Compiling num_cpus v1.17.0
[INFO] [stderr]    Compiling deadpool-runtime v0.1.4
[INFO] [stderr]    Compiling assert-json-diff v2.0.2
[INFO] [stderr]    Compiling similar v2.7.0
[INFO] [stderr]    Compiling yansi v1.0.1
[INFO] [stderr]    Compiling diff v0.1.13
[INFO] [stderr]    Compiling deadpool v0.12.3
[INFO] [stderr]    Compiling futures-util v0.3.32
[INFO] [stderr]    Compiling pretty_assertions v1.4.1
[INFO] [stderr]    Compiling h2 v0.4.14
[INFO] [stderr]    Compiling insta v1.47.2
[INFO] [stderr]    Compiling regex-automata v0.4.14
[INFO] [stderr]    Compiling tower v0.5.3
[INFO] [stderr]    Compiling futures-executor v0.3.32
[INFO] [stderr]    Compiling futures v0.3.32
[INFO] [stderr]    Compiling tower-http v0.6.11
[INFO] [stderr]    Compiling hyper v1.9.0
[INFO] [stderr]    Compiling matchers v0.2.0
[INFO] [stderr]    Compiling regex v1.12.3
[INFO] [stderr]    Compiling tracing-subscriber v0.3.23
[INFO] [stderr]    Compiling hyper-util v0.1.20
[INFO] [stderr]    Compiling tracing-error v0.2.1
[INFO] [stderr]    Compiling tracing-appender v0.2.5
[INFO] [stderr]    Compiling color-spantrace v0.3.0
[INFO] [stderr]    Compiling color-eyre v0.6.5
[INFO] [stderr]    Compiling hyper-rustls v0.27.9
[INFO] [stderr]    Compiling wiremock v0.6.5
[INFO] [stderr]    Compiling reqwest v0.12.28
[INFO] [stderr]    Compiling remendo v0.2.0 (/opt/rustwide/workdir)
[INFO] [stdout] error[E0599]: no associated function or constant named `fixture` found for struct `RemoteConfig` in the current scope
[INFO] [stdout]   --> tests/app_integration.rs:15:43
[INFO] [stdout]    |
[INFO] [stdout] 15 |         config.remotes.push(RemoteConfig::fixture(name));
[INFO] [stdout]    |                                           ^^^^^^^ associated function or constant not found in `RemoteConfig`
[INFO] [stdout] 
[INFO] [stdout] 
[INFO] [stdout] error[E0599]: no associated function or constant named `fixture` found for struct `Patchset` in the current scope
[INFO] [stdout]   --> tests/app_integration.rs:33:31
[INFO] [stdout]    |
[INFO] [stdout] 33 |         items: vec![Patchset::fixture()],
[INFO] [stdout]    |                               ^^^^^^^ associated function or constant not found in `Patchset`
[INFO] [stdout] 
[INFO] [stdout] 
[INFO] [stdout] error[E0599]: no associated function or constant named `fixture` found for struct `Patchset` in the current scope
[INFO] [stdout]    --> tests/app_integration.rs:127:31
[INFO] [stdout]     |
[INFO] [stdout] 127 |         items: vec![Patchset::fixture()],
[INFO] [stdout]     |                               ^^^^^^^ associated function or constant not found in `Patchset`
[INFO] [stdout] 
[INFO] [stdout] 
[INFO] [stdout] error[E0599]: no associated function or constant named `fixture` found for struct `Patchset` in the current scope
[INFO] [stdout]    --> tests/app_integration.rs:145:31
[INFO] [stdout]     |
[INFO] [stdout] 145 |         items: vec![Patchset::fixture(), Patchset::fixture()],
[INFO] [stdout]     |                               ^^^^^^^ associated function or constant not found in `Patchset`
[INFO] [stdout] 
[INFO] [stdout] 
[INFO] [stdout] error[E0599]: no associated function or constant named `fixture` found for struct `Patchset` in the current scope
[INFO] [stdout]    --> tests/app_integration.rs:145:52
[INFO] [stdout]     |
[INFO] [stdout] 145 |         items: vec![Patchset::fixture(), Patchset::fixture()],
[INFO] [stdout]     |                                                    ^^^^^^^ associated function or constant not found in `Patchset`
[INFO] [stdout] 
[INFO] [stdout] 
[INFO] [stdout] error[E0599]: no associated function or constant named `fixture` found for struct `Patchset` in the current scope
[INFO] [stdout]    --> tests/app_integration.rs:165:31
[INFO] [stdout]     |
[INFO] [stdout] 165 |         items: vec![Patchset::fixture()],
[INFO] [stdout]     |                               ^^^^^^^ associated function or constant not found in `Patchset`
[INFO] [stdout] 
[INFO] [stdout] 
[INFO] [stdout] error[E0599]: no associated function or constant named `fixture` found for struct `ServerStats` in the current scope
[INFO] [stdout]    --> tests/app_integration.rs:180:63
[INFO] [stdout]     |
[INFO] [stdout] 180 |         Message::StatsLoaded(Ok(remendo::models::ServerStats::fixture())),
[INFO] [stdout]     |                                                               ^^^^^^^ associated function or constant not found in `ServerStats`
[INFO] [stdout] 
[INFO] [stdout] 
[INFO] [stdout] error[E0599]: no associated function or constant named `fixture` found for struct `Patchset` in the current scope
[INFO] [stdout]    --> tests/app_integration.rs:195:42
[INFO] [stdout]     |
[INFO] [stdout] 195 |         items: (0..10).map(|_| Patchset::fixture()).collect(),
[INFO] [stdout]     |                                          ^^^^^^^ associated function or constant not found in `Patchset`
[INFO] [stdout] 
[INFO] [stdout] 
[INFO] [stdout] error[E0599]: no associated function or constant named `fixture` found for struct `Patchset` in the current scope
[INFO] [stdout]    --> tests/app_integration.rs:212:41
[INFO] [stdout]     |
[INFO] [stdout] 212 |         items: (0..3).map(|_| Patchset::fixture()).collect(),
[INFO] [stdout]     |                                         ^^^^^^^ associated function or constant not found in `Patchset`
[INFO] [stdout] 
[INFO] [stdout] 
[INFO] [stdout] error[E0599]: no associated function or constant named `fixture` found for struct `Patchset` in the current scope
[INFO] [stdout]    --> tests/app_integration.rs:231:41
[INFO] [stdout]     |
[INFO] [stdout] 231 |         items: (0..5).map(|_| Patchset::fixture()).collect(),
[INFO] [stdout]     |                                         ^^^^^^^ associated function or constant not found in `Patchset`
[INFO] [stdout] 
[INFO] [stdout] 
[INFO] [stdout] error[E0599]: no associated function or constant named `fixture` found for struct `Patchset` in the current scope
[INFO] [stdout]    --> tests/app_integration.rs:262:31
[INFO] [stdout]     |
[INFO] [stdout] 262 |         items: vec![Patchset::fixture()],
[INFO] [stdout]     |                               ^^^^^^^ associated function or constant not found in `Patchset`
[INFO] [stdout] 
[INFO] [stdout] 
[INFO] [stdout] error[E0599]: no associated function or constant named `fixture` found for struct `Patchset` in the current scope
[INFO] [stdout]    --> tests/app_integration.rs:307:31
[INFO] [stdout]     |
[INFO] [stdout] 307 |         items: vec![Patchset::fixture()],
[INFO] [stdout]     |                               ^^^^^^^ associated function or constant not found in `Patchset`
[INFO] [stdout] 
[INFO] [stdout] 
[INFO] [stdout] error[E0599]: no associated function or constant named `fixture` found for struct `PatchsetDetail` in the current scope
[INFO] [stdout]    --> tests/app_integration.rs:321:34
[INFO] [stdout]     |
[INFO] [stdout] 321 |     let detail = PatchsetDetail::fixture();
[INFO] [stdout]     |                                  ^^^^^^^ associated function or constant not found in `PatchsetDetail`
[INFO] [stdout] 
[INFO] [stdout] 
[INFO] [stdout] error[E0599]: no associated function or constant named `fixture` found for struct `Patchset` in the current scope
[INFO] [stdout]    --> tests/app_integration.rs:376:31
[INFO] [stdout]     |
[INFO] [stdout] 376 |         items: vec![Patchset::fixture()],
[INFO] [stdout]     |                               ^^^^^^^ associated function or constant not found in `Patchset`
[INFO] [stdout] 
[INFO] [stdout] 
[INFO] [stdout] error[E0599]: no associated function or constant named `fixture` found for struct `Patchset` in the current scope
[INFO] [stdout]    --> tests/app_integration.rs:401:31
[INFO] [stdout]     |
[INFO] [stdout] 401 |         items: vec![Patchset::fixture()],
[INFO] [stdout]     |                               ^^^^^^^ associated function or constant not found in `Patchset`
[INFO] [stdout] 
[INFO] [stdout] 
[INFO] [stdout] error[E0599]: no associated function or constant named `fixture` found for struct `PatchsetDetail` in the current scope
[INFO] [stdout]    --> tests/app_integration.rs:418:34
[INFO] [stdout]     |
[INFO] [stdout] 418 |     let detail = PatchsetDetail::fixture();
[INFO] [stdout]     |                                  ^^^^^^^ associated function or constant not found in `PatchsetDetail`
[INFO] [stdout] 
[INFO] [stdout] 
[INFO] [stdout] error[E0599]: no associated function or constant named `fixture` found for struct `Patchset` in the current scope
[INFO] [stdout]    --> tests/app_integration.rs:432:31
[INFO] [stdout]     |
[INFO] [stdout] 432 |         items: vec![Patchset::fixture()],
[INFO] [stdout]     |                               ^^^^^^^ associated function or constant not found in `Patchset`
[INFO] [stdout] 
[INFO] [stdout] 
[INFO] [stdout] error[E0599]: no associated function or constant named `fixture` found for struct `Patchset` in the current scope
[INFO] [stdout]    --> tests/app_integration.rs:457:31
[INFO] [stdout]     |
[INFO] [stdout] 457 |         items: vec![Patchset::fixture()],
[INFO] [stdout]     |                               ^^^^^^^ associated function or constant not found in `Patchset`
[INFO] [stdout] 
[INFO] [stdout] 
[INFO] [stdout] error[E0599]: no associated function or constant named `fixture` found for struct `Patchset` in the current scope
[INFO] [stdout]    --> tests/app_integration.rs:479:29
[INFO] [stdout]     |
[INFO] [stdout] 479 |     let mut ps1 = Patchset::fixture();
[INFO] [stdout]     |                             ^^^^^^^ associated function or constant not found in `Patchset`
[INFO] [stdout] 
[INFO] [stdout] 
[INFO] [stdout] error[E0599]: no associated function or constant named `fixture` found for struct `Patchset` in the current scope
[INFO] [stdout]    --> tests/app_integration.rs:482:29
[INFO] [stdout]     |
[INFO] [stdout] 482 |     let mut ps2 = Patchset::fixture();
[INFO] [stdout]     |                             ^^^^^^^ associated function or constant not found in `Patchset`
[INFO] [stdout] 
[INFO] [stdout] 
[INFO] [stdout] error[E0599]: no associated function or constant named `fixture` found for struct `Patchset` in the current scope
[INFO] [stdout]    --> tests/app_integration.rs:485:29
[INFO] [stdout]     |
[INFO] [stdout] 485 |     let mut ps3 = Patchset::fixture();
[INFO] [stdout]     |                             ^^^^^^^ associated function or constant not found in `Patchset`
[INFO] [stdout] 
[INFO] [stdout] 
[INFO] [stdout] error[E0599]: no associated function or constant named `fixture` found for struct `Patchset` in the current scope
[INFO] [stdout]    --> tests/app_integration.rs:529:29
[INFO] [stdout]     |
[INFO] [stdout] 529 |     let mut ps1 = Patchset::fixture();
[INFO] [stdout]     |                             ^^^^^^^ associated function or constant not found in `Patchset`
[INFO] [stdout] 
[INFO] [stdout] 
[INFO] [stdout] error[E0599]: no associated function or constant named `fixture` found for struct `Patchset` in the current scope
[INFO] [stdout]    --> tests/app_integration.rs:532:29
[INFO] [stdout]     |
[INFO] [stdout] 532 |     let mut ps2 = Patchset::fixture();
[INFO] [stdout]     |                             ^^^^^^^ associated function or constant not found in `Patchset`
[INFO] [stdout] 
[INFO] [stdout] 
[INFO] [stdout] error[E0599]: no associated function or constant named `fixture` found for struct `Patchset` in the current scope
[INFO] [stdout]    --> tests/app_integration.rs:597:29
[INFO] [stdout]     |
[INFO] [stdout] 597 |     let mut ps1 = Patchset::fixture();
[INFO] [stdout]     |                             ^^^^^^^ associated function or constant not found in `Patchset`
[INFO] [stdout] 
[INFO] [stdout] 
[INFO] [stdout] error[E0599]: no associated function or constant named `fixture` found for struct `Patchset` in the current scope
[INFO] [stdout]    --> tests/app_integration.rs:599:29
[INFO] [stdout]     |
[INFO] [stdout] 599 |     let mut ps2 = Patchset::fixture();
[INFO] [stdout]     |                             ^^^^^^^ associated function or constant not found in `Patchset`
[INFO] [stdout] 
[INFO] [stdout] 
[INFO] [stdout] For more information about this error, try `rustc --explain E0599`.
[INFO] [stdout] 
[INFO] [stderr] error: could not compile `remendo` (test "app_integration") due to 25 previous errors
[INFO] [stderr] warning: build failed, waiting for other jobs to finish...
[INFO] [stderr] error: could not compile `remendo` (bin "remendo")
[INFO] [stderr] 
[INFO] [stderr] Caused by:
[INFO] [stderr]   process didn't exit successfully: `/opt/rustwide/rustup-home/toolchains/1.99.0-beta.8-x86_64-unknown-linux-gnu/bin/rustc --crate-name remendo --edition=2024 src/main.rs --error-format=json --json=diagnostic-rendered-ansi,artifacts,future-incompat --crate-type bin --emit=dep-info,link -C opt-level=s -C lto -C codegen-units=1 '--warn=clippy::style' '--warn=clippy::perf' '--warn=clippy::pedantic' '--deny=clippy::unwrap_used' --deny=unsafe_code '--warn=clippy::panic' '--allow=clippy::must_use_candidate' '--allow=clippy::module_name_repetitions' '--warn=clippy::expect_used' --check-cfg 'cfg(docsrs,test)' --check-cfg 'cfg(feature, values("test-support"))' -C metadata=20141adae2bda8fa -C extra-filename=-d19d1279383c477b --out-dir /opt/rustwide/target/release/deps -C strip=symbols -L dependency=/opt/rustwide/target/release/deps --extern async_trait=/opt/rustwide/target/release/deps/libasync_trait-82b72e5cfb3ad6aa.so --extern color_eyre=/opt/rustwide/target/release/deps/libcolor_eyre-3c58c0ef8a87d6b4.rlib --extern crossterm=/opt/rustwide/target/release/deps/libcrossterm-b5e539c9dcc6a3de.rlib --extern dirs=/opt/rustwide/target/release/deps/libdirs-3f955eb5e7ab234b.rlib --extern futures=/opt/rustwide/target/release/deps/libfutures-58a4f08f0fca8bc7.rlib --extern ratatui=/opt/rustwide/target/release/deps/libratatui-ca32583d18116fd1.rlib --extern remendo=/opt/rustwide/target/release/deps/libremendo-4d42d7934fd9b1ab.rlib --extern reqwest=/opt/rustwide/target/release/deps/libreqwest-58f691dfb6719f84.rlib --extern serde=/opt/rustwide/target/release/deps/libserde-e90795e9df489765.rlib --extern serde_json=/opt/rustwide/target/release/deps/libserde_json-280273d0dd865dc6.rlib --extern tempfile=/opt/rustwide/target/release/deps/libtempfile-4d09bb8e8e86c334.rlib --extern tokio=/opt/rustwide/target/release/deps/libtokio-2e5b98790c627972.rlib --extern tokio_util=/opt/rustwide/target/release/deps/libtokio_util-76ea5119ab9324cb.rlib --extern toml=/opt/rustwide/target/release/deps/libtoml-f8898c83e9c4698d.rlib --extern tracing=/opt/rustwide/target/release/deps/libtracing-705ef20a45856287.rlib --extern tracing_appender=/opt/rustwide/target/release/deps/libtracing_appender-8b059b039b300a89.rlib --extern tracing_subscriber=/opt/rustwide/target/release/deps/libtracing_subscriber-311a1c615814bc79.rlib --extern url=/opt/rustwide/target/release/deps/liburl-e41b0c9970ccd336.rlib --cap-lints=warn -L native=/opt/rustwide/target/release/build/ring-61b6bad53a8d2661/out` (signal: 9, SIGKILL: kill)
[INFO] running `Command { std: "docker" "inspect" "95c8c8565c4f8b9fcbd8f33322c994f6d9d1e1fcd911d81a6046c1fa40d388d2", kill_on_drop: false }`
[INFO] running `Command { std: "docker" "rm" "-f" "95c8c8565c4f8b9fcbd8f33322c994f6d9d1e1fcd911d81a6046c1fa40d388d2", kill_on_drop: false }`
[INFO] [stdout] 95c8c8565c4f8b9fcbd8f33322c994f6d9d1e1fcd911d81a6046c1fa40d388d2
