[INFO] fetching crate relay-core-script 0.14.0...
[INFO] testing relay-core-script-0.14.0 against 1.100.0-beta.1+cargoflags=--release for beta-release-1.100-2
[INFO] extracting crate relay-core-script 0.14.0 into /workspace/builds/worker-4-tc2/source
[INFO] started tweaking crates.io crate relay-core-script 0.14.0
[INFO] removed 0 missing tests
[INFO] finished tweaking crates.io crate relay-core-script 0.14.0
[INFO] tweaked toml for crates.io crate relay-core-script 0.14.0 written to /workspace/builds/worker-4-tc2/source/Cargo.toml
[INFO] validating manifest of crates.io crate relay-core-script 0.14.0 on toolchain 1.100.0-beta.1
[INFO] running `Command { std: CARGO_HOME="/workspace/cargo-home" RUSTUP_HOME="/workspace/rustup-home" "/workspace/cargo-home/bin/cargo" "+1.100.0-beta.1" "metadata" "--manifest-path" "Cargo.toml" "--no-deps", kill_on_drop: false }`
[INFO] crate crates.io crate relay-core-script 0.14.0 already has a lockfile, it will not be regenerated
[INFO] running `Command { std: CARGO_HOME="/workspace/cargo-home" RUSTUP_HOME="/workspace/rustup-home" "/workspace/cargo-home/bin/cargo" "+1.100.0-beta.1" "fetch" "--manifest-path" "Cargo.toml", kill_on_drop: false }`
[INFO] running `Command { std: "docker" "create" "-v" "/var/lib/crater-agent-workspace/builds/worker-4-tc2/source:/opt/rustwide/workdir:ro,Z" "-v" "/var/lib/crater-agent-workspace/builds/worker-4-tc2/target:/opt/rustwide/target:rw,Z" "-v" "/var/lib/crater-agent-workspace/cargo-home:/opt/rustwide/cargo-home:ro,Z" "-v" "/var/lib/crater-agent-workspace/rustup-home:/opt/rustwide/rustup-home:ro,Z" "-m" "1610612736" "--network" "none" "ghcr.io/rust-lang/crates-build-env/linux@sha256:77db811e55d90add9212f6832c23229e3de5f1c1f9905e8cb07319ea15df73ac" "sleep" "infinity", kill_on_drop: false }`
[INFO] [stdout] 1a9e9b378dc62eb99665f11aa0d737ac9da7d9e7add0fc1777e77aa4e7a28d2c
[INFO] running `Command { std: "docker" "start" "1a9e9b378dc62eb99665f11aa0d737ac9da7d9e7add0fc1777e77aa4e7a28d2c", kill_on_drop: false }`
[INFO] running `Command { std: "docker" "inspect" "1a9e9b378dc62eb99665f11aa0d737ac9da7d9e7add0fc1777e77aa4e7a28d2c", kill_on_drop: false }`
[INFO] running `Command { std: "docker" "exec" "-e" "SOURCE_DIR=/opt/rustwide/workdir" "-e" "CARGO_HOME=/opt/rustwide/cargo-home" "-e" "RUSTUP_HOME=/opt/rustwide/rustup-home" "-e" "CARGO_TARGET_DIR=/opt/rustwide/target" "-w" "/opt/rustwide/workdir" "--user" "0:0" "1a9e9b378dc62eb99665f11aa0d737ac9da7d9e7add0fc1777e77aa4e7a28d2c" "/opt/rustwide/cargo-home/bin/cargo" "+1.100.0-beta.1" "metadata" "--no-deps" "--format-version=1", kill_on_drop: false }`
[INFO] running `Command { std: "docker" "inspect" "1a9e9b378dc62eb99665f11aa0d737ac9da7d9e7add0fc1777e77aa4e7a28d2c", kill_on_drop: false }`
[INFO] running `Command { std: "docker" "exec" "-e" "SOURCE_DIR=/opt/rustwide/workdir" "-e" "CARGO_HOME=/opt/rustwide/cargo-home" "-e" "RUSTUP_HOME=/opt/rustwide/rustup-home" "-e" "CARGO_TARGET_DIR=/opt/rustwide/target" "-e" "CARGO_INCREMENTAL=0" "-e" "RUST_BACKTRACE=full" "-e" "RUSTFLAGS=--cap-lints=warn" "-e" "RUSTDOCFLAGS=--cap-lints=warn" "-w" "/opt/rustwide/workdir" "--user" "0:0" "1a9e9b378dc62eb99665f11aa0d737ac9da7d9e7add0fc1777e77aa4e7a28d2c" "/opt/rustwide/cargo-home/bin/cargo" "+1.100.0-beta.1" "build" "--frozen" "--message-format=json" "--release", kill_on_drop: false }`
[INFO] [stderr]    Compiling quote v1.0.46
[INFO] [stderr]    Compiling libc v0.2.186
[INFO] [stderr]    Compiling smallvec v1.15.2
[INFO] [stderr]    Compiling memchr v2.8.2
[INFO] [stderr]    Compiling serde_core v1.0.228
[INFO] [stderr]    Compiling bytes v1.12.0
[INFO] [stderr]    Compiling zeroize v1.9.0
[INFO] [stderr]    Compiling futures-core v0.3.32
[INFO] [stderr]    Compiling fs_extra v1.3.0
[INFO] [stderr]    Compiling dunce v1.0.5
[INFO] [stderr]    Compiling lock_api v0.4.14
[INFO] [stderr]    Compiling futures-sink v0.3.32
[INFO] [stderr]    Compiling aws-lc-rs v1.17.0
[INFO] [stderr]    Compiling hashbrown v0.17.1
[INFO] [stderr]    Compiling untrusted v0.9.0
[INFO] [stderr]    Compiling thiserror v2.0.18
[INFO] [stderr]    Compiling futures-task v0.3.32
[INFO] [stderr]    Compiling num-conv v0.2.2
[INFO] [stderr]    Compiling rustls-pki-types v1.14.1
[INFO] [stderr]    Compiling futures-channel v0.3.32
[INFO] [stderr]    Compiling futures-io v0.3.32
[INFO] [stderr]    Compiling crossbeam-utils v0.8.21
[INFO] [stderr]    Compiling time-core v0.1.9
[INFO] [stderr]    Compiling syn v2.0.118
[INFO] [stderr]    Compiling time-macros v0.2.30
[INFO] [stderr]    Compiling powerfmt v0.2.0
[INFO] [stderr]    Compiling deranged v0.5.8
[INFO] [stderr]    Compiling zerocopy v0.8.52
[INFO] [stderr]    Compiling rustls v0.23.41
[INFO] [stderr]    Compiling log v0.4.33
[INFO] [stderr]    Compiling httparse v1.10.1
[INFO] [stderr]    Compiling rustix v0.38.44
[INFO] [stderr]    Compiling tracing-core v0.1.36
[INFO] [stderr]    Compiling bitflags v2.13.0
[INFO] [stderr]    Compiling linux-raw-sys v0.4.15
[INFO] [stderr]    Compiling rand_core v0.6.4
[INFO] [stderr]    Compiling minimal-lexical v0.2.1
[INFO] [stderr]    Compiling data-encoding v2.11.0
[INFO] [stderr]    Compiling http v1.4.2
[INFO] [stderr]    Compiling indexmap v2.14.0
[INFO] [stderr]    Compiling nom v7.1.3
[INFO] [stderr]    Compiling rand v0.8.6
[INFO] [stderr]    Compiling jobserver v0.1.34
[INFO] [stderr]    Compiling num-integer v0.1.46
[INFO] [stderr]    Compiling try-lock v0.2.5
[INFO] [stderr]    Compiling home v0.5.12
[INFO] [stderr]    Compiling either v1.16.0
[INFO] [stderr]    Compiling fnv v1.0.7
[INFO] [stderr]    Compiling cc v1.2.65
[INFO] [stderr]    Compiling rustversion v1.0.22
[INFO] [stderr]    Compiling atomic-waker v1.1.2
[INFO] [stderr]    Compiling serde_json v1.0.150
[INFO] [stderr]    Compiling want v0.3.1
[INFO] [stderr]    Compiling fslock v0.2.1
[INFO] [stderr]    Compiling concurrent-queue v2.5.0
[INFO] [stderr]    Compiling httpdate v1.0.3
[INFO] [stderr]    Compiling parking v2.2.1
[INFO] [stderr]    Compiling num-bigint v0.4.6
[INFO] [stderr]    Compiling openssl-probe v0.2.1
[INFO] [stderr]    Compiling parking_lot_core v0.9.12
[INFO] [stderr]    Compiling errno v0.3.14
[INFO] [stderr]    Compiling socket2 v0.6.4
[INFO] [stderr]    Compiling signal-hook-registry v1.4.8
[INFO] [stderr]    Compiling mio v1.2.1
[INFO] [stderr]    Compiling parking_lot v0.12.5
[INFO] [stderr]    Compiling getrandom v0.2.17
[INFO] [stderr]    Compiling time v0.3.51
[INFO] [stderr]    Compiling getrandom v0.4.3
[INFO] [stderr]    Compiling getrandom v0.3.4
[INFO] [stderr]    Compiling http-body v1.0.1
[INFO] [stderr]    Compiling rustls-native-certs v0.8.4
[INFO] [stderr]    Compiling event-listener v5.4.1
[INFO] [stderr]    Compiling rand_core v0.9.5
[INFO] [stderr]    Compiling cmake v0.1.58
[INFO] [stderr]    Compiling sha1 v0.10.6
[INFO] [stderr]    Compiling simd-adler32 v0.3.9
[INFO] [stderr]    Compiling utf-8 v0.7.6
[INFO] [stderr]    Compiling heck v0.4.1
[INFO] [stderr]    Compiling which v5.0.0
[INFO] [stderr]    Compiling outref v0.1.0
[INFO] [stderr]    Compiling portable-atomic v1.13.1
[INFO] [stderr]    Compiling oid-registry v0.8.1
[INFO] [stderr]    Compiling tower-layer v0.3.3
[INFO] [stderr]    Compiling rusticata-macros v4.1.0
[INFO] [stderr]    Compiling zstd-safe v8.0.0
[INFO] [stderr]    Compiling tower-service v0.3.3
[INFO] [stderr]    Compiling once_cell v1.21.4
[INFO] [stderr]    Compiling v8 v0.83.2
[INFO] [stderr]    Compiling ipnet v2.12.0
[INFO] [stderr]    Compiling alloc-stdlib v0.2.4
[INFO] [stderr]    Compiling miniz_oxide v0.8.9
[INFO] [stderr]    Compiling simd-abstraction v0.7.1
[INFO] [stderr]    Compiling event-listener-strategy v0.5.4
[INFO] [stderr]    Compiling aho-corasick v1.1.4
[INFO] [stderr]    Compiling thiserror v1.0.69
[INFO] [stderr]    Compiling cookie v0.18.1
[INFO] [stderr]    Compiling memoffset v0.9.1
[INFO] [stderr]    Compiling convert_case v0.4.0
[INFO] [stderr]    Compiling anyhow v1.0.103
[INFO] [stderr]    Compiling aws-lc-sys v0.41.0
[INFO] [stderr]    Compiling ring v0.17.14
[INFO] [stderr]    Compiling zstd-sys v2.1.0+zstd.1.5.7
[INFO] [stderr]    Compiling uuid v1.23.4
[INFO] [stderr]    Compiling base64-simd v0.7.0
[INFO] [stderr]    Compiling serde_path_to_error v0.1.20
[INFO] [stderr]    Compiling flate2 v1.1.9
[INFO] [stderr]    Compiling async-lock v3.4.2
[INFO] [stderr]    Compiling brotli-decompressor v5.0.3
[INFO] [stderr]    Compiling http-body-util v0.1.3
[INFO] [stderr]    Compiling crossbeam-epoch v0.9.18
[INFO] [stderr]    Compiling crossbeam-channel v0.5.15
[INFO] [stderr]    Compiling pem v3.0.6
[INFO] [stderr]    Compiling webpki-roots v1.0.8
[INFO] [stderr]    Compiling secrecy v0.10.3
[INFO] [stderr]    Compiling synstructure v0.13.2
[INFO] [stderr]    Compiling regex-automata v0.4.14
[INFO] [stderr]    Compiling tagptr v0.2.0
[INFO] [stderr]    Compiling bit-vec v0.9.1
[INFO] [stderr]    Compiling if_chain v1.0.3
[INFO] [stderr]    Compiling lazy_static v1.5.0
[INFO] [stderr]    Compiling unicode-id-start v1.4.0
[INFO] [stderr]    Compiling bit-set v0.10.0
[INFO] [stderr]    Compiling brotli v8.0.4
[INFO] [stderr]    Compiling webpki-roots v0.26.11
[INFO] [stderr]    Compiling if-addrs v0.15.0
[INFO] [stderr]    Compiling cooked-waker v5.0.0
[INFO] [stderr]    Compiling deno_core_icudata v0.0.73
[INFO] [stderr]    Compiling yasna v0.5.2
[INFO] [stderr]    Compiling ppv-lite86 v0.2.21
[INFO] [stderr]    Compiling glob v0.3.3
[INFO] [stderr]    Compiling md-5 v0.10.6
[INFO] [stderr]    Compiling rand_chacha v0.9.0
[INFO] [stderr]    Compiling rand v0.9.4
[INFO] [stderr]    Compiling zerofrom-derive v0.1.7
[INFO] [stderr]    Compiling displaydoc v0.2.6
[INFO] [stderr]    Compiling yoke-derive v0.8.2
[INFO] [stderr]    Compiling zerovec-derive v0.11.3
[INFO] [stderr]    Compiling serde_derive v1.0.228
[INFO] [stderr]    Compiling tokio-macros v2.7.0
[INFO] [stderr]    Compiling futures-macro v0.3.32
[INFO] [stderr]    Compiling thiserror-impl v2.0.18
[INFO] [stderr]    Compiling thiserror-impl v1.0.69
[INFO] [stderr]    Compiling tracing-attributes v0.1.31
[INFO] [stderr]    Compiling asn1-rs-impl v0.2.0
[INFO] [stderr]    Compiling zerofrom v0.1.8
[INFO] [stderr]    Compiling yoke v0.8.3
[INFO] [stderr]    Compiling zerotrie v0.2.4
[INFO] [stderr]    Compiling tokio v1.52.3
[INFO] [stderr]    Compiling asn1-rs-derive v0.6.0
[INFO] [stderr]    Compiling futures-util v0.3.32
[INFO] [stderr]    Compiling proc-macro-rules-macros v0.4.0
[INFO] [stderr]    Compiling zerovec v0.11.6
[INFO] [stderr]    Compiling strum_macros v0.25.3
[INFO] [stderr]    Compiling derive_more v0.99.20
[INFO] [stderr]    Compiling proc-macro-rules v0.4.0
[INFO] [stderr]    Compiling pin-project-internal v1.1.13
[INFO] [stderr]    Compiling asn1-rs v0.7.2
[INFO] [stderr]    Compiling regex v1.12.4
[INFO] [stderr]    Compiling tracing v0.1.44
[INFO] [stderr]    Compiling tinystr v0.8.3
[INFO] [stderr]    Compiling icu_locale_core v2.2.0
[INFO] [stderr]    Compiling potential_utf v0.1.5
[INFO] [stderr]    Compiling icu_collections v2.2.0
[INFO] [stderr]    Compiling pin-project v1.1.13
[INFO] [stderr]    Compiling async-trait v0.1.89
[INFO] [stderr]    Compiling strum v0.25.0
[INFO] [stderr]    Compiling deno_ops v0.145.0
[INFO] [stderr] error: failed to run custom build command for `v8 v0.83.2`
[INFO] [stderr] note: To improve backtraces for build dependencies, set the CARGO_PROFILE_RELEASE_BUILD_OVERRIDE_DEBUG=true environment variable to enable debug information generation.
[INFO] [stderr] 
[INFO] [stderr] Caused by:
[INFO] [stderr]   process didn't exit successfully: `/opt/rustwide/target/release/build/v8/0ec3a5c7be0af647/out/build_script_build` (exit status: 101)
[INFO] [stderr]   --- stdout
[INFO] [stderr]   cargo:rerun-if-changed=.gn
[INFO] [stderr]   cargo:rerun-if-changed=BUILD.gn
[INFO] [stderr]   cargo:rerun-if-changed=src/binding.cc
[INFO] [stderr]   cargo:rerun-if-env-changed=CCACHE
[INFO] [stderr]   cargo:rerun-if-env-changed=CLANG_BASE_PATH
[INFO] [stderr]   cargo:rerun-if-env-changed=CXXSTDLIB
[INFO] [stderr]   cargo:rerun-if-env-changed=DENO_TRYBUILD
[INFO] [stderr]   cargo:rerun-if-env-changed=DOCS_RS
[INFO] [stderr]   cargo:rerun-if-env-changed=GN
[INFO] [stderr]   cargo:rerun-if-env-changed=GN_ARGS
[INFO] [stderr]   cargo:rerun-if-env-changed=HOST
[INFO] [stderr]   cargo:rerun-if-env-changed=NINJA
[INFO] [stderr]   cargo:rerun-if-env-changed=OUT_DIR
[INFO] [stderr]   cargo:rerun-if-env-changed=RUSTY_V8_ARCHIVE
[INFO] [stderr]   cargo:rerun-if-env-changed=RUSTY_V8_MIRROR
[INFO] [stderr]   cargo:rerun-if-env-changed=SCCACHE
[INFO] [stderr]   cargo:rerun-if-env-changed=V8_FORCE_DEBUG
[INFO] [stderr]   cargo:rerun-if-env-changed=V8_FROM_SOURCE
[INFO] [stderr]   cargo:rerun-if-env-changed=PYTHON
[INFO] [stderr]   cargo:rerun-if-env-changed=DISABLE_CLANG
[INFO] [stderr]   cargo:rerun-if-env-changed=EXTRA_GN_ARGS
[INFO] [stderr]   cargo:rerun-if-env-changed=NO_PRINT_GN_ARGS
[INFO] [stderr]   cargo:rustc-link-lib=static=rusty_v8
[INFO] [stderr]   download lockfile: "/opt/rustwide/target/release/build/v8/lib_download.fslock"
[INFO] [stderr]   static lib URL: https://github.com/denoland/rusty_v8/releases/download/v0.83.2/librusty_v8_release_x86_64-unknown-linux-gnu.a
[INFO] [stderr]   cargo:rustc-link-search=/opt/rustwide/target/release/build/gn_out/obj
[INFO] [stderr]   Downloading https://github.com/denoland/rusty_v8/releases/download/v0.83.2/librusty_v8_release_x86_64-unknown-linux-gnu.a
[INFO] [stderr]   Downloading https://github.com/denoland/rusty_v8/releases/download/v0.83.2/librusty_v8_release_x86_64-unknown-linux-gnu.a...
[INFO] [stderr]   <urlopen error [Errno -3] Temporary failure in name resolution>
[INFO] [stderr]   Retrying in 5 s ...
[INFO] [stderr]   Downloading https://github.com/denoland/rusty_v8/releases/download/v0.83.2/librusty_v8_release_x86_64-unknown-linux-gnu.a...
[INFO] [stderr]   <urlopen error [Errno -3] Temporary failure in name resolution>
[INFO] [stderr]   Retrying in 10 s ...
[INFO] [stderr]   Downloading https://github.com/denoland/rusty_v8/releases/download/v0.83.2/librusty_v8_release_x86_64-unknown-linux-gnu.a...
[INFO] [stderr]   <urlopen error [Errno -3] Temporary failure in name resolution>
[INFO] [stderr]   Retrying in 20 s ...
[INFO] [stderr]   Downloading https://github.com/denoland/rusty_v8/releases/download/v0.83.2/librusty_v8_release_x86_64-unknown-linux-gnu.a...
[INFO] [stderr]   <urlopen error [Errno -3] Temporary failure in name resolution>
[INFO] [stderr]   Python downloader failed, trying with curl.
[INFO] [stderr] 
[INFO] [stderr]   --- stderr
[INFO] [stderr]   Traceback (most recent call last):
[INFO] [stderr]     File "/usr/lib/python3.14/urllib/request.py", line 1321, in do_open
[INFO] [stderr]       h.request(req.get_method(), req.selector, req.data, headers,
[INFO] [stderr]       ~~~~~~~~~^^^^^^^^^^^^^^^^^^^^^^^^^^^^^^^^^^^^^^^^^^^^^^^^^^^
[INFO] [stderr]                 encode_chunked=req.has_header('Transfer-encoding'))
[INFO] [stderr]                 ^^^^^^^^^^^^^^^^^^^^^^^^^^^^^^^^^^^^^^^^^^^^^^^^^^^
[INFO] [stderr]     File "/usr/lib/python3.14/http/client.py", line 1367, in request
[INFO] [stderr]       self._send_request(method, url, body, headers, encode_chunked)
[INFO] [stderr]       ~~~~~~~~~~~~~~~~~~^^^^^^^^^^^^^^^^^^^^^^^^^^^^^^^^^^^^^^^^^^^^
[INFO] [stderr]     File "/usr/lib/python3.14/http/client.py", line 1413, in _send_request
[INFO] [stderr]       self.endheaders(body, encode_chunked=encode_chunked)
[INFO] [stderr]       ~~~~~~~~~~~~~~~^^^^^^^^^^^^^^^^^^^^^^^^^^^^^^^^^^^^^
[INFO] [stderr]     File "/usr/lib/python3.14/http/client.py", line 1362, in endheaders
[INFO] [stderr]       self._send_output(message_body, encode_chunked=encode_chunked)
[INFO] [stderr]       ~~~~~~~~~~~~~~~~~^^^^^^^^^^^^^^^^^^^^^^^^^^^^^^^^^^^^^^^^^^^^^
[INFO] [stderr]     File "/usr/lib/python3.14/http/client.py", line 1122, in _send_output
[INFO] [stderr]       self.send(msg)
[INFO] [stderr]       ~~~~~~~~~^^^^^
[INFO] [stderr]     File "/usr/lib/python3.14/http/client.py", line 1066, in send
[INFO] [stderr]       self.connect()
[INFO] [stderr]       ~~~~~~~~~~~~^^
[INFO] [stderr]     File "/usr/lib/python3.14/http/client.py", line 1501, in connect
[INFO] [stderr]       super().connect()
[INFO] [stderr]       ~~~~~~~~~~~~~~~^^
[INFO] [stderr]     File "/usr/lib/python3.14/http/client.py", line 1032, in connect
[INFO] [stderr]       self.sock = self._create_connection(
[INFO] [stderr]                   ~~~~~~~~~~~~~~~~~~~~~~~^
[INFO] [stderr]           (self.host,self.port), self.timeout, self.source_address)
[INFO] [stderr]           ^^^^^^^^^^^^^^^^^^^^^^^^^^^^^^^^^^^^^^^^^^^^^^^^^^^^^^^^^
[INFO] [stderr]     File "/usr/lib/python3.14/socket.py", line 846, in create_connection
[INFO] [stderr]       for res in getaddrinfo(host, port, 0, SOCK_STREAM):
[INFO] [stderr]                  ~~~~~~~~~~~^^^^^^^^^^^^^^^^^^^^^^^^^^^^
[INFO] [stderr]     File "/usr/lib/python3.14/socket.py", line 983, in getaddrinfo
[INFO] [stderr]       for res in _socket.getaddrinfo(host, port, family, type, proto, flags):
[INFO] [stderr]                  ~~~~~~~~~~~~~~~~~~~^^^^^^^^^^^^^^^^^^^^^^^^^^^^^^^^^^^^^^^^
[INFO] [stderr]   socket.gaierror: [Errno -3] Temporary failure in name resolution
[INFO] [stderr] 
[INFO] [stderr]   During handling of the above exception, another exception occurred:
[INFO] [stderr] 
[INFO] [stderr]   Traceback (most recent call last):
[INFO] [stderr]     File "/opt/rustwide/cargo-home/registry/src/index.crates.io-1949cf8c6b5b557f/v8-0.83.2/./tools/download_file.py", line 64, in <module>
[INFO] [stderr]       sys.exit(main())
[INFO] [stderr]                ~~~~^^
[INFO] [stderr]     File "/opt/rustwide/cargo-home/registry/src/index.crates.io-1949cf8c6b5b557f/v8-0.83.2/./tools/download_file.py", line 59, in main
[INFO] [stderr]       DownloadUrl(args.url, f)
[INFO] [stderr]       ~~~~~~~~~~~^^^^^^^^^^^^^
[INFO] [stderr]     File "/opt/rustwide/cargo-home/registry/src/index.crates.io-1949cf8c6b5b557f/v8-0.83.2/./tools/download_file.py", line 45, in DownloadUrl
[INFO] [stderr]       raise e
[INFO] [stderr]     File "/opt/rustwide/cargo-home/registry/src/index.crates.io-1949cf8c6b5b557f/v8-0.83.2/./tools/download_file.py", line 29, in DownloadUrl
[INFO] [stderr]       response = urlopen(url)
[INFO] [stderr]     File "/usr/lib/python3.14/urllib/request.py", line 187, in urlopen
[INFO] [stderr]       return opener.open(url, data, timeout)
[INFO] [stderr]              ~~~~~~~~~~~^^^^^^^^^^^^^^^^^^^^
[INFO] [stderr]     File "/usr/lib/python3.14/urllib/request.py", line 487, in open
[INFO] [stderr]       response = self._open(req, data)
[INFO] [stderr]     File "/usr/lib/python3.14/urllib/request.py", line 504, in _open
[INFO] [stderr]       result = self._call_chain(self.handle_open, protocol, protocol +
[INFO] [stderr]                                 '_open', req)
[INFO] [stderr]     File "/usr/lib/python3.14/urllib/request.py", line 464, in _call_chain
[INFO] [stderr]       result = func(*args)
[INFO] [stderr]     File "/usr/lib/python3.14/urllib/request.py", line 1369, in https_open
[INFO] [stderr]       return self.do_open(http.client.HTTPSConnection, req,
[INFO] [stderr]              ~~~~~~~~~~~~^^^^^^^^^^^^^^^^^^^^^^^^^^^^^^^^^^
[INFO] [stderr]                           context=self._context)
[INFO] [stderr]                           ^^^^^^^^^^^^^^^^^^^^^^
[INFO] [stderr]     File "/usr/lib/python3.14/urllib/request.py", line 1324, in do_open
[INFO] [stderr]       raise URLError(err)
[INFO] [stderr]   urllib.error.URLError: <urlopen error [Errno -3] Temporary failure in name resolution>
[INFO] [stderr] 
[INFO] [stderr]   thread 'main' (1575) panicked at /opt/rustwide/cargo-home/registry/src/index.crates.io-1949cf8c6b5b557f/v8-0.83.2/build.rs:431:3:
[INFO] [stderr]   assertion failed: status.success()
[INFO] [stderr]   stack backtrace:
[INFO] [stderr]      0:     0x61ebeb52e641 - <<std[617be2ca0a6fd877]::sys::backtrace::BacktraceLock>::print::DisplayBacktrace as core[a373ad73a504971]::fmt::Display>::fmt
[INFO] [stderr]      1:     0x61ebeb54030a - core[a373ad73a504971]::fmt::write
[INFO] [stderr]      2:     0x61ebeb53289c - <std[617be2ca0a6fd877]::sys::stdio::unix::Stderr as core[a373ad73a504971]::io::write::Write>::write_fmt
[INFO] [stderr]      3:     0x61ebeb50dd56 - std[617be2ca0a6fd877]::panicking::default_hook::{closure#0}
[INFO] [stderr]      4:     0x61ebeb528e01 - std[617be2ca0a6fd877]::panicking::default_hook
[INFO] [stderr]      5:     0x61ebeb528fbb - std[617be2ca0a6fd877]::panicking::panic_with_hook
[INFO] [stderr]      6:     0x61ebeb50de34 - std[617be2ca0a6fd877]::panicking::panic_handler::{closure#0}
[INFO] [stderr]      7:     0x61ebeb506589 - std[617be2ca0a6fd877]::sys::backtrace::__rust_end_short_backtrace::<std[617be2ca0a6fd877]::panicking::panic_handler::{closure#0}, !>
[INFO] [stderr]      8:     0x61ebeb50e77d - __rustc[ea4f61d10b84890b]::rust_begin_unwind
[INFO] [stderr]      9:     0x61ebeb540a3c - core[a373ad73a504971]::panicking::panic_fmt
[INFO] [stderr]     10:     0x61ebeb540a02 - core[a373ad73a504971]::panicking::panic
[INFO] [stderr]     11:     0x61ebeb4eb287 - build_script_build[7370570e2a21a985]::download_file
[INFO] [stderr]     12:     0x61ebeb4ef156 - build_script_build[7370570e2a21a985]::download_static_lib_binaries
[INFO] [stderr]     13:     0x61ebeb4f0064 - build_script_build[7370570e2a21a985]::main
[INFO] [stderr]     14:     0x61ebeb4dc7e3 - <fn() as core[a373ad73a504971]::ops::function::FnOnce<()>>::call_once
[INFO] [stderr]     15:     0x61ebeb4e28f6 - std[617be2ca0a6fd877]::sys::backtrace::__rust_begin_short_backtrace::<fn(), ()>
[INFO] [stderr]     16:     0x61ebeb4e3449 - std[617be2ca0a6fd877]::rt::lang_start::<()>::{closure#0}
[INFO] [stderr]     17:     0x61ebeb527fe8 - std[617be2ca0a6fd877]::rt::lang_start_internal
[INFO] [stderr]     18:     0x61ebeb4e28d1 - std[617be2ca0a6fd877]::rt::lang_start::<()>
[INFO] [stderr]     19:     0x61ebeb4f41e5 - main
[INFO] [stderr]     20:     0x7a6ef9226601 - <unknown>
[INFO] [stderr]     21:     0x7a6ef9226718 - __libc_start_main
[INFO] [stderr]     22:     0x61ebeb4d6c05 - _start
[INFO] [stderr]     23:                0x0 - <unknown>
[INFO] [stderr] warning: build failed, waiting for other jobs to finish...
[INFO] running `Command { std: "docker" "inspect" "1a9e9b378dc62eb99665f11aa0d737ac9da7d9e7add0fc1777e77aa4e7a28d2c", kill_on_drop: false }`
[INFO] running `Command { std: "docker" "rm" "-f" "1a9e9b378dc62eb99665f11aa0d737ac9da7d9e7add0fc1777e77aa4e7a28d2c", kill_on_drop: false }`
[INFO] [stdout] 1a9e9b378dc62eb99665f11aa0d737ac9da7d9e7add0fc1777e77aa4e7a28d2c
