[INFO] fetching crate rekord-ripper 1.2.0...
[INFO] testing rekord-ripper-1.2.0 against 1.100.0-beta.1+cargoflags=--release for beta-release-1.100-2
[INFO] extracting crate rekord-ripper 1.2.0 into /workspace/builds/worker-6-tc2/source
[INFO] started tweaking crates.io crate rekord-ripper 1.2.0
[INFO] removed 0 missing examples
[INFO] finished tweaking crates.io crate rekord-ripper 1.2.0
[INFO] tweaked toml for crates.io crate rekord-ripper 1.2.0 written to /workspace/builds/worker-6-tc2/source/Cargo.toml
[INFO] validating manifest of crates.io crate rekord-ripper 1.2.0 on toolchain 1.100.0-beta.1
[INFO] running `Command { std: CARGO_HOME="/workspace/cargo-home" RUSTUP_HOME="/workspace/rustup-home" "/workspace/cargo-home/bin/cargo" "+1.100.0-beta.1" "metadata" "--manifest-path" "Cargo.toml" "--no-deps", kill_on_drop: false }`
[INFO] crate crates.io crate rekord-ripper 1.2.0 already has a lockfile, it will not be regenerated
[INFO] running `Command { std: CARGO_HOME="/workspace/cargo-home" RUSTUP_HOME="/workspace/rustup-home" "/workspace/cargo-home/bin/cargo" "+1.100.0-beta.1" "fetch" "--manifest-path" "Cargo.toml", kill_on_drop: false }`
[INFO] running `Command { std: "docker" "create" "-v" "/var/lib/crater-agent-workspace/builds/worker-6-tc2/source:/opt/rustwide/workdir:ro,Z" "-v" "/var/lib/crater-agent-workspace/builds/worker-6-tc2/target:/opt/rustwide/target:rw,Z" "-v" "/var/lib/crater-agent-workspace/cargo-home:/opt/rustwide/cargo-home:ro,Z" "-v" "/var/lib/crater-agent-workspace/rustup-home:/opt/rustwide/rustup-home:ro,Z" "-m" "1610612736" "--network" "none" "ghcr.io/rust-lang/crates-build-env/linux@sha256:77db811e55d90add9212f6832c23229e3de5f1c1f9905e8cb07319ea15df73ac" "sleep" "infinity", kill_on_drop: false }`
[INFO] [stdout] 2d88da6a7b92efe70cdeed86ee84a0d1c082e702462f6f8f3683a07472b50c12
[INFO] running `Command { std: "docker" "start" "2d88da6a7b92efe70cdeed86ee84a0d1c082e702462f6f8f3683a07472b50c12", kill_on_drop: false }`
[INFO] running `Command { std: "docker" "inspect" "2d88da6a7b92efe70cdeed86ee84a0d1c082e702462f6f8f3683a07472b50c12", kill_on_drop: false }`
[INFO] running `Command { std: "docker" "exec" "-e" "SOURCE_DIR=/opt/rustwide/workdir" "-e" "CARGO_HOME=/opt/rustwide/cargo-home" "-e" "RUSTUP_HOME=/opt/rustwide/rustup-home" "-e" "CARGO_TARGET_DIR=/opt/rustwide/target" "-w" "/opt/rustwide/workdir" "--user" "0:0" "2d88da6a7b92efe70cdeed86ee84a0d1c082e702462f6f8f3683a07472b50c12" "/opt/rustwide/cargo-home/bin/cargo" "+1.100.0-beta.1" "metadata" "--no-deps" "--format-version=1", kill_on_drop: false }`
[INFO] running `Command { std: "docker" "inspect" "2d88da6a7b92efe70cdeed86ee84a0d1c082e702462f6f8f3683a07472b50c12", kill_on_drop: false }`
[INFO] running `Command { std: "docker" "exec" "-e" "SOURCE_DIR=/opt/rustwide/workdir" "-e" "CARGO_HOME=/opt/rustwide/cargo-home" "-e" "RUSTUP_HOME=/opt/rustwide/rustup-home" "-e" "CARGO_TARGET_DIR=/opt/rustwide/target" "-e" "CARGO_INCREMENTAL=0" "-e" "RUST_BACKTRACE=full" "-e" "RUSTFLAGS=--cap-lints=warn" "-e" "RUSTDOCFLAGS=--cap-lints=warn" "-w" "/opt/rustwide/workdir" "--user" "0:0" "2d88da6a7b92efe70cdeed86ee84a0d1c082e702462f6f8f3683a07472b50c12" "/opt/rustwide/cargo-home/bin/cargo" "+1.100.0-beta.1" "build" "--frozen" "--message-format=json" "--release", kill_on_drop: false }`
[INFO] [stderr]    Compiling cc v1.2.63
[INFO] [stderr]    Compiling log v0.4.32
[INFO] [stderr]    Compiling syn v2.0.117
[INFO] [stderr]    Compiling syn v3.0.3
[INFO] [stderr]    Compiling bitflags v2.12.1
[INFO] [stderr]    Compiling time-macros v0.2.27
[INFO] [stderr]    Compiling itertools v0.14.0
[INFO] [stderr]    Compiling num-integer v0.1.47
[INFO] [stderr]    Compiling instability v0.3.12
[INFO] [stderr]    Compiling compact_str v0.9.1
[INFO] [stderr]    Compiling lru v0.16.4
[INFO] [stderr]    Compiling strength_reduce v0.2.4
[INFO] [stderr]    Compiling rustix v1.1.4
[INFO] [stderr]    Compiling cookie v0.18.2
[INFO] [stderr]    Compiling transpose v0.2.3
[INFO] [stderr]    Compiling signal-hook v0.3.18
[INFO] [stderr]    Compiling primal-check v0.3.4
[INFO] [stderr]    Compiling openssl-src v300.5.4+3.5.4
[INFO] [stderr]    Compiling time v0.3.47
[INFO] [stderr]    Compiling parking_lot_core v0.9.12
[INFO] [stderr]    Compiling mio v1.2.1
[INFO] [stderr]    Compiling ring v0.17.14
[INFO] [stderr]    Compiling openssl-sys v0.9.111
[INFO] [stderr]    Compiling num-complex v0.4.6
[INFO] [stderr]    Compiling httparse v1.10.1
[INFO] [stderr]    Compiling unicode-truncate v2.0.1
[INFO] [stderr]    Compiling rustfft v6.4.1
[INFO] [stderr]    Compiling signal-hook-mio v0.2.5
[INFO] [stderr]    Compiling libsqlite3-sys v0.38.0
[INFO] [stderr]    Compiling parking_lot v0.12.5
[INFO] [stderr]    Compiling zerovec-derive v0.11.6
[INFO] [stderr]    Compiling displaydoc v0.2.7
[INFO] [stderr]    Compiling line-clipping v0.3.7
[INFO] [stderr]    Compiling simd-adler32 v0.3.9
[INFO] [stderr]    Compiling rustls v0.23.43
[INFO] [stderr]    Compiling http v1.5.0
[INFO] [stderr]    Compiling getrandom v0.4.2
[INFO] [stderr]    Compiling miniz_oxide v0.8.9
[INFO] [stderr]    Compiling synstructure v0.13.2
[INFO] [stderr]    Compiling darling_core v0.23.0
[INFO] [stderr]    Compiling zerofrom-derive v0.1.7
[INFO] [stderr]    Compiling yoke-derive v0.8.2
[INFO] [stderr]    Compiling thiserror-impl v2.0.18
[INFO] [stderr]    Compiling strum_macros v0.27.2
[INFO] [stderr]    Compiling derive_more-impl v2.1.1
[INFO] [stderr]    Compiling zerofrom v0.1.8
[INFO] [stderr]    Compiling yoke v0.8.3
[INFO] [stderr]    Compiling thiserror v2.0.18
[INFO] [stderr]    Compiling kasuari v0.4.12
[INFO] [stderr]    Compiling zerovec v0.11.8
[INFO] [stderr]    Compiling zerotrie v0.2.5
[INFO] [stderr]    Compiling derive_more v2.1.1
[INFO] [stderr]    Compiling serde_derive v1.0.228
[INFO] [stderr]    Compiling darling_macro v0.23.0
[INFO] [stderr]    Compiling darling v0.23.0
[INFO] [stderr]    Compiling tinystr v0.8.4
[INFO] [stderr]    Compiling potential_utf v0.1.6
[INFO] [stderr]    Compiling icu_collections v2.3.0
[INFO] [stderr]    Compiling icu_locale_core v2.3.0
[INFO] [stderr]    Compiling crossterm v0.29.0
[INFO] [stderr]    Compiling strum v0.27.2
[INFO] [stderr]    Compiling ratatui-core v0.1.0
[INFO] [stderr]    Compiling realfft v3.5.0
[INFO] [stderr]    Compiling thiserror-impl v1.0.69
[INFO] [stderr]    Compiling is-terminal v0.4.17
[INFO] [stderr]    Compiling owo-colors v4.3.0
[INFO] [stderr]    Compiling icu_provider v2.3.1
[INFO] [stderr]    Compiling icu_normalizer v2.3.0
[INFO] [stderr]    Compiling icu_properties v2.3.0
[INFO] [stderr]    Compiling serde v1.0.228
[INFO] [stderr]    Compiling ratatui-widgets v0.3.0
[INFO] [stderr]    Compiling base64 v0.23.1
[INFO] [stderr]    Compiling ureq-proto v0.6.1
[INFO] [stderr]    Compiling idna_adapter v1.2.2
[INFO] [stderr]    Compiling idna v1.1.0
[INFO] [stderr]    Compiling ratatui-crossterm v0.1.0
[INFO] [stderr]    Compiling thiserror v1.0.69
[INFO] [stderr]    Compiling supports-color v2.1.0
[INFO] [stderr]    Compiling url v2.5.8
[INFO] [stderr]    Compiling rubato v0.16.2
[INFO] [stderr]    Compiling cookie_store v0.22.1
[INFO] [stderr]    Compiling rustls-webpki v0.103.15
[INFO] [stderr]    Compiling ratatui-macros v0.7.0
[INFO] [stderr]    Compiling clap_derive v4.6.1
[INFO] [stderr]    Compiling flate2 v1.1.9
[INFO] [stderr]    Compiling webpki-roots v1.0.9
[INFO] [stderr]    Compiling serde_spanned v1.1.1
[INFO] [stderr]    Compiling toml_datetime v0.7.5+spec-1.1.0
[INFO] [stderr]    Compiling hashlink v0.11.0
[INFO] [stderr]    Compiling utf8-zero v0.8.1
[INFO] [stderr]    Compiling sha1_smol v1.0.1
[INFO] [stderr]    Compiling winnow v0.7.15
[INFO] [stderr]    Compiling uuid v1.23.2
[INFO] [stderr]    Compiling chrono v0.4.45
[INFO] [stderr]    Compiling clap v4.6.1
[INFO] [stderr]    Compiling ratatui v0.30.0
[INFO] [stderr]    Compiling rusty-chromaprint v0.3.0
[INFO] [stderr]    Compiling base85 v2.0.0
[INFO] [stderr]    Compiling toml v0.9.12+spec-1.1.0
[INFO] [stderr]    Compiling ureq v3.4.0
[INFO] [stderr]    Compiling rusqlite v0.40.0
[INFO] [stderr]    Compiling rekord-ripper v1.2.0 (/opt/rustwide/workdir)
[INFO] [stdout] error: Rekordbox only runs on macOS and Windows.
[INFO] [stdout]   --> src/paths.rs:43:5
[INFO] [stdout]    |
[INFO] [stdout] 43 |     compile_error!("Rekordbox only runs on macOS and Windows.");
[INFO] [stdout]    |     ^^^^^^^^^^^^^^^^^^^^^^^^^^^^^^^^^^^^^^^^^^^^^^^^^^^^^^^^^^^
[INFO] [stdout] 
[INFO] [stdout] 
[INFO] [stdout] error: Rekordbox only runs on macOS and Windows.
[INFO] [stdout]   --> src/paths.rs:65:5
[INFO] [stdout]    |
[INFO] [stdout] 65 |     compile_error!("Rekordbox only runs on macOS and Windows.");
[INFO] [stdout]    |     ^^^^^^^^^^^^^^^^^^^^^^^^^^^^^^^^^^^^^^^^^^^^^^^^^^^^^^^^^^^
[INFO] [stdout] 
[INFO] [stdout] 
[INFO] [stdout] error[E0425]: cannot find value `base` in this scope
[INFO] [stdout]    --> src/paths.rs:137:10
[INFO] [stdout]     |
[INFO] [stdout] 137 |     Some(base.join("Pioneer/rekordbox6/rekordbox3.settings"))
[INFO] [stdout]     |          ^^^^ not found in this scope
[INFO] [stdout] 
[INFO] [stdout] 
[INFO] [stdout] error[E0425]: cannot find value `status` in this scope
[INFO] [stdout]    --> src/proc.rs:143:11
[INFO] [stdout]     |
[INFO] [stdout] 143 |     match status {
[INFO] [stdout]     |           ^^^^^^ not found in this scope
[INFO] [stdout] 
[INFO] [stdout] 
[INFO] [stdout] warning: unused imports: `Command` and `Stdio`
[INFO] [stdout]  --> src/db.rs:4:20
[INFO] [stdout]   |
[INFO] [stdout] 4 | use std::process::{Command, Stdio};
[INFO] [stdout]   |                    ^^^^^^^  ^^^^^
[INFO] [stdout]   |
[INFO] [stdout]   = note: `#[warn(unused_imports)]` (part of `#[warn(unused)]`) on by default
[INFO] [stdout] 
[INFO] [stdout] 
[INFO] [stdout] error[E0308]: mismatched types
[INFO] [stdout]    --> src/db.rs:152:31
[INFO] [stdout]     |
[INFO] [stdout] 152 | pub fn rekordbox_running() -> bool {
[INFO] [stdout]     |        -----------------      ^^^^ expected `bool`, found `()`
[INFO] [stdout]     |        |
[INFO] [stdout]     |        implicitly returns `()` as its body has no tail or `return` expression
[INFO] [stdout] 
[INFO] [stdout] 
[INFO] [stdout] error[E0308]: mismatched types
[INFO] [stdout]   --> src/paths.rs:29:35
[INFO] [stdout]    |
[INFO] [stdout] 29 | fn default_rekordbox_app_dir() -> Result<PathBuf> {
[INFO] [stdout]    |    -------------------------      ^^^^^^^^^^^^^^^ expected `Result<PathBuf, Error>`, found `()`
[INFO] [stdout]    |    |
[INFO] [stdout]    |    implicitly returns `()` as its body has no tail or `return` expression
[INFO] [stdout]    |
[INFO] [stdout]    = note:   expected enum `std::result::Result<PathBuf, anyhow::Error>`
[INFO] [stdout]            found unit type `()`
[INFO] [stdout] 
[INFO] [stdout] 
[INFO] [stdout] error[E0308]: mismatched types
[INFO] [stdout]   --> src/paths.rs:51:22
[INFO] [stdout]    |
[INFO] [stdout] 51 | pub fn data_dir() -> Result<PathBuf> {
[INFO] [stdout]    |        --------      ^^^^^^^^^^^^^^^ expected `Result<PathBuf, Error>`, found `()`
[INFO] [stdout]    |        |
[INFO] [stdout]    |        implicitly returns `()` as its body has no tail or `return` expression
[INFO] [stdout]    |
[INFO] [stdout]    = note:   expected enum `std::result::Result<PathBuf, anyhow::Error>`
[INFO] [stdout]            found unit type `()`
[INFO] [stdout] 
[INFO] [stdout] 
[INFO] [stdout] error[E0308]: mismatched types
[INFO] [stdout]   --> src/presence.rs:30:43
[INFO] [stdout]    |
[INFO] [stdout] 30 | pub(crate) fn online_only(path: &Path) -> bool {
[INFO] [stdout]    |               -----------                 ^^^^ expected `bool`, found `()`
[INFO] [stdout]    |               |
[INFO] [stdout]    |               implicitly returns `()` as its body has no tail or `return` expression
[INFO] [stdout] 
[INFO] [stdout] 
[INFO] [stdout] Some errors have detailed explanations: E0308, E0425.
[INFO] [stdout] 
[INFO] [stdout] For more information about an error, try `rustc --explain E0308`.
[INFO] [stdout] 
[INFO] [stderr] error: could not compile `rekord-ripper` (lib) due to 8 previous errors; 1 warning emitted
[INFO] running `Command { std: "docker" "inspect" "2d88da6a7b92efe70cdeed86ee84a0d1c082e702462f6f8f3683a07472b50c12", kill_on_drop: false }`
[INFO] running `Command { std: "docker" "rm" "-f" "2d88da6a7b92efe70cdeed86ee84a0d1c082e702462f6f8f3683a07472b50c12", kill_on_drop: false }`
[INFO] [stdout] 2d88da6a7b92efe70cdeed86ee84a0d1c082e702462f6f8f3683a07472b50c12
