[INFO] fetching crate reinhardt-db-macros 0.3.24...
[INFO] testing reinhardt-db-macros-0.3.24 against 1.99.0-beta.8+cargoflags=--release for beta-release-1.100-2
[INFO] extracting crate reinhardt-db-macros 0.3.24 into /workspace/builds/worker-4-tc1/source
[INFO] started tweaking crates.io crate reinhardt-db-macros 0.3.24
[INFO] removed 0 missing tests
[INFO] finished tweaking crates.io crate reinhardt-db-macros 0.3.24
[INFO] tweaked toml for crates.io crate reinhardt-db-macros 0.3.24 written to /workspace/builds/worker-4-tc1/source/Cargo.toml
[INFO] validating manifest of crates.io crate reinhardt-db-macros 0.3.24 on toolchain 1.99.0-beta.8
[INFO] running `Command { std: CARGO_HOME="/workspace/cargo-home" RUSTUP_HOME="/workspace/rustup-home" "/workspace/cargo-home/bin/cargo" "+1.99.0-beta.8" "metadata" "--manifest-path" "Cargo.toml" "--no-deps", kill_on_drop: false }`
[INFO] crate crates.io crate reinhardt-db-macros 0.3.24 already has a lockfile, it will not be regenerated
[INFO] running `Command { std: CARGO_HOME="/workspace/cargo-home" RUSTUP_HOME="/workspace/rustup-home" "/workspace/cargo-home/bin/cargo" "+1.99.0-beta.8" "fetch" "--manifest-path" "Cargo.toml", kill_on_drop: false }`
[INFO] [stderr]     Updating crates.io index
[INFO] [stderr]  Downloading crates ...
[INFO] [stderr]   Downloaded serde_spanned v1.1.2
[INFO] [stderr]   Downloaded toml v1.1.8+spec-1.1.0
[INFO] [stderr]   Downloaded target-tuple v1.0.2
[INFO] [stderr]   Downloaded toml_writer v1.1.3+spec-1.1.0
[INFO] [stderr]   Downloaded trybuild v1.0.122
[INFO] [stderr]   Downloaded rstest v0.26.1
[INFO] [stderr]   Downloaded rstest_macros v0.26.1
[INFO] running `Command { std: "docker" "create" "-v" "/var/lib/crater-agent-workspace/builds/worker-4-tc1/source:/opt/rustwide/workdir:ro,Z" "-v" "/var/lib/crater-agent-workspace/builds/worker-4-tc1/target:/opt/rustwide/target:rw,Z" "-v" "/var/lib/crater-agent-workspace/cargo-home:/opt/rustwide/cargo-home:ro,Z" "-v" "/var/lib/crater-agent-workspace/rustup-home:/opt/rustwide/rustup-home:ro,Z" "-m" "1610612736" "--network" "none" "ghcr.io/rust-lang/crates-build-env/linux@sha256:77db811e55d90add9212f6832c23229e3de5f1c1f9905e8cb07319ea15df73ac" "sleep" "infinity", kill_on_drop: false }`
[INFO] [stdout] b393037915491276cbdf831d08541054b3ccf064d2a91dbdb0e759384bf5c206
[INFO] running `Command { std: "docker" "start" "b393037915491276cbdf831d08541054b3ccf064d2a91dbdb0e759384bf5c206", kill_on_drop: false }`
[INFO] running `Command { std: "docker" "inspect" "b393037915491276cbdf831d08541054b3ccf064d2a91dbdb0e759384bf5c206", kill_on_drop: false }`
[INFO] running `Command { std: "docker" "exec" "-e" "SOURCE_DIR=/opt/rustwide/workdir" "-e" "CARGO_HOME=/opt/rustwide/cargo-home" "-e" "RUSTUP_HOME=/opt/rustwide/rustup-home" "-e" "CARGO_TARGET_DIR=/opt/rustwide/target" "-w" "/opt/rustwide/workdir" "--user" "0:0" "b393037915491276cbdf831d08541054b3ccf064d2a91dbdb0e759384bf5c206" "/opt/rustwide/cargo-home/bin/cargo" "+1.99.0-beta.8" "metadata" "--no-deps" "--format-version=1", kill_on_drop: false }`
[INFO] running `Command { std: "docker" "inspect" "b393037915491276cbdf831d08541054b3ccf064d2a91dbdb0e759384bf5c206", kill_on_drop: false }`
[INFO] running `Command { std: "docker" "exec" "-e" "SOURCE_DIR=/opt/rustwide/workdir" "-e" "CARGO_HOME=/opt/rustwide/cargo-home" "-e" "RUSTUP_HOME=/opt/rustwide/rustup-home" "-e" "CARGO_TARGET_DIR=/opt/rustwide/target" "-e" "CARGO_INCREMENTAL=0" "-e" "RUST_BACKTRACE=full" "-e" "RUSTFLAGS=--cap-lints=warn" "-e" "RUSTDOCFLAGS=--cap-lints=warn" "-w" "/opt/rustwide/workdir" "--user" "0:0" "b393037915491276cbdf831d08541054b3ccf064d2a91dbdb0e759384bf5c206" "/opt/rustwide/cargo-home/bin/cargo" "+1.99.0-beta.8" "build" "--frozen" "--message-format=json" "--release", kill_on_drop: false }`
[INFO] [stderr]    Compiling reinhardt-db-macros v0.3.24 (/opt/rustwide/workdir)
[INFO] [stderr]     Finished `release` profile [optimized] target(s) in 5.37s
[INFO] running `Command { std: "docker" "inspect" "b393037915491276cbdf831d08541054b3ccf064d2a91dbdb0e759384bf5c206", kill_on_drop: false }`
[INFO] running `Command { std: "docker" "exec" "-e" "SOURCE_DIR=/opt/rustwide/workdir" "-e" "CARGO_HOME=/opt/rustwide/cargo-home" "-e" "RUSTUP_HOME=/opt/rustwide/rustup-home" "-e" "CARGO_TARGET_DIR=/opt/rustwide/target" "-e" "CARGO_INCREMENTAL=0" "-e" "RUST_BACKTRACE=full" "-e" "RUSTFLAGS=--cap-lints=warn" "-e" "RUSTDOCFLAGS=--cap-lints=warn" "-w" "/opt/rustwide/workdir" "--user" "0:0" "b393037915491276cbdf831d08541054b3ccf064d2a91dbdb0e759384bf5c206" "/opt/rustwide/cargo-home/bin/cargo" "+1.99.0-beta.8" "test" "--frozen" "--no-run" "--message-format=json" "--release", kill_on_drop: false }`
[INFO] [stderr]    Compiling libc v0.2.190
[INFO] [stderr]    Compiling syn v3.0.9
[INFO] [stderr]    Compiling serde_core v1.0.229
[INFO] [stderr]    Compiling cfg-if v1.0.5
[INFO] [stderr]    Compiling winnow v1.0.4
[INFO] [stderr]    Compiling memchr v2.8.3
[INFO] [stderr]    Compiling radium v0.7.0
[INFO] [stderr]    Compiling equivalent v1.0.3
[INFO] [stderr]    Compiling indexmap v2.14.2
[INFO] [stderr]    Compiling ahash v0.8.12
[INFO] [stderr]    Compiling target-tuple v1.0.2
[INFO] [stderr]    Compiling regex-syntax v0.8.11
[INFO] [stderr]    Compiling time-core v0.1.9
[INFO] [stderr]    Compiling aho-corasick v1.1.5
[INFO] [stderr]    Compiling num-conv v0.2.2
[INFO] [stderr]    Compiling time-macros v0.2.32
[INFO] [stderr]    Compiling toml_parser v1.1.5+spec-1.1.0
[INFO] [stderr]    Compiling rstest_macros v0.26.1
[INFO] [stderr]    Compiling syn v2.0.119
[INFO] [stderr]    Compiling glob v0.3.4
[INFO] [stderr]    Compiling getrandom v0.3.4
[INFO] [stderr]    Compiling zerocopy v0.8.63
[INFO] [stderr]    Compiling relative-path v1.9.3
[INFO] [stderr]    Compiling regex-automata v0.4.18
[INFO] [stderr]    Compiling rand_core v0.9.5
[INFO] [stderr]    Compiling proc-macro2 v1.0.107
[INFO] [stderr]    Compiling unicode-ident v1.0.27
[INFO] [stderr]    Compiling tap v1.0.1
[INFO] [stderr]    Compiling toml_datetime v1.1.2+spec-1.1.0
[INFO] [stderr]    Compiling wyz v0.5.1
[INFO] [stderr]    Compiling toml_edit v0.25.17+spec-1.1.0
[INFO] [stderr]    Compiling rand_chacha v0.9.0
[INFO] [stderr]    Compiling getrandom v0.4.3
[INFO] [stderr]    Compiling proc-macro-crate v3.5.0
[INFO] [stderr]    Compiling serde_spanned v1.1.2
[INFO] [stderr]    Compiling serde_derive v1.0.229
[INFO] [stderr]    Compiling futures-macro v0.3.34
[INFO] [stderr]    Compiling thiserror-impl v2.0.21
[INFO] [stderr]    Compiling regex v1.13.1
[INFO] [stderr]    Compiling serde v1.0.229
[INFO] [stderr]    Compiling zmij v1.0.23
[INFO] [stderr]    Compiling quote v1.0.47
[INFO] [stderr]    Compiling deranged v0.5.9
[INFO] [stderr]    Compiling toml_writer v1.1.3+spec-1.1.0
[INFO] [stderr]    Compiling powerfmt v0.2.1
[INFO] [stderr]    Compiling funty v2.0.0
[INFO] [stderr]    Compiling thiserror v2.0.21
[INFO] [stderr]    Compiling toml v1.1.8+spec-1.1.0
[INFO] [stderr]    Compiling futures-util v0.3.34
[INFO] [stderr]    Compiling serde_json v1.0.154
[INFO] [stderr]    Compiling bitvec v1.1.1
[INFO] [stderr]    Compiling ppv-lite86 v0.2.21
[INFO] [stderr]    Compiling time v0.3.55
[INFO] [stderr]    Compiling reinhardt-db-macros v0.3.24 (/opt/rustwide/workdir)
[INFO] [stderr]    Compiling uuid v1.28.0
[INFO] [stderr]    Compiling rand v0.9.5
[INFO] [stderr]    Compiling serde_bytes v0.11.19
[INFO] [stderr]    Compiling futures-task v0.3.34
[INFO] [stderr]    Compiling itoa v1.0.18
[INFO] [stderr]    Compiling slab v0.4.12
[INFO] [stderr]    Compiling futures-timer v3.0.4
[INFO] [stderr]    Compiling pin-project-lite v0.2.17
[INFO] [stderr]    Compiling futures-core v0.3.34
[INFO] [stderr]    Compiling bson v3.1.0
[INFO] [stderr]    Compiling rstest v0.26.1
[INFO] [stderr]    Compiling trybuild v1.0.122
[INFO] [stderr]    Compiling base64 v0.22.1
[INFO] [stderr]    Compiling simdutf8 v0.1.5
[INFO] [stderr]    Compiling termcolor v1.4.1
[INFO] [stderr]    Compiling hex v0.4.3
[INFO] [stdout] error[E0433]: cannot find module or crate `reinhardt_db` in this scope
[INFO] [stdout]  --> tests/document_macro.rs:7:5
[INFO] [stdout]   |
[INFO] [stdout] 7 | use reinhardt_db::nosql::document::Document;
[INFO] [stdout]   |     ^^^^^^^^^^^^ use of unresolved module or unlinked crate `reinhardt_db`
[INFO] [stdout]   |
[INFO] [stdout]   = help: if you wanted to use a crate named `reinhardt_db`, use `cargo add reinhardt_db` to add it to your `Cargo.toml`
[INFO] [stdout] 
[INFO] [stdout] 
[INFO] [stdout] error[E0433]: cannot find module or crate `reinhardt_db` in this scope
[INFO] [stdout]  --> tests/field_macro.rs:7:5
[INFO] [stdout]   |
[INFO] [stdout] 7 | use reinhardt_db::nosql::document::{Document, IndexOrder};
[INFO] [stdout]   |     ^^^^^^^^^^^^ use of unresolved module or unlinked crate `reinhardt_db`
[INFO] [stdout]   |
[INFO] [stdout]   = help: if you wanted to use a crate named `reinhardt_db`, use `cargo add reinhardt_db` to add it to your `Cargo.toml`
[INFO] [stdout] 
[INFO] [stdout] 
[INFO] [stdout] error[E0433]: cannot find module or crate `reinhardt_db` in this scope
[INFO] [stdout]  --> tests/field_macro.rs:8:5
[INFO] [stdout]   |
[INFO] [stdout] 8 | use reinhardt_db::nosql::error::{OdmError, ValidationError};
[INFO] [stdout]   |     ^^^^^^^^^^^^ use of unresolved module or unlinked crate `reinhardt_db`
[INFO] [stdout]   |
[INFO] [stdout]   = help: if you wanted to use a crate named `reinhardt_db`, use `cargo add reinhardt_db` to add it to your `Cargo.toml`
[INFO] [stdout] 
[INFO] [stdout] 
[INFO] [stdout] error[E0433]: cannot find module or crate `reinhardt_db` in this scope
[INFO] [stdout]   --> tests/document_macro.rs:12:1
[INFO] [stdout]    |
[INFO] [stdout] 12 | #[document(collection = "test_users", backend = "mongodb")]
[INFO] [stdout]    | ^^^^^^^^^^^^^^^^^^^^^^^^^^^^^^^^^^^^^^^^^^^^^^^^^^^^^^^^^^^ use of unresolved module or unlinked crate `reinhardt_db`
[INFO] [stdout]    |
[INFO] [stdout]    = help: if you wanted to use a crate named `reinhardt_db`, use `cargo add reinhardt_db` to add it to your `Cargo.toml`
[INFO] [stdout]    = note: this error originates in the attribute macro `document` (in Nightly builds, run with -Z macro-backtrace for more info)
[INFO] [stdout] 
[INFO] [stdout] 
[INFO] [stdout] error[E0433]: cannot find module or crate `reinhardt_db` in this scope
[INFO] [stdout]   --> tests/field_macro.rs:13:1
[INFO] [stdout]    |
[INFO] [stdout] 13 | #[document(collection = "test_fields", backend = "mongodb")]
[INFO] [stdout]    | ^^^^^^^^^^^^^^^^^^^^^^^^^^^^^^^^^^^^^^^^^^^^^^^^^^^^^^^^^^^^ use of unresolved module or unlinked crate `reinhardt_db`
[INFO] [stdout]    |
[INFO] [stdout]    = help: if you wanted to use a crate named `reinhardt_db`, use `cargo add reinhardt_db` to add it to your `Cargo.toml`
[INFO] [stdout]    = note: this error originates in the attribute macro `document` (in Nightly builds, run with -Z macro-backtrace for more info)
[INFO] [stdout] 
[INFO] [stdout] 
[INFO] [stdout] error[E0433]: cannot find module or crate `reinhardt_db` in this scope
[INFO] [stdout]   --> tests/document_macro.rs:21:1
[INFO] [stdout]    |
[INFO] [stdout] 21 | #[document(collection = "test_items", backend = "mongodb", database = "custom_db")]
[INFO] [stdout]    | ^^^^^^^^^^^^^^^^^^^^^^^^^^^^^^^^^^^^^^^^^^^^^^^^^^^^^^^^^^^^^^^^^^^^^^^^^^^^^^^^^^^ use of unresolved module or unlinked crate `reinhardt_db`
[INFO] [stdout]    |
[INFO] [stdout]    = help: if you wanted to use a crate named `reinhardt_db`, use `cargo add reinhardt_db` to add it to your `Cargo.toml`
[INFO] [stdout]    = note: this error originates in the attribute macro `document` (in Nightly builds, run with -Z macro-backtrace for more info)
[INFO] [stdout] 
[INFO] [stdout] 
[INFO] [stdout] error[E0433]: cannot find module or crate `reinhardt_db` in this scope
[INFO] [stdout]   --> tests/document_macro.rs:69:3
[INFO] [stdout]    |
[INFO] [stdout] 69 |         reinhardt_db::nosql::types::NoSQLBackendType::MongoDB
[INFO] [stdout]    |         ^^^^^^^^^^^^ use of unresolved module or unlinked crate `reinhardt_db`
[INFO] [stdout]    |
[INFO] [stdout]    = help: if you wanted to use a crate named `reinhardt_db`, use `cargo add reinhardt_db` to add it to your `Cargo.toml`
[INFO] [stdout] 
[INFO] [stdout] 
[INFO] [stdout] For more information about this error, try `rustc --explain E0433`.
[INFO] [stdout] 
[INFO] [stderr] error: could not compile `reinhardt-db-macros` (test "document_macro") due to 4 previous errors
[INFO] [stderr] warning: build failed, waiting for other jobs to finish...
[INFO] [stdout] For more information about this error, try `rustc --explain E0433`.
[INFO] [stdout] 
[INFO] [stderr] error: could not compile `reinhardt-db-macros` (test "field_macro") due to 3 previous errors
[INFO] running `Command { std: "docker" "inspect" "b393037915491276cbdf831d08541054b3ccf064d2a91dbdb0e759384bf5c206", kill_on_drop: false }`
[INFO] running `Command { std: "docker" "rm" "-f" "b393037915491276cbdf831d08541054b3ccf064d2a91dbdb0e759384bf5c206", kill_on_drop: false }`
[INFO] [stdout] b393037915491276cbdf831d08541054b3ccf064d2a91dbdb0e759384bf5c206
