[INFO] fetching crate reifydb-value 0.9.3...
[INFO] testing reifydb-value-0.9.3 against 1.100.0-beta.1+cargoflags=--release for beta-release-1.100-2
[INFO] extracting crate reifydb-value 0.9.3 into /workspace/builds/worker-4-tc2/source
[INFO] started tweaking crates.io crate reifydb-value 0.9.3
[INFO] finished tweaking crates.io crate reifydb-value 0.9.3
[INFO] tweaked toml for crates.io crate reifydb-value 0.9.3 written to /workspace/builds/worker-4-tc2/source/Cargo.toml
[INFO] validating manifest of crates.io crate reifydb-value 0.9.3 on toolchain 1.100.0-beta.1
[INFO] running `Command { std: CARGO_HOME="/workspace/cargo-home" RUSTUP_HOME="/workspace/rustup-home" "/workspace/cargo-home/bin/cargo" "+1.100.0-beta.1" "metadata" "--manifest-path" "Cargo.toml" "--no-deps", kill_on_drop: false }`
[INFO] crate crates.io crate reifydb-value 0.9.3 already has a lockfile, it will not be regenerated
[INFO] running `Command { std: CARGO_HOME="/workspace/cargo-home" RUSTUP_HOME="/workspace/rustup-home" "/workspace/cargo-home/bin/cargo" "+1.100.0-beta.1" "fetch" "--manifest-path" "Cargo.toml", kill_on_drop: false }`
[INFO] running `Command { std: "docker" "create" "-v" "/var/lib/crater-agent-workspace/builds/worker-4-tc2/source:/opt/rustwide/workdir:ro,Z" "-v" "/var/lib/crater-agent-workspace/builds/worker-4-tc2/target:/opt/rustwide/target:rw,Z" "-v" "/var/lib/crater-agent-workspace/cargo-home:/opt/rustwide/cargo-home:ro,Z" "-v" "/var/lib/crater-agent-workspace/rustup-home:/opt/rustwide/rustup-home:ro,Z" "-m" "1610612736" "--network" "none" "ghcr.io/rust-lang/crates-build-env/linux@sha256:77db811e55d90add9212f6832c23229e3de5f1c1f9905e8cb07319ea15df73ac" "sleep" "infinity", kill_on_drop: false }`
[INFO] [stdout] 84fb215ec8ec03ada3df3952791ccee92f128cfa1dae7a03d466ad97affb1ab0
[INFO] running `Command { std: "docker" "start" "84fb215ec8ec03ada3df3952791ccee92f128cfa1dae7a03d466ad97affb1ab0", kill_on_drop: false }`
[INFO] running `Command { std: "docker" "inspect" "84fb215ec8ec03ada3df3952791ccee92f128cfa1dae7a03d466ad97affb1ab0", kill_on_drop: false }`
[INFO] running `Command { std: "docker" "exec" "-e" "SOURCE_DIR=/opt/rustwide/workdir" "-e" "CARGO_HOME=/opt/rustwide/cargo-home" "-e" "RUSTUP_HOME=/opt/rustwide/rustup-home" "-e" "CARGO_TARGET_DIR=/opt/rustwide/target" "-w" "/opt/rustwide/workdir" "--user" "0:0" "84fb215ec8ec03ada3df3952791ccee92f128cfa1dae7a03d466ad97affb1ab0" "/opt/rustwide/cargo-home/bin/cargo" "+1.100.0-beta.1" "metadata" "--no-deps" "--format-version=1", kill_on_drop: false }`
[INFO] running `Command { std: "docker" "inspect" "84fb215ec8ec03ada3df3952791ccee92f128cfa1dae7a03d466ad97affb1ab0", kill_on_drop: false }`
[INFO] running `Command { std: "docker" "exec" "-e" "SOURCE_DIR=/opt/rustwide/workdir" "-e" "CARGO_HOME=/opt/rustwide/cargo-home" "-e" "RUSTUP_HOME=/opt/rustwide/rustup-home" "-e" "CARGO_TARGET_DIR=/opt/rustwide/target" "-e" "CARGO_INCREMENTAL=0" "-e" "RUST_BACKTRACE=full" "-e" "RUSTFLAGS=--cap-lints=warn" "-e" "RUSTDOCFLAGS=--cap-lints=warn" "-w" "/opt/rustwide/workdir" "--user" "0:0" "84fb215ec8ec03ada3df3952791ccee92f128cfa1dae7a03d466ad97affb1ab0" "/opt/rustwide/cargo-home/bin/cargo" "+1.100.0-beta.1" "build" "--frozen" "--message-format=json" "--release", kill_on_drop: false }`
[INFO] [stderr]    Compiling syn v2.0.117
[INFO] [stderr]    Compiling byteorder v1.5.0
[INFO] [stderr]    Compiling reifydb-build v0.9.3
[INFO] [stderr]    Compiling uuid v1.23.2
[INFO] [stderr]    Compiling bigdecimal v0.4.10
[INFO] [stderr]    Compiling xxhash-rust v0.8.15
[INFO] [stderr]    Compiling heapless v0.7.17
[INFO] [stderr]    Compiling spin v0.9.8
[INFO] [stderr]    Compiling serde_json v1.0.150
[INFO] [stderr]    Compiling num-integer v0.1.46
[INFO] [stderr]    Compiling reifydb-value v0.9.3 (/opt/rustwide/workdir)
[INFO] [stderr]    Compiling hash32 v0.2.1
[INFO] [stderr]    Compiling serde_derive v1.0.228
[INFO] [stderr]    Compiling thiserror-impl v2.0.18
[INFO] [stderr]    Compiling thiserror v2.0.18
[INFO] [stderr]    Compiling cobs v0.3.0
[INFO] [stderr]    Compiling serde v1.0.228
[INFO] [stderr]    Compiling num-bigint v0.4.6
[INFO] [stderr]    Compiling postcard v1.1.3
[INFO] [stderr]     Finished `release` profile [optimized] target(s) in 40.19s
[INFO] running `Command { std: "docker" "inspect" "84fb215ec8ec03ada3df3952791ccee92f128cfa1dae7a03d466ad97affb1ab0", kill_on_drop: false }`
[INFO] running `Command { std: "docker" "exec" "-e" "SOURCE_DIR=/opt/rustwide/workdir" "-e" "CARGO_HOME=/opt/rustwide/cargo-home" "-e" "RUSTUP_HOME=/opt/rustwide/rustup-home" "-e" "CARGO_TARGET_DIR=/opt/rustwide/target" "-e" "CARGO_INCREMENTAL=0" "-e" "RUST_BACKTRACE=full" "-e" "RUSTFLAGS=--cap-lints=warn" "-e" "RUSTDOCFLAGS=--cap-lints=warn" "-w" "/opt/rustwide/workdir" "--user" "0:0" "84fb215ec8ec03ada3df3952791ccee92f128cfa1dae7a03d466ad97affb1ab0" "/opt/rustwide/cargo-home/bin/cargo" "+1.100.0-beta.1" "test" "--frozen" "--no-run" "--message-format=json" "--release", kill_on_drop: false }`
[INFO] [stderr]    Compiling reifydb-value v0.9.3 (/opt/rustwide/workdir)
[INFO] [stdout] warning: use of deprecated constant `std::f64::INFINITY`: replaced by the `INFINITY` associated constant on `f64`
[INFO] [stdout]   --> src/util/float_format.rs:69:30
[INFO] [stdout]    |
[INFO] [stdout] 69 |         assert_eq!(format_f64(f64::INFINITY), "inf");
[INFO] [stdout]    |                                    ^^^^^^^^
[INFO] [stdout]    |
[INFO] [stdout] note: the lint level is defined here
[INFO] [stdout]   --> src/lib.rs:6:41
[INFO] [stdout]    |
[INFO] [stdout]  6 | #![cfg_attr(not(debug_assertions), deny(warnings))]
[INFO] [stdout]    |                                         ^^^^^^^^
[INFO] [stdout]    = note: `#[warn(deprecated)]` implied by `#[warn(warnings)]`
[INFO] [stdout] 
[INFO] [stdout] 
[INFO] [stdout] warning: use of deprecated constant `std::f64::NEG_INFINITY`: replaced by the `NEG_INFINITY` associated constant on `f64`
[INFO] [stdout]   --> src/util/float_format.rs:70:30
[INFO] [stdout]    |
[INFO] [stdout] 70 |         assert_eq!(format_f64(f64::NEG_INFINITY), "-inf");
[INFO] [stdout]    |                                    ^^^^^^^^^^^^
[INFO] [stdout] 
[INFO] [stdout] 
[INFO] [stdout] warning: use of deprecated constant `std::f64::NAN`: replaced by the `NAN` associated constant on `f64`
[INFO] [stdout]   --> src/util/float_format.rs:71:30
[INFO] [stdout]    |
[INFO] [stdout] 71 |         assert_eq!(format_f64(f64::NAN), "NaN");
[INFO] [stdout]    |                                    ^^^
[INFO] [stdout] 
[INFO] [stdout] 
[INFO] [stdout] warning: use of deprecated constant `std::f32::INFINITY`: replaced by the `INFINITY` associated constant on `f32`
[INFO] [stdout]    --> src/util/float_format.rs:129:30
[INFO] [stdout]     |
[INFO] [stdout] 129 |         assert_eq!(format_f32(f32::INFINITY), "inf");
[INFO] [stdout]     |                                    ^^^^^^^^
[INFO] [stdout] 
[INFO] [stdout] 
[INFO] [stdout] warning: use of deprecated constant `std::f32::NEG_INFINITY`: replaced by the `NEG_INFINITY` associated constant on `f32`
[INFO] [stdout]    --> src/util/float_format.rs:130:30
[INFO] [stdout]     |
[INFO] [stdout] 130 |         assert_eq!(format_f32(f32::NEG_INFINITY), "-inf");
[INFO] [stdout]     |                                    ^^^^^^^^^^^^
[INFO] [stdout] 
[INFO] [stdout] 
[INFO] [stdout] warning: use of deprecated constant `std::f32::NAN`: replaced by the `NAN` associated constant on `f32`
[INFO] [stdout]    --> src/util/float_format.rs:131:30
[INFO] [stdout]     |
[INFO] [stdout] 131 |         assert_eq!(format_f32(f32::NAN), "NaN");
[INFO] [stdout]     |                                    ^^^
[INFO] [stdout] 
[INFO] [stdout] 
[INFO] [stdout] error[E0599]: no associated function or constant named `generate` found for struct `value::uuid::Uuid4` in the current scope
[INFO] [stdout]    --> src/value/container/uuid.rs:256:22
[INFO] [stdout]     |
[INFO] [stdout] 256 |         let uuid1 = Uuid4::generate();
[INFO] [stdout]     |                            ^^^^^^^^ associated function or constant not found in `value::uuid::Uuid4`
[INFO] [stdout]     |
[INFO] [stdout]    ::: src/value/uuid/mod.rs:24:1
[INFO] [stdout]     |
[INFO] [stdout]  24 | pub struct Uuid4(pub StdUuid);
[INFO] [stdout]     | ---------------- associated function or constant `generate` not found for this struct
[INFO] [stdout] 
[INFO] [stdout] 
[INFO] [stdout] error[E0599]: no associated function or constant named `generate` found for struct `value::uuid::Uuid4` in the current scope
[INFO] [stdout]    --> src/value/container/uuid.rs:257:22
[INFO] [stdout]     |
[INFO] [stdout] 257 |         let uuid2 = Uuid4::generate();
[INFO] [stdout]     |                            ^^^^^^^^ associated function or constant not found in `value::uuid::Uuid4`
[INFO] [stdout]     |
[INFO] [stdout]    ::: src/value/uuid/mod.rs:24:1
[INFO] [stdout]     |
[INFO] [stdout]  24 | pub struct Uuid4(pub StdUuid);
[INFO] [stdout]     | ---------------- associated function or constant `generate` not found for this struct
[INFO] [stdout] 
[INFO] [stdout] 
[INFO] [stdout] error[E0599]: no associated function or constant named `generate` found for struct `value::uuid::Uuid4` in the current scope
[INFO] [stdout]    --> src/value/container/uuid.rs:295:22
[INFO] [stdout]     |
[INFO] [stdout] 295 |         let uuid1 = Uuid4::generate();
[INFO] [stdout]     |                            ^^^^^^^^ associated function or constant not found in `value::uuid::Uuid4`
[INFO] [stdout]     |
[INFO] [stdout]    ::: src/value/uuid/mod.rs:24:1
[INFO] [stdout]     |
[INFO] [stdout]  24 | pub struct Uuid4(pub StdUuid);
[INFO] [stdout]     | ---------------- associated function or constant `generate` not found for this struct
[INFO] [stdout] 
[INFO] [stdout] 
[INFO] [stdout] error[E0599]: no associated function or constant named `generate` found for struct `value::uuid::Uuid4` in the current scope
[INFO] [stdout]    --> src/value/container/uuid.rs:296:22
[INFO] [stdout]     |
[INFO] [stdout] 296 |         let uuid2 = Uuid4::generate();
[INFO] [stdout]     |                            ^^^^^^^^ associated function or constant not found in `value::uuid::Uuid4`
[INFO] [stdout]     |
[INFO] [stdout]    ::: src/value/uuid/mod.rs:24:1
[INFO] [stdout]     |
[INFO] [stdout]  24 | pub struct Uuid4(pub StdUuid);
[INFO] [stdout]     | ---------------- associated function or constant `generate` not found for this struct
[INFO] [stdout] 
[INFO] [stdout] 
[INFO] [stdout] error[E0599]: no associated function or constant named `generate` found for struct `value::uuid::Uuid4` in the current scope
[INFO] [stdout]    --> src/value/uuid/mod.rs:152:22
[INFO] [stdout]     |
[INFO] [stdout]  24 | pub struct Uuid4(pub StdUuid);
[INFO] [stdout]     | ---------------- associated function or constant `generate` not found for this struct
[INFO] [stdout] ...
[INFO] [stdout] 152 |         let uuid4 = Uuid4::generate();
[INFO] [stdout]     |                            ^^^^^^^^ associated function or constant not found in `value::uuid::Uuid4`
[INFO] [stdout] 
[INFO] [stdout] 
[INFO] [stdout] error[E0599]: no associated function or constant named `new_v4` found for struct `Uuid` in the current scope
[INFO] [stdout]    --> src/value/uuid/mod.rs:158:27
[INFO] [stdout]     |
[INFO] [stdout] 158 |         let std_uuid = StdUuid::new_v4();
[INFO] [stdout]     |                                 ^^^^^^ associated function or constant not found in `Uuid`
[INFO] [stdout]     |
[INFO] [stdout] note: if you're trying to build a new `Uuid` consider using one of the following associated functions:
[INFO] [stdout]       uuid::builder::<impl Uuid>::nil
[INFO] [stdout]       uuid::builder::<impl Uuid>::max
[INFO] [stdout]       uuid::builder::<impl Uuid>::from_fields
[INFO] [stdout]       uuid::builder::<impl Uuid>::from_fields_le
[INFO] [stdout]       and 10 others
[INFO] [stdout]    --> /opt/rustwide/cargo-home/registry/src/index.crates.io-1949cf8c6b5b557f/uuid-1.23.2/src/builder.rs:72:5
[INFO] [stdout]     |
[INFO] [stdout]  72 |     pub const fn nil() -> Self {
[INFO] [stdout]     |     ^^^^^^^^^^^^^^^^^^^^^^^^^^
[INFO] [stdout] ...
[INFO] [stdout]  98 |     pub const fn max() -> Self {
[INFO] [stdout]     |     ^^^^^^^^^^^^^^^^^^^^^^^^^^
[INFO] [stdout] ...
[INFO] [stdout] 122 |     pub const fn from_fields(d1: u32, d2: u16, d3: u16, d4: &[u8; 8]) -> Uuid {
[INFO] [stdout]     |     ^^^^^^^^^^^^^^^^^^^^^^^^^^^^^^^^^^^^^^^^^^^^^^^^^^^^^^^^^^^^^^^^^^^^^^^^^
[INFO] [stdout] ...
[INFO] [stdout] 168 |     pub const fn from_fields_le(d1: u32, d2: u16, d3: u16, d4: &[u8; 8]) -> Uuid {
[INFO] [stdout]     |     ^^^^^^^^^^^^^^^^^^^^^^^^^^^^^^^^^^^^^^^^^^^^^^^^^^^^^^^^^^^^^^^^^^^^^^^^^^^^
[INFO] [stdout] 
[INFO] [stdout] 
[INFO] [stdout] error[E0599]: no associated function or constant named `generate` found for struct `value::uuid::Uuid4` in the current scope
[INFO] [stdout]    --> src/value/uuid/mod.rs:161:24
[INFO] [stdout]     |
[INFO] [stdout]  24 | pub struct Uuid4(pub StdUuid);
[INFO] [stdout]     | ---------------- associated function or constant `generate` not found for this struct
[INFO] [stdout] ...
[INFO] [stdout] 161 |         let uuid4_c = Uuid4::generate();
[INFO] [stdout]     |                              ^^^^^^^^ associated function or constant not found in `value::uuid::Uuid4`
[INFO] [stdout] 
[INFO] [stdout] 
[INFO] [stdout] error[E0599]: no associated function or constant named `generate` found for struct `value::uuid::Uuid4` in the current scope
[INFO] [stdout]    --> src/value/uuid/mod.rs:169:24
[INFO] [stdout]     |
[INFO] [stdout]  24 | pub struct Uuid4(pub StdUuid);
[INFO] [stdout]     | ---------------- associated function or constant `generate` not found for this struct
[INFO] [stdout] ...
[INFO] [stdout] 169 |         let uuid4_a = Uuid4::generate();
[INFO] [stdout]     |                              ^^^^^^^^ associated function or constant not found in `value::uuid::Uuid4`
[INFO] [stdout] 
[INFO] [stdout] 
[INFO] [stdout] error[E0599]: no associated function or constant named `generate` found for struct `value::uuid::Uuid4` in the current scope
[INFO] [stdout]    --> src/value/uuid/mod.rs:170:24
[INFO] [stdout]     |
[INFO] [stdout]  24 | pub struct Uuid4(pub StdUuid);
[INFO] [stdout]     | ---------------- associated function or constant `generate` not found for this struct
[INFO] [stdout] ...
[INFO] [stdout] 170 |         let uuid4_b = Uuid4::generate();
[INFO] [stdout]     |                              ^^^^^^^^ associated function or constant not found in `value::uuid::Uuid4`
[INFO] [stdout] 
[INFO] [stdout] 
[INFO] [stdout] error[E0599]: no associated function or constant named `new_v4` found for struct `Uuid` in the current scope
[INFO] [stdout]    --> src/value/uuid/mod.rs:181:27
[INFO] [stdout]     |
[INFO] [stdout] 181 |         let std_uuid = StdUuid::new_v4();
[INFO] [stdout]     |                                 ^^^^^^ associated function or constant not found in `Uuid`
[INFO] [stdout]     |
[INFO] [stdout] note: if you're trying to build a new `Uuid` consider using one of the following associated functions:
[INFO] [stdout]       uuid::builder::<impl Uuid>::nil
[INFO] [stdout]       uuid::builder::<impl Uuid>::max
[INFO] [stdout]       uuid::builder::<impl Uuid>::from_fields
[INFO] [stdout]       uuid::builder::<impl Uuid>::from_fields_le
[INFO] [stdout]       and 10 others
[INFO] [stdout]    --> /opt/rustwide/cargo-home/registry/src/index.crates.io-1949cf8c6b5b557f/uuid-1.23.2/src/builder.rs:72:5
[INFO] [stdout]     |
[INFO] [stdout]  72 |     pub const fn nil() -> Self {
[INFO] [stdout]     |     ^^^^^^^^^^^^^^^^^^^^^^^^^^
[INFO] [stdout] ...
[INFO] [stdout]  98 |     pub const fn max() -> Self {
[INFO] [stdout]     |     ^^^^^^^^^^^^^^^^^^^^^^^^^^
[INFO] [stdout] ...
[INFO] [stdout] 122 |     pub const fn from_fields(d1: u32, d2: u16, d3: u16, d4: &[u8; 8]) -> Uuid {
[INFO] [stdout]     |     ^^^^^^^^^^^^^^^^^^^^^^^^^^^^^^^^^^^^^^^^^^^^^^^^^^^^^^^^^^^^^^^^^^^^^^^^^
[INFO] [stdout] ...
[INFO] [stdout] 168 |     pub const fn from_fields_le(d1: u32, d2: u16, d3: u16, d4: &[u8; 8]) -> Uuid {
[INFO] [stdout]     |     ^^^^^^^^^^^^^^^^^^^^^^^^^^^^^^^^^^^^^^^^^^^^^^^^^^^^^^^^^^^^^^^^^^^^^^^^^^^^
[INFO] [stdout] 
[INFO] [stdout] 
[INFO] [stdout] For more information about this error, try `rustc --explain E0599`.
[INFO] [stdout] 
[INFO] [stderr] error: could not compile `reifydb-value` (lib test) due to 10 previous errors; 6 warnings emitted
[INFO] running `Command { std: "docker" "inspect" "84fb215ec8ec03ada3df3952791ccee92f128cfa1dae7a03d466ad97affb1ab0", kill_on_drop: false }`
[INFO] running `Command { std: "docker" "rm" "-f" "84fb215ec8ec03ada3df3952791ccee92f128cfa1dae7a03d466ad97affb1ab0", kill_on_drop: false }`
[INFO] [stdout] 84fb215ec8ec03ada3df3952791ccee92f128cfa1dae7a03d466ad97affb1ab0
