[INFO] fetching crate reifydb-sub-worker 0.1.7...
[INFO] testing reifydb-sub-worker-0.1.7 against 1.99.0-beta.8+cargoflags=--release for beta-release-1.100-2
[INFO] extracting crate reifydb-sub-worker 0.1.7 into /workspace/builds/worker-2-tc1/source
[INFO] started tweaking crates.io crate reifydb-sub-worker 0.1.7
[INFO] removed 0 missing tests
[INFO] finished tweaking crates.io crate reifydb-sub-worker 0.1.7
[INFO] tweaked toml for crates.io crate reifydb-sub-worker 0.1.7 written to /workspace/builds/worker-2-tc1/source/Cargo.toml
[INFO] validating manifest of crates.io crate reifydb-sub-worker 0.1.7 on toolchain 1.99.0-beta.8
[INFO] running `Command { std: CARGO_HOME="/workspace/cargo-home" RUSTUP_HOME="/workspace/rustup-home" "/workspace/cargo-home/bin/cargo" "+1.99.0-beta.8" "metadata" "--manifest-path" "Cargo.toml" "--no-deps", kill_on_drop: false }`
[INFO] crate crates.io crate reifydb-sub-worker 0.1.7 already has a lockfile, it will not be regenerated
[INFO] running `Command { std: CARGO_HOME="/workspace/cargo-home" RUSTUP_HOME="/workspace/rustup-home" "/workspace/cargo-home/bin/cargo" "+1.99.0-beta.8" "fetch" "--manifest-path" "Cargo.toml", kill_on_drop: false }`
[INFO] [stderr]     Updating crates.io index
[INFO] [stderr]  Downloading crates ...
[INFO] [stderr]   Downloaded wasm-bindgen-macro v0.2.102
[INFO] [stderr]   Downloaded wasm-bindgen-macro-support v0.2.102
[INFO] [stderr]   Downloaded reifydb-type v0.1.7
[INFO] [stderr]   Downloaded wasm-bindgen-shared v0.2.102
[INFO] [stderr]   Downloaded reifydb-auth v0.1.7
[INFO] [stderr]   Downloaded wasm-bindgen v0.2.102
[INFO] [stderr]   Downloaded reifydb-flow-operator-abi v0.1.7
[INFO] [stderr]   Downloaded reifydb-sub-api v0.1.7
[INFO] [stderr]   Downloaded wasm-bindgen-backend v0.2.102
[INFO] [stderr]   Downloaded reifydb-testing v0.1.7
[INFO] [stderr]   Downloaded reifydb-store-transaction v0.1.7
[INFO] [stderr]   Downloaded reifydb-transaction v0.1.7
[INFO] [stderr]   Downloaded js-sys v0.3.79
[INFO] [stderr]   Downloaded reifydb-catalog v0.1.7
[INFO] [stderr]   Downloaded reifydb-hash v0.1.7
[INFO] [stderr]   Downloaded reifydb-rql v0.1.7
[INFO] [stderr]   Downloaded bigdecimal v0.4.9
[INFO] [stderr]   Downloaded reifydb-engine v0.1.7
[INFO] [stderr]   Downloaded reifydb-core v0.1.7
[INFO] running `Command { std: "docker" "create" "-v" "/var/lib/crater-agent-workspace/builds/worker-2-tc1/source:/opt/rustwide/workdir:ro,Z" "-v" "/var/lib/crater-agent-workspace/builds/worker-2-tc1/target:/opt/rustwide/target:rw,Z" "-v" "/var/lib/crater-agent-workspace/cargo-home:/opt/rustwide/cargo-home:ro,Z" "-v" "/var/lib/crater-agent-workspace/rustup-home:/opt/rustwide/rustup-home:ro,Z" "-m" "1610612736" "--network" "none" "ghcr.io/rust-lang/crates-build-env/linux@sha256:77db811e55d90add9212f6832c23229e3de5f1c1f9905e8cb07319ea15df73ac" "sleep" "infinity", kill_on_drop: false }`
[INFO] [stdout] 583365f6449e4c25d408d7ffb6037f417784d8091def55bc0593f70932d0af33
[INFO] running `Command { std: "docker" "start" "583365f6449e4c25d408d7ffb6037f417784d8091def55bc0593f70932d0af33", kill_on_drop: false }`
[INFO] running `Command { std: "docker" "inspect" "583365f6449e4c25d408d7ffb6037f417784d8091def55bc0593f70932d0af33", kill_on_drop: false }`
[INFO] running `Command { std: "docker" "exec" "-e" "SOURCE_DIR=/opt/rustwide/workdir" "-e" "CARGO_HOME=/opt/rustwide/cargo-home" "-e" "RUSTUP_HOME=/opt/rustwide/rustup-home" "-e" "CARGO_TARGET_DIR=/opt/rustwide/target" "-w" "/opt/rustwide/workdir" "--user" "0:0" "583365f6449e4c25d408d7ffb6037f417784d8091def55bc0593f70932d0af33" "/opt/rustwide/cargo-home/bin/cargo" "+1.99.0-beta.8" "metadata" "--no-deps" "--format-version=1", kill_on_drop: false }`
[INFO] running `Command { std: "docker" "inspect" "583365f6449e4c25d408d7ffb6037f417784d8091def55bc0593f70932d0af33", kill_on_drop: false }`
[INFO] running `Command { std: "docker" "exec" "-e" "SOURCE_DIR=/opt/rustwide/workdir" "-e" "CARGO_HOME=/opt/rustwide/cargo-home" "-e" "RUSTUP_HOME=/opt/rustwide/rustup-home" "-e" "CARGO_TARGET_DIR=/opt/rustwide/target" "-e" "CARGO_INCREMENTAL=0" "-e" "RUST_BACKTRACE=full" "-e" "RUSTFLAGS=--cap-lints=warn" "-e" "RUSTDOCFLAGS=--cap-lints=warn" "-w" "/opt/rustwide/workdir" "--user" "0:0" "583365f6449e4c25d408d7ffb6037f417784d8091def55bc0593f70932d0af33" "/opt/rustwide/cargo-home/bin/cargo" "+1.99.0-beta.8" "build" "--frozen" "--message-format=json" "--release", kill_on_drop: false }`
[INFO] [stderr]    Compiling syn v2.0.109
[INFO] [stderr]    Compiling bigdecimal v0.4.9
[INFO] [stderr]    Compiling serde_bytes v0.11.19
[INFO] [stderr]    Compiling serde_json v1.0.145
[INFO] [stderr]    Compiling libsqlite3-sys v0.35.0
[INFO] [stderr]    Compiling fallible-streaming-iterator v0.1.9
[INFO] [stderr]    Compiling fallible-iterator v0.3.0
[INFO] [stderr]    Compiling crossbeam-channel v0.5.15
[INFO] [stderr]    Compiling hashbrown v0.15.5
[INFO] [stderr]    Compiling indexmap v2.12.0
[INFO] [stderr]    Compiling num-integer v0.1.46
[INFO] [stderr]    Compiling crossbeam-skiplist v0.1.3
[INFO] [stderr]    Compiling virtue v0.0.18
[INFO] [stderr]    Compiling reifydb-hash v0.1.7
[INFO] [stderr]    Compiling unty v0.0.4
[INFO] [stderr]    Compiling reifydb-flow-operator-abi v0.1.7
[INFO] [stderr]    Compiling either v1.15.0
[INFO] [stderr]    Compiling rayon v1.11.0
[INFO] [stderr]    Compiling bincode_derive v2.0.1
[INFO] [stderr]    Compiling hashlink v0.10.0
[INFO] [stderr]    Compiling serde_derive v1.0.228
[INFO] [stderr]    Compiling tracing-attributes v0.1.31
[INFO] [stderr]    Compiling tracing v0.1.43
[INFO] [stderr]    Compiling serde v1.0.228
[INFO] [stderr]    Compiling num-bigint v0.4.6
[INFO] [stderr]    Compiling uuid v1.18.1
[INFO] [stderr]    Compiling bincode v2.0.1
[INFO] [stderr]    Compiling reifydb-type v0.1.7
[INFO] [stderr]    Compiling reifydb-core v0.1.7
[INFO] [stderr]    Compiling reifydb-testing v0.1.7
[INFO] [stderr]    Compiling reifydb-auth v0.1.7
[INFO] [stderr]    Compiling rusqlite v0.37.0
[INFO] [stderr]    Compiling reifydb-store-transaction v0.1.7
[INFO] [stderr]    Compiling reifydb-transaction v0.1.7
[INFO] [stderr]    Compiling reifydb-catalog v0.1.7
[INFO] [stderr]    Compiling reifydb-rql v0.1.7
[INFO] [stderr]    Compiling reifydb-engine v0.1.7
[INFO] [stderr]    Compiling reifydb-sub-api v0.1.7
[INFO] [stderr]    Compiling reifydb-sub-worker v0.1.7 (/opt/rustwide/workdir)
[INFO] [stderr]     Finished `release` profile [optimized] target(s) in 3m 58s
[INFO] running `Command { std: "docker" "inspect" "583365f6449e4c25d408d7ffb6037f417784d8091def55bc0593f70932d0af33", kill_on_drop: false }`
[INFO] running `Command { std: "docker" "exec" "-e" "SOURCE_DIR=/opt/rustwide/workdir" "-e" "CARGO_HOME=/opt/rustwide/cargo-home" "-e" "RUSTUP_HOME=/opt/rustwide/rustup-home" "-e" "CARGO_TARGET_DIR=/opt/rustwide/target" "-e" "CARGO_INCREMENTAL=0" "-e" "RUST_BACKTRACE=full" "-e" "RUSTFLAGS=--cap-lints=warn" "-e" "RUSTDOCFLAGS=--cap-lints=warn" "-w" "/opt/rustwide/workdir" "--user" "0:0" "583365f6449e4c25d408d7ffb6037f417784d8091def55bc0593f70932d0af33" "/opt/rustwide/cargo-home/bin/cargo" "+1.99.0-beta.8" "test" "--frozen" "--no-run" "--message-format=json" "--release", kill_on_drop: false }`
[INFO] [stderr]    Compiling reifydb-sub-worker v0.1.7 (/opt/rustwide/workdir)
[INFO] [stdout] error[E0432]: unresolved import `reifydb_catalog`
[INFO] [stdout]   --> tests/worker_subsystem.rs:13:5
[INFO] [stdout]    |
[INFO] [stdout] 13 | use reifydb_catalog::MaterializedCatalog;
[INFO] [stdout]    |     ^^^^^^^^^^^^^^^ use of unresolved module or unlinked crate `reifydb_catalog`
[INFO] [stdout]    |
[INFO] [stdout]    = help: if you wanted to use a crate named `reifydb_catalog`, use `cargo add reifydb_catalog` to add it to your `Cargo.toml`
[INFO] [stdout] 
[INFO] [stdout] 
[INFO] [stdout] error[E0433]: cannot find module or crate `reifydb_transaction` in this scope
[INFO] [stdout]   --> tests/worker_subsystem.rs:19:5
[INFO] [stdout]    |
[INFO] [stdout] 19 | use reifydb_transaction::{cdc::TransactionCdc, multi::Transaction, single::TransactionSingleVersion};
[INFO] [stdout]    |     ^^^^^^^^^^^^^^^^^^^ use of unresolved module or unlinked crate `reifydb_transaction`
[INFO] [stdout]    |
[INFO] [stdout]    = help: if you wanted to use a crate named `reifydb_transaction`, use `cargo add reifydb_transaction` to add it to your `Cargo.toml`
[INFO] [stdout] 
[INFO] [stdout] 
[INFO] [stdout] error[E0432]: unresolved import `reifydb_store_transaction`
[INFO] [stdout]   --> tests/worker_subsystem.rs:16:5
[INFO] [stdout]    |
[INFO] [stdout] 16 | use reifydb_store_transaction::TransactionStore;
[INFO] [stdout]    |     ^^^^^^^^^^^^^^^^^^^^^^^^^ use of unresolved module or unlinked crate `reifydb_store_transaction`
[INFO] [stdout]    |
[INFO] [stdout]    = help: if you wanted to use a crate named `reifydb_store_transaction`, use `cargo add reifydb_store_transaction` to add it to your `Cargo.toml`
[INFO] [stdout] 
[INFO] [stdout] 
[INFO] [stdout] error[E0432]: unresolved import `reifydb_catalog`
[INFO] [stdout]   --> tests/schedule_every.rs:15:5
[INFO] [stdout]    |
[INFO] [stdout] 15 | use reifydb_catalog::MaterializedCatalog;
[INFO] [stdout]    |     ^^^^^^^^^^^^^^^ use of unresolved module or unlinked crate `reifydb_catalog`
[INFO] [stdout]    |
[INFO] [stdout]    = help: if you wanted to use a crate named `reifydb_catalog`, use `cargo add reifydb_catalog` to add it to your `Cargo.toml`
[INFO] [stdout] 
[INFO] [stdout] 
[INFO] [stdout] error[E0433]: cannot find module or crate `reifydb_transaction` in this scope
[INFO] [stdout]   --> tests/schedule_every.rs:21:5
[INFO] [stdout]    |
[INFO] [stdout] 21 | use reifydb_transaction::{cdc::TransactionCdc, multi::Transaction, single::TransactionSingleVersion};
[INFO] [stdout]    |     ^^^^^^^^^^^^^^^^^^^ use of unresolved module or unlinked crate `reifydb_transaction`
[INFO] [stdout]    |
[INFO] [stdout]    = help: if you wanted to use a crate named `reifydb_transaction`, use `cargo add reifydb_transaction` to add it to your `Cargo.toml`
[INFO] [stdout] 
[INFO] [stdout] 
[INFO] [stdout] error[E0432]: unresolved import `reifydb_store_transaction`
[INFO] [stdout]   --> tests/schedule_every.rs:18:5
[INFO] [stdout]    |
[INFO] [stdout] 18 | use reifydb_store_transaction::TransactionStore;
[INFO] [stdout]    |     ^^^^^^^^^^^^^^^^^^^^^^^^^ use of unresolved module or unlinked crate `reifydb_store_transaction`
[INFO] [stdout]    |
[INFO] [stdout]    = help: if you wanted to use a crate named `reifydb_store_transaction`, use `cargo add reifydb_store_transaction` to add it to your `Cargo.toml`
[INFO] [stdout] 
[INFO] [stdout] 
[INFO] [stdout] Some errors have detailed explanations: E0432, E0433.
[INFO] [stdout] 
[INFO] [stdout] For more information about an error, try `rustc --explain E0432`.
[INFO] [stdout] 
[INFO] [stderr] error: could not compile `reifydb-sub-worker` (test "schedule_every") due to 3 previous errors
[INFO] [stderr] warning: build failed, waiting for other jobs to finish...
[INFO] [stdout] Some errors have detailed explanations: E0432, E0433.
[INFO] [stdout] 
[INFO] [stdout] For more information about an error, try `rustc --explain E0432`.
[INFO] [stdout] 
[INFO] [stderr] error: could not compile `reifydb-sub-worker` (test "worker_subsystem") due to 3 previous errors
[INFO] running `Command { std: "docker" "inspect" "583365f6449e4c25d408d7ffb6037f417784d8091def55bc0593f70932d0af33", kill_on_drop: false }`
[INFO] running `Command { std: "docker" "rm" "-f" "583365f6449e4c25d408d7ffb6037f417784d8091def55bc0593f70932d0af33", kill_on_drop: false }`
[INFO] [stdout] 583365f6449e4c25d408d7ffb6037f417784d8091def55bc0593f70932d0af33
