[INFO] fetching crate reifydb-cdc 0.9.3...
[INFO] testing reifydb-cdc-0.9.3 against 1.99.0-beta.8+cargoflags=--release for beta-release-1.100-2
[INFO] extracting crate reifydb-cdc 0.9.3 into /workspace/builds/worker-4-tc1/source
[INFO] started tweaking crates.io crate reifydb-cdc 0.9.3
[INFO] removed 0 missing tests
[INFO] finished tweaking crates.io crate reifydb-cdc 0.9.3
[INFO] tweaked toml for crates.io crate reifydb-cdc 0.9.3 written to /workspace/builds/worker-4-tc1/source/Cargo.toml
[INFO] validating manifest of crates.io crate reifydb-cdc 0.9.3 on toolchain 1.99.0-beta.8
[INFO] running `Command { std: CARGO_HOME="/workspace/cargo-home" RUSTUP_HOME="/workspace/rustup-home" "/workspace/cargo-home/bin/cargo" "+1.99.0-beta.8" "metadata" "--manifest-path" "Cargo.toml" "--no-deps", kill_on_drop: false }`
[INFO] crate crates.io crate reifydb-cdc 0.9.3 already has a lockfile, it will not be regenerated
[INFO] running `Command { std: CARGO_HOME="/workspace/cargo-home" RUSTUP_HOME="/workspace/rustup-home" "/workspace/cargo-home/bin/cargo" "+1.99.0-beta.8" "fetch" "--manifest-path" "Cargo.toml", kill_on_drop: false }`
[INFO] [stderr]     Updating crates.io index
[INFO] [stderr]  Downloading crates ...
[INFO] [stderr]   Downloaded reifydb-build v0.9.3
[INFO] [stderr]   Downloaded reifydb-sqlite v0.9.3
[INFO] [stderr]   Downloaded tagptr v0.2.0
[INFO] [stderr]   Downloaded rusqlite v0.39.0
[INFO] [stderr]   Downloaded reifydb-macro v0.9.3
[INFO] [stderr]   Downloaded dashmap v7.0.0-rc2
[INFO] [stderr]   Downloaded reifydb-macro-impl v0.9.3
[INFO] [stderr]   Downloaded reifydb-filter v0.9.3
[INFO] [stderr]   Downloaded reifydb-store-commit v0.9.3
[INFO] [stderr]   Downloaded reifydb-store-single v0.9.3
[INFO] [stderr]   Downloaded crossbeam-skiplist v0.1.3
[INFO] [stderr]   Downloaded generator v0.8.8
[INFO] [stderr]   Downloaded uuid v1.23.2
[INFO] [stderr]   Downloaded loom v0.7.2
[INFO] [stderr]   Downloaded reifydb-store v0.9.3
[INFO] [stderr]   Downloaded reifydb-runtime v0.9.3
[INFO] [stderr]   Downloaded reifydb-store-cdc v0.9.3
[INFO] [stderr]   Downloaded reifydb-value v0.9.3
[INFO] [stderr]   Downloaded reifydb-transaction v0.9.3
[INFO] [stderr]   Downloaded reifydb-codec v0.9.3
[INFO] [stderr]   Downloaded reifydb-store-multi v0.9.3
[INFO] [stderr]   Downloaded moka v0.12.15
[INFO] [stderr]   Downloaded reifydb-catalog v0.9.3
[INFO] [stderr]   Downloaded reifydb-core v0.9.3
[INFO] [stderr]   Downloaded libsqlite3-sys v0.37.0
[INFO] running `Command { std: "docker" "create" "-v" "/var/lib/crater-agent-workspace/builds/worker-4-tc1/source:/opt/rustwide/workdir:ro,Z" "-v" "/var/lib/crater-agent-workspace/builds/worker-4-tc1/target:/opt/rustwide/target:rw,Z" "-v" "/var/lib/crater-agent-workspace/cargo-home:/opt/rustwide/cargo-home:ro,Z" "-v" "/var/lib/crater-agent-workspace/rustup-home:/opt/rustwide/rustup-home:ro,Z" "-m" "1610612736" "--network" "none" "ghcr.io/rust-lang/crates-build-env/linux@sha256:77db811e55d90add9212f6832c23229e3de5f1c1f9905e8cb07319ea15df73ac" "sleep" "infinity", kill_on_drop: false }`
[INFO] [stdout] 7fca3e8e73b42835bfc7b42addf8bbb6520cbe151989f3f899d2a19fe13584d3
[INFO] running `Command { std: "docker" "start" "7fca3e8e73b42835bfc7b42addf8bbb6520cbe151989f3f899d2a19fe13584d3", kill_on_drop: false }`
[INFO] running `Command { std: "docker" "inspect" "7fca3e8e73b42835bfc7b42addf8bbb6520cbe151989f3f899d2a19fe13584d3", kill_on_drop: false }`
[INFO] running `Command { std: "docker" "exec" "-e" "SOURCE_DIR=/opt/rustwide/workdir" "-e" "CARGO_HOME=/opt/rustwide/cargo-home" "-e" "RUSTUP_HOME=/opt/rustwide/rustup-home" "-e" "CARGO_TARGET_DIR=/opt/rustwide/target" "-w" "/opt/rustwide/workdir" "--user" "0:0" "7fca3e8e73b42835bfc7b42addf8bbb6520cbe151989f3f899d2a19fe13584d3" "/opt/rustwide/cargo-home/bin/cargo" "+1.99.0-beta.8" "metadata" "--no-deps" "--format-version=1", kill_on_drop: false }`
[INFO] running `Command { std: "docker" "inspect" "7fca3e8e73b42835bfc7b42addf8bbb6520cbe151989f3f899d2a19fe13584d3", kill_on_drop: false }`
[INFO] running `Command { std: "docker" "exec" "-e" "SOURCE_DIR=/opt/rustwide/workdir" "-e" "CARGO_HOME=/opt/rustwide/cargo-home" "-e" "RUSTUP_HOME=/opt/rustwide/rustup-home" "-e" "CARGO_TARGET_DIR=/opt/rustwide/target" "-e" "CARGO_INCREMENTAL=0" "-e" "RUST_BACKTRACE=full" "-e" "RUSTFLAGS=--cap-lints=warn" "-e" "RUSTDOCFLAGS=--cap-lints=warn" "-w" "/opt/rustwide/workdir" "--user" "0:0" "7fca3e8e73b42835bfc7b42addf8bbb6520cbe151989f3f899d2a19fe13584d3" "/opt/rustwide/cargo-home/bin/cargo" "+1.99.0-beta.8" "build" "--frozen" "--message-format=json" "--release", kill_on_drop: false }`
[INFO] [stderr]    Compiling reifydb-build v0.9.3
[INFO] [stderr]    Compiling serde_core v1.0.228
[INFO] [stderr]    Compiling semver v1.0.28
[INFO] [stderr]    Compiling lock_api v0.4.14
[INFO] [stderr]    Compiling num-traits v0.2.19
[INFO] [stderr]    Compiling getrandom v0.4.2
[INFO] [stderr]    Compiling bigdecimal v0.4.10
[INFO] [stderr]    Compiling hash32 v0.2.1
[INFO] [stderr]    Compiling serde_json v1.0.150
[INFO] [stderr]    Compiling crossbeam-epoch v0.9.18
[INFO] [stderr]    Compiling memchr v2.8.1
[INFO] [stderr]    Compiling cobs v0.3.0
[INFO] [stderr]    Compiling portable-atomic v1.13.1
[INFO] [stderr]    Compiling xxhash-rust v0.8.15
[INFO] [stderr]    Compiling cpufeatures v0.3.0
[INFO] [stderr]    Compiling libsqlite3-sys v0.37.0
[INFO] [stderr]    Compiling reifydb-value v0.9.3
[INFO] [stderr]    Compiling chacha20 v0.10.0
[INFO] [stderr]    Compiling reifydb-runtime v0.9.3
[INFO] [stderr]    Compiling reifydb-codec v0.9.3
[INFO] [stderr]    Compiling tracing v0.1.44
[INFO] [stderr]    Compiling futures-macro v0.3.32
[INFO] [stderr]    Compiling rustc_version v0.4.1
[INFO] [stderr]    Compiling crossbeam-deque v0.8.6
[INFO] [stderr]    Compiling crossbeam-channel v0.5.15
[INFO] [stderr]    Compiling futures-task v0.3.32
[INFO] [stderr]    Compiling either v1.16.0
[INFO] [stderr]    Compiling tagptr v0.2.0
[INFO] [stderr]    Compiling futures-core v0.3.32
[INFO] [stderr]    Compiling spin v0.9.8
[INFO] [stderr]    Compiling futures-sink v0.3.32
[INFO] [stderr]    Compiling rayon-core v1.13.0
[INFO] [stderr]    Compiling hashbrown v0.16.1
[INFO] [stderr]    Compiling tokio v1.52.3
[INFO] [stderr]    Compiling rand v0.10.1
[INFO] [stderr]    Compiling reifydb-core v0.9.3
[INFO] [stderr]    Compiling reifydb-macro-impl v0.9.3
[INFO] [stderr]    Compiling crossbeam-skiplist v0.1.3
[INFO] [stderr]    Compiling reifydb-filter v0.9.3
[INFO] [stderr]    Compiling heapless v0.7.17
[INFO] [stderr]    Compiling reifydb-sqlite v0.9.3
[INFO] [stderr]    Compiling bitflags v2.13.0
[INFO] [stderr]    Compiling reifydb-store v0.9.3
[INFO] [stderr]    Compiling reifydb-store-commit v0.9.3
[INFO] [stderr]    Compiling reifydb-store-multi v0.9.3
[INFO] [stderr]    Compiling reifydb-store-single v0.9.3
[INFO] [stderr]    Compiling reifydb-transaction v0.9.3
[INFO] [stderr]    Compiling reifydb-catalog v0.9.3
[INFO] [stderr]    Compiling rustc-hash v2.1.2
[INFO] [stderr]    Compiling reifydb-store-cdc v0.9.3
[INFO] [stderr]    Compiling subtle v2.6.1
[INFO] [stderr]    Compiling reifydb-cdc v0.9.3 (/opt/rustwide/workdir)
[INFO] [stderr]    Compiling futures-util v0.3.32
[INFO] [stderr]    Compiling hashlink v0.11.1
[INFO] [stderr]    Compiling reifydb-macro v0.9.3
[INFO] [stderr]    Compiling num-integer v0.1.46
[INFO] [stderr]    Compiling rayon v1.12.0
[INFO] [stderr]    Compiling serde v1.0.228
[INFO] [stderr]    Compiling uuid v1.23.2
[INFO] [stderr]    Compiling serde_bytes v0.11.19
[INFO] [stderr]    Compiling indexmap v2.14.0
[INFO] [stderr]    Compiling smallvec v1.15.1
[INFO] [stderr]    Compiling num-bigint v0.4.6
[INFO] [stderr]    Compiling parking_lot_core v0.9.12
[INFO] [stderr]    Compiling parking_lot v0.12.5
[INFO] [stderr]    Compiling dashmap v7.0.0-rc2
[INFO] [stderr]    Compiling moka v0.12.15
[INFO] [stderr]    Compiling postcard v1.1.3
[INFO] [stderr]    Compiling rusqlite v0.39.0
[INFO] [stderr]     Finished `release` profile [optimized] target(s) in 3m 41s
[INFO] running `Command { std: "docker" "inspect" "7fca3e8e73b42835bfc7b42addf8bbb6520cbe151989f3f899d2a19fe13584d3", kill_on_drop: false }`
[INFO] running `Command { std: "docker" "exec" "-e" "SOURCE_DIR=/opt/rustwide/workdir" "-e" "CARGO_HOME=/opt/rustwide/cargo-home" "-e" "RUSTUP_HOME=/opt/rustwide/rustup-home" "-e" "CARGO_TARGET_DIR=/opt/rustwide/target" "-e" "CARGO_INCREMENTAL=0" "-e" "RUST_BACKTRACE=full" "-e" "RUSTFLAGS=--cap-lints=warn" "-e" "RUSTDOCFLAGS=--cap-lints=warn" "-w" "/opt/rustwide/workdir" "--user" "0:0" "7fca3e8e73b42835bfc7b42addf8bbb6520cbe151989f3f899d2a19fe13584d3" "/opt/rustwide/cargo-home/bin/cargo" "+1.99.0-beta.8" "test" "--frozen" "--no-run" "--message-format=json" "--release", kill_on_drop: false }`
[INFO] [stderr]    Compiling reifydb-cdc v0.9.3 (/opt/rustwide/workdir)
[INFO] [stdout] error[E0433]: cannot find module or crate `reifydb_test_harness` in this scope
[INFO] [stdout]  --> tests/snapshot_cdc.rs:7:5
[INFO] [stdout]   |
[INFO] [stdout] 7 | use reifydb_test_harness::engine::TestEngine;
[INFO] [stdout]   |     ^^^^^^^^^^^^^^^^^^^^ use of unresolved module or unlinked crate `reifydb_test_harness`
[INFO] [stdout]   |
[INFO] [stdout]   = help: if you wanted to use a crate named `reifydb_test_harness`, use `cargo add reifydb_test_harness` to add it to your `Cargo.toml`
[INFO] [stdout] 
[INFO] [stdout] 
[INFO] [stdout] error[E0433]: cannot find module or crate `reifydb_testing` in this scope
[INFO] [stdout]  --> tests/snapshot_cdc.rs:8:5
[INFO] [stdout]   |
[INFO] [stdout] 8 | use reifydb_testing::testscript::runner::run_path;
[INFO] [stdout]   |     ^^^^^^^^^^^^^^^ use of unresolved module or unlinked crate `reifydb_testing`
[INFO] [stdout]   |
[INFO] [stdout] help: there is a crate or module with a similar name
[INFO] [stdout]   |
[INFO] [stdout] 8 - use reifydb_testing::testscript::runner::run_path;
[INFO] [stdout] 8 + use reifydb_runtime::testscript::runner::run_path;
[INFO] [stdout]   |
[INFO] [stdout] 
[INFO] [stdout] 
[INFO] [stdout] error[E0433]: cannot find module or crate `reifydb_engine` in this scope
[INFO] [stdout]   --> tests/common/runner.rs:21:5
[INFO] [stdout]    |
[INFO] [stdout] 21 | use reifydb_engine::engine::StandardEngine;
[INFO] [stdout]    |     ^^^^^^^^^^^^^^ use of unresolved module or unlinked crate `reifydb_engine`
[INFO] [stdout]    |
[INFO] [stdout] help: there is a crate or module with a similar name
[INFO] [stdout]    |
[INFO] [stdout] 21 - use reifydb_engine::engine::StandardEngine;
[INFO] [stdout] 21 + use reifydb_sqlite::engine::StandardEngine;
[INFO] [stdout]    |
[INFO] [stdout] 
[INFO] [stdout] 
[INFO] [stdout] error[E0433]: cannot find module or crate `reifydb_testing` in this scope
[INFO] [stdout]   --> tests/common/runner.rs:24:5
[INFO] [stdout]    |
[INFO] [stdout] 24 | use reifydb_testing::testscript::{command::Command, runner::Runner as TsRunner};
[INFO] [stdout]    |     ^^^^^^^^^^^^^^^ use of unresolved module or unlinked crate `reifydb_testing`
[INFO] [stdout]    |
[INFO] [stdout] help: there is a crate or module with a similar name
[INFO] [stdout]    |
[INFO] [stdout] 24 - use reifydb_testing::testscript::{command::Command, runner::Runner as TsRunner};
[INFO] [stdout] 24 + use reifydb_runtime::testscript::{command::Command, runner::Runner as TsRunner};
[INFO] [stdout]    |
[INFO] [stdout] 
[INFO] [stdout] 
[INFO] [stdout] error[E0432]: unresolved import `test_each_file`
[INFO] [stdout]  --> tests/snapshot_cdc.rs:9:5
[INFO] [stdout]   |
[INFO] [stdout] 9 | use test_each_file::test_each_path;
[INFO] [stdout]   |     ^^^^^^^^^^^^^^ use of unresolved module or unlinked crate `test_each_file`
[INFO] [stdout]   |
[INFO] [stdout]   = help: if you wanted to use a crate named `test_each_file`, use `cargo add test_each_file` to add it to your `Cargo.toml`
[INFO] [stdout] 
[INFO] [stdout] 
[INFO] [stdout] Some errors have detailed explanations: E0432, E0433.
[INFO] [stdout] 
[INFO] [stdout] For more information about an error, try `rustc --explain E0432`.
[INFO] [stdout] 
[INFO] [stdout] error[E0433]: cannot find module or crate `reifydb_test_harness` in this scope
[INFO] [stdout]  --> tests/snapshot_memory.rs:6:5
[INFO] [stdout]   |
[INFO] [stdout] 6 | use reifydb_test_harness::engine::TestEngine;
[INFO] [stdout]   |     ^^^^^^^^^^^^^^^^^^^^ use of unresolved module or unlinked crate `reifydb_test_harness`
[INFO] [stdout]   |
[INFO] [stdout]   = help: if you wanted to use a crate named `reifydb_test_harness`, use `cargo add reifydb_test_harness` to add it to your `Cargo.toml`
[INFO] [stdout] 
[INFO] [stdout] 
[INFO] [stderr] error: could not compile `reifydb-cdc` (test "snapshot_cdc") due to 5 previous errors
[INFO] [stdout] error[E0433]: cannot find module or crate `reifydb_testing` in this scope
[INFO] [stdout]  --> tests/snapshot_memory.rs:7:5
[INFO] [stdout]   |
[INFO] [stdout] 7 | use reifydb_testing::testscript::runner::run_path;
[INFO] [stdout]   |     ^^^^^^^^^^^^^^^ use of unresolved module or unlinked crate `reifydb_testing`
[INFO] [stdout]   |
[INFO] [stdout] help: there is a crate or module with a similar name
[INFO] [stdout]   |
[INFO] [stdout] 7 - use reifydb_testing::testscript::runner::run_path;
[INFO] [stdout] 7 + use reifydb_runtime::testscript::runner::run_path;
[INFO] [stdout]   |
[INFO] [stdout] 
[INFO] [stdout] 
[INFO] [stderr] warning: build failed, waiting for other jobs to finish...
[INFO] [stdout] error[E0433]: cannot find module or crate `reifydb_engine` in this scope
[INFO] [stdout]   --> tests/common/runner.rs:21:5
[INFO] [stdout]    |
[INFO] [stdout] 21 | use reifydb_engine::engine::StandardEngine;
[INFO] [stdout]    |     ^^^^^^^^^^^^^^ use of unresolved module or unlinked crate `reifydb_engine`
[INFO] [stdout]    |
[INFO] [stdout] help: there is a crate or module with a similar name
[INFO] [stdout]    |
[INFO] [stdout] 21 - use reifydb_engine::engine::StandardEngine;
[INFO] [stdout] 21 + use reifydb_runtime::engine::StandardEngine;
[INFO] [stdout]    |
[INFO] [stdout] 
[INFO] [stdout] 
[INFO] [stdout] error[E0433]: cannot find module or crate `reifydb_testing` in this scope
[INFO] [stdout]   --> tests/common/runner.rs:24:5
[INFO] [stdout]    |
[INFO] [stdout] 24 | use reifydb_testing::testscript::{command::Command, runner::Runner as TsRunner};
[INFO] [stdout]    |     ^^^^^^^^^^^^^^^ use of unresolved module or unlinked crate `reifydb_testing`
[INFO] [stdout]    |
[INFO] [stdout] help: there is a crate or module with a similar name
[INFO] [stdout]    |
[INFO] [stdout] 24 - use reifydb_testing::testscript::{command::Command, runner::Runner as TsRunner};
[INFO] [stdout] 24 + use reifydb_runtime::testscript::{command::Command, runner::Runner as TsRunner};
[INFO] [stdout]    |
[INFO] [stdout] 
[INFO] [stdout] 
[INFO] [stdout] error[E0432]: unresolved import `test_each_file`
[INFO] [stdout]  --> tests/snapshot_memory.rs:8:5
[INFO] [stdout]   |
[INFO] [stdout] 8 | use test_each_file::test_each_path;
[INFO] [stdout]   |     ^^^^^^^^^^^^^^ use of unresolved module or unlinked crate `test_each_file`
[INFO] [stdout]   |
[INFO] [stdout]   = help: if you wanted to use a crate named `test_each_file`, use `cargo add test_each_file` to add it to your `Cargo.toml`
[INFO] [stdout] 
[INFO] [stdout] 
[INFO] [stdout] error[E0433]: cannot find module or crate `reifydb_test_harness` in this scope
[INFO] [stdout]   --> tests/watermark.rs:18:5
[INFO] [stdout]    |
[INFO] [stdout] 18 | use reifydb_test_harness::engine::TestEngine;
[INFO] [stdout]    |     ^^^^^^^^^^^^^^^^^^^^ use of unresolved module or unlinked crate `reifydb_test_harness`
[INFO] [stdout]    |
[INFO] [stdout]    = help: if you wanted to use a crate named `reifydb_test_harness`, use `cargo add reifydb_test_harness` to add it to your `Cargo.toml`
[INFO] [stdout] 
[INFO] [stdout] 
[INFO] [stdout] error[E0433]: cannot find module or crate `reifydb_engine` in this scope
[INFO] [stdout]   --> tests/consumer.rs:35:5
[INFO] [stdout]    |
[INFO] [stdout] 35 | use reifydb_engine::engine::StandardEngine;
[INFO] [stdout]    |     ^^^^^^^^^^^^^^ use of unresolved module or unlinked crate `reifydb_engine`
[INFO] [stdout]    |
[INFO] [stdout] help: there is a crate or module with a similar name
[INFO] [stdout]    |
[INFO] [stdout] 35 - use reifydb_engine::engine::StandardEngine;
[INFO] [stdout] 35 + use reifydb_runtime::engine::StandardEngine;
[INFO] [stdout]    |
[INFO] [stdout] 
[INFO] [stdout] 
[INFO] [stdout] error[E0433]: cannot find module or crate `reifydb_test_harness` in this scope
[INFO] [stdout]   --> tests/consumer.rs:42:5
[INFO] [stdout]    |
[INFO] [stdout] 42 | use reifydb_test_harness::engine::TestEngine;
[INFO] [stdout]    |     ^^^^^^^^^^^^^^^^^^^^ use of unresolved module or unlinked crate `reifydb_test_harness`
[INFO] [stdout]    |
[INFO] [stdout]    = help: if you wanted to use a crate named `reifydb_test_harness`, use `cargo add reifydb_test_harness` to add it to your `Cargo.toml`
[INFO] [stdout] 
[INFO] [stdout] 
[INFO] [stdout] Some errors have detailed explanations: E0432, E0433.
[INFO] [stdout] 
[INFO] [stdout] For more information about an error, try `rustc --explain E0432`.
[INFO] [stdout] 
[INFO] [stderr] error: could not compile `reifydb-cdc` (test "snapshot_memory") due to 5 previous errors
[INFO] [stdout] error[E0433]: cannot find module or crate `reifydb_test_harness` in this scope
[INFO] [stdout]   --> tests/rebuild.rs:23:5
[INFO] [stdout]    |
[INFO] [stdout] 23 | use reifydb_test_harness::engine::TestEngine;
[INFO] [stdout]    |     ^^^^^^^^^^^^^^^^^^^^ use of unresolved module or unlinked crate `reifydb_test_harness`
[INFO] [stdout]    |
[INFO] [stdout]    = help: if you wanted to use a crate named `reifydb_test_harness`, use `cargo add reifydb_test_harness` to add it to your `Cargo.toml`
[INFO] [stdout] 
[INFO] [stdout] 
[INFO] [stdout] For more information about this error, try `rustc --explain E0433`.
[INFO] [stdout] 
[INFO] [stderr] error: could not compile `reifydb-cdc` (test "watermark") due to 1 previous error
[INFO] [stdout] For more information about this error, try `rustc --explain E0433`.
[INFO] [stdout] 
[INFO] [stderr] error: could not compile `reifydb-cdc` (test "consumer") due to 2 previous errors
[INFO] [stdout] For more information about this error, try `rustc --explain E0433`.
[INFO] [stdout] 
[INFO] [stderr] error: could not compile `reifydb-cdc` (test "rebuild") due to 1 previous error
[INFO] running `Command { std: "docker" "inspect" "7fca3e8e73b42835bfc7b42addf8bbb6520cbe151989f3f899d2a19fe13584d3", kill_on_drop: false }`
[INFO] running `Command { std: "docker" "rm" "-f" "7fca3e8e73b42835bfc7b42addf8bbb6520cbe151989f3f899d2a19fe13584d3", kill_on_drop: false }`
[INFO] [stdout] 7fca3e8e73b42835bfc7b42addf8bbb6520cbe151989f3f899d2a19fe13584d3
