[INFO] fetching crate reifydb-catalog 0.9.3...
[INFO] testing reifydb-catalog-0.9.3 against 1.100.0-beta.1+cargoflags=--release for beta-release-1.100-2
[INFO] extracting crate reifydb-catalog 0.9.3 into /workspace/builds/worker-0-tc2/source
[INFO] started tweaking crates.io crate reifydb-catalog 0.9.3
[INFO] removed 0 missing tests
[INFO] finished tweaking crates.io crate reifydb-catalog 0.9.3
[INFO] tweaked toml for crates.io crate reifydb-catalog 0.9.3 written to /workspace/builds/worker-0-tc2/source/Cargo.toml
[INFO] validating manifest of crates.io crate reifydb-catalog 0.9.3 on toolchain 1.100.0-beta.1
[INFO] running `Command { std: CARGO_HOME="/workspace/cargo-home" RUSTUP_HOME="/workspace/rustup-home" "/workspace/cargo-home/bin/cargo" "+1.100.0-beta.1" "metadata" "--manifest-path" "Cargo.toml" "--no-deps", kill_on_drop: false }`
[INFO] crate crates.io crate reifydb-catalog 0.9.3 already has a lockfile, it will not be regenerated
[INFO] running `Command { std: CARGO_HOME="/workspace/cargo-home" RUSTUP_HOME="/workspace/rustup-home" "/workspace/cargo-home/bin/cargo" "+1.100.0-beta.1" "fetch" "--manifest-path" "Cargo.toml", kill_on_drop: false }`
[INFO] running `Command { std: "docker" "create" "-v" "/var/lib/crater-agent-workspace/builds/worker-0-tc2/source:/opt/rustwide/workdir:ro,Z" "-v" "/var/lib/crater-agent-workspace/builds/worker-0-tc2/target:/opt/rustwide/target:rw,Z" "-v" "/var/lib/crater-agent-workspace/cargo-home:/opt/rustwide/cargo-home:ro,Z" "-v" "/var/lib/crater-agent-workspace/rustup-home:/opt/rustwide/rustup-home:ro,Z" "-m" "1610612736" "--network" "none" "ghcr.io/rust-lang/crates-build-env/linux@sha256:77db811e55d90add9212f6832c23229e3de5f1c1f9905e8cb07319ea15df73ac" "sleep" "infinity", kill_on_drop: false }`
[INFO] [stdout] 99193966916cb64b86faaee2a738ea8858d20943efce5997cd17d9ff44a2ca74
[INFO] running `Command { std: "docker" "start" "99193966916cb64b86faaee2a738ea8858d20943efce5997cd17d9ff44a2ca74", kill_on_drop: false }`
[INFO] running `Command { std: "docker" "inspect" "99193966916cb64b86faaee2a738ea8858d20943efce5997cd17d9ff44a2ca74", kill_on_drop: false }`
[INFO] running `Command { std: "docker" "exec" "-e" "SOURCE_DIR=/opt/rustwide/workdir" "-e" "CARGO_HOME=/opt/rustwide/cargo-home" "-e" "RUSTUP_HOME=/opt/rustwide/rustup-home" "-e" "CARGO_TARGET_DIR=/opt/rustwide/target" "-w" "/opt/rustwide/workdir" "--user" "0:0" "99193966916cb64b86faaee2a738ea8858d20943efce5997cd17d9ff44a2ca74" "/opt/rustwide/cargo-home/bin/cargo" "+1.100.0-beta.1" "metadata" "--no-deps" "--format-version=1", kill_on_drop: false }`
[INFO] running `Command { std: "docker" "inspect" "99193966916cb64b86faaee2a738ea8858d20943efce5997cd17d9ff44a2ca74", kill_on_drop: false }`
[INFO] running `Command { std: "docker" "exec" "-e" "SOURCE_DIR=/opt/rustwide/workdir" "-e" "CARGO_HOME=/opt/rustwide/cargo-home" "-e" "RUSTUP_HOME=/opt/rustwide/rustup-home" "-e" "CARGO_TARGET_DIR=/opt/rustwide/target" "-e" "CARGO_INCREMENTAL=0" "-e" "RUST_BACKTRACE=full" "-e" "RUSTFLAGS=--cap-lints=warn" "-e" "RUSTDOCFLAGS=--cap-lints=warn" "-w" "/opt/rustwide/workdir" "--user" "0:0" "99193966916cb64b86faaee2a738ea8858d20943efce5997cd17d9ff44a2ca74" "/opt/rustwide/cargo-home/bin/cargo" "+1.100.0-beta.1" "build" "--frozen" "--message-format=json" "--release", kill_on_drop: false }`
[INFO] [stderr]    Compiling reifydb-build v0.9.3
[INFO] [stderr]    Compiling syn v2.0.117
[INFO] [stderr]    Compiling getrandom v0.4.2
[INFO] [stderr]    Compiling lock_api v0.4.14
[INFO] [stderr]    Compiling bigdecimal v0.4.10
[INFO] [stderr]    Compiling heapless v0.7.17
[INFO] [stderr]    Compiling hash32 v0.2.1
[INFO] [stderr]    Compiling cc v1.2.63
[INFO] [stderr]    Compiling crossbeam-epoch v0.9.18
[INFO] [stderr]    Compiling memchr v2.8.1
[INFO] [stderr]    Compiling num-integer v0.1.46
[INFO] [stderr]    Compiling serde_bytes v0.11.19
[INFO] [stderr]    Compiling zstd-safe v7.2.4
[INFO] [stderr]    Compiling xxhash-rust v0.8.15
[INFO] [stderr]    Compiling portable-atomic v1.13.1
[INFO] [stderr]    Compiling either v1.16.0
[INFO] [stderr]    Compiling indexmap v2.14.0
[INFO] [stderr]    Compiling reifydb-value v0.9.3
[INFO] [stderr]    Compiling reifydb-runtime v0.9.3
[INFO] [stderr]    Compiling reifydb-codec v0.9.3
[INFO] [stderr]    Compiling reifydb-core v0.9.3
[INFO] [stderr]    Compiling reifydb-sqlite v0.9.3
[INFO] [stderr]    Compiling reifydb-filter v0.9.3
[INFO] [stderr]    Compiling hashlink v0.11.1
[INFO] [stderr]    Compiling reifydb-store v0.9.3
[INFO] [stderr]    Compiling reifydb-store-commit v0.9.3
[INFO] [stderr]    Compiling reifydb-store-single v0.9.3
[INFO] [stderr]    Compiling reifydb-store-multi v0.9.3
[INFO] [stderr]    Compiling reifydb-transaction v0.9.3
[INFO] [stderr]    Compiling reifydb-catalog v0.9.3 (/opt/rustwide/workdir)
[INFO] [stderr]    Compiling spin v0.9.8
[INFO] [stderr]    Compiling uuid v1.23.2
[INFO] [stderr]    Compiling crossbeam-deque v0.8.6
[INFO] [stderr]    Compiling rand v0.10.1
[INFO] [stderr]    Compiling crossbeam-skiplist v0.1.3
[INFO] [stderr]    Compiling rustc-hash v2.1.2
[INFO] [stderr]    Compiling subtle v2.6.1
[INFO] [stderr]    Compiling serde_json v1.0.150
[INFO] [stderr]    Compiling rayon-core v1.13.0
[INFO] [stderr]    Compiling rayon v1.12.0
[INFO] [stderr]    Compiling zstd-sys v2.0.16+zstd.1.5.7
[INFO] [stderr]    Compiling libsqlite3-sys v0.37.0
[INFO] [stderr]    Compiling reifydb-macro-impl v0.9.3
[INFO] [stderr]    Compiling serde_derive v1.0.228
[INFO] [stderr]    Compiling thiserror-impl v2.0.18
[INFO] [stderr]    Compiling tracing-attributes v0.1.31
[INFO] [stderr]    Compiling tokio-macros v2.7.0
[INFO] [stderr]    Compiling futures-macro v0.3.32
[INFO] [stderr]    Compiling reifydb-macro v0.9.3
[INFO] [stderr]    Compiling tokio v1.52.3
[INFO] [stderr]    Compiling futures-util v0.3.32
[INFO] [stderr]    Compiling thiserror v2.0.18
[INFO] [stderr]    Compiling tracing v0.1.44
[INFO] [stderr]    Compiling cobs v0.3.0
[INFO] [stderr]    Compiling serde v1.0.228
[INFO] [stderr]    Compiling smallvec v1.15.1
[INFO] [stderr]    Compiling num-bigint v0.4.6
[INFO] [stderr]    Compiling parking_lot_core v0.9.12
[INFO] [stderr]    Compiling parking_lot v0.12.5
[INFO] [stderr]    Compiling dashmap v7.0.0-rc2
[INFO] [stderr]    Compiling moka v0.12.15
[INFO] [stderr]    Compiling postcard v1.1.3
[INFO] [stderr]    Compiling zstd v0.13.3
[INFO] [stderr]    Compiling rusqlite v0.39.0
[INFO] [stderr]     Finished `release` profile [optimized] target(s) in 4m 07s
[INFO] running `Command { std: "docker" "inspect" "99193966916cb64b86faaee2a738ea8858d20943efce5997cd17d9ff44a2ca74", kill_on_drop: false }`
[INFO] running `Command { std: "docker" "exec" "-e" "SOURCE_DIR=/opt/rustwide/workdir" "-e" "CARGO_HOME=/opt/rustwide/cargo-home" "-e" "RUSTUP_HOME=/opt/rustwide/rustup-home" "-e" "CARGO_TARGET_DIR=/opt/rustwide/target" "-e" "CARGO_INCREMENTAL=0" "-e" "RUST_BACKTRACE=full" "-e" "RUSTFLAGS=--cap-lints=warn" "-e" "RUSTDOCFLAGS=--cap-lints=warn" "-w" "/opt/rustwide/workdir" "--user" "0:0" "99193966916cb64b86faaee2a738ea8858d20943efce5997cd17d9ff44a2ca74" "/opt/rustwide/cargo-home/bin/cargo" "+1.100.0-beta.1" "test" "--frozen" "--no-run" "--message-format=json" "--release", kill_on_drop: false }`
[INFO] [stderr]    Compiling reifydb-catalog v0.9.3 (/opt/rustwide/workdir)
[INFO] [stdout] error[E0433]: cannot find module or crate `reifydb_test_harness` in this scope
[INFO] [stdout]  --> tests/vtable/relationship.rs:9:5
[INFO] [stdout]   |
[INFO] [stdout] 9 | use reifydb_test_harness::engine::TestEngine;
[INFO] [stdout]   |     ^^^^^^^^^^^^^^^^^^^^ use of unresolved module or unlinked crate `reifydb_test_harness`
[INFO] [stdout]   |
[INFO] [stdout]   = help: if you wanted to use a crate named `reifydb_test_harness`, use `cargo add reifydb_test_harness` to add it to your `Cargo.toml`
[INFO] [stdout] 
[INFO] [stdout] 
[INFO] [stdout] For more information about this error, try `rustc --explain E0433`.
[INFO] [stdout] 
[INFO] [stderr] error: could not compile `reifydb-catalog` (test "vtable") due to 1 previous error
[INFO] [stderr] warning: build failed, waiting for other jobs to finish...
[INFO] [stdout] error[E0433]: cannot find module or crate `reifydb_test_harness` in this scope
[INFO] [stdout]  --> tests/transactional/relationship/common.rs:5:5
[INFO] [stdout]   |
[INFO] [stdout] 5 | use reifydb_test_harness::engine::TestEngine;
[INFO] [stdout]   |     ^^^^^^^^^^^^^^^^^^^^ use of unresolved module or unlinked crate `reifydb_test_harness`
[INFO] [stdout]   |
[INFO] [stdout]   = help: if you wanted to use a crate named `reifydb_test_harness`, use `cargo add reifydb_test_harness` to add it to your `Cargo.toml`
[INFO] [stdout] 
[INFO] [stdout] 
[INFO] [stdout] error[E0433]: cannot find module or crate `reifydb_test_harness` in this scope
[INFO] [stdout]  --> tests/transactional/authentication/create.rs:4:5
[INFO] [stdout]   |
[INFO] [stdout] 4 | use reifydb_test_harness::engine::TestEngine;
[INFO] [stdout]   |     ^^^^^^^^^^^^^^^^^^^^ use of unresolved module or unlinked crate `reifydb_test_harness`
[INFO] [stdout]   |
[INFO] [stdout]   = help: if you wanted to use a crate named `reifydb_test_harness`, use `cargo add reifydb_test_harness` to add it to your `Cargo.toml`
[INFO] [stdout] 
[INFO] [stdout] 
[INFO] [stdout] error[E0433]: cannot find module or crate `reifydb_test_harness` in this scope
[INFO] [stdout]  --> tests/transactional/authentication/drop.rs:4:5
[INFO] [stdout]   |
[INFO] [stdout] 4 | use reifydb_test_harness::engine::TestEngine;
[INFO] [stdout]   |     ^^^^^^^^^^^^^^^^^^^^ use of unresolved module or unlinked crate `reifydb_test_harness`
[INFO] [stdout]   |
[INFO] [stdout]   = help: if you wanted to use a crate named `reifydb_test_harness`, use `cargo add reifydb_test_harness` to add it to your `Cargo.toml`
[INFO] [stdout] 
[INFO] [stdout] 
[INFO] [stdout] error[E0433]: cannot find module or crate `reifydb_test_harness` in this scope
[INFO] [stdout]  --> tests/transactional/authentication/find.rs:4:5
[INFO] [stdout]   |
[INFO] [stdout] 4 | use reifydb_test_harness::engine::TestEngine;
[INFO] [stdout]   |     ^^^^^^^^^^^^^^^^^^^^ use of unresolved module or unlinked crate `reifydb_test_harness`
[INFO] [stdout]   |
[INFO] [stdout]   = help: if you wanted to use a crate named `reifydb_test_harness`, use `cargo add reifydb_test_harness` to add it to your `Cargo.toml`
[INFO] [stdout] 
[INFO] [stdout] 
[INFO] [stdout] error[E0433]: cannot find module or crate `reifydb_test_harness` in this scope
[INFO] [stdout]  --> tests/transactional/authentication/list.rs:4:5
[INFO] [stdout]   |
[INFO] [stdout] 4 | use reifydb_test_harness::engine::TestEngine;
[INFO] [stdout]   |     ^^^^^^^^^^^^^^^^^^^^ use of unresolved module or unlinked crate `reifydb_test_harness`
[INFO] [stdout]   |
[INFO] [stdout]   = help: if you wanted to use a crate named `reifydb_test_harness`, use `cargo add reifydb_test_harness` to add it to your `Cargo.toml`
[INFO] [stdout] 
[INFO] [stdout] 
[INFO] [stdout] error[E0433]: cannot find module or crate `reifydb_test_harness` in this scope
[INFO] [stdout]  --> tests/transactional/binding/create.rs:4:5
[INFO] [stdout]   |
[INFO] [stdout] 4 | use reifydb_test_harness::engine::TestEngine;
[INFO] [stdout]   |     ^^^^^^^^^^^^^^^^^^^^ use of unresolved module or unlinked crate `reifydb_test_harness`
[INFO] [stdout]   |
[INFO] [stdout]   = help: if you wanted to use a crate named `reifydb_test_harness`, use `cargo add reifydb_test_harness` to add it to your `Cargo.toml`
[INFO] [stdout] 
[INFO] [stdout] 
[INFO] [stdout] error[E0433]: cannot find module or crate `reifydb_test_harness` in this scope
[INFO] [stdout]  --> tests/transactional/binding/drop.rs:4:5
[INFO] [stdout]   |
[INFO] [stdout] 4 | use reifydb_test_harness::engine::TestEngine;
[INFO] [stdout]   |     ^^^^^^^^^^^^^^^^^^^^ use of unresolved module or unlinked crate `reifydb_test_harness`
[INFO] [stdout]   |
[INFO] [stdout]   = help: if you wanted to use a crate named `reifydb_test_harness`, use `cargo add reifydb_test_harness` to add it to your `Cargo.toml`
[INFO] [stdout] 
[INFO] [stdout] 
[INFO] [stdout] error[E0433]: cannot find module or crate `reifydb_test_harness` in this scope
[INFO] [stdout]  --> tests/transactional/binding/find.rs:4:5
[INFO] [stdout]   |
[INFO] [stdout] 4 | use reifydb_test_harness::engine::TestEngine;
[INFO] [stdout]   |     ^^^^^^^^^^^^^^^^^^^^ use of unresolved module or unlinked crate `reifydb_test_harness`
[INFO] [stdout]   |
[INFO] [stdout]   = help: if you wanted to use a crate named `reifydb_test_harness`, use `cargo add reifydb_test_harness` to add it to your `Cargo.toml`
[INFO] [stdout] 
[INFO] [stdout] 
[INFO] [stdout] error[E0433]: cannot find module or crate `reifydb_test_harness` in this scope
[INFO] [stdout]  --> tests/transactional/binding/list.rs:4:5
[INFO] [stdout]   |
[INFO] [stdout] 4 | use reifydb_test_harness::engine::TestEngine;
[INFO] [stdout]   |     ^^^^^^^^^^^^^^^^^^^^ use of unresolved module or unlinked crate `reifydb_test_harness`
[INFO] [stdout]   |
[INFO] [stdout]   = help: if you wanted to use a crate named `reifydb_test_harness`, use `cargo add reifydb_test_harness` to add it to your `Cargo.toml`
[INFO] [stdout] 
[INFO] [stdout] 
[INFO] [stdout] error[E0433]: cannot find module or crate `reifydb_test_harness` in this scope
[INFO] [stdout]  --> tests/transactional/dictionary/create.rs:4:5
[INFO] [stdout]   |
[INFO] [stdout] 4 | use reifydb_test_harness::engine::TestEngine;
[INFO] [stdout]   |     ^^^^^^^^^^^^^^^^^^^^ use of unresolved module or unlinked crate `reifydb_test_harness`
[INFO] [stdout]   |
[INFO] [stdout]   = help: if you wanted to use a crate named `reifydb_test_harness`, use `cargo add reifydb_test_harness` to add it to your `Cargo.toml`
[INFO] [stdout] 
[INFO] [stdout] 
[INFO] [stdout] error[E0433]: cannot find module or crate `reifydb_test_harness` in this scope
[INFO] [stdout]  --> tests/transactional/dictionary/drop.rs:4:5
[INFO] [stdout]   |
[INFO] [stdout] 4 | use reifydb_test_harness::engine::TestEngine;
[INFO] [stdout]   |     ^^^^^^^^^^^^^^^^^^^^ use of unresolved module or unlinked crate `reifydb_test_harness`
[INFO] [stdout]   |
[INFO] [stdout]   = help: if you wanted to use a crate named `reifydb_test_harness`, use `cargo add reifydb_test_harness` to add it to your `Cargo.toml`
[INFO] [stdout] 
[INFO] [stdout] 
[INFO] [stdout] error[E0433]: cannot find module or crate `reifydb_test_harness` in this scope
[INFO] [stdout]  --> tests/transactional/dictionary/find.rs:4:5
[INFO] [stdout]   |
[INFO] [stdout] 4 | use reifydb_test_harness::engine::TestEngine;
[INFO] [stdout]   |     ^^^^^^^^^^^^^^^^^^^^ use of unresolved module or unlinked crate `reifydb_test_harness`
[INFO] [stdout]   |
[INFO] [stdout]   = help: if you wanted to use a crate named `reifydb_test_harness`, use `cargo add reifydb_test_harness` to add it to your `Cargo.toml`
[INFO] [stdout] 
[INFO] [stdout] 
[INFO] [stdout] error[E0433]: cannot find module or crate `reifydb_test_harness` in this scope
[INFO] [stdout]  --> tests/transactional/dictionary/list.rs:4:5
[INFO] [stdout]   |
[INFO] [stdout] 4 | use reifydb_test_harness::engine::TestEngine;
[INFO] [stdout]   |     ^^^^^^^^^^^^^^^^^^^^ use of unresolved module or unlinked crate `reifydb_test_harness`
[INFO] [stdout]   |
[INFO] [stdout]   = help: if you wanted to use a crate named `reifydb_test_harness`, use `cargo add reifydb_test_harness` to add it to your `Cargo.toml`
[INFO] [stdout] 
[INFO] [stdout] 
[INFO] [stdout] error[E0433]: cannot find module or crate `reifydb_test_harness` in this scope
[INFO] [stdout]  --> tests/transactional/handler/create.rs:8:5
[INFO] [stdout]   |
[INFO] [stdout] 8 | use reifydb_test_harness::engine::TestEngine;
[INFO] [stdout]   |     ^^^^^^^^^^^^^^^^^^^^ use of unresolved module or unlinked crate `reifydb_test_harness`
[INFO] [stdout]   |
[INFO] [stdout]   = help: if you wanted to use a crate named `reifydb_test_harness`, use `cargo add reifydb_test_harness` to add it to your `Cargo.toml`
[INFO] [stdout] 
[INFO] [stdout] 
[INFO] [stdout] error[E0433]: cannot find module or crate `reifydb_test_harness` in this scope
[INFO] [stdout]  --> tests/transactional/handler/drop.rs:4:5
[INFO] [stdout]   |
[INFO] [stdout] 4 | use reifydb_test_harness::engine::TestEngine;
[INFO] [stdout]   |     ^^^^^^^^^^^^^^^^^^^^ use of unresolved module or unlinked crate `reifydb_test_harness`
[INFO] [stdout]   |
[INFO] [stdout]   = help: if you wanted to use a crate named `reifydb_test_harness`, use `cargo add reifydb_test_harness` to add it to your `Cargo.toml`
[INFO] [stdout] 
[INFO] [stdout] 
[INFO] [stdout] error[E0433]: cannot find module or crate `reifydb_test_harness` in this scope
[INFO] [stdout]  --> tests/transactional/handler/find.rs:4:5
[INFO] [stdout]   |
[INFO] [stdout] 4 | use reifydb_test_harness::engine::TestEngine;
[INFO] [stdout]   |     ^^^^^^^^^^^^^^^^^^^^ use of unresolved module or unlinked crate `reifydb_test_harness`
[INFO] [stdout]   |
[INFO] [stdout]   = help: if you wanted to use a crate named `reifydb_test_harness`, use `cargo add reifydb_test_harness` to add it to your `Cargo.toml`
[INFO] [stdout] 
[INFO] [stdout] 
[INFO] [stdout] error[E0433]: cannot find module or crate `reifydb_test_harness` in this scope
[INFO] [stdout]  --> tests/transactional/handler/list.rs:4:5
[INFO] [stdout]   |
[INFO] [stdout] 4 | use reifydb_test_harness::engine::TestEngine;
[INFO] [stdout]   |     ^^^^^^^^^^^^^^^^^^^^ use of unresolved module or unlinked crate `reifydb_test_harness`
[INFO] [stdout]   |
[INFO] [stdout]   = help: if you wanted to use a crate named `reifydb_test_harness`, use `cargo add reifydb_test_harness` to add it to your `Cargo.toml`
[INFO] [stdout] 
[INFO] [stdout] 
[INFO] [stdout] error[E0433]: cannot find module or crate `reifydb_test_harness` in this scope
[INFO] [stdout]  --> tests/transactional/identity/create.rs:4:5
[INFO] [stdout]   |
[INFO] [stdout] 4 | use reifydb_test_harness::engine::TestEngine;
[INFO] [stdout]   |     ^^^^^^^^^^^^^^^^^^^^ use of unresolved module or unlinked crate `reifydb_test_harness`
[INFO] [stdout]   |
[INFO] [stdout]   = help: if you wanted to use a crate named `reifydb_test_harness`, use `cargo add reifydb_test_harness` to add it to your `Cargo.toml`
[INFO] [stdout] 
[INFO] [stdout] 
[INFO] [stdout] error[E0433]: cannot find module or crate `reifydb_test_harness` in this scope
[INFO] [stdout]  --> tests/transactional/identity/drop.rs:4:5
[INFO] [stdout]   |
[INFO] [stdout] 4 | use reifydb_test_harness::engine::TestEngine;
[INFO] [stdout]   |     ^^^^^^^^^^^^^^^^^^^^ use of unresolved module or unlinked crate `reifydb_test_harness`
[INFO] [stdout]   |
[INFO] [stdout]   = help: if you wanted to use a crate named `reifydb_test_harness`, use `cargo add reifydb_test_harness` to add it to your `Cargo.toml`
[INFO] [stdout] 
[INFO] [stdout] 
[INFO] [stdout] error[E0433]: cannot find module or crate `reifydb_test_harness` in this scope
[INFO] [stdout]  --> tests/transactional/identity/enabled.rs:4:5
[INFO] [stdout]   |
[INFO] [stdout] 4 | use reifydb_test_harness::engine::TestEngine;
[INFO] [stdout]   |     ^^^^^^^^^^^^^^^^^^^^ use of unresolved module or unlinked crate `reifydb_test_harness`
[INFO] [stdout]   |
[INFO] [stdout]   = help: if you wanted to use a crate named `reifydb_test_harness`, use `cargo add reifydb_test_harness` to add it to your `Cargo.toml`
[INFO] [stdout] 
[INFO] [stdout] 
[INFO] [stdout] error[E0433]: cannot find module or crate `reifydb_test_harness` in this scope
[INFO] [stdout]  --> tests/transactional/identity/find.rs:4:5
[INFO] [stdout]   |
[INFO] [stdout] 4 | use reifydb_test_harness::engine::TestEngine;
[INFO] [stdout]   |     ^^^^^^^^^^^^^^^^^^^^ use of unresolved module or unlinked crate `reifydb_test_harness`
[INFO] [stdout]   |
[INFO] [stdout]   = help: if you wanted to use a crate named `reifydb_test_harness`, use `cargo add reifydb_test_harness` to add it to your `Cargo.toml`
[INFO] [stdout] 
[INFO] [stdout] 
[INFO] [stdout] error[E0433]: cannot find module or crate `reifydb_test_harness` in this scope
[INFO] [stdout]  --> tests/transactional/identity/kind.rs:4:5
[INFO] [stdout]   |
[INFO] [stdout] 4 | use reifydb_test_harness::engine::TestEngine;
[INFO] [stdout]   |     ^^^^^^^^^^^^^^^^^^^^ use of unresolved module or unlinked crate `reifydb_test_harness`
[INFO] [stdout]   |
[INFO] [stdout]   = help: if you wanted to use a crate named `reifydb_test_harness`, use `cargo add reifydb_test_harness` to add it to your `Cargo.toml`
[INFO] [stdout] 
[INFO] [stdout] 
[INFO] [stdout] error[E0433]: cannot find module or crate `reifydb_test_harness` in this scope
[INFO] [stdout]  --> tests/transactional/identity/list.rs:4:5
[INFO] [stdout]   |
[INFO] [stdout] 4 | use reifydb_test_harness::engine::TestEngine;
[INFO] [stdout]   |     ^^^^^^^^^^^^^^^^^^^^ use of unresolved module or unlinked crate `reifydb_test_harness`
[INFO] [stdout]   |
[INFO] [stdout]   = help: if you wanted to use a crate named `reifydb_test_harness`, use `cargo add reifydb_test_harness` to add it to your `Cargo.toml`
[INFO] [stdout] 
[INFO] [stdout] 
[INFO] [stdout] error[E0433]: cannot find module or crate `reifydb_test_harness` in this scope
[INFO] [stdout]  --> tests/transactional/identity/rename.rs:4:5
[INFO] [stdout]   |
[INFO] [stdout] 4 | use reifydb_test_harness::engine::TestEngine;
[INFO] [stdout]   |     ^^^^^^^^^^^^^^^^^^^^ use of unresolved module or unlinked crate `reifydb_test_harness`
[INFO] [stdout]   |
[INFO] [stdout]   = help: if you wanted to use a crate named `reifydb_test_harness`, use `cargo add reifydb_test_harness` to add it to your `Cargo.toml`
[INFO] [stdout] 
[INFO] [stdout] 
[INFO] [stdout] error[E0433]: cannot find module or crate `reifydb_test_harness` in this scope
[INFO] [stdout]  --> tests/transactional/identity_attribute/create.rs:4:5
[INFO] [stdout]   |
[INFO] [stdout] 4 | use reifydb_test_harness::engine::TestEngine;
[INFO] [stdout]   |     ^^^^^^^^^^^^^^^^^^^^ use of unresolved module or unlinked crate `reifydb_test_harness`
[INFO] [stdout]   |
[INFO] [stdout]   = help: if you wanted to use a crate named `reifydb_test_harness`, use `cargo add reifydb_test_harness` to add it to your `Cargo.toml`
[INFO] [stdout] 
[INFO] [stdout] 
[INFO] [stdout] error[E0433]: cannot find module or crate `reifydb_test_harness` in this scope
[INFO] [stdout]  --> tests/transactional/identity_attribute/drop.rs:4:5
[INFO] [stdout]   |
[INFO] [stdout] 4 | use reifydb_test_harness::engine::TestEngine;
[INFO] [stdout]   |     ^^^^^^^^^^^^^^^^^^^^ use of unresolved module or unlinked crate `reifydb_test_harness`
[INFO] [stdout]   |
[INFO] [stdout]   = help: if you wanted to use a crate named `reifydb_test_harness`, use `cargo add reifydb_test_harness` to add it to your `Cargo.toml`
[INFO] [stdout] 
[INFO] [stdout] 
[INFO] [stdout] error[E0433]: cannot find module or crate `reifydb_test_harness` in this scope
[INFO] [stdout]  --> tests/transactional/identity_attribute/find.rs:4:5
[INFO] [stdout]   |
[INFO] [stdout] 4 | use reifydb_test_harness::engine::TestEngine;
[INFO] [stdout]   |     ^^^^^^^^^^^^^^^^^^^^ use of unresolved module or unlinked crate `reifydb_test_harness`
[INFO] [stdout]   |
[INFO] [stdout]   = help: if you wanted to use a crate named `reifydb_test_harness`, use `cargo add reifydb_test_harness` to add it to your `Cargo.toml`
[INFO] [stdout] 
[INFO] [stdout] 
[INFO] [stdout] error[E0433]: cannot find module or crate `reifydb_test_harness` in this scope
[INFO] [stdout]  --> tests/transactional/identity_attribute/list.rs:4:5
[INFO] [stdout]   |
[INFO] [stdout] 4 | use reifydb_test_harness::engine::TestEngine;
[INFO] [stdout]   |     ^^^^^^^^^^^^^^^^^^^^ use of unresolved module or unlinked crate `reifydb_test_harness`
[INFO] [stdout]   |
[INFO] [stdout]   = help: if you wanted to use a crate named `reifydb_test_harness`, use `cargo add reifydb_test_harness` to add it to your `Cargo.toml`
[INFO] [stdout] 
[INFO] [stdout] 
[INFO] [stdout] error[E0433]: cannot find module or crate `reifydb_test_harness` in this scope
[INFO] [stdout]  --> tests/transactional/identity_attribute/values.rs:6:5
[INFO] [stdout]   |
[INFO] [stdout] 6 | use reifydb_test_harness::engine::TestEngine;
[INFO] [stdout]   |     ^^^^^^^^^^^^^^^^^^^^ use of unresolved module or unlinked crate `reifydb_test_harness`
[INFO] [stdout]   |
[INFO] [stdout]   = help: if you wanted to use a crate named `reifydb_test_harness`, use `cargo add reifydb_test_harness` to add it to your `Cargo.toml`
[INFO] [stdout] 
[INFO] [stdout] 
[INFO] [stdout] error[E0433]: cannot find module or crate `reifydb_test_harness` in this scope
[INFO] [stdout]  --> tests/transactional/namespace/create.rs:4:5
[INFO] [stdout]   |
[INFO] [stdout] 4 | use reifydb_test_harness::engine::TestEngine;
[INFO] [stdout]   |     ^^^^^^^^^^^^^^^^^^^^ use of unresolved module or unlinked crate `reifydb_test_harness`
[INFO] [stdout]   |
[INFO] [stdout]   = help: if you wanted to use a crate named `reifydb_test_harness`, use `cargo add reifydb_test_harness` to add it to your `Cargo.toml`
[INFO] [stdout] 
[INFO] [stdout] 
[INFO] [stdout] error[E0433]: cannot find module or crate `reifydb_test_harness` in this scope
[INFO] [stdout]  --> tests/transactional/namespace/drop.rs:4:5
[INFO] [stdout]   |
[INFO] [stdout] 4 | use reifydb_test_harness::engine::TestEngine;
[INFO] [stdout]   |     ^^^^^^^^^^^^^^^^^^^^ use of unresolved module or unlinked crate `reifydb_test_harness`
[INFO] [stdout]   |
[INFO] [stdout]   = help: if you wanted to use a crate named `reifydb_test_harness`, use `cargo add reifydb_test_harness` to add it to your `Cargo.toml`
[INFO] [stdout] 
[INFO] [stdout] 
[INFO] [stdout] error[E0433]: cannot find module or crate `reifydb_test_harness` in this scope
[INFO] [stdout]  --> tests/transactional/namespace/list.rs:4:5
[INFO] [stdout]   |
[INFO] [stdout] 4 | use reifydb_test_harness::engine::TestEngine;
[INFO] [stdout]   |     ^^^^^^^^^^^^^^^^^^^^ use of unresolved module or unlinked crate `reifydb_test_harness`
[INFO] [stdout]   |
[INFO] [stdout]   = help: if you wanted to use a crate named `reifydb_test_harness`, use `cargo add reifydb_test_harness` to add it to your `Cargo.toml`
[INFO] [stdout] 
[INFO] [stdout] 
[INFO] [stdout] error[E0433]: cannot find module or crate `reifydb_test_harness` in this scope
[INFO] [stdout]  --> tests/transactional/operator/deferred/find.rs:9:5
[INFO] [stdout]   |
[INFO] [stdout] 9 | use reifydb_test_harness::engine::TestEngine;
[INFO] [stdout]   |     ^^^^^^^^^^^^^^^^^^^^ use of unresolved module or unlinked crate `reifydb_test_harness`
[INFO] [stdout]   |
[INFO] [stdout]   = help: if you wanted to use a crate named `reifydb_test_harness`, use `cargo add reifydb_test_harness` to add it to your `Cargo.toml`
[INFO] [stdout] 
[INFO] [stdout] 
[INFO] [stdout] error[E0433]: cannot find module or crate `reifydb_test_harness` in this scope
[INFO] [stdout]  --> tests/transactional/operator_settings/deferred/find.rs:7:5
[INFO] [stdout]   |
[INFO] [stdout] 7 | use reifydb_test_harness::engine::TestEngine;
[INFO] [stdout]   |     ^^^^^^^^^^^^^^^^^^^^ use of unresolved module or unlinked crate `reifydb_test_harness`
[INFO] [stdout]   |
[INFO] [stdout]   = help: if you wanted to use a crate named `reifydb_test_harness`, use `cargo add reifydb_test_harness` to add it to your `Cargo.toml`
[INFO] [stdout] 
[INFO] [stdout] 
[INFO] [stdout] error[E0433]: cannot find module or crate `reifydb_test_harness` in this scope
[INFO] [stdout]  --> tests/transactional/policy/create.rs:8:5
[INFO] [stdout]   |
[INFO] [stdout] 8 | use reifydb_test_harness::engine::TestEngine;
[INFO] [stdout]   |     ^^^^^^^^^^^^^^^^^^^^ use of unresolved module or unlinked crate `reifydb_test_harness`
[INFO] [stdout]   |
[INFO] [stdout]   = help: if you wanted to use a crate named `reifydb_test_harness`, use `cargo add reifydb_test_harness` to add it to your `Cargo.toml`
[INFO] [stdout] 
[INFO] [stdout] 
[INFO] [stdout] error[E0433]: cannot find module or crate `reifydb_test_harness` in this scope
[INFO] [stdout]  --> tests/transactional/policy/drop.rs:4:5
[INFO] [stdout]   |
[INFO] [stdout] 4 | use reifydb_test_harness::engine::TestEngine;
[INFO] [stdout]   |     ^^^^^^^^^^^^^^^^^^^^ use of unresolved module or unlinked crate `reifydb_test_harness`
[INFO] [stdout]   |
[INFO] [stdout]   = help: if you wanted to use a crate named `reifydb_test_harness`, use `cargo add reifydb_test_harness` to add it to your `Cargo.toml`
[INFO] [stdout] 
[INFO] [stdout] 
[INFO] [stdout] error[E0433]: cannot find module or crate `reifydb_test_harness` in this scope
[INFO] [stdout]  --> tests/transactional/policy/find.rs:7:5
[INFO] [stdout]   |
[INFO] [stdout] 7 | use reifydb_test_harness::engine::TestEngine;
[INFO] [stdout]   |     ^^^^^^^^^^^^^^^^^^^^ use of unresolved module or unlinked crate `reifydb_test_harness`
[INFO] [stdout]   |
[INFO] [stdout]   = help: if you wanted to use a crate named `reifydb_test_harness`, use `cargo add reifydb_test_harness` to add it to your `Cargo.toml`
[INFO] [stdout] 
[INFO] [stdout] 
[INFO] [stdout] error[E0433]: cannot find module or crate `reifydb_test_harness` in this scope
[INFO] [stdout]  --> tests/transactional/procedure/create.rs:4:5
[INFO] [stdout]   |
[INFO] [stdout] 4 | use reifydb_test_harness::engine::TestEngine;
[INFO] [stdout]   |     ^^^^^^^^^^^^^^^^^^^^ use of unresolved module or unlinked crate `reifydb_test_harness`
[INFO] [stdout]   |
[INFO] [stdout]   = help: if you wanted to use a crate named `reifydb_test_harness`, use `cargo add reifydb_test_harness` to add it to your `Cargo.toml`
[INFO] [stdout] 
[INFO] [stdout] 
[INFO] [stdout] error[E0433]: cannot find module or crate `reifydb_test_harness` in this scope
[INFO] [stdout]  --> tests/transactional/procedure/drop.rs:4:5
[INFO] [stdout]   |
[INFO] [stdout] 4 | use reifydb_test_harness::engine::TestEngine;
[INFO] [stdout]   |     ^^^^^^^^^^^^^^^^^^^^ use of unresolved module or unlinked crate `reifydb_test_harness`
[INFO] [stdout]   |
[INFO] [stdout]   = help: if you wanted to use a crate named `reifydb_test_harness`, use `cargo add reifydb_test_harness` to add it to your `Cargo.toml`
[INFO] [stdout] 
[INFO] [stdout] 
[INFO] [stdout] error[E0433]: cannot find module or crate `reifydb_test_harness` in this scope
[INFO] [stdout]  --> tests/transactional/procedure/find.rs:4:5
[INFO] [stdout]   |
[INFO] [stdout] 4 | use reifydb_test_harness::engine::TestEngine;
[INFO] [stdout]   |     ^^^^^^^^^^^^^^^^^^^^ use of unresolved module or unlinked crate `reifydb_test_harness`
[INFO] [stdout]   |
[INFO] [stdout]   = help: if you wanted to use a crate named `reifydb_test_harness`, use `cargo add reifydb_test_harness` to add it to your `Cargo.toml`
[INFO] [stdout] 
[INFO] [stdout] 
[INFO] [stdout] error[E0433]: cannot find module or crate `reifydb_test_harness` in this scope
[INFO] [stdout]  --> tests/transactional/procedure/list.rs:7:5
[INFO] [stdout]   |
[INFO] [stdout] 7 | use reifydb_test_harness::engine::TestEngine;
[INFO] [stdout]   |     ^^^^^^^^^^^^^^^^^^^^ use of unresolved module or unlinked crate `reifydb_test_harness`
[INFO] [stdout]   |
[INFO] [stdout]   = help: if you wanted to use a crate named `reifydb_test_harness`, use `cargo add reifydb_test_harness` to add it to your `Cargo.toml`
[INFO] [stdout] 
[INFO] [stdout] 
[INFO] [stdout] error[E0433]: cannot find module or crate `reifydb_test_harness` in this scope
[INFO] [stdout]  --> tests/transactional/queue/create.rs:5:5
[INFO] [stdout]   |
[INFO] [stdout] 5 | use reifydb_test_harness::engine::TestEngine;
[INFO] [stdout]   |     ^^^^^^^^^^^^^^^^^^^^ use of unresolved module or unlinked crate `reifydb_test_harness`
[INFO] [stdout]   |
[INFO] [stdout]   = help: if you wanted to use a crate named `reifydb_test_harness`, use `cargo add reifydb_test_harness` to add it to your `Cargo.toml`
[INFO] [stdout] 
[INFO] [stdout] 
[INFO] [stdout] error[E0433]: cannot find module or crate `reifydb_test_harness` in this scope
[INFO] [stdout]  --> tests/transactional/queue/drop.rs:5:5
[INFO] [stdout]   |
[INFO] [stdout] 5 | use reifydb_test_harness::engine::TestEngine;
[INFO] [stdout]   |     ^^^^^^^^^^^^^^^^^^^^ use of unresolved module or unlinked crate `reifydb_test_harness`
[INFO] [stdout]   |
[INFO] [stdout]   = help: if you wanted to use a crate named `reifydb_test_harness`, use `cargo add reifydb_test_harness` to add it to your `Cargo.toml`
[INFO] [stdout] 
[INFO] [stdout] 
[INFO] [stdout] error[E0433]: cannot find module or crate `reifydb_test_harness` in this scope
[INFO] [stdout]  --> tests/transactional/queue/find.rs:5:5
[INFO] [stdout]   |
[INFO] [stdout] 5 | use reifydb_test_harness::engine::TestEngine;
[INFO] [stdout]   |     ^^^^^^^^^^^^^^^^^^^^ use of unresolved module or unlinked crate `reifydb_test_harness`
[INFO] [stdout]   |
[INFO] [stdout]   = help: if you wanted to use a crate named `reifydb_test_harness`, use `cargo add reifydb_test_harness` to add it to your `Cargo.toml`
[INFO] [stdout] 
[INFO] [stdout] 
[INFO] [stdout] error[E0433]: cannot find module or crate `reifydb_test_harness` in this scope
[INFO] [stdout]  --> tests/transactional/queue/list.rs:5:5
[INFO] [stdout]   |
[INFO] [stdout] 5 | use reifydb_test_harness::engine::TestEngine;
[INFO] [stdout]   |     ^^^^^^^^^^^^^^^^^^^^ use of unresolved module or unlinked crate `reifydb_test_harness`
[INFO] [stdout]   |
[INFO] [stdout]   = help: if you wanted to use a crate named `reifydb_test_harness`, use `cargo add reifydb_test_harness` to add it to your `Cargo.toml`
[INFO] [stdout] 
[INFO] [stdout] 
[INFO] [stdout] error[E0433]: cannot find module or crate `reifydb_test_harness` in this scope
[INFO] [stdout]  --> tests/transactional/relationship/create.rs:8:5
[INFO] [stdout]   |
[INFO] [stdout] 8 | use reifydb_test_harness::engine::TestEngine;
[INFO] [stdout]   |     ^^^^^^^^^^^^^^^^^^^^ use of unresolved module or unlinked crate `reifydb_test_harness`
[INFO] [stdout]   |
[INFO] [stdout]   = help: if you wanted to use a crate named `reifydb_test_harness`, use `cargo add reifydb_test_harness` to add it to your `Cargo.toml`
[INFO] [stdout] 
[INFO] [stdout] 
[INFO] [stdout] error[E0433]: cannot find module or crate `reifydb_test_harness` in this scope
[INFO] [stdout]  --> tests/transactional/relationship/drop.rs:6:5
[INFO] [stdout]   |
[INFO] [stdout] 6 | use reifydb_test_harness::engine::TestEngine;
[INFO] [stdout]   |     ^^^^^^^^^^^^^^^^^^^^ use of unresolved module or unlinked crate `reifydb_test_harness`
[INFO] [stdout]   |
[INFO] [stdout]   = help: if you wanted to use a crate named `reifydb_test_harness`, use `cargo add reifydb_test_harness` to add it to your `Cargo.toml`
[INFO] [stdout] 
[INFO] [stdout] 
[INFO] [stdout] error[E0433]: cannot find module or crate `reifydb_test_harness` in this scope
[INFO] [stdout]  --> tests/transactional/relationship/errors.rs:6:5
[INFO] [stdout]   |
[INFO] [stdout] 6 | use reifydb_test_harness::engine::TestEngine;
[INFO] [stdout]   |     ^^^^^^^^^^^^^^^^^^^^ use of unresolved module or unlinked crate `reifydb_test_harness`
[INFO] [stdout]   |
[INFO] [stdout]   = help: if you wanted to use a crate named `reifydb_test_harness`, use `cargo add reifydb_test_harness` to add it to your `Cargo.toml`
[INFO] [stdout] 
[INFO] [stdout] 
[INFO] [stdout] error[E0433]: cannot find module or crate `reifydb_test_harness` in this scope
[INFO] [stdout]  --> tests/transactional/relationship/find.rs:6:5
[INFO] [stdout]   |
[INFO] [stdout] 6 | use reifydb_test_harness::engine::TestEngine;
[INFO] [stdout]   |     ^^^^^^^^^^^^^^^^^^^^ use of unresolved module or unlinked crate `reifydb_test_harness`
[INFO] [stdout]   |
[INFO] [stdout]   = help: if you wanted to use a crate named `reifydb_test_harness`, use `cargo add reifydb_test_harness` to add it to your `Cargo.toml`
[INFO] [stdout] 
[INFO] [stdout] 
[INFO] [stdout] error[E0433]: cannot find module or crate `reifydb_test_harness` in this scope
[INFO] [stdout]  --> tests/transactional/relationship/list.rs:6:5
[INFO] [stdout]   |
[INFO] [stdout] 6 | use reifydb_test_harness::engine::TestEngine;
[INFO] [stdout]   |     ^^^^^^^^^^^^^^^^^^^^ use of unresolved module or unlinked crate `reifydb_test_harness`
[INFO] [stdout]   |
[INFO] [stdout]   = help: if you wanted to use a crate named `reifydb_test_harness`, use `cargo add reifydb_test_harness` to add it to your `Cargo.toml`
[INFO] [stdout] 
[INFO] [stdout] 
[INFO] [stdout] error[E0433]: cannot find module or crate `reifydb_test_harness` in this scope
[INFO] [stdout]  --> tests/transactional/relationship/versioning.rs:9:5
[INFO] [stdout]   |
[INFO] [stdout] 9 | use reifydb_test_harness::engine::TestEngine;
[INFO] [stdout]   |     ^^^^^^^^^^^^^^^^^^^^ use of unresolved module or unlinked crate `reifydb_test_harness`
[INFO] [stdout]   |
[INFO] [stdout]   = help: if you wanted to use a crate named `reifydb_test_harness`, use `cargo add reifydb_test_harness` to add it to your `Cargo.toml`
[INFO] [stdout] 
[INFO] [stdout] 
[INFO] [stdout] error[E0433]: cannot find module or crate `reifydb_test_harness` in this scope
[INFO] [stdout]  --> tests/transactional/ringbuffer/create.rs:4:5
[INFO] [stdout]   |
[INFO] [stdout] 4 | use reifydb_test_harness::engine::TestEngine;
[INFO] [stdout]   |     ^^^^^^^^^^^^^^^^^^^^ use of unresolved module or unlinked crate `reifydb_test_harness`
[INFO] [stdout]   |
[INFO] [stdout]   = help: if you wanted to use a crate named `reifydb_test_harness`, use `cargo add reifydb_test_harness` to add it to your `Cargo.toml`
[INFO] [stdout] 
[INFO] [stdout] 
[INFO] [stdout] error[E0433]: cannot find module or crate `reifydb_test_harness` in this scope
[INFO] [stdout]  --> tests/transactional/ringbuffer/drop.rs:4:5
[INFO] [stdout]   |
[INFO] [stdout] 4 | use reifydb_test_harness::engine::TestEngine;
[INFO] [stdout]   |     ^^^^^^^^^^^^^^^^^^^^ use of unresolved module or unlinked crate `reifydb_test_harness`
[INFO] [stdout]   |
[INFO] [stdout]   = help: if you wanted to use a crate named `reifydb_test_harness`, use `cargo add reifydb_test_harness` to add it to your `Cargo.toml`
[INFO] [stdout] 
[INFO] [stdout] 
[INFO] [stdout] error[E0433]: cannot find module or crate `reifydb_test_harness` in this scope
[INFO] [stdout]  --> tests/transactional/ringbuffer/find.rs:4:5
[INFO] [stdout]   |
[INFO] [stdout] 4 | use reifydb_test_harness::engine::TestEngine;
[INFO] [stdout]   |     ^^^^^^^^^^^^^^^^^^^^ use of unresolved module or unlinked crate `reifydb_test_harness`
[INFO] [stdout]   |
[INFO] [stdout]   = help: if you wanted to use a crate named `reifydb_test_harness`, use `cargo add reifydb_test_harness` to add it to your `Cargo.toml`
[INFO] [stdout] 
[INFO] [stdout] 
[INFO] [stdout] error[E0433]: cannot find module or crate `reifydb_test_harness` in this scope
[INFO] [stdout]  --> tests/transactional/ringbuffer/list.rs:4:5
[INFO] [stdout]   |
[INFO] [stdout] 4 | use reifydb_test_harness::engine::TestEngine;
[INFO] [stdout]   |     ^^^^^^^^^^^^^^^^^^^^ use of unresolved module or unlinked crate `reifydb_test_harness`
[INFO] [stdout]   |
[INFO] [stdout]   = help: if you wanted to use a crate named `reifydb_test_harness`, use `cargo add reifydb_test_harness` to add it to your `Cargo.toml`
[INFO] [stdout] 
[INFO] [stdout] 
[INFO] [stdout] error[E0433]: cannot find module or crate `reifydb_test_harness` in this scope
[INFO] [stdout]  --> tests/transactional/row_settings/deferred/find.rs:7:5
[INFO] [stdout]   |
[INFO] [stdout] 7 | use reifydb_test_harness::engine::TestEngine;
[INFO] [stdout]   |     ^^^^^^^^^^^^^^^^^^^^ use of unresolved module or unlinked crate `reifydb_test_harness`
[INFO] [stdout]   |
[INFO] [stdout]   = help: if you wanted to use a crate named `reifydb_test_harness`, use `cargo add reifydb_test_harness` to add it to your `Cargo.toml`
[INFO] [stdout] 
[INFO] [stdout] 
[INFO] [stdout] error[E0433]: cannot find module or crate `reifydb_test_harness` in this scope
[INFO] [stdout]  --> tests/transactional/series/create.rs:4:5
[INFO] [stdout]   |
[INFO] [stdout] 4 | use reifydb_test_harness::engine::TestEngine;
[INFO] [stdout]   |     ^^^^^^^^^^^^^^^^^^^^ use of unresolved module or unlinked crate `reifydb_test_harness`
[INFO] [stdout]   |
[INFO] [stdout]   = help: if you wanted to use a crate named `reifydb_test_harness`, use `cargo add reifydb_test_harness` to add it to your `Cargo.toml`
[INFO] [stdout] 
[INFO] [stdout] 
[INFO] [stdout] error[E0433]: cannot find module or crate `reifydb_test_harness` in this scope
[INFO] [stdout]  --> tests/transactional/series/drop.rs:4:5
[INFO] [stdout]   |
[INFO] [stdout] 4 | use reifydb_test_harness::engine::TestEngine;
[INFO] [stdout]   |     ^^^^^^^^^^^^^^^^^^^^ use of unresolved module or unlinked crate `reifydb_test_harness`
[INFO] [stdout]   |
[INFO] [stdout]   = help: if you wanted to use a crate named `reifydb_test_harness`, use `cargo add reifydb_test_harness` to add it to your `Cargo.toml`
[INFO] [stdout] 
[INFO] [stdout] 
[INFO] [stdout] error[E0433]: cannot find module or crate `reifydb_test_harness` in this scope
[INFO] [stdout]  --> tests/transactional/series/find.rs:4:5
[INFO] [stdout]   |
[INFO] [stdout] 4 | use reifydb_test_harness::engine::TestEngine;
[INFO] [stdout]   |     ^^^^^^^^^^^^^^^^^^^^ use of unresolved module or unlinked crate `reifydb_test_harness`
[INFO] [stdout]   |
[INFO] [stdout]   = help: if you wanted to use a crate named `reifydb_test_harness`, use `cargo add reifydb_test_harness` to add it to your `Cargo.toml`
[INFO] [stdout] 
[INFO] [stdout] 
[INFO] [stdout] error[E0433]: cannot find module or crate `reifydb_test_harness` in this scope
[INFO] [stdout]  --> tests/transactional/series/list.rs:4:5
[INFO] [stdout]   |
[INFO] [stdout] 4 | use reifydb_test_harness::engine::TestEngine;
[INFO] [stdout]   |     ^^^^^^^^^^^^^^^^^^^^ use of unresolved module or unlinked crate `reifydb_test_harness`
[INFO] [stdout]   |
[INFO] [stdout]   = help: if you wanted to use a crate named `reifydb_test_harness`, use `cargo add reifydb_test_harness` to add it to your `Cargo.toml`
[INFO] [stdout] 
[INFO] [stdout] 
[INFO] [stdout] error[E0433]: cannot find module or crate `reifydb_test_harness` in this scope
[INFO] [stdout]  --> tests/transactional/sumtype/create.rs:4:5
[INFO] [stdout]   |
[INFO] [stdout] 4 | use reifydb_test_harness::engine::TestEngine;
[INFO] [stdout]   |     ^^^^^^^^^^^^^^^^^^^^ use of unresolved module or unlinked crate `reifydb_test_harness`
[INFO] [stdout]   |
[INFO] [stdout]   = help: if you wanted to use a crate named `reifydb_test_harness`, use `cargo add reifydb_test_harness` to add it to your `Cargo.toml`
[INFO] [stdout] 
[INFO] [stdout] 
[INFO] [stdout] error[E0433]: cannot find module or crate `reifydb_test_harness` in this scope
[INFO] [stdout]  --> tests/transactional/sumtype/drop.rs:4:5
[INFO] [stdout]   |
[INFO] [stdout] 4 | use reifydb_test_harness::engine::TestEngine;
[INFO] [stdout]   |     ^^^^^^^^^^^^^^^^^^^^ use of unresolved module or unlinked crate `reifydb_test_harness`
[INFO] [stdout]   |
[INFO] [stdout]   = help: if you wanted to use a crate named `reifydb_test_harness`, use `cargo add reifydb_test_harness` to add it to your `Cargo.toml`
[INFO] [stdout] 
[INFO] [stdout] 
[INFO] [stdout] error[E0433]: cannot find module or crate `reifydb_test_harness` in this scope
[INFO] [stdout]  --> tests/transactional/sumtype/find.rs:4:5
[INFO] [stdout]   |
[INFO] [stdout] 4 | use reifydb_test_harness::engine::TestEngine;
[INFO] [stdout]   |     ^^^^^^^^^^^^^^^^^^^^ use of unresolved module or unlinked crate `reifydb_test_harness`
[INFO] [stdout]   |
[INFO] [stdout]   = help: if you wanted to use a crate named `reifydb_test_harness`, use `cargo add reifydb_test_harness` to add it to your `Cargo.toml`
[INFO] [stdout] 
[INFO] [stdout] 
[INFO] [stdout] error[E0433]: cannot find module or crate `reifydb_test_harness` in this scope
[INFO] [stdout]  --> tests/transactional/sumtype/list.rs:4:5
[INFO] [stdout]   |
[INFO] [stdout] 4 | use reifydb_test_harness::engine::TestEngine;
[INFO] [stdout]   |     ^^^^^^^^^^^^^^^^^^^^ use of unresolved module or unlinked crate `reifydb_test_harness`
[INFO] [stdout]   |
[INFO] [stdout]   = help: if you wanted to use a crate named `reifydb_test_harness`, use `cargo add reifydb_test_harness` to add it to your `Cargo.toml`
[INFO] [stdout] 
[INFO] [stdout] 
[INFO] [stdout] error[E0433]: cannot find module or crate `reifydb_test_harness` in this scope
[INFO] [stdout]  --> tests/transactional/table/create.rs:4:5
[INFO] [stdout]   |
[INFO] [stdout] 4 | use reifydb_test_harness::engine::TestEngine;
[INFO] [stdout]   |     ^^^^^^^^^^^^^^^^^^^^ use of unresolved module or unlinked crate `reifydb_test_harness`
[INFO] [stdout]   |
[INFO] [stdout]   = help: if you wanted to use a crate named `reifydb_test_harness`, use `cargo add reifydb_test_harness` to add it to your `Cargo.toml`
[INFO] [stdout] 
[INFO] [stdout] 
[INFO] [stdout] error[E0433]: cannot find module or crate `reifydb_test_harness` in this scope
[INFO] [stdout]  --> tests/transactional/table/drop.rs:4:5
[INFO] [stdout]   |
[INFO] [stdout] 4 | use reifydb_test_harness::engine::TestEngine;
[INFO] [stdout]   |     ^^^^^^^^^^^^^^^^^^^^ use of unresolved module or unlinked crate `reifydb_test_harness`
[INFO] [stdout]   |
[INFO] [stdout]   = help: if you wanted to use a crate named `reifydb_test_harness`, use `cargo add reifydb_test_harness` to add it to your `Cargo.toml`
[INFO] [stdout] 
[INFO] [stdout] 
[INFO] [stdout] error[E0433]: cannot find module or crate `reifydb_test_harness` in this scope
[INFO] [stdout]  --> tests/transactional/table/list.rs:4:5
[INFO] [stdout]   |
[INFO] [stdout] 4 | use reifydb_test_harness::engine::TestEngine;
[INFO] [stdout]   |     ^^^^^^^^^^^^^^^^^^^^ use of unresolved module or unlinked crate `reifydb_test_harness`
[INFO] [stdout]   |
[INFO] [stdout]   = help: if you wanted to use a crate named `reifydb_test_harness`, use `cargo add reifydb_test_harness` to add it to your `Cargo.toml`
[INFO] [stdout] 
[INFO] [stdout] 
[INFO] [stdout] error[E0433]: cannot find module or crate `reifydb_test_harness` in this scope
[INFO] [stdout]  --> tests/transactional/test/create.rs:4:5
[INFO] [stdout]   |
[INFO] [stdout] 4 | use reifydb_test_harness::engine::TestEngine;
[INFO] [stdout]   |     ^^^^^^^^^^^^^^^^^^^^ use of unresolved module or unlinked crate `reifydb_test_harness`
[INFO] [stdout]   |
[INFO] [stdout]   = help: if you wanted to use a crate named `reifydb_test_harness`, use `cargo add reifydb_test_harness` to add it to your `Cargo.toml`
[INFO] [stdout] 
[INFO] [stdout] 
[INFO] [stdout] error[E0433]: cannot find module or crate `reifydb_test_harness` in this scope
[INFO] [stdout]  --> tests/transactional/test/drop.rs:4:5
[INFO] [stdout]   |
[INFO] [stdout] 4 | use reifydb_test_harness::engine::TestEngine;
[INFO] [stdout]   |     ^^^^^^^^^^^^^^^^^^^^ use of unresolved module or unlinked crate `reifydb_test_harness`
[INFO] [stdout]   |
[INFO] [stdout]   = help: if you wanted to use a crate named `reifydb_test_harness`, use `cargo add reifydb_test_harness` to add it to your `Cargo.toml`
[INFO] [stdout] 
[INFO] [stdout] 
[INFO] [stdout] error[E0433]: cannot find module or crate `reifydb_test_harness` in this scope
[INFO] [stdout]  --> tests/transactional/test/find.rs:4:5
[INFO] [stdout]   |
[INFO] [stdout] 4 | use reifydb_test_harness::engine::TestEngine;
[INFO] [stdout]   |     ^^^^^^^^^^^^^^^^^^^^ use of unresolved module or unlinked crate `reifydb_test_harness`
[INFO] [stdout]   |
[INFO] [stdout]   = help: if you wanted to use a crate named `reifydb_test_harness`, use `cargo add reifydb_test_harness` to add it to your `Cargo.toml`
[INFO] [stdout] 
[INFO] [stdout] 
[INFO] [stdout] error[E0433]: cannot find module or crate `reifydb_test_harness` in this scope
[INFO] [stdout]  --> tests/transactional/test/list.rs:4:5
[INFO] [stdout]   |
[INFO] [stdout] 4 | use reifydb_test_harness::engine::TestEngine;
[INFO] [stdout]   |     ^^^^^^^^^^^^^^^^^^^^ use of unresolved module or unlinked crate `reifydb_test_harness`
[INFO] [stdout]   |
[INFO] [stdout]   = help: if you wanted to use a crate named `reifydb_test_harness`, use `cargo add reifydb_test_harness` to add it to your `Cargo.toml`
[INFO] [stdout] 
[INFO] [stdout] 
[INFO] [stdout] error[E0433]: cannot find module or crate `reifydb_test_harness` in this scope
[INFO] [stdout]  --> tests/transactional/view/deferred/create.rs:4:5
[INFO] [stdout]   |
[INFO] [stdout] 4 | use reifydb_test_harness::engine::TestEngine;
[INFO] [stdout]   |     ^^^^^^^^^^^^^^^^^^^^ use of unresolved module or unlinked crate `reifydb_test_harness`
[INFO] [stdout]   |
[INFO] [stdout]   = help: if you wanted to use a crate named `reifydb_test_harness`, use `cargo add reifydb_test_harness` to add it to your `Cargo.toml`
[INFO] [stdout] 
[INFO] [stdout] 
[INFO] [stdout] error[E0433]: cannot find module or crate `reifydb_test_harness` in this scope
[INFO] [stdout]  --> tests/transactional/view/deferred/drop.rs:4:5
[INFO] [stdout]   |
[INFO] [stdout] 4 | use reifydb_test_harness::engine::TestEngine;
[INFO] [stdout]   |     ^^^^^^^^^^^^^^^^^^^^ use of unresolved module or unlinked crate `reifydb_test_harness`
[INFO] [stdout]   |
[INFO] [stdout]   = help: if you wanted to use a crate named `reifydb_test_harness`, use `cargo add reifydb_test_harness` to add it to your `Cargo.toml`
[INFO] [stdout] 
[INFO] [stdout] 
[INFO] [stdout] error[E0433]: cannot find module or crate `reifydb_test_harness` in this scope
[INFO] [stdout]  --> tests/transactional/view/deferred/find.rs:4:5
[INFO] [stdout]   |
[INFO] [stdout] 4 | use reifydb_test_harness::engine::TestEngine;
[INFO] [stdout]   |     ^^^^^^^^^^^^^^^^^^^^ use of unresolved module or unlinked crate `reifydb_test_harness`
[INFO] [stdout]   |
[INFO] [stdout]   = help: if you wanted to use a crate named `reifydb_test_harness`, use `cargo add reifydb_test_harness` to add it to your `Cargo.toml`
[INFO] [stdout] 
[INFO] [stdout] 
[INFO] [stdout] error[E0433]: cannot find module or crate `reifydb_test_harness` in this scope
[INFO] [stdout]  --> tests/transactional/view/deferred/list.rs:4:5
[INFO] [stdout]   |
[INFO] [stdout] 4 | use reifydb_test_harness::engine::TestEngine;
[INFO] [stdout]   |     ^^^^^^^^^^^^^^^^^^^^ use of unresolved module or unlinked crate `reifydb_test_harness`
[INFO] [stdout]   |
[INFO] [stdout]   = help: if you wanted to use a crate named `reifydb_test_harness`, use `cargo add reifydb_test_harness` to add it to your `Cargo.toml`
[INFO] [stdout] 
[INFO] [stdout] 
[INFO] [stdout] For more information about this error, try `rustc --explain E0433`.
[INFO] [stdout] 
[INFO] [stderr] error: could not compile `reifydb-catalog` (test "transactional") due to 75 previous errors
[INFO] [stdout] error[E0433]: cannot find module or crate `reifydb_test_harness` in this scope
[INFO] [stdout]   --> src/cache/load/handler.rs:35:6
[INFO] [stdout]    |
[INFO] [stdout] 35 |     use reifydb_test_harness::engine::create_test_admin_transaction;
[INFO] [stdout]    |         ^^^^^^^^^^^^^^^^^^^^ use of unresolved module or unlinked crate `reifydb_test_harness`
[INFO] [stdout]    |
[INFO] [stdout]    = help: if you wanted to use a crate named `reifydb_test_harness`, use `cargo add reifydb_test_harness` to add it to your `Cargo.toml`
[INFO] [stdout] 
[INFO] [stdout] 
[INFO] [stdout] error[E0433]: cannot find module or crate `reifydb_test_harness` in this scope
[INFO] [stdout]    --> src/store/column/create.rs:218:6
[INFO] [stdout]     |
[INFO] [stdout] 218 |     use reifydb_test_harness::engine::create_test_admin_transaction;
[INFO] [stdout]     |         ^^^^^^^^^^^^^^^^^^^^ use of unresolved module or unlinked crate `reifydb_test_harness`
[INFO] [stdout]     |
[INFO] [stdout]     = help: if you wanted to use a crate named `reifydb_test_harness`, use `cargo add reifydb_test_harness` to add it to your `Cargo.toml`
[INFO] [stdout] 
[INFO] [stdout] 
[INFO] [stdout] error[E0433]: cannot find module or crate `reifydb_test_harness` in this scope
[INFO] [stdout]   --> src/store/column/find.rs:47:6
[INFO] [stdout]    |
[INFO] [stdout] 47 |     use reifydb_test_harness::engine::create_test_admin_transaction;
[INFO] [stdout]    |         ^^^^^^^^^^^^^^^^^^^^ use of unresolved module or unlinked crate `reifydb_test_harness`
[INFO] [stdout]    |
[INFO] [stdout]    = help: if you wanted to use a crate named `reifydb_test_harness`, use `cargo add reifydb_test_harness` to add it to your `Cargo.toml`
[INFO] [stdout] 
[INFO] [stdout] 
[INFO] [stdout] error[E0433]: cannot find module or crate `reifydb_test_harness` in this scope
[INFO] [stdout]    --> src/store/column/get.rs:124:6
[INFO] [stdout]     |
[INFO] [stdout] 124 |     use reifydb_test_harness::engine::create_test_admin_transaction;
[INFO] [stdout]     |         ^^^^^^^^^^^^^^^^^^^^ use of unresolved module or unlinked crate `reifydb_test_harness`
[INFO] [stdout]     |
[INFO] [stdout]     = help: if you wanted to use a crate named `reifydb_test_harness`, use `cargo add reifydb_test_harness` to add it to your `Cargo.toml`
[INFO] [stdout] 
[INFO] [stdout] 
[INFO] [stdout] error[E0433]: cannot find module or crate `reifydb_test_harness` in this scope
[INFO] [stdout]    --> src/store/column/list.rs:105:6
[INFO] [stdout]     |
[INFO] [stdout] 105 |     use reifydb_test_harness::engine::create_test_admin_transaction;
[INFO] [stdout]     |         ^^^^^^^^^^^^^^^^^^^^ use of unresolved module or unlinked crate `reifydb_test_harness`
[INFO] [stdout]     |
[INFO] [stdout]     = help: if you wanted to use a crate named `reifydb_test_harness`, use `cargo add reifydb_test_harness` to add it to your `Cargo.toml`
[INFO] [stdout] 
[INFO] [stdout] 
[INFO] [stdout] error[E0433]: cannot find module or crate `reifydb_test_harness` in this scope
[INFO] [stdout]   --> src/store/column_property/create.rs:70:6
[INFO] [stdout]    |
[INFO] [stdout] 70 |     use reifydb_test_harness::engine::create_test_admin_transaction;
[INFO] [stdout]    |         ^^^^^^^^^^^^^^^^^^^^ use of unresolved module or unlinked crate `reifydb_test_harness`
[INFO] [stdout]    |
[INFO] [stdout]    = help: if you wanted to use a crate named `reifydb_test_harness`, use `cargo add reifydb_test_harness` to add it to your `Cargo.toml`
[INFO] [stdout] 
[INFO] [stdout] 
[INFO] [stdout] error[E0433]: cannot find module or crate `reifydb_test_harness` in this scope
[INFO] [stdout]   --> src/store/column_property/list.rs:66:6
[INFO] [stdout]    |
[INFO] [stdout] 66 |     use reifydb_test_harness::engine::create_test_admin_transaction;
[INFO] [stdout]    |         ^^^^^^^^^^^^^^^^^^^^ use of unresolved module or unlinked crate `reifydb_test_harness`
[INFO] [stdout]    |
[INFO] [stdout]    = help: if you wanted to use a crate named `reifydb_test_harness`, use `cargo add reifydb_test_harness` to add it to your `Cargo.toml`
[INFO] [stdout] 
[INFO] [stdout] 
[INFO] [stdout] error[E0433]: cannot find module or crate `reifydb_test_harness` in this scope
[INFO] [stdout]    --> src/store/column_snapshot/create.rs:122:6
[INFO] [stdout]     |
[INFO] [stdout] 122 |     use reifydb_test_harness::engine::create_test_admin_transaction;
[INFO] [stdout]     |         ^^^^^^^^^^^^^^^^^^^^ use of unresolved module or unlinked crate `reifydb_test_harness`
[INFO] [stdout]     |
[INFO] [stdout]     = help: if you wanted to use a crate named `reifydb_test_harness`, use `cargo add reifydb_test_harness` to add it to your `Cargo.toml`
[INFO] [stdout] 
[INFO] [stdout] 
[INFO] [stdout] error[E0433]: cannot find module or crate `reifydb_test_harness` in this scope
[INFO] [stdout]   --> src/store/column_snapshot/drop.rs:46:6
[INFO] [stdout]    |
[INFO] [stdout] 46 |     use reifydb_test_harness::engine::create_test_admin_transaction;
[INFO] [stdout]    |         ^^^^^^^^^^^^^^^^^^^^ use of unresolved module or unlinked crate `reifydb_test_harness`
[INFO] [stdout]    |
[INFO] [stdout]    = help: if you wanted to use a crate named `reifydb_test_harness`, use `cargo add reifydb_test_harness` to add it to your `Cargo.toml`
[INFO] [stdout] 
[INFO] [stdout] 
[INFO] [stdout] error[E0433]: cannot find module or crate `reifydb_test_harness` in this scope
[INFO] [stdout]    --> src/store/column_snapshot/find.rs:142:6
[INFO] [stdout]     |
[INFO] [stdout] 142 |     use reifydb_test_harness::engine::create_test_admin_transaction;
[INFO] [stdout]     |         ^^^^^^^^^^^^^^^^^^^^ use of unresolved module or unlinked crate `reifydb_test_harness`
[INFO] [stdout]     |
[INFO] [stdout]     = help: if you wanted to use a crate named `reifydb_test_harness`, use `cargo add reifydb_test_harness` to add it to your `Cargo.toml`
[INFO] [stdout] 
[INFO] [stdout] 
[INFO] [stdout] error[E0433]: cannot find module or crate `reifydb_test_harness` in this scope
[INFO] [stdout]   --> src/store/column_snapshot/get.rs:33:6
[INFO] [stdout]    |
[INFO] [stdout] 33 |     use reifydb_test_harness::engine::create_test_admin_transaction;
[INFO] [stdout]    |         ^^^^^^^^^^^^^^^^^^^^ use of unresolved module or unlinked crate `reifydb_test_harness`
[INFO] [stdout]    |
[INFO] [stdout]    = help: if you wanted to use a crate named `reifydb_test_harness`, use `cargo add reifydb_test_harness` to add it to your `Cargo.toml`
[INFO] [stdout] 
[INFO] [stdout] 
[INFO] [stdout] error[E0433]: cannot find module or crate `reifydb_test_harness` in this scope
[INFO] [stdout]   --> src/store/column_snapshot/list.rs:64:6
[INFO] [stdout]    |
[INFO] [stdout] 64 |     use reifydb_test_harness::engine::create_test_admin_transaction;
[INFO] [stdout]    |         ^^^^^^^^^^^^^^^^^^^^ use of unresolved module or unlinked crate `reifydb_test_harness`
[INFO] [stdout]    |
[INFO] [stdout]    = help: if you wanted to use a crate named `reifydb_test_harness`, use `cargo add reifydb_test_harness` to add it to your `Cargo.toml`
[INFO] [stdout] 
[INFO] [stdout] 
[INFO] [stdout] error[E0433]: cannot find module or crate `reifydb_test_harness` in this scope
[INFO] [stdout]    --> src/store/column_snapshot/update.rs:105:6
[INFO] [stdout]     |
[INFO] [stdout] 105 |     use reifydb_test_harness::engine::create_test_admin_transaction;
[INFO] [stdout]     |         ^^^^^^^^^^^^^^^^^^^^ use of unresolved module or unlinked crate `reifydb_test_harness`
[INFO] [stdout]     |
[INFO] [stdout]     = help: if you wanted to use a crate named `reifydb_test_harness`, use `cargo add reifydb_test_harness` to add it to your `Cargo.toml`
[INFO] [stdout] 
[INFO] [stdout] 
[INFO] [stdout] error[E0433]: cannot find module or crate `reifydb_test_harness` in this scope
[INFO] [stdout]    --> src/store/dictionary/create.rs:100:6
[INFO] [stdout]     |
[INFO] [stdout] 100 |     use reifydb_test_harness::engine::create_test_admin_transaction;
[INFO] [stdout]     |         ^^^^^^^^^^^^^^^^^^^^ use of unresolved module or unlinked crate `reifydb_test_harness`
[INFO] [stdout]     |
[INFO] [stdout]     = help: if you wanted to use a crate named `reifydb_test_harness`, use `cargo add reifydb_test_harness` to add it to your `Cargo.toml`
[INFO] [stdout] 
[INFO] [stdout] 
[INFO] [stdout] error[E0433]: cannot find module or crate `reifydb_test_harness` in this scope
[INFO] [stdout]   --> src/store/dictionary/drop.rs:73:6
[INFO] [stdout]    |
[INFO] [stdout] 73 |     use reifydb_test_harness::engine::create_test_admin_transaction;
[INFO] [stdout]    |         ^^^^^^^^^^^^^^^^^^^^ use of unresolved module or unlinked crate `reifydb_test_harness`
[INFO] [stdout]    |
[INFO] [stdout]    = help: if you wanted to use a crate named `reifydb_test_harness`, use `cargo add reifydb_test_harness` to add it to your `Cargo.toml`
[INFO] [stdout] 
[INFO] [stdout] 
[INFO] [stdout] error[E0433]: cannot find module or crate `reifydb_test_harness` in this scope
[INFO] [stdout]   --> src/store/dictionary/find.rs:74:6
[INFO] [stdout]    |
[INFO] [stdout] 74 |     use reifydb_test_harness::engine::create_test_admin_transaction;
[INFO] [stdout]    |         ^^^^^^^^^^^^^^^^^^^^ use of unresolved module or unlinked crate `reifydb_test_harness`
[INFO] [stdout]    |
[INFO] [stdout]    = help: if you wanted to use a crate named `reifydb_test_harness`, use `cargo add reifydb_test_harness` to add it to your `Cargo.toml`
[INFO] [stdout] 
[INFO] [stdout] 
[INFO] [stdout] error[E0433]: cannot find module or crate `reifydb_test_harness` in this scope
[INFO] [stdout]   --> src/store/dictionary/get.rs:24:6
[INFO] [stdout]    |
[INFO] [stdout] 24 |     use reifydb_test_harness::engine::create_test_admin_transaction;
[INFO] [stdout]    |         ^^^^^^^^^^^^^^^^^^^^ use of unresolved module or unlinked crate `reifydb_test_harness`
[INFO] [stdout]    |
[INFO] [stdout]    = help: if you wanted to use a crate named `reifydb_test_harness`, use `cargo add reifydb_test_harness` to add it to your `Cargo.toml`
[INFO] [stdout] 
[INFO] [stdout] 
[INFO] [stdout] error[E0433]: cannot find module or crate `reifydb_test_harness` in this scope
[INFO] [stdout]   --> src/store/dictionary/list.rs:68:6
[INFO] [stdout]    |
[INFO] [stdout] 68 |     use reifydb_test_harness::engine::create_test_admin_transaction;
[INFO] [stdout]    |         ^^^^^^^^^^^^^^^^^^^^ use of unresolved module or unlinked crate `reifydb_test_harness`
[INFO] [stdout]    |
[INFO] [stdout]    = help: if you wanted to use a crate named `reifydb_test_harness`, use `cargo add reifydb_test_harness` to add it to your `Cargo.toml`
[INFO] [stdout] 
[INFO] [stdout] 
[INFO] [stdout] error[E0433]: cannot find module or crate `reifydb_test_harness` in this scope
[INFO] [stdout]    --> src/store/flow/create.rs:121:6
[INFO] [stdout]     |
[INFO] [stdout] 121 |     use reifydb_test_harness::engine::create_test_admin_transaction;
[INFO] [stdout]     |         ^^^^^^^^^^^^^^^^^^^^ use of unresolved module or unlinked crate `reifydb_test_harness`
[INFO] [stdout]     |
[INFO] [stdout]     = help: if you wanted to use a crate named `reifydb_test_harness`, use `cargo add reifydb_test_harness` to add it to your `Cargo.toml`
[INFO] [stdout] 
[INFO] [stdout] 
[INFO] [stdout] error[E0433]: cannot find module or crate `reifydb_test_harness` in this scope
[INFO] [stdout]   --> src/store/flow/drop.rs:59:6
[INFO] [stdout]    |
[INFO] [stdout] 59 |     use reifydb_test_harness::engine::create_test_admin_transaction;
[INFO] [stdout]    |         ^^^^^^^^^^^^^^^^^^^^ use of unresolved module or unlinked crate `reifydb_test_harness`
[INFO] [stdout]    |
[INFO] [stdout]    = help: if you wanted to use a crate named `reifydb_test_harness`, use `cargo add reifydb_test_harness` to add it to your `Cargo.toml`
[INFO] [stdout] 
[INFO] [stdout] 
[INFO] [stdout] error[E0433]: cannot find module or crate `reifydb_test_harness` in this scope
[INFO] [stdout]   --> src/store/flow/find.rs:59:6
[INFO] [stdout]    |
[INFO] [stdout] 59 |     use reifydb_test_harness::engine::create_test_admin_transaction;
[INFO] [stdout]    |         ^^^^^^^^^^^^^^^^^^^^ use of unresolved module or unlinked crate `reifydb_test_harness`
[INFO] [stdout]    |
[INFO] [stdout]    = help: if you wanted to use a crate named `reifydb_test_harness`, use `cargo add reifydb_test_harness` to add it to your `Cargo.toml`
[INFO] [stdout] 
[INFO] [stdout] 
[INFO] [stdout] error[E0433]: cannot find module or crate `reifydb_test_harness` in this scope
[INFO] [stdout]   --> src/store/flow/get.rs:27:6
[INFO] [stdout]    |
[INFO] [stdout] 27 |     use reifydb_test_harness::engine::create_test_admin_transaction;
[INFO] [stdout]    |         ^^^^^^^^^^^^^^^^^^^^ use of unresolved module or unlinked crate `reifydb_test_harness`
[INFO] [stdout]    |
[INFO] [stdout]    = help: if you wanted to use a crate named `reifydb_test_harness`, use `cargo add reifydb_test_harness` to add it to your `Cargo.toml`
[INFO] [stdout] 
[INFO] [stdout] 
[INFO] [stdout] error[E0433]: cannot find module or crate `reifydb_test_harness` in this scope
[INFO] [stdout]   --> src/store/flow/list.rs:36:6
[INFO] [stdout]    |
[INFO] [stdout] 36 |     use reifydb_test_harness::engine::create_test_admin_transaction;
[INFO] [stdout]    |         ^^^^^^^^^^^^^^^^^^^^ use of unresolved module or unlinked crate `reifydb_test_harness`
[INFO] [stdout]    |
[INFO] [stdout]    = help: if you wanted to use a crate named `reifydb_test_harness`, use `cargo add reifydb_test_harness` to add it to your `Cargo.toml`
[INFO] [stdout] 
[INFO] [stdout] 
[INFO] [stdout] error[E0433]: cannot find module or crate `reifydb_test_harness` in this scope
[INFO] [stdout]   --> src/store/flow/update.rs:49:6
[INFO] [stdout]    |
[INFO] [stdout] 49 |     use reifydb_test_harness::engine::create_test_admin_transaction;
[INFO] [stdout]    |         ^^^^^^^^^^^^^^^^^^^^ use of unresolved module or unlinked crate `reifydb_test_harness`
[INFO] [stdout]    |
[INFO] [stdout]    = help: if you wanted to use a crate named `reifydb_test_harness`, use `cargo add reifydb_test_harness` to add it to your `Cargo.toml`
[INFO] [stdout] 
[INFO] [stdout] 
[INFO] [stdout] error[E0433]: cannot find module or crate `reifydb_test_harness` in this scope
[INFO] [stdout]   --> src/store/flow_edge/create.rs:39:6
[INFO] [stdout]    |
[INFO] [stdout] 39 |     use reifydb_test_harness::engine::create_test_admin_transaction;
[INFO] [stdout]    |         ^^^^^^^^^^^^^^^^^^^^ use of unresolved module or unlinked crate `reifydb_test_harness`
[INFO] [stdout]    |
[INFO] [stdout]    = help: if you wanted to use a crate named `reifydb_test_harness`, use `cargo add reifydb_test_harness` to add it to your `Cargo.toml`
[INFO] [stdout] 
[INFO] [stdout] 
[INFO] [stdout] error[E0433]: cannot find module or crate `reifydb_test_harness` in this scope
[INFO] [stdout]   --> src/store/flow_edge/drop.rs:31:6
[INFO] [stdout]    |
[INFO] [stdout] 31 |     use reifydb_test_harness::engine::create_test_admin_transaction;
[INFO] [stdout]    |         ^^^^^^^^^^^^^^^^^^^^ use of unresolved module or unlinked crate `reifydb_test_harness`
[INFO] [stdout]    |
[INFO] [stdout]    = help: if you wanted to use a crate named `reifydb_test_harness`, use `cargo add reifydb_test_harness` to add it to your `Cargo.toml`
[INFO] [stdout] 
[INFO] [stdout] 
[INFO] [stdout] error[E0433]: cannot find module or crate `reifydb_test_harness` in this scope
[INFO] [stdout]   --> src/store/flow_edge/find.rs:37:6
[INFO] [stdout]    |
[INFO] [stdout] 37 |     use reifydb_test_harness::engine::create_test_admin_transaction;
[INFO] [stdout]    |         ^^^^^^^^^^^^^^^^^^^^ use of unresolved module or unlinked crate `reifydb_test_harness`
[INFO] [stdout]    |
[INFO] [stdout]    = help: if you wanted to use a crate named `reifydb_test_harness`, use `cargo add reifydb_test_harness` to add it to your `Cargo.toml`
[INFO] [stdout] 
[INFO] [stdout] 
[INFO] [stdout] error[E0433]: cannot find module or crate `reifydb_test_harness` in this scope
[INFO] [stdout]   --> src/store/flow_edge/get.rs:27:6
[INFO] [stdout]    |
[INFO] [stdout] 27 |     use reifydb_test_harness::engine::create_test_admin_transaction;
[INFO] [stdout]    |         ^^^^^^^^^^^^^^^^^^^^ use of unresolved module or unlinked crate `reifydb_test_harness`
[INFO] [stdout]    |
[INFO] [stdout]    = help: if you wanted to use a crate named `reifydb_test_harness`, use `cargo add reifydb_test_harness` to add it to your `Cargo.toml`
[INFO] [stdout] 
[INFO] [stdout] 
[INFO] [stdout] error[E0433]: cannot find module or crate `reifydb_test_harness` in this scope
[INFO] [stdout]   --> src/store/flow_edge/list.rs:74:6
[INFO] [stdout]    |
[INFO] [stdout] 74 |     use reifydb_test_harness::engine::create_test_admin_transaction;
[INFO] [stdout]    |         ^^^^^^^^^^^^^^^^^^^^ use of unresolved module or unlinked crate `reifydb_test_harness`
[INFO] [stdout]    |
[INFO] [stdout]    = help: if you wanted to use a crate named `reifydb_test_harness`, use `cargo add reifydb_test_harness` to add it to your `Cargo.toml`
[INFO] [stdout] 
[INFO] [stdout] 
[INFO] [stdout] error[E0433]: cannot find module or crate `reifydb_test_harness` in this scope
[INFO] [stdout]   --> src/store/granted_role/create.rs:38:6
[INFO] [stdout]    |
[INFO] [stdout] 38 |     use reifydb_test_harness::engine::create_test_admin_transaction;
[INFO] [stdout]    |         ^^^^^^^^^^^^^^^^^^^^ use of unresolved module or unlinked crate `reifydb_test_harness`
[INFO] [stdout]    |
[INFO] [stdout]    = help: if you wanted to use a crate named `reifydb_test_harness`, use `cargo add reifydb_test_harness` to add it to your `Cargo.toml`
[INFO] [stdout] 
[INFO] [stdout] 
[INFO] [stdout] error[E0433]: cannot find module or crate `reifydb_test_harness` in this scope
[INFO] [stdout]   --> src/store/granted_role/drop.rs:23:6
[INFO] [stdout]    |
[INFO] [stdout] 23 |     use reifydb_test_harness::engine::create_test_admin_transaction;
[INFO] [stdout]    |         ^^^^^^^^^^^^^^^^^^^^ use of unresolved module or unlinked crate `reifydb_test_harness`
[INFO] [stdout]    |
[INFO] [stdout]    = help: if you wanted to use a crate named `reifydb_test_harness`, use `cargo add reifydb_test_harness` to add it to your `Cargo.toml`
[INFO] [stdout] 
[INFO] [stdout] 
[INFO] [stdout] error[E0433]: cannot find module or crate `reifydb_test_harness` in this scope
[INFO] [stdout]   --> src/store/granted_role/list.rs:29:6
[INFO] [stdout]    |
[INFO] [stdout] 29 |     use reifydb_test_harness::engine::create_test_admin_transaction;
[INFO] [stdout]    |         ^^^^^^^^^^^^^^^^^^^^ use of unresolved module or unlinked crate `reifydb_test_harness`
[INFO] [stdout]    |
[INFO] [stdout]    = help: if you wanted to use a crate named `reifydb_test_harness`, use `cargo add reifydb_test_harness` to add it to your `Cargo.toml`
[INFO] [stdout] 
[INFO] [stdout] 
[INFO] [stdout] error[E0433]: cannot find module or crate `reifydb_test_harness` in this scope
[INFO] [stdout]   --> src/store/handler/create.rs:99:6
[INFO] [stdout]    |
[INFO] [stdout] 99 |     use reifydb_test_harness::engine::create_test_admin_transaction;
[INFO] [stdout]    |         ^^^^^^^^^^^^^^^^^^^^ use of unresolved module or unlinked crate `reifydb_test_harness`
[INFO] [stdout]    |
[INFO] [stdout]    = help: if you wanted to use a crate named `reifydb_test_harness`, use `cargo add reifydb_test_harness` to add it to your `Cargo.toml`
[INFO] [stdout] 
[INFO] [stdout] 
[INFO] [stdout] error[E0433]: cannot find module or crate `reifydb_test_harness` in this scope
[INFO] [stdout]   --> src/store/handler/find.rs:60:6
[INFO] [stdout]    |
[INFO] [stdout] 60 |     use reifydb_test_harness::engine::create_test_admin_transaction;
[INFO] [stdout]    |         ^^^^^^^^^^^^^^^^^^^^ use of unresolved module or unlinked crate `reifydb_test_harness`
[INFO] [stdout]    |
[INFO] [stdout]    = help: if you wanted to use a crate named `reifydb_test_harness`, use `cargo add reifydb_test_harness` to add it to your `Cargo.toml`
[INFO] [stdout] 
[INFO] [stdout] 
[INFO] [stdout] error[E0433]: cannot find module or crate `reifydb_test_harness` in this scope
[INFO] [stdout]   --> src/store/handler/get.rs:24:6
[INFO] [stdout]    |
[INFO] [stdout] 24 |     use reifydb_test_harness::engine::create_test_admin_transaction;
[INFO] [stdout]    |         ^^^^^^^^^^^^^^^^^^^^ use of unresolved module or unlinked crate `reifydb_test_harness`
[INFO] [stdout]    |
[INFO] [stdout]    = help: if you wanted to use a crate named `reifydb_test_harness`, use `cargo add reifydb_test_harness` to add it to your `Cargo.toml`
[INFO] [stdout] 
[INFO] [stdout] 
[INFO] [stdout] error[E0433]: cannot find module or crate `reifydb_test_harness` in this scope
[INFO] [stdout]   --> src/store/identity/create.rs:83:6
[INFO] [stdout]    |
[INFO] [stdout] 83 |     use reifydb_test_harness::engine::create_test_admin_transaction;
[INFO] [stdout]    |         ^^^^^^^^^^^^^^^^^^^^ use of unresolved module or unlinked crate `reifydb_test_harness`
[INFO] [stdout]    |
[INFO] [stdout]    = help: if you wanted to use a crate named `reifydb_test_harness`, use `cargo add reifydb_test_harness` to add it to your `Cargo.toml`
[INFO] [stdout] 
[INFO] [stdout] 
[INFO] [stdout] error[E0433]: cannot find module or crate `reifydb_test_harness` in this scope
[INFO] [stdout]   --> src/store/identity/drop.rs:58:6
[INFO] [stdout]    |
[INFO] [stdout] 58 |     use reifydb_test_harness::engine::create_test_admin_transaction;
[INFO] [stdout]    |         ^^^^^^^^^^^^^^^^^^^^ use of unresolved module or unlinked crate `reifydb_test_harness`
[INFO] [stdout]    |
[INFO] [stdout]    = help: if you wanted to use a crate named `reifydb_test_harness`, use `cargo add reifydb_test_harness` to add it to your `Cargo.toml`
[INFO] [stdout] 
[INFO] [stdout] 
[INFO] [stdout] error[E0433]: cannot find module or crate `reifydb_test_harness` in this scope
[INFO] [stdout]   --> src/store/identity/find.rs:41:6
[INFO] [stdout]    |
[INFO] [stdout] 41 |     use reifydb_test_harness::engine::create_test_admin_transaction;
[INFO] [stdout]    |         ^^^^^^^^^^^^^^^^^^^^ use of unresolved module or unlinked crate `reifydb_test_harness`
[INFO] [stdout]    |
[INFO] [stdout]    = help: if you wanted to use a crate named `reifydb_test_harness`, use `cargo add reifydb_test_harness` to add it to your `Cargo.toml`
[INFO] [stdout] 
[INFO] [stdout] 
[INFO] [stdout] error[E0433]: cannot find module or crate `reifydb_test_harness` in this scope
[INFO] [stdout]   --> src/store/identity/list.rs:29:6
[INFO] [stdout]    |
[INFO] [stdout] 29 |     use reifydb_test_harness::engine::create_test_admin_transaction;
[INFO] [stdout]    |         ^^^^^^^^^^^^^^^^^^^^ use of unresolved module or unlinked crate `reifydb_test_harness`
[INFO] [stdout]    |
[INFO] [stdout]    = help: if you wanted to use a crate named `reifydb_test_harness`, use `cargo add reifydb_test_harness` to add it to your `Cargo.toml`
[INFO] [stdout] 
[INFO] [stdout] 
[INFO] [stdout] error[E0433]: cannot find module or crate `reifydb_test_harness` in this scope
[INFO] [stdout]   --> src/store/identity/update.rs:28:6
[INFO] [stdout]    |
[INFO] [stdout] 28 |     use reifydb_test_harness::engine::create_test_admin_transaction;
[INFO] [stdout]    |         ^^^^^^^^^^^^^^^^^^^^ use of unresolved module or unlinked crate `reifydb_test_harness`
[INFO] [stdout]    |
[INFO] [stdout]    = help: if you wanted to use a crate named `reifydb_test_harness`, use `cargo add reifydb_test_harness` to add it to your `Cargo.toml`
[INFO] [stdout] 
[INFO] [stdout] 
[INFO] [stdout] error[E0433]: cannot find module or crate `reifydb_test_harness` in this scope
[INFO] [stdout]   --> src/store/identity_attribute/create.rs:50:6
[INFO] [stdout]    |
[INFO] [stdout] 50 |     use reifydb_test_harness::engine::create_test_admin_transaction;
[INFO] [stdout]    |         ^^^^^^^^^^^^^^^^^^^^ use of unresolved module or unlinked crate `reifydb_test_harness`
[INFO] [stdout]    |
[INFO] [stdout]    = help: if you wanted to use a crate named `reifydb_test_harness`, use `cargo add reifydb_test_harness` to add it to your `Cargo.toml`
[INFO] [stdout] 
[INFO] [stdout] 
[INFO] [stdout] error[E0433]: cannot find module or crate `reifydb_test_harness` in this scope
[INFO] [stdout]   --> src/store/identity_attribute/drop.rs:45:6
[INFO] [stdout]    |
[INFO] [stdout] 45 |     use reifydb_test_harness::engine::create_test_admin_transaction;
[INFO] [stdout]    |         ^^^^^^^^^^^^^^^^^^^^ use of unresolved module or unlinked crate `reifydb_test_harness`
[INFO] [stdout]    |
[INFO] [stdout]    = help: if you wanted to use a crate named `reifydb_test_harness`, use `cargo add reifydb_test_harness` to add it to your `Cargo.toml`
[INFO] [stdout] 
[INFO] [stdout] 
[INFO] [stdout] error[E0433]: cannot find module or crate `reifydb_test_harness` in this scope
[INFO] [stdout]   --> src/store/identity_attribute/find.rs:44:6
[INFO] [stdout]    |
[INFO] [stdout] 44 |     use reifydb_test_harness::engine::create_test_admin_transaction;
[INFO] [stdout]    |         ^^^^^^^^^^^^^^^^^^^^ use of unresolved module or unlinked crate `reifydb_test_harness`
[INFO] [stdout]    |
[INFO] [stdout]    = help: if you wanted to use a crate named `reifydb_test_harness`, use `cargo add reifydb_test_harness` to add it to your `Cargo.toml`
[INFO] [stdout] 
[INFO] [stdout] 
[INFO] [stdout] error[E0433]: cannot find module or crate `reifydb_test_harness` in this scope
[INFO] [stdout]   --> src/store/identity_attribute/list.rs:25:6
[INFO] [stdout]    |
[INFO] [stdout] 25 |     use reifydb_test_harness::engine::create_test_admin_transaction;
[INFO] [stdout]    |         ^^^^^^^^^^^^^^^^^^^^ use of unresolved module or unlinked crate `reifydb_test_harness`
[INFO] [stdout]    |
[INFO] [stdout]    = help: if you wanted to use a crate named `reifydb_test_harness`, use `cargo add reifydb_test_harness` to add it to your `Cargo.toml`
[INFO] [stdout] 
[INFO] [stdout] 
[INFO] [stdout] error[E0433]: cannot find module or crate `reifydb_test_harness` in this scope
[INFO] [stdout]   --> src/store/identity_attribute_value/create.rs:47:6
[INFO] [stdout]    |
[INFO] [stdout] 47 |     use reifydb_test_harness::engine::create_test_admin_transaction;
[INFO] [stdout]    |         ^^^^^^^^^^^^^^^^^^^^ use of unresolved module or unlinked crate `reifydb_test_harness`
[INFO] [stdout]    |
[INFO] [stdout]    = help: if you wanted to use a crate named `reifydb_test_harness`, use `cargo add reifydb_test_harness` to add it to your `Cargo.toml`
[INFO] [stdout] 
[INFO] [stdout] 
[INFO] [stdout] error[E0433]: cannot find module or crate `reifydb_test_harness` in this scope
[INFO] [stdout]   --> src/store/identity_attribute_value/drop.rs:27:6
[INFO] [stdout]    |
[INFO] [stdout] 27 |     use reifydb_test_harness::engine::create_test_admin_transaction;
[INFO] [stdout]    |         ^^^^^^^^^^^^^^^^^^^^ use of unresolved module or unlinked crate `reifydb_test_harness`
[INFO] [stdout]    |
[INFO] [stdout]    = help: if you wanted to use a crate named `reifydb_test_harness`, use `cargo add reifydb_test_harness` to add it to your `Cargo.toml`
[INFO] [stdout] 
[INFO] [stdout] 
[INFO] [stdout] error[E0433]: cannot find module or crate `reifydb_test_harness` in this scope
[INFO] [stdout]   --> src/store/identity_attribute_value/find.rs:64:6
[INFO] [stdout]    |
[INFO] [stdout] 64 |     use reifydb_test_harness::engine::create_test_admin_transaction;
[INFO] [stdout]    |         ^^^^^^^^^^^^^^^^^^^^ use of unresolved module or unlinked crate `reifydb_test_harness`
[INFO] [stdout]    |
[INFO] [stdout]    = help: if you wanted to use a crate named `reifydb_test_harness`, use `cargo add reifydb_test_harness` to add it to your `Cargo.toml`
[INFO] [stdout] 
[INFO] [stdout] 
[INFO] [stdout] error[E0433]: cannot find module or crate `reifydb_test_harness` in this scope
[INFO] [stdout]   --> src/store/identity_attribute_value/list.rs:31:6
[INFO] [stdout]    |
[INFO] [stdout] 31 |     use reifydb_test_harness::engine::create_test_admin_transaction;
[INFO] [stdout]    |         ^^^^^^^^^^^^^^^^^^^^ use of unresolved module or unlinked crate `reifydb_test_harness`
[INFO] [stdout]    |
[INFO] [stdout]    = help: if you wanted to use a crate named `reifydb_test_harness`, use `cargo add reifydb_test_harness` to add it to your `Cargo.toml`
[INFO] [stdout] 
[INFO] [stdout] 
[INFO] [stdout] error[E0433]: cannot find module or crate `reifydb_test_harness` in this scope
[INFO] [stdout]   --> src/store/namespace/create.rs:86:6
[INFO] [stdout]    |
[INFO] [stdout] 86 |     use reifydb_test_harness::engine::create_test_admin_transaction;
[INFO] [stdout]    |         ^^^^^^^^^^^^^^^^^^^^ use of unresolved module or unlinked crate `reifydb_test_harness`
[INFO] [stdout]    |
[INFO] [stdout]    = help: if you wanted to use a crate named `reifydb_test_harness`, use `cargo add reifydb_test_harness` to add it to your `Cargo.toml`
[INFO] [stdout] 
[INFO] [stdout] 
[INFO] [stdout] error[E0433]: cannot find module or crate `reifydb_test_harness` in this scope
[INFO] [stdout]    --> src/store/namespace/drop.rs:161:6
[INFO] [stdout]     |
[INFO] [stdout] 161 |     use reifydb_test_harness::engine::create_test_admin_transaction;
[INFO] [stdout]     |         ^^^^^^^^^^^^^^^^^^^^ use of unresolved module or unlinked crate `reifydb_test_harness`
[INFO] [stdout]     |
[INFO] [stdout]     = help: if you wanted to use a crate named `reifydb_test_harness`, use `cargo add reifydb_test_harness` to add it to your `Cargo.toml`
[INFO] [stdout] 
[INFO] [stdout] 
[INFO] [stdout] error[E0433]: cannot find module or crate `reifydb_test_harness` in this scope
[INFO] [stdout]   --> src/store/namespace/find.rs:60:6
[INFO] [stdout]    |
[INFO] [stdout] 60 |     use reifydb_test_harness::engine::create_test_admin_transaction;
[INFO] [stdout]    |         ^^^^^^^^^^^^^^^^^^^^ use of unresolved module or unlinked crate `reifydb_test_harness`
[INFO] [stdout]    |
[INFO] [stdout]    = help: if you wanted to use a crate named `reifydb_test_harness`, use `cargo add reifydb_test_harness` to add it to your `Cargo.toml`
[INFO] [stdout] 
[INFO] [stdout] 
[INFO] [stdout] error[E0433]: cannot find module or crate `reifydb_test_harness` in this scope
[INFO] [stdout]   --> src/store/namespace/get.rs:26:6
[INFO] [stdout]    |
[INFO] [stdout] 26 |     use reifydb_test_harness::engine::create_test_admin_transaction;
[INFO] [stdout]    |         ^^^^^^^^^^^^^^^^^^^^ use of unresolved module or unlinked crate `reifydb_test_harness`
[INFO] [stdout]    |
[INFO] [stdout]    = help: if you wanted to use a crate named `reifydb_test_harness`, use `cargo add reifydb_test_harness` to add it to your `Cargo.toml`
[INFO] [stdout] 
[INFO] [stdout] 
[INFO] [stdout] error[E0433]: cannot find module or crate `reifydb_test_harness` in this scope
[INFO] [stdout]   --> src/store/object/find.rs:62:6
[INFO] [stdout]    |
[INFO] [stdout] 62 |     use reifydb_test_harness::engine::create_test_admin_transaction;
[INFO] [stdout]    |         ^^^^^^^^^^^^^^^^^^^^ use of unresolved module or unlinked crate `reifydb_test_harness`
[INFO] [stdout]    |
[INFO] [stdout]    = help: if you wanted to use a crate named `reifydb_test_harness`, use `cargo add reifydb_test_harness` to add it to your `Cargo.toml`
[INFO] [stdout] 
[INFO] [stdout] 
[INFO] [stdout] error[E0433]: cannot find module or crate `reifydb_test_harness` in this scope
[INFO] [stdout]   --> src/store/object/get.rs:43:6
[INFO] [stdout]    |
[INFO] [stdout] 43 |     use reifydb_test_harness::engine::create_test_admin_transaction;
[INFO] [stdout]    |         ^^^^^^^^^^^^^^^^^^^^ use of unresolved module or unlinked crate `reifydb_test_harness`
[INFO] [stdout]    |
[INFO] [stdout]    = help: if you wanted to use a crate named `reifydb_test_harness`, use `cargo add reifydb_test_harness` to add it to your `Cargo.toml`
[INFO] [stdout] 
[INFO] [stdout] 
[INFO] [stdout] error[E0433]: cannot find module or crate `reifydb_test_harness` in this scope
[INFO] [stdout]   --> src/store/operator/create.rs:40:6
[INFO] [stdout]    |
[INFO] [stdout] 40 |     use reifydb_test_harness::engine::create_test_admin_transaction;
[INFO] [stdout]    |         ^^^^^^^^^^^^^^^^^^^^ use of unresolved module or unlinked crate `reifydb_test_harness`
[INFO] [stdout]    |
[INFO] [stdout]    = help: if you wanted to use a crate named `reifydb_test_harness`, use `cargo add reifydb_test_harness` to add it to your `Cargo.toml`
[INFO] [stdout] 
[INFO] [stdout] 
[INFO] [stdout] error[E0433]: cannot find module or crate `reifydb_test_harness` in this scope
[INFO] [stdout]   --> src/store/operator/drop.rs:38:6
[INFO] [stdout]    |
[INFO] [stdout] 38 |     use reifydb_test_harness::engine::create_test_admin_transaction;
[INFO] [stdout]    |         ^^^^^^^^^^^^^^^^^^^^ use of unresolved module or unlinked crate `reifydb_test_harness`
[INFO] [stdout]    |
[INFO] [stdout]    = help: if you wanted to use a crate named `reifydb_test_harness`, use `cargo add reifydb_test_harness` to add it to your `Cargo.toml`
[INFO] [stdout] 
[INFO] [stdout] 
[INFO] [stdout] error[E0433]: cannot find module or crate `reifydb_test_harness` in this scope
[INFO] [stdout]   --> src/store/operator/find.rs:37:6
[INFO] [stdout]    |
[INFO] [stdout] 37 |     use reifydb_test_harness::engine::create_test_admin_transaction;
[INFO] [stdout]    |         ^^^^^^^^^^^^^^^^^^^^ use of unresolved module or unlinked crate `reifydb_test_harness`
[INFO] [stdout]    |
[INFO] [stdout]    = help: if you wanted to use a crate named `reifydb_test_harness`, use `cargo add reifydb_test_harness` to add it to your `Cargo.toml`
[INFO] [stdout] 
[INFO] [stdout] 
[INFO] [stdout] error[E0433]: cannot find module or crate `reifydb_test_harness` in this scope
[INFO] [stdout]   --> src/store/operator/get.rs:27:6
[INFO] [stdout]    |
[INFO] [stdout] 27 |     use reifydb_test_harness::engine::create_test_admin_transaction;
[INFO] [stdout]    |         ^^^^^^^^^^^^^^^^^^^^ use of unresolved module or unlinked crate `reifydb_test_harness`
[INFO] [stdout]    |
[INFO] [stdout]    = help: if you wanted to use a crate named `reifydb_test_harness`, use `cargo add reifydb_test_harness` to add it to your `Cargo.toml`
[INFO] [stdout] 
[INFO] [stdout] 
[INFO] [stdout] error[E0433]: cannot find module or crate `reifydb_test_harness` in this scope
[INFO] [stdout]   --> src/store/operator/list.rs:72:6
[INFO] [stdout]    |
[INFO] [stdout] 72 |     use reifydb_test_harness::engine::create_test_admin_transaction;
[INFO] [stdout]    |         ^^^^^^^^^^^^^^^^^^^^ use of unresolved module or unlinked crate `reifydb_test_harness`
[INFO] [stdout]    |
[INFO] [stdout]    = help: if you wanted to use a crate named `reifydb_test_harness`, use `cargo add reifydb_test_harness` to add it to your `Cargo.toml`
[INFO] [stdout] 
[INFO] [stdout] 
[INFO] [stdout] error[E0433]: cannot find module or crate `reifydb_test_harness` in this scope
[INFO] [stdout]   --> src/store/operator_settings/find.rs:29:6
[INFO] [stdout]    |
[INFO] [stdout] 29 |     use reifydb_test_harness::engine::create_test_admin_transaction;
[INFO] [stdout]    |         ^^^^^^^^^^^^^^^^^^^^ use of unresolved module or unlinked crate `reifydb_test_harness`
[INFO] [stdout]    |
[INFO] [stdout]    = help: if you wanted to use a crate named `reifydb_test_harness`, use `cargo add reifydb_test_harness` to add it to your `Cargo.toml`
[INFO] [stdout] 
[INFO] [stdout] 
[INFO] [stdout] error[E0433]: cannot find module or crate `reifydb_test_harness` in this scope
[INFO] [stdout]   --> src/store/policy/alter.rs:34:6
[INFO] [stdout]    |
[INFO] [stdout] 34 |     use reifydb_test_harness::engine::create_test_admin_transaction;
[INFO] [stdout]    |         ^^^^^^^^^^^^^^^^^^^^ use of unresolved module or unlinked crate `reifydb_test_harness`
[INFO] [stdout]    |
[INFO] [stdout]    = help: if you wanted to use a crate named `reifydb_test_harness`, use `cargo add reifydb_test_harness` to add it to your `Cargo.toml`
[INFO] [stdout] 
[INFO] [stdout] 
[INFO] [stdout] error[E0433]: cannot find module or crate `reifydb_test_harness` in this scope
[INFO] [stdout]   --> src/store/policy/create.rs:93:6
[INFO] [stdout]    |
[INFO] [stdout] 93 |     use reifydb_test_harness::engine::create_test_admin_transaction;
[INFO] [stdout]    |         ^^^^^^^^^^^^^^^^^^^^ use of unresolved module or unlinked crate `reifydb_test_harness`
[INFO] [stdout]    |
[INFO] [stdout]    = help: if you wanted to use a crate named `reifydb_test_harness`, use `cargo add reifydb_test_harness` to add it to your `Cargo.toml`
[INFO] [stdout] 
[INFO] [stdout] 
[INFO] [stdout] error[E0433]: cannot find module or crate `reifydb_test_harness` in this scope
[INFO] [stdout]   --> src/store/policy/drop.rs:41:6
[INFO] [stdout]    |
[INFO] [stdout] 41 |     use reifydb_test_harness::engine::create_test_admin_transaction;
[INFO] [stdout]    |         ^^^^^^^^^^^^^^^^^^^^ use of unresolved module or unlinked crate `reifydb_test_harness`
[INFO] [stdout]    |
[INFO] [stdout]    = help: if you wanted to use a crate named `reifydb_test_harness`, use `cargo add reifydb_test_harness` to add it to your `Cargo.toml`
[INFO] [stdout] 
[INFO] [stdout] 
[INFO] [stdout] error[E0433]: cannot find module or crate `reifydb_test_harness` in this scope
[INFO] [stdout]   --> src/store/policy/find.rs:39:6
[INFO] [stdout]    |
[INFO] [stdout] 39 |     use reifydb_test_harness::engine::create_test_admin_transaction;
[INFO] [stdout]    |         ^^^^^^^^^^^^^^^^^^^^ use of unresolved module or unlinked crate `reifydb_test_harness`
[INFO] [stdout]    |
[INFO] [stdout]    = help: if you wanted to use a crate named `reifydb_test_harness`, use `cargo add reifydb_test_harness` to add it to your `Cargo.toml`
[INFO] [stdout] 
[INFO] [stdout] 
[INFO] [stdout] error[E0433]: cannot find module or crate `reifydb_test_harness` in this scope
[INFO] [stdout]   --> src/store/policy/list.rs:61:6
[INFO] [stdout]    |
[INFO] [stdout] 61 |     use reifydb_test_harness::engine::create_test_admin_transaction;
[INFO] [stdout]    |         ^^^^^^^^^^^^^^^^^^^^ use of unresolved module or unlinked crate `reifydb_test_harness`
[INFO] [stdout]    |
[INFO] [stdout]    = help: if you wanted to use a crate named `reifydb_test_harness`, use `cargo add reifydb_test_harness` to add it to your `Cargo.toml`
[INFO] [stdout] 
[INFO] [stdout] 
[INFO] [stdout] error[E0433]: cannot find module or crate `reifydb_test_harness` in this scope
[INFO] [stdout]    --> src/store/primary_key/create.rs:140:6
[INFO] [stdout]     |
[INFO] [stdout] 140 |     use reifydb_test_harness::engine::create_test_admin_transaction;
[INFO] [stdout]     |         ^^^^^^^^^^^^^^^^^^^^ use of unresolved module or unlinked crate `reifydb_test_harness`
[INFO] [stdout]     |
[INFO] [stdout]     = help: if you wanted to use a crate named `reifydb_test_harness`, use `cargo add reifydb_test_harness` to add it to your `Cargo.toml`
[INFO] [stdout] 
[INFO] [stdout] 
[INFO] [stdout] error[E0433]: cannot find module or crate `reifydb_test_harness` in this scope
[INFO] [stdout]    --> src/store/queue/create.rs:205:6
[INFO] [stdout]     |
[INFO] [stdout] 205 |     use reifydb_test_harness::engine::create_test_admin_transaction;
[INFO] [stdout]     |         ^^^^^^^^^^^^^^^^^^^^ use of unresolved module or unlinked crate `reifydb_test_harness`
[INFO] [stdout]     |
[INFO] [stdout]     = help: if you wanted to use a crate named `reifydb_test_harness`, use `cargo add reifydb_test_harness` to add it to your `Cargo.toml`
[INFO] [stdout] 
[INFO] [stdout] 
[INFO] [stdout] error[E0433]: cannot find module or crate `reifydb_test_harness` in this scope
[INFO] [stdout]    --> src/store/queue/create.rs:347:6
[INFO] [stdout]     |
[INFO] [stdout] 347 |     use reifydb_test_harness::engine::create_test_admin_transaction;
[INFO] [stdout]     |         ^^^^^^^^^^^^^^^^^^^^ use of unresolved module or unlinked crate `reifydb_test_harness`
[INFO] [stdout]     |
[INFO] [stdout]     = help: if you wanted to use a crate named `reifydb_test_harness`, use `cargo add reifydb_test_harness` to add it to your `Cargo.toml`
[INFO] [stdout] 
[INFO] [stdout] 
[INFO] [stdout] error[E0433]: cannot find module or crate `reifydb_test_harness` in this scope
[INFO] [stdout]   --> src/store/queue/drop.rs:76:6
[INFO] [stdout]    |
[INFO] [stdout] 76 |     use reifydb_test_harness::engine::create_test_admin_transaction;
[INFO] [stdout]    |         ^^^^^^^^^^^^^^^^^^^^ use of unresolved module or unlinked crate `reifydb_test_harness`
[INFO] [stdout]    |
[INFO] [stdout]    = help: if you wanted to use a crate named `reifydb_test_harness`, use `cargo add reifydb_test_harness` to add it to your `Cargo.toml`
[INFO] [stdout] 
[INFO] [stdout] 
[INFO] [stdout] error[E0433]: cannot find module or crate `reifydb_test_harness` in this scope
[INFO] [stdout]   --> src/store/queue/find.rs:91:6
[INFO] [stdout]    |
[INFO] [stdout] 91 |     use reifydb_test_harness::engine::create_test_admin_transaction;
[INFO] [stdout]    |         ^^^^^^^^^^^^^^^^^^^^ use of unresolved module or unlinked crate `reifydb_test_harness`
[INFO] [stdout]    |
[INFO] [stdout]    = help: if you wanted to use a crate named `reifydb_test_harness`, use `cargo add reifydb_test_harness` to add it to your `Cargo.toml`
[INFO] [stdout] 
[INFO] [stdout] 
[INFO] [stdout] error[E0433]: cannot find module or crate `reifydb_test_harness` in this scope
[INFO] [stdout]   --> src/store/queue/get.rs:27:6
[INFO] [stdout]    |
[INFO] [stdout] 27 |     use reifydb_test_harness::engine::create_test_admin_transaction;
[INFO] [stdout]    |         ^^^^^^^^^^^^^^^^^^^^ use of unresolved module or unlinked crate `reifydb_test_harness`
[INFO] [stdout]    |
[INFO] [stdout]    = help: if you wanted to use a crate named `reifydb_test_harness`, use `cargo add reifydb_test_harness` to add it to your `Cargo.toml`
[INFO] [stdout] 
[INFO] [stdout] 
[INFO] [stdout] error[E0433]: cannot find module or crate `reifydb_test_harness` in this scope
[INFO] [stdout]   --> src/store/queue/list.rs:51:6
[INFO] [stdout]    |
[INFO] [stdout] 51 |     use reifydb_test_harness::engine::create_test_admin_transaction;
[INFO] [stdout]    |         ^^^^^^^^^^^^^^^^^^^^ use of unresolved module or unlinked crate `reifydb_test_harness`
[INFO] [stdout]    |
[INFO] [stdout]    = help: if you wanted to use a crate named `reifydb_test_harness`, use `cargo add reifydb_test_harness` to add it to your `Cargo.toml`
[INFO] [stdout] 
[INFO] [stdout] 
[INFO] [stdout] error[E0433]: cannot find module or crate `reifydb_test_harness` in this scope
[INFO] [stdout]    --> src/store/ringbuffer/create.rs:230:6
[INFO] [stdout]     |
[INFO] [stdout] 230 |     use reifydb_test_harness::engine::create_test_admin_transaction;
[INFO] [stdout]     |         ^^^^^^^^^^^^^^^^^^^^ use of unresolved module or unlinked crate `reifydb_test_harness`
[INFO] [stdout]     |
[INFO] [stdout]     = help: if you wanted to use a crate named `reifydb_test_harness`, use `cargo add reifydb_test_harness` to add it to your `Cargo.toml`
[INFO] [stdout] 
[INFO] [stdout] 
[INFO] [stdout] error[E0433]: cannot find module or crate `reifydb_test_harness` in this scope
[INFO] [stdout]    --> src/store/ringbuffer/create.rs:501:6
[INFO] [stdout]     |
[INFO] [stdout] 501 |     use reifydb_test_harness::engine::create_test_admin_transaction;
[INFO] [stdout]     |         ^^^^^^^^^^^^^^^^^^^^ use of unresolved module or unlinked crate `reifydb_test_harness`
[INFO] [stdout]     |
[INFO] [stdout]     = help: if you wanted to use a crate named `reifydb_test_harness`, use `cargo add reifydb_test_harness` to add it to your `Cargo.toml`
[INFO] [stdout] 
[INFO] [stdout] 
[INFO] [stdout] error[E0433]: cannot find module or crate `reifydb_test_harness` in this scope
[INFO] [stdout]   --> src/store/ringbuffer/drop.rs:49:6
[INFO] [stdout]    |
[INFO] [stdout] 49 |     use reifydb_test_harness::engine::create_test_admin_transaction;
[INFO] [stdout]    |         ^^^^^^^^^^^^^^^^^^^^ use of unresolved module or unlinked crate `reifydb_test_harness`
[INFO] [stdout]    |
[INFO] [stdout]    = help: if you wanted to use a crate named `reifydb_test_harness`, use `cargo add reifydb_test_harness` to add it to your `Cargo.toml`
[INFO] [stdout] 
[INFO] [stdout] 
[INFO] [stdout] error[E0433]: cannot find module or crate `reifydb_test_harness` in this scope
[INFO] [stdout]    --> src/store/ringbuffer/find.rs:173:6
[INFO] [stdout]     |
[INFO] [stdout] 173 |     use reifydb_test_harness::engine::create_test_admin_transaction;
[INFO] [stdout]     |         ^^^^^^^^^^^^^^^^^^^^ use of unresolved module or unlinked crate `reifydb_test_harness`
[INFO] [stdout]     |
[INFO] [stdout]     = help: if you wanted to use a crate named `reifydb_test_harness`, use `cargo add reifydb_test_harness` to add it to your `Cargo.toml`
[INFO] [stdout] 
[INFO] [stdout] 
[INFO] [stdout] error[E0433]: cannot find module or crate `reifydb_test_harness` in this scope
[INFO] [stdout]   --> src/store/ringbuffer/get.rs:42:6
[INFO] [stdout]    |
[INFO] [stdout] 42 |     use reifydb_test_harness::engine::create_test_admin_transaction;
[INFO] [stdout]    |         ^^^^^^^^^^^^^^^^^^^^ use of unresolved module or unlinked crate `reifydb_test_harness`
[INFO] [stdout]    |
[INFO] [stdout]    = help: if you wanted to use a crate named `reifydb_test_harness`, use `cargo add reifydb_test_harness` to add it to your `Cargo.toml`
[INFO] [stdout] 
[INFO] [stdout] 
[INFO] [stdout] error[E0433]: cannot find module or crate `reifydb_test_harness` in this scope
[INFO] [stdout]   --> src/store/ringbuffer/get_pk_id.rs:36:6
[INFO] [stdout]    |
[INFO] [stdout] 36 |     use reifydb_test_harness::engine::create_test_admin_transaction;
[INFO] [stdout]    |         ^^^^^^^^^^^^^^^^^^^^ use of unresolved module or unlinked crate `reifydb_test_harness`
[INFO] [stdout]    |
[INFO] [stdout]    = help: if you wanted to use a crate named `reifydb_test_harness`, use `cargo add reifydb_test_harness` to add it to your `Cargo.toml`
[INFO] [stdout] 
[INFO] [stdout] 
[INFO] [stdout] error[E0433]: cannot find module or crate `reifydb_test_harness` in this scope
[INFO] [stdout]   --> src/store/ringbuffer/list.rs:91:6
[INFO] [stdout]    |
[INFO] [stdout] 91 |     use reifydb_test_harness::engine::create_test_admin_transaction;
[INFO] [stdout]    |         ^^^^^^^^^^^^^^^^^^^^ use of unresolved module or unlinked crate `reifydb_test_harness`
[INFO] [stdout]    |
[INFO] [stdout]    = help: if you wanted to use a crate named `reifydb_test_harness`, use `cargo add reifydb_test_harness` to add it to your `Cargo.toml`
[INFO] [stdout] 
[INFO] [stdout] 
[INFO] [stdout] error[E0433]: cannot find module or crate `reifydb_test_harness` in this scope
[INFO] [stdout]   --> src/store/ringbuffer/set_pk.rs:40:6
[INFO] [stdout]    |
[INFO] [stdout] 40 |     use reifydb_test_harness::engine::create_test_admin_transaction;
[INFO] [stdout]    |         ^^^^^^^^^^^^^^^^^^^^ use of unresolved module or unlinked crate `reifydb_test_harness`
[INFO] [stdout]    |
[INFO] [stdout]    = help: if you wanted to use a crate named `reifydb_test_harness`, use `cargo add reifydb_test_harness` to add it to your `Cargo.toml`
[INFO] [stdout] 
[INFO] [stdout] 
[INFO] [stdout] error[E0433]: cannot find module or crate `reifydb_test_harness` in this scope
[INFO] [stdout]   --> src/store/ringbuffer/update.rs:87:6
[INFO] [stdout]    |
[INFO] [stdout] 87 |     use reifydb_test_harness::engine::create_test_admin_transaction;
[INFO] [stdout]    |         ^^^^^^^^^^^^^^^^^^^^ use of unresolved module or unlinked crate `reifydb_test_harness`
[INFO] [stdout]    |
[INFO] [stdout]    = help: if you wanted to use a crate named `reifydb_test_harness`, use `cargo add reifydb_test_harness` to add it to your `Cargo.toml`
[INFO] [stdout] 
[INFO] [stdout] 
[INFO] [stdout] error[E0433]: cannot find module or crate `reifydb_test_harness` in this scope
[INFO] [stdout]   --> src/store/role/create.rs:43:6
[INFO] [stdout]    |
[INFO] [stdout] 43 |     use reifydb_test_harness::engine::create_test_admin_transaction;
[INFO] [stdout]    |         ^^^^^^^^^^^^^^^^^^^^ use of unresolved module or unlinked crate `reifydb_test_harness`
[INFO] [stdout]    |
[INFO] [stdout]    = help: if you wanted to use a crate named `reifydb_test_harness`, use `cargo add reifydb_test_harness` to add it to your `Cargo.toml`
[INFO] [stdout] 
[INFO] [stdout] 
[INFO] [stdout] error[E0433]: cannot find module or crate `reifydb_test_harness` in this scope
[INFO] [stdout]   --> src/store/role/drop.rs:42:6
[INFO] [stdout]    |
[INFO] [stdout] 42 |     use reifydb_test_harness::engine::create_test_admin_transaction;
[INFO] [stdout]    |         ^^^^^^^^^^^^^^^^^^^^ use of unresolved module or unlinked crate `reifydb_test_harness`
[INFO] [stdout]    |
[INFO] [stdout]    = help: if you wanted to use a crate named `reifydb_test_harness`, use `cargo add reifydb_test_harness` to add it to your `Cargo.toml`
[INFO] [stdout] 
[INFO] [stdout] 
[INFO] [stdout] error[E0433]: cannot find module or crate `reifydb_test_harness` in this scope
[INFO] [stdout]   --> src/store/role/find.rs:39:6
[INFO] [stdout]    |
[INFO] [stdout] 39 |     use reifydb_test_harness::engine::create_test_admin_transaction;
[INFO] [stdout]    |         ^^^^^^^^^^^^^^^^^^^^ use of unresolved module or unlinked crate `reifydb_test_harness`
[INFO] [stdout]    |
[INFO] [stdout]    = help: if you wanted to use a crate named `reifydb_test_harness`, use `cargo add reifydb_test_harness` to add it to your `Cargo.toml`
[INFO] [stdout] 
[INFO] [stdout] 
[INFO] [stdout] error[E0433]: cannot find module or crate `reifydb_test_harness` in this scope
[INFO] [stdout]   --> src/store/role/list.rs:25:6
[INFO] [stdout]    |
[INFO] [stdout] 25 |     use reifydb_test_harness::engine::create_test_admin_transaction;
[INFO] [stdout]    |         ^^^^^^^^^^^^^^^^^^^^ use of unresolved module or unlinked crate `reifydb_test_harness`
[INFO] [stdout]    |
[INFO] [stdout]    = help: if you wanted to use a crate named `reifydb_test_harness`, use `cargo add reifydb_test_harness` to add it to your `Cargo.toml`
[INFO] [stdout] 
[INFO] [stdout] 
[INFO] [stdout] error[E0433]: cannot find module or crate `reifydb_test_harness` in this scope
[INFO] [stdout]   --> src/store/row_settings/create.rs:30:6
[INFO] [stdout]    |
[INFO] [stdout] 30 |     use reifydb_test_harness::engine::create_test_admin_transaction;
[INFO] [stdout]    |         ^^^^^^^^^^^^^^^^^^^^ use of unresolved module or unlinked crate `reifydb_test_harness`
[INFO] [stdout]    |
[INFO] [stdout]    = help: if you wanted to use a crate named `reifydb_test_harness`, use `cargo add reifydb_test_harness` to add it to your `Cargo.toml`
[INFO] [stdout] 
[INFO] [stdout] 
[INFO] [stdout] error[E0433]: cannot find module or crate `reifydb_test_harness` in this scope
[INFO] [stdout]   --> src/store/row_settings/find.rs:24:6
[INFO] [stdout]    |
[INFO] [stdout] 24 |     use reifydb_test_harness::engine::create_test_admin_transaction;
[INFO] [stdout]    |         ^^^^^^^^^^^^^^^^^^^^ use of unresolved module or unlinked crate `reifydb_test_harness`
[INFO] [stdout]    |
[INFO] [stdout]    = help: if you wanted to use a crate named `reifydb_test_harness`, use `cargo add reifydb_test_harness` to add it to your `Cargo.toml`
[INFO] [stdout] 
[INFO] [stdout] 
[INFO] [stdout] error[E0433]: cannot find module or crate `reifydb_test_harness` in this scope
[INFO] [stdout]   --> src/store/row_settings/get.rs:28:6
[INFO] [stdout]    |
[INFO] [stdout] 28 |     use reifydb_test_harness::engine::create_test_admin_transaction;
[INFO] [stdout]    |         ^^^^^^^^^^^^^^^^^^^^ use of unresolved module or unlinked crate `reifydb_test_harness`
[INFO] [stdout]    |
[INFO] [stdout]    = help: if you wanted to use a crate named `reifydb_test_harness`, use `cargo add reifydb_test_harness` to add it to your `Cargo.toml`
[INFO] [stdout] 
[INFO] [stdout] 
[INFO] [stdout] error[E0433]: cannot find module or crate `reifydb_test_harness` in this scope
[INFO] [stdout]   --> src/store/row_settings/list.rs:53:6
[INFO] [stdout]    |
[INFO] [stdout] 53 |     use reifydb_test_harness::engine::create_test_admin_transaction;
[INFO] [stdout]    |         ^^^^^^^^^^^^^^^^^^^^ use of unresolved module or unlinked crate `reifydb_test_harness`
[INFO] [stdout]    |
[INFO] [stdout]    = help: if you wanted to use a crate named `reifydb_test_harness`, use `cargo add reifydb_test_harness` to add it to your `Cargo.toml`
[INFO] [stdout] 
[INFO] [stdout] 
[INFO] [stdout] error[E0433]: cannot find module or crate `reifydb_test_harness` in this scope
[INFO] [stdout]    --> src/store/row_shape/find.rs:171:6
[INFO] [stdout]     |
[INFO] [stdout] 171 |     use reifydb_test_harness::engine::create_test_admin_transaction;
[INFO] [stdout]     |         ^^^^^^^^^^^^^^^^^^^^ use of unresolved module or unlinked crate `reifydb_test_harness`
[INFO] [stdout]     |
[INFO] [stdout]     = help: if you wanted to use a crate named `reifydb_test_harness`, use `cargo add reifydb_test_harness` to add it to your `Cargo.toml`
[INFO] [stdout] 
[INFO] [stdout] 
[INFO] [stdout] error[E0433]: cannot find module or crate `reifydb_test_harness` in this scope
[INFO] [stdout]   --> src/store/sequence/find.rs:49:6
[INFO] [stdout]    |
[INFO] [stdout] 49 |     use reifydb_test_harness::engine::create_test_admin_transaction;
[INFO] [stdout]    |         ^^^^^^^^^^^^^^^^^^^^ use of unresolved module or unlinked crate `reifydb_test_harness`
[INFO] [stdout]    |
[INFO] [stdout]    = help: if you wanted to use a crate named `reifydb_test_harness`, use `cargo add reifydb_test_harness` to add it to your `Cargo.toml`
[INFO] [stdout] 
[INFO] [stdout] 
[INFO] [stdout] error[E0433]: cannot find module or crate `reifydb_test_harness` in this scope
[INFO] [stdout]    --> src/store/series/create.rs:230:6
[INFO] [stdout]     |
[INFO] [stdout] 230 |     use reifydb_test_harness::engine::create_test_admin_transaction;
[INFO] [stdout]     |         ^^^^^^^^^^^^^^^^^^^^ use of unresolved module or unlinked crate `reifydb_test_harness`
[INFO] [stdout]     |
[INFO] [stdout]     = help: if you wanted to use a crate named `reifydb_test_harness`, use `cargo add reifydb_test_harness` to add it to your `Cargo.toml`
[INFO] [stdout] 
[INFO] [stdout] 
[INFO] [stdout] error[E0433]: cannot find module or crate `reifydb_test_harness` in this scope
[INFO] [stdout]    --> src/store/sink/create.rs:109:6
[INFO] [stdout]     |
[INFO] [stdout] 109 |     use reifydb_test_harness::engine::create_test_admin_transaction;
[INFO] [stdout]     |         ^^^^^^^^^^^^^^^^^^^^ use of unresolved module or unlinked crate `reifydb_test_harness`
[INFO] [stdout]     |
[INFO] [stdout]     = help: if you wanted to use a crate named `reifydb_test_harness`, use `cargo add reifydb_test_harness` to add it to your `Cargo.toml`
[INFO] [stdout] 
[INFO] [stdout] 
[INFO] [stdout] error[E0433]: cannot find module or crate `reifydb_test_harness` in this scope
[INFO] [stdout]   --> src/store/sink/drop.rs:29:6
[INFO] [stdout]    |
[INFO] [stdout] 29 |     use reifydb_test_harness::engine::create_test_admin_transaction;
[INFO] [stdout]    |         ^^^^^^^^^^^^^^^^^^^^ use of unresolved module or unlinked crate `reifydb_test_harness`
[INFO] [stdout]    |
[INFO] [stdout]    = help: if you wanted to use a crate named `reifydb_test_harness`, use `cargo add reifydb_test_harness` to add it to your `Cargo.toml`
[INFO] [stdout] 
[INFO] [stdout] 
[INFO] [stdout] error[E0433]: cannot find module or crate `reifydb_test_harness` in this scope
[INFO] [stdout]   --> src/store/sink/find.rs:82:6
[INFO] [stdout]    |
[INFO] [stdout] 82 |     use reifydb_test_harness::engine::create_test_admin_transaction;
[INFO] [stdout]    |         ^^^^^^^^^^^^^^^^^^^^ use of unresolved module or unlinked crate `reifydb_test_harness`
[INFO] [stdout]    |
[INFO] [stdout]    = help: if you wanted to use a crate named `reifydb_test_harness`, use `cargo add reifydb_test_harness` to add it to your `Cargo.toml`
[INFO] [stdout] 
[INFO] [stdout] 
[INFO] [stdout] error[E0433]: cannot find module or crate `reifydb_test_harness` in this scope
[INFO] [stdout]    --> src/store/source/create.rs:107:6
[INFO] [stdout]     |
[INFO] [stdout] 107 |     use reifydb_test_harness::engine::create_test_admin_transaction;
[INFO] [stdout]     |         ^^^^^^^^^^^^^^^^^^^^ use of unresolved module or unlinked crate `reifydb_test_harness`
[INFO] [stdout]     |
[INFO] [stdout]     = help: if you wanted to use a crate named `reifydb_test_harness`, use `cargo add reifydb_test_harness` to add it to your `Cargo.toml`
[INFO] [stdout] 
[INFO] [stdout] 
[INFO] [stdout] error[E0433]: cannot find module or crate `reifydb_test_harness` in this scope
[INFO] [stdout]   --> src/store/source/drop.rs:29:6
[INFO] [stdout]    |
[INFO] [stdout] 29 |     use reifydb_test_harness::engine::create_test_admin_transaction;
[INFO] [stdout]    |         ^^^^^^^^^^^^^^^^^^^^ use of unresolved module or unlinked crate `reifydb_test_harness`
[INFO] [stdout]    |
[INFO] [stdout]    = help: if you wanted to use a crate named `reifydb_test_harness`, use `cargo add reifydb_test_harness` to add it to your `Cargo.toml`
[INFO] [stdout] 
[INFO] [stdout] 
[INFO] [stdout] error[E0433]: cannot find module or crate `reifydb_test_harness` in this scope
[INFO] [stdout]   --> src/store/source/find.rs:82:6
[INFO] [stdout]    |
[INFO] [stdout] 82 |     use reifydb_test_harness::engine::create_test_admin_transaction;
[INFO] [stdout]    |         ^^^^^^^^^^^^^^^^^^^^ use of unresolved module or unlinked crate `reifydb_test_harness`
[INFO] [stdout]    |
[INFO] [stdout]    = help: if you wanted to use a crate named `reifydb_test_harness`, use `cargo add reifydb_test_harness` to add it to your `Cargo.toml`
[INFO] [stdout] 
[INFO] [stdout] 
[INFO] [stdout] error[E0433]: cannot find module or crate `reifydb_test_harness` in this scope
[INFO] [stdout]   --> src/store/sumtype/create.rs:82:6
[INFO] [stdout]    |
[INFO] [stdout] 82 |     use reifydb_test_harness::engine::create_test_admin_transaction;
[INFO] [stdout]    |         ^^^^^^^^^^^^^^^^^^^^ use of unresolved module or unlinked crate `reifydb_test_harness`
[INFO] [stdout]    |
[INFO] [stdout]    = help: if you wanted to use a crate named `reifydb_test_harness`, use `cargo add reifydb_test_harness` to add it to your `Cargo.toml`
[INFO] [stdout] 
[INFO] [stdout] 
[INFO] [stdout] error[E0433]: cannot find module or crate `reifydb_test_harness` in this scope
[INFO] [stdout]   --> src/store/sumtype/drop.rs:24:6
[INFO] [stdout]    |
[INFO] [stdout] 24 |     use reifydb_test_harness::engine::create_test_admin_transaction;
[INFO] [stdout]    |         ^^^^^^^^^^^^^^^^^^^^ use of unresolved module or unlinked crate `reifydb_test_harness`
[INFO] [stdout]    |
[INFO] [stdout]    = help: if you wanted to use a crate named `reifydb_test_harness`, use `cargo add reifydb_test_harness` to add it to your `Cargo.toml`
[INFO] [stdout] 
[INFO] [stdout] 
[INFO] [stdout] error[E0433]: cannot find module or crate `reifydb_test_harness` in this scope
[INFO] [stdout]   --> src/store/sumtype/find.rs:56:6
[INFO] [stdout]    |
[INFO] [stdout] 56 |     use reifydb_test_harness::engine::create_test_admin_transaction;
[INFO] [stdout]    |         ^^^^^^^^^^^^^^^^^^^^ use of unresolved module or unlinked crate `reifydb_test_harness`
[INFO] [stdout]    |
[INFO] [stdout]    = help: if you wanted to use a crate named `reifydb_test_harness`, use `cargo add reifydb_test_harness` to add it to your `Cargo.toml`
[INFO] [stdout] 
[INFO] [stdout] 
[INFO] [stdout] error[E0433]: cannot find module or crate `reifydb_test_harness` in this scope
[INFO] [stdout]   --> src/store/sumtype/get.rs:22:6
[INFO] [stdout]    |
[INFO] [stdout] 22 |     use reifydb_test_harness::engine::create_test_admin_transaction;
[INFO] [stdout]    |         ^^^^^^^^^^^^^^^^^^^^ use of unresolved module or unlinked crate `reifydb_test_harness`
[INFO] [stdout]    |
[INFO] [stdout]    = help: if you wanted to use a crate named `reifydb_test_harness`, use `cargo add reifydb_test_harness` to add it to your `Cargo.toml`
[INFO] [stdout] 
[INFO] [stdout] 
[INFO] [stdout] error[E0433]: cannot find module or crate `reifydb_test_harness` in this scope
[INFO] [stdout]    --> src/store/table/create.rs:199:6
[INFO] [stdout]     |
[INFO] [stdout] 199 |     use reifydb_test_harness::engine::create_test_admin_transaction;
[INFO] [stdout]     |         ^^^^^^^^^^^^^^^^^^^^ use of unresolved module or unlinked crate `reifydb_test_harness`
[INFO] [stdout]     |
[INFO] [stdout]     = help: if you wanted to use a crate named `reifydb_test_harness`, use `cargo add reifydb_test_harness` to add it to your `Cargo.toml`
[INFO] [stdout] 
[INFO] [stdout] 
[INFO] [stdout] error[E0433]: cannot find module or crate `reifydb_test_harness` in this scope
[INFO] [stdout]    --> src/store/table/create.rs:279:6
[INFO] [stdout]     |
[INFO] [stdout] 279 |     use reifydb_test_harness::engine::create_test_admin_transaction;
[INFO] [stdout]     |         ^^^^^^^^^^^^^^^^^^^^ use of unresolved module or unlinked crate `reifydb_test_harness`
[INFO] [stdout]     |
[INFO] [stdout]     = help: if you wanted to use a crate named `reifydb_test_harness`, use `cargo add reifydb_test_harness` to add it to your `Cargo.toml`
[INFO] [stdout] 
[INFO] [stdout] 
[INFO] [stdout] error[E0433]: cannot find module or crate `reifydb_test_harness` in this scope
[INFO] [stdout]   --> src/store/table/drop.rs:33:6
[INFO] [stdout]    |
[INFO] [stdout] 33 |     use reifydb_test_harness::engine::create_test_admin_transaction;
[INFO] [stdout]    |         ^^^^^^^^^^^^^^^^^^^^ use of unresolved module or unlinked crate `reifydb_test_harness`
[INFO] [stdout]    |
[INFO] [stdout]    = help: if you wanted to use a crate named `reifydb_test_harness`, use `cargo add reifydb_test_harness` to add it to your `Cargo.toml`
[INFO] [stdout] 
[INFO] [stdout] 
[INFO] [stdout] error[E0433]: cannot find module or crate `reifydb_test_harness` in this scope
[INFO] [stdout]   --> src/store/table/find.rs:81:6
[INFO] [stdout]    |
[INFO] [stdout] 81 |     use reifydb_test_harness::engine::create_test_admin_transaction;
[INFO] [stdout]    |         ^^^^^^^^^^^^^^^^^^^^ use of unresolved module or unlinked crate `reifydb_test_harness`
[INFO] [stdout]    |
[INFO] [stdout]    = help: if you wanted to use a crate named `reifydb_test_harness`, use `cargo add reifydb_test_harness` to add it to your `Cargo.toml`
[INFO] [stdout] 
[INFO] [stdout] 
[INFO] [stdout] error[E0433]: cannot find module or crate `reifydb_test_harness` in this scope
[INFO] [stdout]   --> src/store/table/get.rs:27:6
[INFO] [stdout]    |
[INFO] [stdout] 27 |     use reifydb_test_harness::engine::create_test_admin_transaction;
[INFO] [stdout]    |         ^^^^^^^^^^^^^^^^^^^^ use of unresolved module or unlinked crate `reifydb_test_harness`
[INFO] [stdout]    |
[INFO] [stdout]    = help: if you wanted to use a crate named `reifydb_test_harness`, use `cargo add reifydb_test_harness` to add it to your `Cargo.toml`
[INFO] [stdout] 
[INFO] [stdout] 
[INFO] [stdout] error[E0433]: cannot find module or crate `reifydb_test_harness` in this scope
[INFO] [stdout]   --> src/store/table/get_pk_id.rs:33:6
[INFO] [stdout]    |
[INFO] [stdout] 33 |     use reifydb_test_harness::engine::create_test_admin_transaction;
[INFO] [stdout]    |         ^^^^^^^^^^^^^^^^^^^^ use of unresolved module or unlinked crate `reifydb_test_harness`
[INFO] [stdout]    |
[INFO] [stdout]    = help: if you wanted to use a crate named `reifydb_test_harness`, use `cargo add reifydb_test_harness` to add it to your `Cargo.toml`
[INFO] [stdout] 
[INFO] [stdout] 
[INFO] [stdout] error[E0433]: cannot find module or crate `reifydb_test_harness` in this scope
[INFO] [stdout]   --> src/store/table/set_pk.rs:40:6
[INFO] [stdout]    |
[INFO] [stdout] 40 |     use reifydb_test_harness::engine::create_test_admin_transaction;
[INFO] [stdout]    |         ^^^^^^^^^^^^^^^^^^^^ use of unresolved module or unlinked crate `reifydb_test_harness`
[INFO] [stdout]    |
[INFO] [stdout]    = help: if you wanted to use a crate named `reifydb_test_harness`, use `cargo add reifydb_test_harness` to add it to your `Cargo.toml`
[INFO] [stdout] 
[INFO] [stdout] 
[INFO] [stdout] error[E0433]: cannot find module or crate `reifydb_test_harness` in this scope
[INFO] [stdout]    --> src/store/view/create.rs:275:6
[INFO] [stdout]     |
[INFO] [stdout] 275 |     use reifydb_test_harness::engine::create_test_admin_transaction;
[INFO] [stdout]     |         ^^^^^^^^^^^^^^^^^^^^ use of unresolved module or unlinked crate `reifydb_test_harness`
[INFO] [stdout]     |
[INFO] [stdout]     = help: if you wanted to use a crate named `reifydb_test_harness`, use `cargo add reifydb_test_harness` to add it to your `Cargo.toml`
[INFO] [stdout] 
[INFO] [stdout] 
[INFO] [stdout] error[E0433]: cannot find module or crate `reifydb_test_harness` in this scope
[INFO] [stdout]   --> src/store/view/drop.rs:67:6
[INFO] [stdout]    |
[INFO] [stdout] 67 |     use reifydb_test_harness::engine::create_test_admin_transaction;
[INFO] [stdout]    |         ^^^^^^^^^^^^^^^^^^^^ use of unresolved module or unlinked crate `reifydb_test_harness`
[INFO] [stdout]    |
[INFO] [stdout]    = help: if you wanted to use a crate named `reifydb_test_harness`, use `cargo add reifydb_test_harness` to add it to your `Cargo.toml`
[INFO] [stdout] 
[INFO] [stdout] 
[INFO] [stdout] error[E0433]: cannot find module or crate `reifydb_test_harness` in this scope
[INFO] [stdout]    --> src/store/view/find.rs:175:6
[INFO] [stdout]     |
[INFO] [stdout] 175 |     use reifydb_test_harness::engine::create_test_admin_transaction;
[INFO] [stdout]     |         ^^^^^^^^^^^^^^^^^^^^ use of unresolved module or unlinked crate `reifydb_test_harness`
[INFO] [stdout]     |
[INFO] [stdout]     = help: if you wanted to use a crate named `reifydb_test_harness`, use `cargo add reifydb_test_harness` to add it to your `Cargo.toml`
[INFO] [stdout] 
[INFO] [stdout] 
[INFO] [stdout] error[E0433]: cannot find module or crate `reifydb_test_harness` in this scope
[INFO] [stdout]   --> src/store/view/get.rs:27:6
[INFO] [stdout]    |
[INFO] [stdout] 27 |     use reifydb_test_harness::engine::create_test_admin_transaction;
[INFO] [stdout]    |         ^^^^^^^^^^^^^^^^^^^^ use of unresolved module or unlinked crate `reifydb_test_harness`
[INFO] [stdout]    |
[INFO] [stdout]    = help: if you wanted to use a crate named `reifydb_test_harness`, use `cargo add reifydb_test_harness` to add it to your `Cargo.toml`
[INFO] [stdout] 
[INFO] [stdout] 
[INFO] [stdout] error[E0433]: cannot find module or crate `reifydb_test_harness` in this scope
[INFO] [stdout]   --> src/store/view/get_pk_id.rs:33:6
[INFO] [stdout]    |
[INFO] [stdout] 33 |     use reifydb_test_harness::engine::create_test_admin_transaction;
[INFO] [stdout]    |         ^^^^^^^^^^^^^^^^^^^^ use of unresolved module or unlinked crate `reifydb_test_harness`
[INFO] [stdout]    |
[INFO] [stdout]    = help: if you wanted to use a crate named `reifydb_test_harness`, use `cargo add reifydb_test_harness` to add it to your `Cargo.toml`
[INFO] [stdout] 
[INFO] [stdout] 
[INFO] [stdout] error[E0433]: cannot find module or crate `reifydb_test_harness` in this scope
[INFO] [stdout]   --> src/store/view/set_pk.rs:40:6
[INFO] [stdout]    |
[INFO] [stdout] 40 |     use reifydb_test_harness::engine::create_test_admin_transaction;
[INFO] [stdout]    |         ^^^^^^^^^^^^^^^^^^^^ use of unresolved module or unlinked crate `reifydb_test_harness`
[INFO] [stdout]    |
[INFO] [stdout]    = help: if you wanted to use a crate named `reifydb_test_harness`, use `cargo add reifydb_test_harness` to add it to your `Cargo.toml`
[INFO] [stdout] 
[INFO] [stdout] 
[INFO] [stdout] error[E0433]: cannot find module or crate `reifydb_test_harness` in this scope
[INFO] [stdout]  --> src/vtable/system/schema_conformance_tests.rs:5:5
[INFO] [stdout]   |
[INFO] [stdout] 5 | use reifydb_test_harness::engine::create_test_admin_transaction;
[INFO] [stdout]   |     ^^^^^^^^^^^^^^^^^^^^ use of unresolved module or unlinked crate `reifydb_test_harness`
[INFO] [stdout]   |
[INFO] [stdout]   = help: if you wanted to use a crate named `reifydb_test_harness`, use `cargo add reifydb_test_harness` to add it to your `Cargo.toml`
[INFO] [stdout] 
[INFO] [stdout] 
[INFO] [stdout] error[E0433]: cannot find module or crate `reifydb_test_harness` in this scope
[INFO] [stdout]    --> src/store/sequence/generator.rs:168:9
[INFO] [stdout]     |
[INFO] [stdout]  59 |   macro_rules! impl_generator {
[INFO] [stdout] ...
[INFO] [stdout] 168 |                   use reifydb_test_harness::engine::create_test_admin_transaction;
[INFO] [stdout]     |                       ^^^^^^^^^^^^^^^^^^^^ use of unresolved module or unlinked crate `reifydb_test_harness`
[INFO] [stdout] ...
[INFO] [stdout] 425 | / impl_generator!(
[INFO] [stdout] 426 | |     module: u8,
[INFO] [stdout] 427 | |     name: GeneratorU8,
[INFO] [stdout] 428 | |     type: u8,
[INFO] [stdout] ...   |
[INFO] [stdout] 431 | |     max_value: u8::MAX
[INFO] [stdout] 432 | | );
[INFO] [stdout]     | |_- in this macro invocation
[INFO] [stdout]     |
[INFO] [stdout]     = help: if you wanted to use a crate named `reifydb_test_harness`, use `cargo add reifydb_test_harness` to add it to your `Cargo.toml`
[INFO] [stdout] 
[INFO] [stdout] 
[INFO] [stdout] error[E0433]: cannot find module or crate `reifydb_test_harness` in this scope
[INFO] [stdout]    --> src/store/sequence/generator.rs:168:9
[INFO] [stdout]     |
[INFO] [stdout]  59 |   macro_rules! impl_generator {
[INFO] [stdout] ...
[INFO] [stdout] 168 |                   use reifydb_test_harness::engine::create_test_admin_transaction;
[INFO] [stdout]     |                       ^^^^^^^^^^^^^^^^^^^^ use of unresolved module or unlinked crate `reifydb_test_harness`
[INFO] [stdout] ...
[INFO] [stdout] 434 | / impl_generator!(
[INFO] [stdout] 435 | |     module: u16,
[INFO] [stdout] 436 | |     name: GeneratorU16,
[INFO] [stdout] 437 | |     type: u16,
[INFO] [stdout] ...   |
[INFO] [stdout] 440 | |     max_value: u16::MAX
[INFO] [stdout] 441 | | );
[INFO] [stdout]     | |_- in this macro invocation
[INFO] [stdout]     |
[INFO] [stdout]     = help: if you wanted to use a crate named `reifydb_test_harness`, use `cargo add reifydb_test_harness` to add it to your `Cargo.toml`
[INFO] [stdout] 
[INFO] [stdout] 
[INFO] [stdout] error[E0433]: cannot find module or crate `reifydb_test_harness` in this scope
[INFO] [stdout]    --> src/store/sequence/generator.rs:168:9
[INFO] [stdout]     |
[INFO] [stdout]  59 |   macro_rules! impl_generator {
[INFO] [stdout] ...
[INFO] [stdout] 168 |                   use reifydb_test_harness::engine::create_test_admin_transaction;
[INFO] [stdout]     |                       ^^^^^^^^^^^^^^^^^^^^ use of unresolved module or unlinked crate `reifydb_test_harness`
[INFO] [stdout] ...
[INFO] [stdout] 443 | / impl_generator!(
[INFO] [stdout] 444 | |     module: u32,
[INFO] [stdout] 445 | |     name: GeneratorU32,
[INFO] [stdout] 446 | |     type: u32,
[INFO] [stdout] ...   |
[INFO] [stdout] 449 | |     max_value: u32::MAX
[INFO] [stdout] 450 | | );
[INFO] [stdout]     | |_- in this macro invocation
[INFO] [stdout]     |
[INFO] [stdout]     = help: if you wanted to use a crate named `reifydb_test_harness`, use `cargo add reifydb_test_harness` to add it to your `Cargo.toml`
[INFO] [stdout] 
[INFO] [stdout] 
[INFO] [stdout] error[E0433]: cannot find module or crate `reifydb_test_harness` in this scope
[INFO] [stdout]    --> src/store/sequence/generator.rs:168:9
[INFO] [stdout]     |
[INFO] [stdout]  59 |   macro_rules! impl_generator {
[INFO] [stdout] ...
[INFO] [stdout] 168 |                   use reifydb_test_harness::engine::create_test_admin_transaction;
[INFO] [stdout]     |                       ^^^^^^^^^^^^^^^^^^^^ use of unresolved module or unlinked crate `reifydb_test_harness`
[INFO] [stdout] ...
[INFO] [stdout] 452 | / impl_generator!(
[INFO] [stdout] 453 | |     module: u64,
[INFO] [stdout] 454 | |     name: GeneratorU64,
[INFO] [stdout] 455 | |     type: u64,
[INFO] [stdout] ...   |
[INFO] [stdout] 458 | |     max_value: u64::MAX
[INFO] [stdout] 459 | | );
[INFO] [stdout]     | |_- in this macro invocation
[INFO] [stdout]     |
[INFO] [stdout]     = help: if you wanted to use a crate named `reifydb_test_harness`, use `cargo add reifydb_test_harness` to add it to your `Cargo.toml`
[INFO] [stdout] 
[INFO] [stdout] 
[INFO] [stdout] error[E0433]: cannot find module or crate `reifydb_test_harness` in this scope
[INFO] [stdout]    --> src/store/sequence/generator.rs:168:9
[INFO] [stdout]     |
[INFO] [stdout]  59 |   macro_rules! impl_generator {
[INFO] [stdout] ...
[INFO] [stdout] 168 |                   use reifydb_test_harness::engine::create_test_admin_transaction;
[INFO] [stdout]     |                       ^^^^^^^^^^^^^^^^^^^^ use of unresolved module or unlinked crate `reifydb_test_harness`
[INFO] [stdout] ...
[INFO] [stdout] 461 | / impl_generator!(
[INFO] [stdout] 462 | |     module: u128,
[INFO] [stdout] 463 | |     name: GeneratorU128,
[INFO] [stdout] 464 | |     type: u128,
[INFO] [stdout] ...   |
[INFO] [stdout] 467 | |     max_value: u128::MAX
[INFO] [stdout] 468 | | );
[INFO] [stdout]     | |_- in this macro invocation
[INFO] [stdout]     |
[INFO] [stdout]     = help: if you wanted to use a crate named `reifydb_test_harness`, use `cargo add reifydb_test_harness` to add it to your `Cargo.toml`
[INFO] [stdout] 
[INFO] [stdout] 
[INFO] [stdout] error[E0433]: cannot find module or crate `reifydb_test_harness` in this scope
[INFO] [stdout]    --> src/store/sequence/generator.rs:168:9
[INFO] [stdout]     |
[INFO] [stdout]  59 |   macro_rules! impl_generator {
[INFO] [stdout] ...
[INFO] [stdout] 168 |                   use reifydb_test_harness::engine::create_test_admin_transaction;
[INFO] [stdout]     |                       ^^^^^^^^^^^^^^^^^^^^ use of unresolved module or unlinked crate `reifydb_test_harness`
[INFO] [stdout] ...
[INFO] [stdout] 470 | / impl_generator!(
[INFO] [stdout] 471 | |     module: i8,
[INFO] [stdout] 472 | |     name: GeneratorI8,
[INFO] [stdout] 473 | |     type: i8,
[INFO] [stdout] ...   |
[INFO] [stdout] 476 | |     max_value: i8::MAX
[INFO] [stdout] 477 | | );
[INFO] [stdout]     | |_- in this macro invocation
[INFO] [stdout]     |
[INFO] [stdout]     = help: if you wanted to use a crate named `reifydb_test_harness`, use `cargo add reifydb_test_harness` to add it to your `Cargo.toml`
[INFO] [stdout] 
[INFO] [stdout] 
[INFO] [stdout] error[E0433]: cannot find module or crate `reifydb_test_harness` in this scope
[INFO] [stdout]    --> src/store/sequence/generator.rs:168:9
[INFO] [stdout]     |
[INFO] [stdout]  59 |   macro_rules! impl_generator {
[INFO] [stdout] ...
[INFO] [stdout] 168 |                   use reifydb_test_harness::engine::create_test_admin_transaction;
[INFO] [stdout]     |                       ^^^^^^^^^^^^^^^^^^^^ use of unresolved module or unlinked crate `reifydb_test_harness`
[INFO] [stdout] ...
[INFO] [stdout] 479 | / impl_generator!(
[INFO] [stdout] 480 | |     module: i16,
[INFO] [stdout] 481 | |     name: GeneratorI16,
[INFO] [stdout] 482 | |     type: i16,
[INFO] [stdout] ...   |
[INFO] [stdout] 485 | |     max_value: i16::MAX
[INFO] [stdout] 486 | | );
[INFO] [stdout]     | |_- in this macro invocation
[INFO] [stdout]     |
[INFO] [stdout]     = help: if you wanted to use a crate named `reifydb_test_harness`, use `cargo add reifydb_test_harness` to add it to your `Cargo.toml`
[INFO] [stdout] 
[INFO] [stdout] 
[INFO] [stdout] error[E0433]: cannot find module or crate `reifydb_test_harness` in this scope
[INFO] [stdout]    --> src/store/sequence/generator.rs:168:9
[INFO] [stdout]     |
[INFO] [stdout]  59 |   macro_rules! impl_generator {
[INFO] [stdout] ...
[INFO] [stdout] 168 |                   use reifydb_test_harness::engine::create_test_admin_transaction;
[INFO] [stdout]     |                       ^^^^^^^^^^^^^^^^^^^^ use of unresolved module or unlinked crate `reifydb_test_harness`
[INFO] [stdout] ...
[INFO] [stdout] 488 | / impl_generator!(
[INFO] [stdout] 489 | |     module: i32,
[INFO] [stdout] 490 | |     name: GeneratorI32,
[INFO] [stdout] 491 | |     type: i32,
[INFO] [stdout] ...   |
[INFO] [stdout] 494 | |     max_value: i32::MAX
[INFO] [stdout] 495 | | );
[INFO] [stdout]     | |_- in this macro invocation
[INFO] [stdout]     |
[INFO] [stdout]     = help: if you wanted to use a crate named `reifydb_test_harness`, use `cargo add reifydb_test_harness` to add it to your `Cargo.toml`
[INFO] [stdout] 
[INFO] [stdout] 
[INFO] [stdout] error[E0433]: cannot find module or crate `reifydb_test_harness` in this scope
[INFO] [stdout]    --> src/store/sequence/generator.rs:168:9
[INFO] [stdout]     |
[INFO] [stdout]  59 |   macro_rules! impl_generator {
[INFO] [stdout] ...
[INFO] [stdout] 168 |                   use reifydb_test_harness::engine::create_test_admin_transaction;
[INFO] [stdout]     |                       ^^^^^^^^^^^^^^^^^^^^ use of unresolved module or unlinked crate `reifydb_test_harness`
[INFO] [stdout] ...
[INFO] [stdout] 497 | / impl_generator!(
[INFO] [stdout] 498 | |     module: i64,
[INFO] [stdout] 499 | |     name: GeneratorI64,
[INFO] [stdout] 500 | |     type: i64,
[INFO] [stdout] ...   |
[INFO] [stdout] 503 | |     max_value: i64::MAX
[INFO] [stdout] 504 | | );
[INFO] [stdout]     | |_- in this macro invocation
[INFO] [stdout]     |
[INFO] [stdout]     = help: if you wanted to use a crate named `reifydb_test_harness`, use `cargo add reifydb_test_harness` to add it to your `Cargo.toml`
[INFO] [stdout] 
[INFO] [stdout] 
[INFO] [stdout] error[E0433]: cannot find module or crate `reifydb_test_harness` in this scope
[INFO] [stdout]    --> src/store/sequence/generator.rs:168:9
[INFO] [stdout]     |
[INFO] [stdout]  59 |   macro_rules! impl_generator {
[INFO] [stdout] ...
[INFO] [stdout] 168 |                   use reifydb_test_harness::engine::create_test_admin_transaction;
[INFO] [stdout]     |                       ^^^^^^^^^^^^^^^^^^^^ use of unresolved module or unlinked crate `reifydb_test_harness`
[INFO] [stdout] ...
[INFO] [stdout] 506 | / impl_generator!(
[INFO] [stdout] 507 | |     module: i128,
[INFO] [stdout] 508 | |     name: GeneratorI128,
[INFO] [stdout] 509 | |     type: i128,
[INFO] [stdout] ...   |
[INFO] [stdout] 512 | |     max_value: i128::MAX
[INFO] [stdout] 513 | | );
[INFO] [stdout]     | |_- in this macro invocation
[INFO] [stdout]     |
[INFO] [stdout]     = help: if you wanted to use a crate named `reifydb_test_harness`, use `cargo add reifydb_test_harness` to add it to your `Cargo.toml`
[INFO] [stdout] 
[INFO] [stdout] 
[INFO] [stdout] For more information about this error, try `rustc --explain E0433`.
[INFO] [stdout] 
[INFO] [stderr] error: could not compile `reifydb-catalog` (lib test) due to 126 previous errors
[INFO] running `Command { std: "docker" "inspect" "99193966916cb64b86faaee2a738ea8858d20943efce5997cd17d9ff44a2ca74", kill_on_drop: false }`
[INFO] running `Command { std: "docker" "rm" "-f" "99193966916cb64b86faaee2a738ea8858d20943efce5997cd17d9ff44a2ca74", kill_on_drop: false }`
[INFO] [stdout] 99193966916cb64b86faaee2a738ea8858d20943efce5997cd17d9ff44a2ca74
