[INFO] fetching crate refs-cli 0.1.1...
[INFO] testing refs-cli-0.1.1 against 1.100.0-beta.1+cargoflags=--release for beta-release-1.100-2
[INFO] extracting crate refs-cli 0.1.1 into /workspace/builds/worker-2-tc2/source
[INFO] started tweaking crates.io crate refs-cli 0.1.1
[INFO] removed 0 missing tests
[INFO] finished tweaking crates.io crate refs-cli 0.1.1
[INFO] tweaked toml for crates.io crate refs-cli 0.1.1 written to /workspace/builds/worker-2-tc2/source/Cargo.toml
[INFO] validating manifest of crates.io crate refs-cli 0.1.1 on toolchain 1.100.0-beta.1
[INFO] running `Command { std: CARGO_HOME="/workspace/cargo-home" RUSTUP_HOME="/workspace/rustup-home" "/workspace/cargo-home/bin/cargo" "+1.100.0-beta.1" "metadata" "--manifest-path" "Cargo.toml" "--no-deps", kill_on_drop: false }`
[INFO] crate crates.io crate refs-cli 0.1.1 already has a lockfile, it will not be regenerated
[INFO] running `Command { std: CARGO_HOME="/workspace/cargo-home" RUSTUP_HOME="/workspace/rustup-home" "/workspace/cargo-home/bin/cargo" "+1.100.0-beta.1" "fetch" "--manifest-path" "Cargo.toml", kill_on_drop: false }`
[INFO] running `Command { std: "docker" "create" "-v" "/var/lib/crater-agent-workspace/builds/worker-2-tc2/source:/opt/rustwide/workdir:ro,Z" "-v" "/var/lib/crater-agent-workspace/builds/worker-2-tc2/target:/opt/rustwide/target:rw,Z" "-v" "/var/lib/crater-agent-workspace/cargo-home:/opt/rustwide/cargo-home:ro,Z" "-v" "/var/lib/crater-agent-workspace/rustup-home:/opt/rustwide/rustup-home:ro,Z" "-m" "1610612736" "--network" "none" "ghcr.io/rust-lang/crates-build-env/linux@sha256:77db811e55d90add9212f6832c23229e3de5f1c1f9905e8cb07319ea15df73ac" "sleep" "infinity", kill_on_drop: false }`
[INFO] [stdout] 4a2ea70c0f944c8cec04e947507803b79861355c5efe2e40dcf7dc332d4386e2
[INFO] running `Command { std: "docker" "start" "4a2ea70c0f944c8cec04e947507803b79861355c5efe2e40dcf7dc332d4386e2", kill_on_drop: false }`
[INFO] running `Command { std: "docker" "inspect" "4a2ea70c0f944c8cec04e947507803b79861355c5efe2e40dcf7dc332d4386e2", kill_on_drop: false }`
[INFO] running `Command { std: "docker" "exec" "-e" "SOURCE_DIR=/opt/rustwide/workdir" "-e" "CARGO_HOME=/opt/rustwide/cargo-home" "-e" "RUSTUP_HOME=/opt/rustwide/rustup-home" "-e" "CARGO_TARGET_DIR=/opt/rustwide/target" "-w" "/opt/rustwide/workdir" "--user" "0:0" "4a2ea70c0f944c8cec04e947507803b79861355c5efe2e40dcf7dc332d4386e2" "/opt/rustwide/cargo-home/bin/cargo" "+1.100.0-beta.1" "metadata" "--no-deps" "--format-version=1", kill_on_drop: false }`
[INFO] running `Command { std: "docker" "inspect" "4a2ea70c0f944c8cec04e947507803b79861355c5efe2e40dcf7dc332d4386e2", kill_on_drop: false }`
[INFO] running `Command { std: "docker" "exec" "-e" "SOURCE_DIR=/opt/rustwide/workdir" "-e" "CARGO_HOME=/opt/rustwide/cargo-home" "-e" "RUSTUP_HOME=/opt/rustwide/rustup-home" "-e" "CARGO_TARGET_DIR=/opt/rustwide/target" "-e" "CARGO_INCREMENTAL=0" "-e" "RUST_BACKTRACE=full" "-e" "RUSTFLAGS=--cap-lints=warn" "-e" "RUSTDOCFLAGS=--cap-lints=warn" "-w" "/opt/rustwide/workdir" "--user" "0:0" "4a2ea70c0f944c8cec04e947507803b79861355c5efe2e40dcf7dc332d4386e2" "/opt/rustwide/cargo-home/bin/cargo" "+1.100.0-beta.1" "build" "--frozen" "--message-format=json" "--release", kill_on_drop: false }`
[INFO] [stderr]    Compiling libc v0.2.189
[INFO] [stderr]    Compiling smallvec v1.16.2
[INFO] [stderr]    Compiling stable_deref_trait v1.2.1
[INFO] [stderr]    Compiling writeable v0.6.4
[INFO] [stderr]    Compiling litemap v0.8.3
[INFO] [stderr]    Compiling find-msvc-tools v0.1.14
[INFO] [stderr]    Compiling bitflags v2.13.2
[INFO] [stderr]    Compiling pkg-config v0.3.34
[INFO] [stderr]    Compiling dunce v1.0.5
[INFO] [stderr]    Compiling fs_extra v1.3.0
[INFO] [stderr]    Compiling serde_core v1.0.229
[INFO] [stderr]    Compiling syn v3.0.6
[INFO] [stderr]    Compiling jobserver v0.1.35
[INFO] [stderr]    Compiling syn v2.0.119
[INFO] [stderr]    Compiling futures-core v0.3.34
[INFO] [stderr]    Compiling rustix v1.1.5
[INFO] [stderr]    Compiling aws-lc-rs v1.18.1
[INFO] [stderr]    Compiling zeroize v1.9.1
[INFO] [stderr]    Compiling icu_normalizer_data v2.3.0
[INFO] [stderr]    Compiling icu_locale_fallback_data v2.3.0
[INFO] [stderr]    Compiling icu_properties_data v2.3.0
[INFO] [stderr]    Compiling http v1.5.0
[INFO] [stderr]    Compiling icu_segmenter_data v2.3.0
[INFO] [stderr]    Compiling object v0.37.3
[INFO] [stderr]    Compiling cc v1.6.0
[INFO] [stderr]    Compiling rustls-pki-types v1.15.1
[INFO] [stderr]    Compiling adler2 v2.0.1
[INFO] [stderr]    Compiling gimli v0.32.3
[INFO] [stderr]    Compiling rustls v0.23.45
[INFO] [stderr]    Compiling futures-task v0.3.34
[INFO] [stderr]    Compiling futures-util v0.3.34
[INFO] [stderr]    Compiling miniz_oxide v0.8.9
[INFO] [stderr]    Compiling unicode-width v0.2.2
[INFO] [stderr]    Compiling rustc-demangle v0.1.28
[INFO] [stderr]    Compiling num-traits v0.2.19
[INFO] [stderr]    Compiling want v0.3.2
[INFO] [stderr]    Compiling zmij v1.0.23
[INFO] [stderr]    Compiling is_ci v1.2.0
[INFO] [stderr]    Compiling supports-color v3.0.2
[INFO] [stderr]    Compiling futures-channel v0.3.34
[INFO] [stderr]    Compiling sync_wrapper v1.0.2
[INFO] [stderr]    Compiling base64 v0.23.1
[INFO] [stderr]    Compiling supports-hyperlinks v3.2.0
[INFO] [stderr]    Compiling cfg_aliases v0.2.2
[INFO] [stderr]    Compiling supports-unicode v3.0.0
[INFO] [stderr]    Compiling ipnet v2.12.2
[INFO] [stderr]    Compiling typenum v1.20.1
[INFO] [stderr]    Compiling openssl-probe v0.2.1
[INFO] [stderr]    Compiling cmake v0.1.58
[INFO] [stderr]    Compiling http-body v1.1.0
[INFO] [stderr]    Compiling unicode-segmentation v1.13.3
[INFO] [stderr]    Compiling owo-colors v4.4.0
[INFO] [stderr]    Compiling errno v0.3.14
[INFO] [stderr]    Compiling signal-hook-registry v1.4.8
[INFO] [stderr]    Compiling parking_lot_core v0.9.12
[INFO] [stderr]    Compiling mio v1.2.4
[INFO] [stderr]    Compiling parking_lot v0.12.5
[INFO] [stderr]    Compiling socket2 v0.6.5
[INFO] [stderr]    Compiling aws-lc-sys v0.45.0
[INFO] [stderr]    Compiling convert_case v0.10.0
[INFO] [stderr]    Compiling hybrid-array v0.4.15
[INFO] [stderr]    Compiling rustls-native-certs v0.8.4
[INFO] [stderr]    Compiling nix v0.30.1
[INFO] [stderr]    Compiling terminal_size v0.4.4
[INFO] [stderr]    Compiling camino v1.2.6
[INFO] [stderr]    Compiling pxfm v0.1.30
[INFO] [stderr]    Compiling signal-hook v0.3.18
[INFO] [stderr]    Compiling http-body-util v0.1.5
[INFO] [stderr]    Compiling byteorder-lite v0.1.0
[INFO] [stderr]    Compiling bytemuck v1.25.2
[INFO] [stderr]    Compiling hashbrown v0.17.1
[INFO] [stderr]    Compiling litrs v1.0.0
[INFO] [stderr]    Compiling winnow v1.0.4
[INFO] [stderr]    Compiling signal-hook-mio v0.2.5
[INFO] [stderr]    Compiling crypto-common v0.2.2
[INFO] [stderr]    Compiling block-buffer v0.12.1
[INFO] [stderr]    Compiling getrandom v0.4.3
[INFO] [stderr]    Compiling thread_local v1.1.10
[INFO] [stderr]    Compiling toml_writer v1.1.2+spec-1.1.0
[INFO] [stderr]    Compiling clap_lex v1.1.1
[INFO] [stderr]    Compiling synstructure v0.14.0
[INFO] [stderr]    Compiling addr2line v0.25.1
[INFO] [stderr]    Compiling serde_json v1.0.151
[INFO] [stderr]    Compiling indexmap v2.14.2
[INFO] [stderr]    Compiling toml_datetime v1.1.1+spec-1.1.0
[INFO] [stderr]    Compiling document-features v0.2.12
[INFO] [stderr]    Compiling semver v1.0.28
[INFO] [stderr]    Compiling lazy_static v1.5.1
[INFO] [stderr]    Compiling digest v0.11.3
[INFO] [stderr]    Compiling tempfile v3.27.0
[INFO] [stderr]    Compiling clap_builder v4.6.7
[INFO] [stderr]    Compiling homedir v0.3.6
[INFO] [stderr]    Compiling serde_spanned v1.1.1
[INFO] [stderr]    Compiling fuzzy-matcher v0.3.7
[INFO] [stderr]    Compiling dyn-clone v1.0.20
[INFO] [stderr]    Compiling cpufeatures v0.3.1
[INFO] [stderr]    Compiling fd-lock v4.0.4
[INFO] [stderr]    Compiling toml_parser v1.1.3+spec-1.1.0
[INFO] [stderr]    Compiling sha2 v0.11.0
[INFO] [stderr]    Compiling backtrace v0.3.76
[INFO] [stderr]    Compiling toml_edit v0.25.15+spec-1.1.0
[INFO] [stderr]    Compiling tracing-attributes v0.1.31
[INFO] [stderr]    Compiling miette-derive v7.6.0
[INFO] [stderr]    Compiling derive_more-impl v2.1.1
[INFO] [stderr]    Compiling toml v1.1.6+spec-1.1.0
[INFO] [stderr]    Compiling backtrace-ext v0.2.1
[INFO] [stderr]    Compiling zerofrom-derive v0.1.8
[INFO] [stderr]    Compiling yoke-derive v0.8.4
[INFO] [stderr]    Compiling zerovec-derive v0.11.6
[INFO] [stderr]    Compiling displaydoc v0.2.7
[INFO] [stderr]    Compiling tokio-macros v2.7.2
[INFO] [stderr]    Compiling thiserror-impl v2.0.21
[INFO] [stderr]    Compiling serde_derive v1.0.229
[INFO] [stderr]    Compiling derive_more v2.1.1
[INFO] [stderr]    Compiling crossterm v0.29.0
[INFO] [stderr]    Compiling tokio v1.53.2
[INFO] [stderr]    Compiling tracing v0.1.44
[INFO] [stderr]    Compiling clap_derive v4.6.7
[INFO] [stderr]    Compiling moxcms v0.8.1
[INFO] [stderr]    Compiling thiserror v2.0.21
[INFO] [stderr]    Compiling zerofrom v0.1.8
[INFO] [stderr]    Compiling yoke v0.8.3
[INFO] [stderr]    Compiling zerovec v0.11.8
[INFO] [stderr]    Compiling zerotrie v0.2.5
[INFO] [stderr]    Compiling inquire v0.9.4
[INFO] [stderr]    Compiling tinystr v0.8.4
[INFO] [stderr]    Compiling icu_locale_core v2.3.0
[INFO] [stderr]    Compiling potential_utf v0.1.6
[INFO] [stderr]    Compiling clap v4.6.7
[INFO] [stderr]    Compiling icu_collections v2.3.0
[INFO] [stderr]    Compiling icu_provider v2.3.1
[INFO] [stderr]    Compiling serde v1.0.229
[INFO] [stderr]    Compiling icu_properties v2.3.0
[INFO] [stderr]    Compiling icu_locale_fallback v2.3.0
[INFO] [stderr]    Compiling icu_normalizer v2.3.0
[INFO] [stderr]    Compiling icu_segmenter v2.3.0
[INFO] [stderr]    Compiling idna_adapter v1.2.2
[INFO] [stderr]    Compiling textwrap v0.16.4
[INFO] [stderr]    Compiling idna v1.1.0
[INFO] [stderr]    Compiling image v0.25.10
[INFO] [stderr]    Compiling url v2.5.8
[INFO] [stderr]    Compiling miette v7.6.0
[INFO] [stderr]    Compiling hyper v1.12.0
[INFO] [stderr]    Compiling tower v0.5.3
[INFO] [stderr]    Compiling tower-http v0.6.11
[INFO] [stderr]    Compiling axoprocess v0.2.1
[INFO] [stderr]    Compiling axotag v0.3.0
[INFO] [stderr]    Compiling hyper-util v0.1.21
[INFO] [stderr]    Compiling rustls-webpki v0.103.15
[INFO] [stderr]    Compiling tokio-rustls v0.26.6
[INFO] [stderr]    Compiling rustls-platform-verifier v0.7.1
[INFO] [stderr]    Compiling hyper-rustls v0.27.10
[INFO] [stderr]    Compiling reqwest v0.13.5
[INFO] [stderr]    Compiling axoasset v2.0.1
[INFO] [stderr]    Compiling axoupdater v0.10.2
[INFO] [stderr]    Compiling refs-cli v0.1.1 (/opt/rustwide/workdir)
[INFO] [stderr]     Finished `release` profile [optimized] target(s) in 3m 05s
[INFO] running `Command { std: "docker" "inspect" "4a2ea70c0f944c8cec04e947507803b79861355c5efe2e40dcf7dc332d4386e2", kill_on_drop: false }`
[INFO] running `Command { std: "docker" "exec" "-e" "SOURCE_DIR=/opt/rustwide/workdir" "-e" "CARGO_HOME=/opt/rustwide/cargo-home" "-e" "RUSTUP_HOME=/opt/rustwide/rustup-home" "-e" "CARGO_TARGET_DIR=/opt/rustwide/target" "-e" "CARGO_INCREMENTAL=0" "-e" "RUST_BACKTRACE=full" "-e" "RUSTFLAGS=--cap-lints=warn" "-e" "RUSTDOCFLAGS=--cap-lints=warn" "-w" "/opt/rustwide/workdir" "--user" "0:0" "4a2ea70c0f944c8cec04e947507803b79861355c5efe2e40dcf7dc332d4386e2" "/opt/rustwide/cargo-home/bin/cargo" "+1.100.0-beta.1" "test" "--frozen" "--no-run" "--message-format=json" "--release", kill_on_drop: false }`
[INFO] [stderr]    Compiling console v0.16.6
[INFO] [stderr]    Compiling similar v2.7.0
[INFO] [stderr]    Compiling insta v1.48.0
[INFO] [stderr]    Compiling refs-cli v0.1.1 (/opt/rustwide/workdir)
[INFO] [stdout] error[E0432]: unresolved import `refs_cli::source::fake`
[INFO] [stdout]   --> tests/plan_checkouts.rs:11:23
[INFO] [stdout]    |
[INFO] [stdout] 11 | use refs_cli::source::fake::FakeSource;
[INFO] [stdout]    |                       ^^^^ could not find `fake` in `source`
[INFO] [stdout]    |
[INFO] [stdout] note: found an item that was configured out
[INFO] [stdout]   --> src/source.rs:4:9
[INFO] [stdout]    |
[INFO] [stdout]  3 | #[cfg(any(test, feature = "testing"))]
[INFO] [stdout]    |          --------------------------- the item is gated here
[INFO] [stdout]  4 | pub mod fake;
[INFO] [stdout]    |         ^^^^
[INFO] [stdout] 
[INFO] [stdout] 
[INFO] [stdout] error[E0432]: unresolved import `refs_cli::source::fake`
[INFO] [stdout]  --> tests/sync.rs:6:23
[INFO] [stdout]   |
[INFO] [stdout] 6 | use refs_cli::source::fake::{Call, FakeSource, Method};
[INFO] [stdout]   |                       ^^^^ could not find `fake` in `source`
[INFO] [stdout]   |
[INFO] [stdout] note: found an item that was configured out
[INFO] [stdout]  --> src/source.rs:4:9
[INFO] [stdout]   |
[INFO] [stdout] 3 | #[cfg(any(test, feature = "testing"))]
[INFO] [stdout]   |          --------------------------- the item is gated here
[INFO] [stdout] 4 | pub mod fake;
[INFO] [stdout]   |         ^^^^
[INFO] [stdout] 
[INFO] [stdout] 
[INFO] [stdout] error[E0432]: unresolved import `refs_cli::update::fake`
[INFO] [stdout]   --> tests/cli_update.rs:10:23
[INFO] [stdout]    |
[INFO] [stdout] 10 | use refs_cli::update::fake::{Call, FakeUpdater};
[INFO] [stdout]    |                       ^^^^ could not find `fake` in `update`
[INFO] [stdout]    |
[INFO] [stdout] note: found an item that was configured out
[INFO] [stdout]   --> src/update.rs:11:9
[INFO] [stdout]    |
[INFO] [stdout] 10 | #[cfg(any(test, feature = "testing"))]
[INFO] [stdout]    |          --------------------------- the item is gated here
[INFO] [stdout] 11 | pub mod fake;
[INFO] [stdout]    |         ^^^^
[INFO] [stdout] 
[INFO] [stdout] 
[INFO] [stdout] error[E0432]: unresolved import `refs_cli::source::fake`
[INFO] [stdout]   --> tests/cli.rs:16:23
[INFO] [stdout]    |
[INFO] [stdout] 16 | use refs_cli::source::fake::{Call, FakeSource, Method};
[INFO] [stdout]    |                       ^^^^ could not find `fake` in `source`
[INFO] [stdout]    |
[INFO] [stdout] note: found an item that was configured out
[INFO] [stdout]   --> src/source.rs:4:9
[INFO] [stdout]    |
[INFO] [stdout]  3 | #[cfg(any(test, feature = "testing"))]
[INFO] [stdout]    |          --------------------------- the item is gated here
[INFO] [stdout]  4 | pub mod fake;
[INFO] [stdout]    |         ^^^^
[INFO] [stdout] 
[INFO] [stdout] 
[INFO] [stdout] error[E0432]: unresolved import `refs_cli::source::fake`
[INFO] [stdout]  --> tests/status.rs:9:23
[INFO] [stdout]   |
[INFO] [stdout] 9 | use refs_cli::source::fake::{FakeSource, Method};
[INFO] [stdout]   |                       ^^^^ could not find `fake` in `source`
[INFO] [stdout]   |
[INFO] [stdout] note: found an item that was configured out
[INFO] [stdout]  --> src/source.rs:4:9
[INFO] [stdout]   |
[INFO] [stdout] 3 | #[cfg(any(test, feature = "testing"))]
[INFO] [stdout]   |          --------------------------- the item is gated here
[INFO] [stdout] 4 | pub mod fake;
[INFO] [stdout]   |         ^^^^
[INFO] [stdout] 
[INFO] [stdout] 
[INFO] [stdout] For more information about this error, try `rustc --explain E0432`.
[INFO] [stdout] 
[INFO] [stderr] error: could not compile `refs-cli` (test "cli_update") due to 1 previous error
[INFO] [stderr] warning: build failed, waiting for other jobs to finish...
[INFO] [stdout] error[E0432]: unresolved import `refs_cli::source::fake`
[INFO] [stdout]   --> tests/cli_output.rs:14:23
[INFO] [stdout]    |
[INFO] [stdout] 14 | use refs_cli::source::fake::{FakeSource, Method};
[INFO] [stdout]    |                       ^^^^ could not find `fake` in `source`
[INFO] [stdout]    |
[INFO] [stdout] note: found an item that was configured out
[INFO] [stdout]   --> src/source.rs:4:9
[INFO] [stdout]    |
[INFO] [stdout]  3 | #[cfg(any(test, feature = "testing"))]
[INFO] [stdout]    |          --------------------------- the item is gated here
[INFO] [stdout]  4 | pub mod fake;
[INFO] [stdout]    |         ^^^^
[INFO] [stdout] 
[INFO] [stdout] 
[INFO] [stdout] For more information about this error, try `rustc --explain E0432`.
[INFO] [stdout] 
[INFO] [stdout] For more information about this error, try `rustc --explain E0432`.
[INFO] [stdout] 
[INFO] [stderr] error: could not compile `refs-cli` (test "plan_checkouts") due to 1 previous error
[INFO] [stderr] error: could not compile `refs-cli` (test "status") due to 1 previous error
[INFO] [stdout] For more information about this error, try `rustc --explain E0432`.
[INFO] [stdout] 
[INFO] [stderr] error: could not compile `refs-cli` (test "cli_output") due to 1 previous error
[INFO] [stdout] For more information about this error, try `rustc --explain E0432`.
[INFO] [stdout] 
[INFO] [stderr] error: could not compile `refs-cli` (test "sync") due to 1 previous error
[INFO] [stdout] For more information about this error, try `rustc --explain E0432`.
[INFO] [stdout] 
[INFO] [stderr] error: could not compile `refs-cli` (test "cli") due to 1 previous error
[INFO] running `Command { std: "docker" "inspect" "4a2ea70c0f944c8cec04e947507803b79861355c5efe2e40dcf7dc332d4386e2", kill_on_drop: false }`
[INFO] running `Command { std: "docker" "rm" "-f" "4a2ea70c0f944c8cec04e947507803b79861355c5efe2e40dcf7dc332d4386e2", kill_on_drop: false }`
[INFO] [stdout] 4a2ea70c0f944c8cec04e947507803b79861355c5efe2e40dcf7dc332d4386e2
