[INFO] fetching crate reflectx-macros 0.0.1...
[INFO] testing reflectx-macros-0.0.1 against 1.100.0-beta.1+cargoflags=--release for beta-release-1.100-2
[INFO] extracting crate reflectx-macros 0.0.1 into /workspace/builds/worker-5-tc2/source
[INFO] started tweaking crates.io crate reflectx-macros 0.0.1
[INFO] removed 0 missing tests
[INFO] finished tweaking crates.io crate reflectx-macros 0.0.1
[INFO] tweaked toml for crates.io crate reflectx-macros 0.0.1 written to /workspace/builds/worker-5-tc2/source/Cargo.toml
[INFO] validating manifest of crates.io crate reflectx-macros 0.0.1 on toolchain 1.100.0-beta.1
[INFO] running `Command { std: CARGO_HOME="/workspace/cargo-home" RUSTUP_HOME="/workspace/rustup-home" "/workspace/cargo-home/bin/cargo" "+1.100.0-beta.1" "metadata" "--manifest-path" "Cargo.toml" "--no-deps", kill_on_drop: false }`
[INFO] crate crates.io crate reflectx-macros 0.0.1 already has a lockfile, it will not be regenerated
[INFO] running `Command { std: CARGO_HOME="/workspace/cargo-home" RUSTUP_HOME="/workspace/rustup-home" "/workspace/cargo-home/bin/cargo" "+1.100.0-beta.1" "fetch" "--manifest-path" "Cargo.toml", kill_on_drop: false }`
[INFO] [stderr] warning: `package.homepage` is redundant with `package.repository`
[INFO] [stderr]   --> Cargo.toml:28:12
[INFO] [stderr]    |
[INFO] [stderr] 28 | homepage = "https://www.github.com/aacebo/zinq"
[INFO] [stderr]    |            ^^^^^^^^^^^^^^^^^^^^^^^^^^^^^^^^^^^^
[INFO] [stderr] ...
[INFO] [stderr] 32 | repository = "https://www.github.com/aacebo/zinq"
[INFO] [stderr]    |              ------------------------------------
[INFO] [stderr]    |
[INFO] [stderr]    = note: `cargo::redundant_homepage` is set to `warn` by default
[INFO] [stderr] help: consider removing `package.homepage`
[INFO] [stderr] warning: `reflectx-macros` (manifest) generated 1 warning
[INFO] running `Command { std: "docker" "create" "-v" "/var/lib/crater-agent-workspace/builds/worker-5-tc2/source:/opt/rustwide/workdir:ro,Z" "-v" "/var/lib/crater-agent-workspace/builds/worker-5-tc2/target:/opt/rustwide/target:rw,Z" "-v" "/var/lib/crater-agent-workspace/cargo-home:/opt/rustwide/cargo-home:ro,Z" "-v" "/var/lib/crater-agent-workspace/rustup-home:/opt/rustwide/rustup-home:ro,Z" "-m" "1610612736" "--network" "none" "ghcr.io/rust-lang/crates-build-env/linux@sha256:77db811e55d90add9212f6832c23229e3de5f1c1f9905e8cb07319ea15df73ac" "sleep" "infinity", kill_on_drop: false }`
[INFO] [stdout] fa0bfb0ed0576795123a85cc94c0f50a10d69c68e10060b81d121834af887302
[INFO] running `Command { std: "docker" "start" "fa0bfb0ed0576795123a85cc94c0f50a10d69c68e10060b81d121834af887302", kill_on_drop: false }`
[INFO] running `Command { std: "docker" "inspect" "fa0bfb0ed0576795123a85cc94c0f50a10d69c68e10060b81d121834af887302", kill_on_drop: false }`
[INFO] running `Command { std: "docker" "exec" "-e" "SOURCE_DIR=/opt/rustwide/workdir" "-e" "CARGO_HOME=/opt/rustwide/cargo-home" "-e" "RUSTUP_HOME=/opt/rustwide/rustup-home" "-e" "CARGO_TARGET_DIR=/opt/rustwide/target" "-w" "/opt/rustwide/workdir" "--user" "0:0" "fa0bfb0ed0576795123a85cc94c0f50a10d69c68e10060b81d121834af887302" "/opt/rustwide/cargo-home/bin/cargo" "+1.100.0-beta.1" "metadata" "--no-deps" "--format-version=1", kill_on_drop: false }`
[INFO] running `Command { std: "docker" "inspect" "fa0bfb0ed0576795123a85cc94c0f50a10d69c68e10060b81d121834af887302", kill_on_drop: false }`
[INFO] running `Command { std: "docker" "exec" "-e" "SOURCE_DIR=/opt/rustwide/workdir" "-e" "CARGO_HOME=/opt/rustwide/cargo-home" "-e" "RUSTUP_HOME=/opt/rustwide/rustup-home" "-e" "CARGO_TARGET_DIR=/opt/rustwide/target" "-e" "CARGO_INCREMENTAL=0" "-e" "RUST_BACKTRACE=full" "-e" "RUSTFLAGS=--cap-lints=warn" "-e" "RUSTDOCFLAGS=--cap-lints=warn" "-w" "/opt/rustwide/workdir" "--user" "0:0" "fa0bfb0ed0576795123a85cc94c0f50a10d69c68e10060b81d121834af887302" "/opt/rustwide/cargo-home/bin/cargo" "+1.100.0-beta.1" "build" "--frozen" "--message-format=json" "--release", kill_on_drop: false }`
[INFO] [stderr] warning: `package.homepage` is redundant with `package.repository`
[INFO] [stderr]   --> Cargo.toml:28:12
[INFO] [stderr]    |
[INFO] [stderr] 28 | homepage = "https://www.github.com/aacebo/zinq"
[INFO] [stderr]    |            ^^^^^^^^^^^^^^^^^^^^^^^^^^^^^^^^^^^^
[INFO] [stderr] ...
[INFO] [stderr] 32 | repository = "https://www.github.com/aacebo/zinq"
[INFO] [stderr]    |              ------------------------------------
[INFO] [stderr]    |
[INFO] [stderr]    = note: `cargo::redundant_homepage` is set to `warn` by default
[INFO] [stderr] help: consider removing `package.homepage`
[INFO] [stderr] warning: `reflectx-macros` (manifest) generated 1 warning
[INFO] [stderr]    Compiling syn v2.0.111
[INFO] [stderr]    Compiling reflectx-macros v0.0.1 (/opt/rustwide/workdir)
[INFO] [stderr]     Finished `release` profile [optimized] target(s) in 13.31s
[INFO] running `Command { std: "docker" "inspect" "fa0bfb0ed0576795123a85cc94c0f50a10d69c68e10060b81d121834af887302", kill_on_drop: false }`
[INFO] running `Command { std: "docker" "exec" "-e" "SOURCE_DIR=/opt/rustwide/workdir" "-e" "CARGO_HOME=/opt/rustwide/cargo-home" "-e" "RUSTUP_HOME=/opt/rustwide/rustup-home" "-e" "CARGO_TARGET_DIR=/opt/rustwide/target" "-e" "CARGO_INCREMENTAL=0" "-e" "RUST_BACKTRACE=full" "-e" "RUSTFLAGS=--cap-lints=warn" "-e" "RUSTDOCFLAGS=--cap-lints=warn" "-w" "/opt/rustwide/workdir" "--user" "0:0" "fa0bfb0ed0576795123a85cc94c0f50a10d69c68e10060b81d121834af887302" "/opt/rustwide/cargo-home/bin/cargo" "+1.100.0-beta.1" "test" "--frozen" "--no-run" "--message-format=json" "--release", kill_on_drop: false }`
[INFO] [stderr] warning: `package.homepage` is redundant with `package.repository`
[INFO] [stderr]   --> Cargo.toml:28:12
[INFO] [stderr]    |
[INFO] [stderr] 28 | homepage = "https://www.github.com/aacebo/zinq"
[INFO] [stderr]    |            ^^^^^^^^^^^^^^^^^^^^^^^^^^^^^^^^^^^^
[INFO] [stderr] ...
[INFO] [stderr] 32 | repository = "https://www.github.com/aacebo/zinq"
[INFO] [stderr]    |              ------------------------------------
[INFO] [stderr]    |
[INFO] [stderr]    = note: `cargo::redundant_homepage` is set to `warn` by default
[INFO] [stderr] help: consider removing `package.homepage`
[INFO] [stderr] warning: `reflectx-macros` (manifest) generated 1 warning
[INFO] [stderr]    Compiling proc-macro2 v1.0.103
[INFO] [stderr]    Compiling unicode-ident v1.0.22
[INFO] [stderr]    Compiling quote v1.0.42
[INFO] [stderr]    Compiling reflectx-macros v0.0.1 (/opt/rustwide/workdir)
[INFO] [stderr]    Compiling syn v2.0.111
[INFO] [stdout] error[E0432]: unresolved import `reflectx`
[INFO] [stdout]  --> tests/map_tests.rs:5:5
[INFO] [stdout]   |
[INFO] [stdout] 5 | use reflectx::{ToType, TypeOf, type_of, value_of};
[INFO] [stdout]   |     ^^^^^^^^ use of unresolved module or unlinked crate `reflectx`
[INFO] [stdout]   |
[INFO] [stdout]   = help: if you wanted to use a crate named `reflectx`, use `cargo add reflectx` to add it to your `Cargo.toml`
[INFO] [stdout] 
[INFO] [stdout] 
[INFO] [stdout] error[E0433]: cannot find `reflectx` in the list of imported crates
[INFO] [stdout]  --> tests/map_tests.rs:8:24
[INFO] [stdout]   |
[INFO] [stdout] 8 | #[derive(Debug, Clone, Reflect)]
[INFO] [stdout]   |                        ^^^^^^^ could not find `reflectx` in the list of imported crates
[INFO] [stdout]   |
[INFO] [stdout]   = note: this error originates in the derive macro `Reflect` (in Nightly builds, run with -Z macro-backtrace for more info)
[INFO] [stdout] 
[INFO] [stdout] 
[INFO] [stdout] error[E0432]: unresolved import `reflectx`
[INFO] [stdout]  --> tests/trait_tests.rs:3:5
[INFO] [stdout]   |
[INFO] [stdout] 3 | use reflectx::{ToType, TypeOf, type_of, value_of};
[INFO] [stdout]   |     ^^^^^^^^ use of unresolved module or unlinked crate `reflectx`
[INFO] [stdout]   |
[INFO] [stdout]   = help: if you wanted to use a crate named `reflectx`, use `cargo add reflectx` to add it to your `Cargo.toml`
[INFO] [stdout] 
[INFO] [stdout] 
[INFO] [stdout] error[E0433]: cannot find `reflectx` in the list of imported crates
[INFO] [stdout]  --> tests/trait_tests.rs:6:1
[INFO] [stdout]   |
[INFO] [stdout] 6 | #[reflect(a = "b")]
[INFO] [stdout]   | ^^^^^^^^^^^^^^^^^^^ could not find `reflectx` in the list of imported crates
[INFO] [stdout]   |
[INFO] [stdout]   = note: this error originates in the attribute macro `reflect` (in Nightly builds, run with -Z macro-backtrace for more info)
[INFO] [stdout] 
[INFO] [stdout] 
[INFO] [stdout] error[E0432]: unresolved import `reflectx`
[INFO] [stdout]  --> tests/struct_tests.rs:3:5
[INFO] [stdout]   |
[INFO] [stdout] 3 | use reflectx::{ToType, ToValue, TypeOf, value_of};
[INFO] [stdout]   |     ^^^^^^^^ use of unresolved module or unlinked crate `reflectx`
[INFO] [stdout]   |
[INFO] [stdout]   = help: if you wanted to use a crate named `reflectx`, use `cargo add reflectx` to add it to your `Cargo.toml`
[INFO] [stdout] 
[INFO] [stdout] 
[INFO] [stdout] error[E0432]: unresolved import `reflectx`
[INFO] [stdout]  --> tests/struct_tests.rs:8:9
[INFO] [stdout]   |
[INFO] [stdout] 8 |     use reflectx::{ToType, TypeOf};
[INFO] [stdout]   |         ^^^^^^^^ use of unresolved module or unlinked crate `reflectx`
[INFO] [stdout]   |
[INFO] [stdout]   = help: if you wanted to use a crate named `reflectx`, use `cargo add reflectx` to add it to your `Cargo.toml`
[INFO] [stdout] 
[INFO] [stdout] 
[INFO] [stdout] error[E0433]: cannot find `reflectx` in the list of imported crates
[INFO] [stdout]  --> tests/struct_tests.rs:6:1
[INFO] [stdout]   |
[INFO] [stdout] 6 | #[reflect(version = 2)]
[INFO] [stdout]   | ^^^^^^^^^^^^^^^^^^^^^^^ could not find `reflectx` in the list of imported crates
[INFO] [stdout]   |
[INFO] [stdout]   = note: this error originates in the attribute macro `reflect` (in Nightly builds, run with -Z macro-backtrace for more info)
[INFO] [stdout] 
[INFO] [stdout] 
[INFO] [stdout] error[E0433]: cannot find `reflectx` in the list of imported crates
[INFO] [stdout]   --> tests/struct_tests.rs:38:28
[INFO] [stdout]    |
[INFO] [stdout] 38 |     #[derive(Debug, Clone, Reflect)]
[INFO] [stdout]    |                            ^^^^^^^ could not find `reflectx` in the list of imported crates
[INFO] [stdout]    |
[INFO] [stdout]    = note: this error originates in the derive macro `Reflect` (in Nightly builds, run with -Z macro-backtrace for more info)
[INFO] [stdout] 
[INFO] [stdout] 
[INFO] [stdout] error[E0433]: cannot find `reflectx` in the list of imported crates
[INFO] [stdout]   --> tests/struct_tests.rs:29:28
[INFO] [stdout]    |
[INFO] [stdout] 29 |     #[derive(Debug, Clone, Reflect)]
[INFO] [stdout]    |                            ^^^^^^^ could not find `reflectx` in the list of imported crates
[INFO] [stdout]    |
[INFO] [stdout]    = note: this error originates in the derive macro `Reflect` (in Nightly builds, run with -Z macro-backtrace for more info)
[INFO] [stdout] 
[INFO] [stdout] 
[INFO] [stdout] error[E0433]: cannot find `reflectx` in the list of imported crates
[INFO] [stdout]   --> tests/struct_tests.rs:11:28
[INFO] [stdout]    |
[INFO] [stdout] 11 |     #[derive(Debug, Clone, Reflect)]
[INFO] [stdout]    |                            ^^^^^^^ could not find `reflectx` in the list of imported crates
[INFO] [stdout]    |
[INFO] [stdout]    = note: this error originates in the derive macro `Reflect` (in Nightly builds, run with -Z macro-backtrace for more info)
[INFO] [stdout] 
[INFO] [stdout] 
[INFO] [stdout] error[E0432]: unresolved import `reflectx`
[INFO] [stdout]  --> tests/map_tests.rs:5:5
[INFO] [stdout]   |
[INFO] [stdout] 5 | use reflectx::{ToType, TypeOf, type_of, value_of};
[INFO] [stdout]   |     ^^^^^^^^ use of unresolved module or unlinked crate `reflectx`
[INFO] [stdout]   |
[INFO] [stdout]   = help: if you wanted to use a crate named `reflectx`, use `cargo add reflectx` to add it to your `Cargo.toml`
[INFO] [stdout] 
[INFO] [stdout] 
[INFO] [stdout] error[E0432]: unresolved import `reflectx`
[INFO] [stdout]  --> tests/struct_tests.rs:3:5
[INFO] [stdout]   |
[INFO] [stdout] 3 | use reflectx::{ToType, ToValue, TypeOf, value_of};
[INFO] [stdout]   |     ^^^^^^^^ use of unresolved module or unlinked crate `reflectx`
[INFO] [stdout]   |
[INFO] [stdout]   = help: if you wanted to use a crate named `reflectx`, use `cargo add reflectx` to add it to your `Cargo.toml`
[INFO] [stdout] 
[INFO] [stdout] 
[INFO] [stdout] error[E0432]: unresolved import `reflectx`
[INFO] [stdout]  --> tests/trait_tests.rs:3:5
[INFO] [stdout]   |
[INFO] [stdout] 3 | use reflectx::{ToType, TypeOf, type_of, value_of};
[INFO] [stdout]   |     ^^^^^^^^ use of unresolved module or unlinked crate `reflectx`
[INFO] [stdout]   |
[INFO] [stdout]   = help: if you wanted to use a crate named `reflectx`, use `cargo add reflectx` to add it to your `Cargo.toml`
[INFO] [stdout] 
[INFO] [stdout] 
[INFO] [stdout] error[E0432]: unresolved import `reflectx`
[INFO] [stdout]  --> tests/struct_tests.rs:8:9
[INFO] [stdout]   |
[INFO] [stdout] 8 |     use reflectx::{ToType, TypeOf};
[INFO] [stdout]   |         ^^^^^^^^ use of unresolved module or unlinked crate `reflectx`
[INFO] [stdout]   |
[INFO] [stdout]   = help: if you wanted to use a crate named `reflectx`, use `cargo add reflectx` to add it to your `Cargo.toml`
[INFO] [stdout] 
[INFO] [stdout] 
[INFO] [stdout] error[E0433]: cannot find `reflectx` in the list of imported crates
[INFO] [stdout]  --> tests/map_tests.rs:8:24
[INFO] [stdout]   |
[INFO] [stdout] 8 | #[derive(Debug, Clone, Reflect)]
[INFO] [stdout]   |                        ^^^^^^^ could not find `reflectx` in the list of imported crates
[INFO] [stdout]   |
[INFO] [stdout]   = note: this error originates in the derive macro `Reflect` (in Nightly builds, run with -Z macro-backtrace for more info)
[INFO] [stdout] 
[INFO] [stdout] 
[INFO] [stdout] error[E0433]: cannot find `reflectx` in the list of imported crates
[INFO] [stdout]  --> tests/struct_tests.rs:6:1
[INFO] [stdout]   |
[INFO] [stdout] 6 | #[reflect(version = 2)]
[INFO] [stdout]   | ^^^^^^^^^^^^^^^^^^^^^^^ could not find `reflectx` in the list of imported crates
[INFO] [stdout]   |
[INFO] [stdout]   = note: this error originates in the attribute macro `reflect` (in Nightly builds, run with -Z macro-backtrace for more info)
[INFO] [stdout] 
[INFO] [stdout] 
[INFO] [stdout] error[E0433]: cannot find `reflectx` in the list of imported crates
[INFO] [stdout]  --> tests/trait_tests.rs:6:1
[INFO] [stdout]   |
[INFO] [stdout] 6 | #[reflect(a = "b")]
[INFO] [stdout]   | ^^^^^^^^^^^^^^^^^^^ could not find `reflectx` in the list of imported crates
[INFO] [stdout]   |
[INFO] [stdout]   = note: this error originates in the attribute macro `reflect` (in Nightly builds, run with -Z macro-backtrace for more info)
[INFO] [stdout] 
[INFO] [stdout] 
[INFO] [stdout] error[E0433]: cannot find `reflectx` in the list of imported crates
[INFO] [stdout]   --> tests/struct_tests.rs:38:28
[INFO] [stdout]    |
[INFO] [stdout] 38 |     #[derive(Debug, Clone, Reflect)]
[INFO] [stdout]    |                            ^^^^^^^ could not find `reflectx` in the list of imported crates
[INFO] [stdout]    |
[INFO] [stdout]    = note: this error originates in the derive macro `Reflect` (in Nightly builds, run with -Z macro-backtrace for more info)
[INFO] [stdout] 
[INFO] [stdout] 
[INFO] [stdout] error[E0433]: cannot find `reflectx` in the list of imported crates
[INFO] [stdout]   --> tests/struct_tests.rs:29:28
[INFO] [stdout]    |
[INFO] [stdout] 29 |     #[derive(Debug, Clone, Reflect)]
[INFO] [stdout]    |                            ^^^^^^^ could not find `reflectx` in the list of imported crates
[INFO] [stdout]    |
[INFO] [stdout]    = note: this error originates in the derive macro `Reflect` (in Nightly builds, run with -Z macro-backtrace for more info)
[INFO] [stdout] 
[INFO] [stdout] 
[INFO] [stdout] error[E0433]: cannot find `reflectx` in the list of imported crates
[INFO] [stdout]   --> tests/struct_tests.rs:11:28
[INFO] [stdout]    |
[INFO] [stdout] 11 |     #[derive(Debug, Clone, Reflect)]
[INFO] [stdout]    |                            ^^^^^^^ could not find `reflectx` in the list of imported crates
[INFO] [stdout]    |
[INFO] [stdout]    = note: this error originates in the derive macro `Reflect` (in Nightly builds, run with -Z macro-backtrace for more info)
[INFO] [stdout] 
[INFO] [stdout] 
[INFO] [stdout] error[E0433]: cannot find `reflectx` in the list of imported crates
[INFO] [stdout]  --> tests/map_tests.rs:8:24
[INFO] [stdout]   |
[INFO] [stdout] 8 | #[derive(Debug, Clone, Reflect)]
[INFO] [stdout]   |                        ^^^^^^^ could not find `reflectx` in the list of imported crates
[INFO] [stdout]   |
[INFO] [stdout]   = note: this error originates in the derive macro `Reflect` (in Nightly builds, run with -Z macro-backtrace for more info)
[INFO] [stdout] help: consider importing this struct
[INFO] [stdout]   |
[INFO] [stdout] 3 + use std::path::Path;
[INFO] [stdout]   |
[INFO] [stdout] 
[INFO] [stdout] 
[INFO] [stdout] error[E0433]: cannot find `reflectx` in the list of imported crates
[INFO] [stdout]  --> tests/map_tests.rs:8:24
[INFO] [stdout]   |
[INFO] [stdout] 8 | #[derive(Debug, Clone, Reflect)]
[INFO] [stdout]   |                        ^^^^^^^ could not find `reflectx` in the list of imported crates
[INFO] [stdout]   |
[INFO] [stdout]   = note: this error originates in the derive macro `Reflect` (in Nightly builds, run with -Z macro-backtrace for more info)
[INFO] [stdout] help: consider importing this struct
[INFO] [stdout]   |
[INFO] [stdout] 3 + use std::alloc::Layout;
[INFO] [stdout]   |
[INFO] [stdout] 
[INFO] [stdout] 
[INFO] [stdout] Some errors have detailed explanations: E0432, E0433.
[INFO] [stdout] 
[INFO] [stderr] error: could not compile `reflectx-macros` (test "map_tests") due to 4 previous errors
[INFO] [stdout] For more information about an error, try `rustc --explain E0432`.
[INFO] [stdout] 
[INFO] [stderr] warning: build failed, waiting for other jobs to finish...
[INFO] [stdout] error[E0433]: cannot find `reflectx` in the list of imported crates
[INFO] [stdout]  --> tests/trait_tests.rs:6:1
[INFO] [stdout]   |
[INFO] [stdout] 6 | #[reflect(a = "b")]
[INFO] [stdout]   | ^^^^^^^^^^^^^^^^^^^ could not find `reflectx` in the list of imported crates
[INFO] [stdout]   |
[INFO] [stdout]   = note: this error originates in the attribute macro `reflect` (in Nightly builds, run with -Z macro-backtrace for more info)
[INFO] [stdout] help: consider importing this struct
[INFO] [stdout]   |
[INFO] [stdout] 3 + use std::path::Path;
[INFO] [stdout]   |
[INFO] [stdout] 
[INFO] [stdout] 
[INFO] [stdout] Some errors have detailed explanations: E0432, E0433.
[INFO] [stdout] 
[INFO] [stdout] For more information about an error, try `rustc --explain E0432`.
[INFO] [stdout] 
[INFO] [stderr] error: could not compile `reflectx-macros` (test "trait_tests") due to 3 previous errors
[INFO] [stdout] error[E0433]: cannot find module or crate `reflectx` in this scope
[INFO] [stdout]    --> tests/struct_tests.rs:108:10
[INFO] [stdout]     |
[INFO] [stdout] 108 |         &reflectx::Value::Null
[INFO] [stdout]     |          ^^^^^^^^ use of unresolved module or unlinked crate `reflectx`
[INFO] [stdout]     |
[INFO] [stdout]     = help: if you wanted to use a crate named `reflectx`, use `cargo add reflectx` to add it to your `Cargo.toml`
[INFO] [stdout] 
[INFO] [stdout] 
[INFO] [stdout] error[E0433]: cannot find `reflectx` in the list of imported crates
[INFO] [stdout]   --> tests/struct_tests.rs:11:28
[INFO] [stdout]    |
[INFO] [stdout] 11 |     #[derive(Debug, Clone, Reflect)]
[INFO] [stdout]    |                            ^^^^^^^ could not find `reflectx` in the list of imported crates
[INFO] [stdout]    |
[INFO] [stdout]    = note: this error originates in the derive macro `Reflect` (in Nightly builds, run with -Z macro-backtrace for more info)
[INFO] [stdout] help: consider importing this struct
[INFO] [stdout]    |
[INFO] [stdout]  8 +     use std::path::Path;
[INFO] [stdout]    |
[INFO] [stdout] 
[INFO] [stdout] 
[INFO] [stdout] error[E0433]: cannot find `reflectx` in the list of imported crates
[INFO] [stdout]   --> tests/struct_tests.rs:11:28
[INFO] [stdout]    |
[INFO] [stdout] 11 |     #[derive(Debug, Clone, Reflect)]
[INFO] [stdout]    |                            ^^^^^^^ could not find `reflectx` in the list of imported crates
[INFO] [stdout]    |
[INFO] [stdout]    = note: this error originates in the derive macro `Reflect` (in Nightly builds, run with -Z macro-backtrace for more info)
[INFO] [stdout] help: consider importing this struct
[INFO] [stdout]    |
[INFO] [stdout]  8 +     use std::alloc::Layout;
[INFO] [stdout]    |
[INFO] [stdout] 
[INFO] [stdout] 
[INFO] [stdout] error[E0433]: cannot find `reflectx` in the list of imported crates
[INFO] [stdout]   --> tests/struct_tests.rs:29:28
[INFO] [stdout]    |
[INFO] [stdout] 29 |     #[derive(Debug, Clone, Reflect)]
[INFO] [stdout]    |                            ^^^^^^^ could not find `reflectx` in the list of imported crates
[INFO] [stdout]    |
[INFO] [stdout]    = note: this error originates in the derive macro `Reflect` (in Nightly builds, run with -Z macro-backtrace for more info)
[INFO] [stdout] help: consider importing this struct
[INFO] [stdout]    |
[INFO] [stdout]  8 +     use std::path::Path;
[INFO] [stdout]    |
[INFO] [stdout] 
[INFO] [stdout] 
[INFO] [stdout] error[E0433]: cannot find `reflectx` in the list of imported crates
[INFO] [stdout]   --> tests/struct_tests.rs:29:28
[INFO] [stdout]    |
[INFO] [stdout] 29 |     #[derive(Debug, Clone, Reflect)]
[INFO] [stdout]    |                            ^^^^^^^ could not find `reflectx` in the list of imported crates
[INFO] [stdout]    |
[INFO] [stdout]    = note: this error originates in the derive macro `Reflect` (in Nightly builds, run with -Z macro-backtrace for more info)
[INFO] [stdout] help: consider importing this struct
[INFO] [stdout]    |
[INFO] [stdout]  8 +     use std::alloc::Layout;
[INFO] [stdout]    |
[INFO] [stdout] 
[INFO] [stdout] 
[INFO] [stdout] error[E0433]: cannot find `reflectx` in the list of imported crates
[INFO] [stdout]   --> tests/struct_tests.rs:38:28
[INFO] [stdout]    |
[INFO] [stdout] 38 |     #[derive(Debug, Clone, Reflect)]
[INFO] [stdout]    |                            ^^^^^^^ could not find `reflectx` in the list of imported crates
[INFO] [stdout]    |
[INFO] [stdout]    = note: this error originates in the derive macro `Reflect` (in Nightly builds, run with -Z macro-backtrace for more info)
[INFO] [stdout] help: consider importing this struct
[INFO] [stdout]    |
[INFO] [stdout]  8 +     use std::path::Path;
[INFO] [stdout]    |
[INFO] [stdout] 
[INFO] [stdout] 
[INFO] [stdout] error[E0433]: cannot find `reflectx` in the list of imported crates
[INFO] [stdout]   --> tests/struct_tests.rs:38:28
[INFO] [stdout]    |
[INFO] [stdout] 38 |     #[derive(Debug, Clone, Reflect)]
[INFO] [stdout]    |                            ^^^^^^^ could not find `reflectx` in the list of imported crates
[INFO] [stdout]    |
[INFO] [stdout]    = note: this error originates in the derive macro `Reflect` (in Nightly builds, run with -Z macro-backtrace for more info)
[INFO] [stdout] help: consider importing this struct
[INFO] [stdout]    |
[INFO] [stdout]  8 +     use std::alloc::Layout;
[INFO] [stdout]    |
[INFO] [stdout] 
[INFO] [stdout] 
[INFO] [stdout] error[E0433]: cannot find `reflectx` in the list of imported crates
[INFO] [stdout]  --> tests/struct_tests.rs:6:1
[INFO] [stdout]   |
[INFO] [stdout] 6 | #[reflect(version = 2)]
[INFO] [stdout]   | ^^^^^^^^^^^^^^^^^^^^^^^ could not find `reflectx` in the list of imported crates
[INFO] [stdout]   |
[INFO] [stdout]   = note: this error originates in the attribute macro `reflect` (in Nightly builds, run with -Z macro-backtrace for more info)
[INFO] [stdout] help: consider importing this struct
[INFO] [stdout]   |
[INFO] [stdout] 8 +     use std::path::Path;
[INFO] [stdout]   |
[INFO] [stdout] 
[INFO] [stdout] 
[INFO] [stdout] error[E0433]: cannot find `reflectx` in the list of imported crates
[INFO] [stdout]  --> tests/struct_tests.rs:6:1
[INFO] [stdout]   |
[INFO] [stdout] 6 | #[reflect(version = 2)]
[INFO] [stdout]   | ^^^^^^^^^^^^^^^^^^^^^^^ could not find `reflectx` in the list of imported crates
[INFO] [stdout]   |
[INFO] [stdout]   = note: this error originates in the attribute macro `reflect` (in Nightly builds, run with -Z macro-backtrace for more info)
[INFO] [stdout] help: consider importing this struct
[INFO] [stdout]   |
[INFO] [stdout] 8 +     use std::alloc::Layout;
[INFO] [stdout]   |
[INFO] [stdout] 
[INFO] [stdout] 
[INFO] [stdout] Some errors have detailed explanations: E0432, E0433.
[INFO] [stdout] 
[INFO] [stdout] For more information about an error, try `rustc --explain E0432`.
[INFO] [stdout] 
[INFO] [stderr] error: could not compile `reflectx-macros` (test "struct_tests") due to 15 previous errors
[INFO] [stdout] error[E0433]: cannot find module or crate `reflectx` in this scope
[INFO] [stdout]    --> tests/struct_tests.rs:108:10
[INFO] [stdout]     |
[INFO] [stdout] 108 |         &reflectx::Value::Null
[INFO] [stdout]     |          ^^^^^^^^ use of unresolved module or unlinked crate `reflectx`
[INFO] [stdout]     |
[INFO] [stdout]     = help: if you wanted to use a crate named `reflectx`, use `cargo add reflectx` to add it to your `Cargo.toml`
[INFO] [stdout] 
[INFO] [stdout] 
[INFO] [stdout] error[E0433]: cannot find `reflectx` in the list of imported crates
[INFO] [stdout]  --> tests/map_tests.rs:8:24
[INFO] [stdout]   |
[INFO] [stdout] 8 | #[derive(Debug, Clone, Reflect)]
[INFO] [stdout]   |                        ^^^^^^^ could not find `reflectx` in the list of imported crates
[INFO] [stdout]   |
[INFO] [stdout]   = note: this error originates in the derive macro `Reflect` (in Nightly builds, run with -Z macro-backtrace for more info)
[INFO] [stdout] help: consider importing this struct
[INFO] [stdout]   |
[INFO] [stdout] 3 + use std::path::Path;
[INFO] [stdout]   |
[INFO] [stdout] 
[INFO] [stdout] 
[INFO] [stdout] error[E0433]: cannot find `reflectx` in the list of imported crates
[INFO] [stdout]  --> tests/map_tests.rs:8:24
[INFO] [stdout]   |
[INFO] [stdout] 8 | #[derive(Debug, Clone, Reflect)]
[INFO] [stdout]   |                        ^^^^^^^ could not find `reflectx` in the list of imported crates
[INFO] [stdout]   |
[INFO] [stdout]   = note: this error originates in the derive macro `Reflect` (in Nightly builds, run with -Z macro-backtrace for more info)
[INFO] [stdout] help: consider importing this struct
[INFO] [stdout]   |
[INFO] [stdout] 3 + use std::alloc::Layout;
[INFO] [stdout]   |
[INFO] [stdout] 
[INFO] [stdout] 
[INFO] [stdout] error[E0433]: cannot find `reflectx` in the list of imported crates
[INFO] [stdout]   --> tests/struct_tests.rs:11:28
[INFO] [stdout]    |
[INFO] [stdout] 11 |     #[derive(Debug, Clone, Reflect)]
[INFO] [stdout]    |                            ^^^^^^^ could not find `reflectx` in the list of imported crates
[INFO] [stdout]    |
[INFO] [stdout]    = note: this error originates in the derive macro `Reflect` (in Nightly builds, run with -Z macro-backtrace for more info)
[INFO] [stdout] help: consider importing this struct
[INFO] [stdout]    |
[INFO] [stdout]  8 +     use std::path::Path;
[INFO] [stdout]    |
[INFO] [stdout] 
[INFO] [stdout] 
[INFO] [stdout] error[E0433]: cannot find `reflectx` in the list of imported crates
[INFO] [stdout]   --> tests/struct_tests.rs:11:28
[INFO] [stdout]    |
[INFO] [stdout] 11 |     #[derive(Debug, Clone, Reflect)]
[INFO] [stdout]    |                            ^^^^^^^ could not find `reflectx` in the list of imported crates
[INFO] [stdout]    |
[INFO] [stdout]    = note: this error originates in the derive macro `Reflect` (in Nightly builds, run with -Z macro-backtrace for more info)
[INFO] [stdout] help: consider importing this struct
[INFO] [stdout]    |
[INFO] [stdout]  8 +     use std::alloc::Layout;
[INFO] [stdout]    |
[INFO] [stdout] 
[INFO] [stdout] 
[INFO] [stdout] error[E0433]: cannot find `reflectx` in the list of imported crates
[INFO] [stdout]   --> tests/struct_tests.rs:29:28
[INFO] [stdout]    |
[INFO] [stdout] 29 |     #[derive(Debug, Clone, Reflect)]
[INFO] [stdout]    |                            ^^^^^^^ could not find `reflectx` in the list of imported crates
[INFO] [stdout]    |
[INFO] [stdout]    = note: this error originates in the derive macro `Reflect` (in Nightly builds, run with -Z macro-backtrace for more info)
[INFO] [stdout] help: consider importing this struct
[INFO] [stdout]    |
[INFO] [stdout]  8 +     use std::path::Path;
[INFO] [stdout]    |
[INFO] [stdout] 
[INFO] [stdout] 
[INFO] [stdout] error[E0433]: cannot find `reflectx` in the list of imported crates
[INFO] [stdout]   --> tests/struct_tests.rs:29:28
[INFO] [stdout]    |
[INFO] [stdout] 29 |     #[derive(Debug, Clone, Reflect)]
[INFO] [stdout]    |                            ^^^^^^^ could not find `reflectx` in the list of imported crates
[INFO] [stdout]    |
[INFO] [stdout]    = note: this error originates in the derive macro `Reflect` (in Nightly builds, run with -Z macro-backtrace for more info)
[INFO] [stdout] help: consider importing this struct
[INFO] [stdout]    |
[INFO] [stdout]  8 +     use std::alloc::Layout;
[INFO] [stdout]    |
[INFO] [stdout] 
[INFO] [stdout] 
[INFO] [stdout] error[E0433]: cannot find `reflectx` in the list of imported crates
[INFO] [stdout]   --> tests/struct_tests.rs:38:28
[INFO] [stdout]    |
[INFO] [stdout] 38 |     #[derive(Debug, Clone, Reflect)]
[INFO] [stdout]    |                            ^^^^^^^ could not find `reflectx` in the list of imported crates
[INFO] [stdout]    |
[INFO] [stdout]    = note: this error originates in the derive macro `Reflect` (in Nightly builds, run with -Z macro-backtrace for more info)
[INFO] [stdout] help: consider importing this struct
[INFO] [stdout]    |
[INFO] [stdout]  8 +     use std::path::Path;
[INFO] [stdout]    |
[INFO] [stdout] 
[INFO] [stdout] 
[INFO] [stdout] error[E0433]: cannot find `reflectx` in the list of imported crates
[INFO] [stdout]   --> tests/struct_tests.rs:38:28
[INFO] [stdout]    |
[INFO] [stdout] 38 |     #[derive(Debug, Clone, Reflect)]
[INFO] [stdout]    |                            ^^^^^^^ could not find `reflectx` in the list of imported crates
[INFO] [stdout]    |
[INFO] [stdout]    = note: this error originates in the derive macro `Reflect` (in Nightly builds, run with -Z macro-backtrace for more info)
[INFO] [stdout] help: consider importing this struct
[INFO] [stdout]    |
[INFO] [stdout]  8 +     use std::alloc::Layout;
[INFO] [stdout]    |
[INFO] [stdout] 
[INFO] [stdout] 
[INFO] [stdout] error[E0433]: cannot find `reflectx` in the list of imported crates
[INFO] [stdout]  --> tests/struct_tests.rs:6:1
[INFO] [stdout]   |
[INFO] [stdout] 6 | #[reflect(version = 2)]
[INFO] [stdout]   | ^^^^^^^^^^^^^^^^^^^^^^^ could not find `reflectx` in the list of imported crates
[INFO] [stdout]   |
[INFO] [stdout]   = note: this error originates in the attribute macro `reflect` (in Nightly builds, run with -Z macro-backtrace for more info)
[INFO] [stdout] help: consider importing this struct
[INFO] [stdout]   |
[INFO] [stdout] 8 +     use std::path::Path;
[INFO] [stdout]   |
[INFO] [stdout] 
[INFO] [stdout] 
[INFO] [stdout] error[E0433]: cannot find `reflectx` in the list of imported crates
[INFO] [stdout]  --> tests/struct_tests.rs:6:1
[INFO] [stdout]   |
[INFO] [stdout] 6 | #[reflect(version = 2)]
[INFO] [stdout]   | ^^^^^^^^^^^^^^^^^^^^^^^ could not find `reflectx` in the list of imported crates
[INFO] [stdout]   |
[INFO] [stdout]   = note: this error originates in the attribute macro `reflect` (in Nightly builds, run with -Z macro-backtrace for more info)
[INFO] [stdout] help: consider importing this struct
[INFO] [stdout]   |
[INFO] [stdout] 8 +     use std::alloc::Layout;
[INFO] [stdout]   |
[INFO] [stdout] 
[INFO] [stdout] 
[INFO] [stdout] error[E0433]: cannot find `reflectx` in the list of imported crates
[INFO] [stdout]  --> tests/trait_tests.rs:6:1
[INFO] [stdout]   |
[INFO] [stdout] 6 | #[reflect(a = "b")]
[INFO] [stdout]   | ^^^^^^^^^^^^^^^^^^^ could not find `reflectx` in the list of imported crates
[INFO] [stdout]   |
[INFO] [stdout]   = note: this error originates in the attribute macro `reflect` (in Nightly builds, run with -Z macro-backtrace for more info)
[INFO] [stdout] help: consider importing this struct
[INFO] [stdout]   |
[INFO] [stdout] 3 + use std::path::Path;
[INFO] [stdout]   |
[INFO] [stdout] 
[INFO] [stdout] 
[INFO] [stdout] Some errors have detailed explanations: E0432, E0433.
[INFO] [stdout] 
[INFO] [stdout] For more information about an error, try `rustc --explain E0432`.
[INFO] [stdout] 
[INFO] [stderr] error: could not compile `reflectx-macros` (test "mod") due to 22 previous errors
[INFO] running `Command { std: "docker" "inspect" "fa0bfb0ed0576795123a85cc94c0f50a10d69c68e10060b81d121834af887302", kill_on_drop: false }`
[INFO] running `Command { std: "docker" "rm" "-f" "fa0bfb0ed0576795123a85cc94c0f50a10d69c68e10060b81d121834af887302", kill_on_drop: false }`
[INFO] [stdout] fa0bfb0ed0576795123a85cc94c0f50a10d69c68e10060b81d121834af887302
