[INFO] fetching crate redoubt-vault 0.1.0-rc.18...
[INFO] testing redoubt-vault-0.1.0-rc.18 against 1.99.0-beta.8+cargoflags=--release for beta-release-1.100-2
[INFO] extracting crate redoubt-vault 0.1.0-rc.18 into /workspace/builds/worker-7-tc1/source
[INFO] started tweaking crates.io crate redoubt-vault 0.1.0-rc.18
[INFO] removed 0 missing tests
[INFO] finished tweaking crates.io crate redoubt-vault 0.1.0-rc.18
[INFO] tweaked toml for crates.io crate redoubt-vault 0.1.0-rc.18 written to /workspace/builds/worker-7-tc1/source/Cargo.toml
[INFO] validating manifest of crates.io crate redoubt-vault 0.1.0-rc.18 on toolchain 1.99.0-beta.8
[INFO] running `Command { std: CARGO_HOME="/workspace/cargo-home" RUSTUP_HOME="/workspace/rustup-home" "/workspace/cargo-home/bin/cargo" "+1.99.0-beta.8" "metadata" "--manifest-path" "Cargo.toml" "--no-deps", kill_on_drop: false }`
[INFO] crate crates.io crate redoubt-vault 0.1.0-rc.18 already has a lockfile, it will not be regenerated
[INFO] running `Command { std: CARGO_HOME="/workspace/cargo-home" RUSTUP_HOME="/workspace/rustup-home" "/workspace/cargo-home/bin/cargo" "+1.99.0-beta.8" "fetch" "--manifest-path" "Cargo.toml", kill_on_drop: false }`
[INFO] [stderr]     Updating crates.io index
[INFO] [stderr]  Downloading crates ...
[INFO] [stderr]   Downloaded redoubt-zero v0.1.0-rc.18
[INFO] [stderr]   Downloaded redoubt-util v0.1.0-rc.18
[INFO] [stderr]   Downloaded redoubt-zero-core v0.1.0-rc.18
[INFO] [stderr]   Downloaded redoubt-zero-derive v0.1.0-rc.18
[INFO] [stderr]   Downloaded redoubt-mem v0.1.0-rc.18
[INFO] [stderr]   Downloaded redoubt-rand v0.1.0-rc.18
[INFO] [stderr]   Downloaded redoubt-vault-derive v0.1.0-rc.18
[INFO] [stderr]   Downloaded redoubt-codec v0.1.0-rc.18
[INFO] [stderr]   Downloaded redoubt-eq v0.1.0-rc.18
[INFO] [stderr]   Downloaded redoubt-mem-core v0.1.0-rc.18
[INFO] [stderr]   Downloaded redoubt-secret v0.1.0-rc.18
[INFO] [stderr]   Downloaded quiesce v0.0.1
[INFO] [stderr]   Downloaded redoubt-forensics-macros v0.1.0-rc.18
[INFO] [stderr]   Downloaded redoubt-forensics v0.1.0-rc.18
[INFO] [stderr]   Downloaded redoubt-asm v0.1.0-rc.18
[INFO] [stderr]   Downloaded redoubt-aead v0.1.0-rc.18
[INFO] [stderr]   Downloaded redoubt-forensics-allocator v0.1.0-rc.18
[INFO] [stderr]   Downloaded redoubt-poly1305 v0.1.0-rc.18
[INFO] [stderr]   Downloaded redoubt-aead-core v0.1.0-rc.18
[INFO] [stderr]   Downloaded redoubt-buffer v0.1.0-rc.18
[INFO] [stderr]   Downloaded redoubt-forensics-core v0.1.0-rc.18
[INFO] [stderr]   Downloaded redoubt-codec-derive v0.1.0-rc.18
[INFO] [stderr]   Downloaded redoubt-aead-xchachapoly1305 v0.1.0-rc.18
[INFO] [stderr]   Downloaded redoubt-chacha v0.1.0-rc.18
[INFO] [stderr]   Downloaded redoubt-codec-core v0.1.0-rc.18
[INFO] [stderr]   Downloaded redoubt-aead-aegis128l v0.1.0-rc.18
[INFO] [stderr]   Downloaded redoubt-hkdf v0.1.0-rc.18
[INFO] [stderr]   Downloaded redoubt-vault-core v0.1.0-rc.18
[INFO] [stderr]   Downloaded redoubt-alloc v0.1.0-rc.18
[INFO] running `Command { std: "docker" "create" "-v" "/var/lib/crater-agent-workspace/builds/worker-7-tc1/source:/opt/rustwide/workdir:ro,Z" "-v" "/var/lib/crater-agent-workspace/builds/worker-7-tc1/target:/opt/rustwide/target:rw,Z" "-v" "/var/lib/crater-agent-workspace/cargo-home:/opt/rustwide/cargo-home:ro,Z" "-v" "/var/lib/crater-agent-workspace/rustup-home:/opt/rustwide/rustup-home:ro,Z" "-m" "1610612736" "--network" "none" "ghcr.io/rust-lang/crates-build-env/linux@sha256:77db811e55d90add9212f6832c23229e3de5f1c1f9905e8cb07319ea15df73ac" "sleep" "infinity", kill_on_drop: false }`
[INFO] [stdout] b7815d025f5a70b07ee53dce346c8a298096fa50a9f53268dd4d24392b68b226
[INFO] running `Command { std: "docker" "start" "b7815d025f5a70b07ee53dce346c8a298096fa50a9f53268dd4d24392b68b226", kill_on_drop: false }`
[INFO] running `Command { std: "docker" "inspect" "b7815d025f5a70b07ee53dce346c8a298096fa50a9f53268dd4d24392b68b226", kill_on_drop: false }`
[INFO] running `Command { std: "docker" "exec" "-e" "SOURCE_DIR=/opt/rustwide/workdir" "-e" "CARGO_HOME=/opt/rustwide/cargo-home" "-e" "RUSTUP_HOME=/opt/rustwide/rustup-home" "-e" "CARGO_TARGET_DIR=/opt/rustwide/target" "-w" "/opt/rustwide/workdir" "--user" "0:0" "b7815d025f5a70b07ee53dce346c8a298096fa50a9f53268dd4d24392b68b226" "/opt/rustwide/cargo-home/bin/cargo" "+1.99.0-beta.8" "metadata" "--no-deps" "--format-version=1", kill_on_drop: false }`
[INFO] running `Command { std: "docker" "inspect" "b7815d025f5a70b07ee53dce346c8a298096fa50a9f53268dd4d24392b68b226", kill_on_drop: false }`
[INFO] running `Command { std: "docker" "exec" "-e" "SOURCE_DIR=/opt/rustwide/workdir" "-e" "CARGO_HOME=/opt/rustwide/cargo-home" "-e" "RUSTUP_HOME=/opt/rustwide/rustup-home" "-e" "CARGO_TARGET_DIR=/opt/rustwide/target" "-e" "CARGO_INCREMENTAL=0" "-e" "RUST_BACKTRACE=full" "-e" "RUSTFLAGS=--cap-lints=warn" "-e" "RUSTDOCFLAGS=--cap-lints=warn" "-w" "/opt/rustwide/workdir" "--user" "0:0" "b7815d025f5a70b07ee53dce346c8a298096fa50a9f53268dd4d24392b68b226" "/opt/rustwide/cargo-home/bin/cargo" "+1.99.0-beta.8" "build" "--frozen" "--message-format=json" "--release", kill_on_drop: false }`
[INFO] [stderr]    Compiling find-msvc-tools v0.1.6
[INFO] [stderr]    Compiling redoubt-asm v0.1.0-rc.18
[INFO] [stderr]    Compiling thiserror v2.0.17
[INFO] [stderr]    Compiling redoubt-aead v0.1.0-rc.18
[INFO] [stderr]    Compiling quiesce v0.0.1
[INFO] [stderr]    Compiling syn v2.0.111
[INFO] [stderr]    Compiling cc v1.2.51
[INFO] [stderr]    Compiling redoubt-mem-core v0.1.0-rc.18
[INFO] [stderr]    Compiling redoubt-eq v0.1.0-rc.18
[INFO] [stderr]    Compiling redoubt-chacha v0.1.0-rc.18
[INFO] [stderr]    Compiling redoubt-poly1305 v0.1.0-rc.18
[INFO] [stderr]    Compiling redoubt-rand v0.1.0-rc.18
[INFO] [stderr]    Compiling redoubt-aead-aegis128l v0.1.0-rc.18
[INFO] [stderr]    Compiling redoubt-hkdf v0.1.0-rc.18
[INFO] [stderr]    Compiling redoubt-mem v0.1.0-rc.18
[INFO] [stderr]    Compiling redoubt-util v0.1.0-rc.18
[INFO] [stderr]    Compiling redoubt-zero-core v0.1.0-rc.18
[INFO] [stderr]    Compiling thiserror-impl v2.0.17
[INFO] [stderr]    Compiling redoubt-zero-derive v0.1.0-rc.18
[INFO] [stderr]    Compiling redoubt-codec-derive v0.1.0-rc.18
[INFO] [stderr]    Compiling redoubt-vault-derive v0.1.0-rc.18
[INFO] [stderr]    Compiling redoubt-zero v0.1.0-rc.18
[INFO] [stderr]    Compiling redoubt-secret v0.1.0-rc.18
[INFO] [stderr]    Compiling redoubt-aead-core v0.1.0-rc.18
[INFO] [stderr]    Compiling redoubt-alloc v0.1.0-rc.18
[INFO] [stderr]    Compiling redoubt-buffer v0.1.0-rc.18
[INFO] [stderr]    Compiling redoubt-codec-core v0.1.0-rc.18
[INFO] [stderr]    Compiling redoubt-aead-xchachapoly1305 v0.1.0-rc.18
[INFO] [stderr]    Compiling redoubt-codec v0.1.0-rc.18
[INFO] [stderr]    Compiling redoubt-vault-core v0.1.0-rc.18
[INFO] [stderr]    Compiling redoubt-vault v0.1.0-rc.18 (/opt/rustwide/workdir)
[INFO] [stderr]     Finished `release` profile [optimized] target(s) in 7.96s
[INFO] running `Command { std: "docker" "inspect" "b7815d025f5a70b07ee53dce346c8a298096fa50a9f53268dd4d24392b68b226", kill_on_drop: false }`
[INFO] running `Command { std: "docker" "exec" "-e" "SOURCE_DIR=/opt/rustwide/workdir" "-e" "CARGO_HOME=/opt/rustwide/cargo-home" "-e" "RUSTUP_HOME=/opt/rustwide/rustup-home" "-e" "CARGO_TARGET_DIR=/opt/rustwide/target" "-e" "CARGO_INCREMENTAL=0" "-e" "RUST_BACKTRACE=full" "-e" "RUSTFLAGS=--cap-lints=warn" "-e" "RUSTDOCFLAGS=--cap-lints=warn" "-w" "/opt/rustwide/workdir" "--user" "0:0" "b7815d025f5a70b07ee53dce346c8a298096fa50a9f53268dd4d24392b68b226" "/opt/rustwide/cargo-home/bin/cargo" "+1.99.0-beta.8" "test" "--frozen" "--no-run" "--message-format=json" "--release", kill_on_drop: false }`
[INFO] [stderr]    Compiling redoubt-forensics-core v0.1.0-rc.18
[INFO] [stderr]    Compiling redoubt-forensics-allocator v0.1.0-rc.18
[INFO] [stderr]    Compiling redoubt-forensics-macros v0.1.0-rc.18
[INFO] [stderr]    Compiling redoubt-forensics v0.1.0-rc.18
[INFO] [stderr]    Compiling redoubt-vault v0.1.0-rc.18 (/opt/rustwide/workdir)
[INFO] [stdout] error[E0432]: unresolved import `redoubt_vault::derive_next_cipherbox_key`
[INFO] [stdout]  --> tests/forensics/support/needles.rs:7:5
[INFO] [stdout]   |
[INFO] [stdout] 7 | use redoubt_vault::derive_next_cipherbox_key;
[INFO] [stdout]   |     ^^^^^^^^^^^^^^^-------------------------
[INFO] [stdout]   |                    |
[INFO] [stdout]   |                    no `derive_next_cipherbox_key` in the root
[INFO] [stdout] 
[INFO] [stdout] 
[INFO] [stdout] error[E0432]: unresolved import `redoubt_vault::derive_next_cipherbox_key`
[INFO] [stdout]   --> tests/forensics/cipherbox.rs:12:48
[INFO] [stdout]    |
[INFO] [stdout] 12 | use redoubt_vault::{CipherBoxError, cipherbox, derive_next_cipherbox_key};
[INFO] [stdout]    |                                                ^^^^^^^^^^^^^^^^^^^^^^^^^ no `derive_next_cipherbox_key` in the root
[INFO] [stdout] 
[INFO] [stdout] 
[INFO] [stdout] error[E0599]: no method named `set_failure_mode` found for struct `TestBox` in the current scope
[INFO] [stdout]    --> tests/failure_injection.rs:35:26
[INFO] [stdout]     |
[INFO] [stdout]  17 |     #[cipherbox(TestBox, testing_feature = "test-utils")]
[INFO] [stdout]     |     ----------------------------------------------------- method `set_failure_mode` not found for this struct
[INFO] [stdout] ...
[INFO] [stdout]  35 |                 test_box.set_failure_mode(TestBoxFailureMode::FailOnNthOperation(i));
[INFO] [stdout]     |                          ^^^^^^^^^^^^^^^^ method not found in `TestBox`
[INFO] [stdout] ...
[INFO] [stdout] 102 |         test_callback_method!(open);
[INFO] [stdout]     |         --------------------------- in this macro invocation
[INFO] [stdout]     |
[INFO] [stdout]     = note: this error originates in the macro `test_callback_method` (in Nightly builds, run with -Z macro-backtrace for more info)
[INFO] [stdout] 
[INFO] [stdout] 
[INFO] [stdout] error[E0433]: cannot find type `TestBoxFailureMode` in this scope
[INFO] [stdout]    --> tests/failure_injection.rs:35:43
[INFO] [stdout]     |
[INFO] [stdout]  35 |                 test_box.set_failure_mode(TestBoxFailureMode::FailOnNthOperation(i));
[INFO] [stdout]     |                                           ^^^^^^^^^^^^^^^^^^ use of undeclared type `TestBoxFailureMode`
[INFO] [stdout] ...
[INFO] [stdout] 102 |         test_callback_method!(open);
[INFO] [stdout]     |         --------------------------- in this macro invocation
[INFO] [stdout]     |
[INFO] [stdout]     = note: this error originates in the macro `test_callback_method` (in Nightly builds, run with -Z macro-backtrace for more info)
[INFO] [stdout] 
[INFO] [stdout] 
[INFO] [stdout] error[E0599]: no variant, associated function, or constant named `IntentionalCipherBoxError` found for enum `CipherBoxError` in the current scope
[INFO] [stdout]    --> tests/failure_injection.rs:46:45
[INFO] [stdout]     |
[INFO] [stdout]  46 |                             CipherBoxError::IntentionalCipherBoxError
[INFO] [stdout]     |                                             ^^^^^^^^^^^^^^^^^^^^^^^^^ variant, associated function, or constant not found in `CipherBoxError`
[INFO] [stdout] ...
[INFO] [stdout] 102 |         test_callback_method!(open);
[INFO] [stdout]     |         --------------------------- in this macro invocation
[INFO] [stdout]     |
[INFO] [stdout]     = note: this error originates in the macro `test_callback_method` (in Nightly builds, run with -Z macro-backtrace for more info)
[INFO] [stdout] 
[INFO] [stdout] 
[INFO] [stdout] error[E0599]: no method named `set_failure_mode` found for struct `TestBox` in the current scope
[INFO] [stdout]    --> tests/failure_injection.rs:56:22
[INFO] [stdout]     |
[INFO] [stdout]  17 |     #[cipherbox(TestBox, testing_feature = "test-utils")]
[INFO] [stdout]     |     ----------------------------------------------------- method `set_failure_mode` not found for this struct
[INFO] [stdout] ...
[INFO] [stdout]  56 |             test_box.set_failure_mode(TestBoxFailureMode::None);
[INFO] [stdout]     |                      ^^^^^^^^^^^^^^^^ method not found in `TestBox`
[INFO] [stdout] ...
[INFO] [stdout] 102 |         test_callback_method!(open);
[INFO] [stdout]     |         --------------------------- in this macro invocation
[INFO] [stdout]     |
[INFO] [stdout]     = note: this error originates in the macro `test_callback_method` (in Nightly builds, run with -Z macro-backtrace for more info)
[INFO] [stdout] 
[INFO] [stdout] 
[INFO] [stdout] error[E0433]: cannot find type `TestBoxFailureMode` in this scope
[INFO] [stdout]    --> tests/failure_injection.rs:56:39
[INFO] [stdout]     |
[INFO] [stdout]  56 |             test_box.set_failure_mode(TestBoxFailureMode::None);
[INFO] [stdout]     |                                       ^^^^^^^^^^^^^^^^^^ use of undeclared type `TestBoxFailureMode`
[INFO] [stdout] ...
[INFO] [stdout] 102 |         test_callback_method!(open);
[INFO] [stdout]     |         --------------------------- in this macro invocation
[INFO] [stdout]     |
[INFO] [stdout]     = note: this error originates in the macro `test_callback_method` (in Nightly builds, run with -Z macro-backtrace for more info)
[INFO] [stdout] 
[INFO] [stdout] 
[INFO] [stderr] error: could not compile `redoubt-vault` (test "forensics") due to 2 previous errors
[INFO] [stderr] warning: build failed, waiting for other jobs to finish...
[INFO] [stdout] error[E0599]: no method named `set_failure_mode` found for struct `TestBox` in the current scope
[INFO] [stdout]    --> tests/failure_injection.rs:35:26
[INFO] [stdout]     |
[INFO] [stdout]  17 |     #[cipherbox(TestBox, testing_feature = "test-utils")]
[INFO] [stdout]     |     ----------------------------------------------------- method `set_failure_mode` not found for this struct
[INFO] [stdout] ...
[INFO] [stdout]  35 |                 test_box.set_failure_mode(TestBoxFailureMode::FailOnNthOperation(i));
[INFO] [stdout]     |                          ^^^^^^^^^^^^^^^^ method not found in `TestBox`
[INFO] [stdout] ...
[INFO] [stdout] 107 |         test_callback_method!(open_mut);
[INFO] [stdout]     |         ------------------------------- in this macro invocation
[INFO] [stdout]     |
[INFO] [stdout]     = note: this error originates in the macro `test_callback_method` (in Nightly builds, run with -Z macro-backtrace for more info)
[INFO] [stdout] 
[INFO] [stdout] 
[INFO] [stdout] error[E0433]: cannot find type `TestBoxFailureMode` in this scope
[INFO] [stdout]    --> tests/failure_injection.rs:35:43
[INFO] [stdout]     |
[INFO] [stdout]  35 |                 test_box.set_failure_mode(TestBoxFailureMode::FailOnNthOperation(i));
[INFO] [stdout]     |                                           ^^^^^^^^^^^^^^^^^^ use of undeclared type `TestBoxFailureMode`
[INFO] [stdout] ...
[INFO] [stdout] 107 |         test_callback_method!(open_mut);
[INFO] [stdout]     |         ------------------------------- in this macro invocation
[INFO] [stdout]     |
[INFO] [stdout]     = note: this error originates in the macro `test_callback_method` (in Nightly builds, run with -Z macro-backtrace for more info)
[INFO] [stdout] 
[INFO] [stdout] 
[INFO] [stdout] error[E0599]: no variant, associated function, or constant named `IntentionalCipherBoxError` found for enum `CipherBoxError` in the current scope
[INFO] [stdout]    --> tests/failure_injection.rs:46:45
[INFO] [stdout]     |
[INFO] [stdout]  46 |                             CipherBoxError::IntentionalCipherBoxError
[INFO] [stdout]     |                                             ^^^^^^^^^^^^^^^^^^^^^^^^^ variant, associated function, or constant not found in `CipherBoxError`
[INFO] [stdout] ...
[INFO] [stdout] 107 |         test_callback_method!(open_mut);
[INFO] [stdout]     |         ------------------------------- in this macro invocation
[INFO] [stdout]     |
[INFO] [stdout]     = note: this error originates in the macro `test_callback_method` (in Nightly builds, run with -Z macro-backtrace for more info)
[INFO] [stdout] 
[INFO] [stdout] 
[INFO] [stdout] error[E0599]: no method named `set_failure_mode` found for struct `TestBox` in the current scope
[INFO] [stdout]    --> tests/failure_injection.rs:56:22
[INFO] [stdout]     |
[INFO] [stdout]  17 |     #[cipherbox(TestBox, testing_feature = "test-utils")]
[INFO] [stdout]     |     ----------------------------------------------------- method `set_failure_mode` not found for this struct
[INFO] [stdout] ...
[INFO] [stdout]  56 |             test_box.set_failure_mode(TestBoxFailureMode::None);
[INFO] [stdout]     |                      ^^^^^^^^^^^^^^^^ method not found in `TestBox`
[INFO] [stdout] ...
[INFO] [stdout] 107 |         test_callback_method!(open_mut);
[INFO] [stdout]     |         ------------------------------- in this macro invocation
[INFO] [stdout]     |
[INFO] [stdout]     = note: this error originates in the macro `test_callback_method` (in Nightly builds, run with -Z macro-backtrace for more info)
[INFO] [stdout] 
[INFO] [stdout] 
[INFO] [stdout] error[E0433]: cannot find type `TestBoxFailureMode` in this scope
[INFO] [stdout]    --> tests/failure_injection.rs:56:39
[INFO] [stdout]     |
[INFO] [stdout]  56 |             test_box.set_failure_mode(TestBoxFailureMode::None);
[INFO] [stdout]     |                                       ^^^^^^^^^^^^^^^^^^ use of undeclared type `TestBoxFailureMode`
[INFO] [stdout] ...
[INFO] [stdout] 107 |         test_callback_method!(open_mut);
[INFO] [stdout]     |         ------------------------------- in this macro invocation
[INFO] [stdout]     |
[INFO] [stdout]     = note: this error originates in the macro `test_callback_method` (in Nightly builds, run with -Z macro-backtrace for more info)
[INFO] [stdout] 
[INFO] [stdout] 
[INFO] [stdout] error[E0599]: no method named `set_failure_mode` found for struct `TestBox` in the current scope
[INFO] [stdout]    --> tests/failure_injection.rs:35:26
[INFO] [stdout]     |
[INFO] [stdout]  17 |     #[cipherbox(TestBox, testing_feature = "test-utils")]
[INFO] [stdout]     |     ----------------------------------------------------- method `set_failure_mode` not found for this struct
[INFO] [stdout] ...
[INFO] [stdout]  35 |                 test_box.set_failure_mode(TestBoxFailureMode::FailOnNthOperation(i));
[INFO] [stdout]     |                          ^^^^^^^^^^^^^^^^ method not found in `TestBox`
[INFO] [stdout] ...
[INFO] [stdout] 113 |         test_callback_method!(open_field_a);
[INFO] [stdout]     |         ----------------------------------- in this macro invocation
[INFO] [stdout]     |
[INFO] [stdout]     = note: this error originates in the macro `test_callback_method` (in Nightly builds, run with -Z macro-backtrace for more info)
[INFO] [stdout] 
[INFO] [stdout] 
[INFO] [stdout] For more information about this error, try `rustc --explain E0432`.
[INFO] [stdout] 
[INFO] [stdout] error[E0433]: cannot find type `TestBoxFailureMode` in this scope
[INFO] [stdout]    --> tests/failure_injection.rs:35:43
[INFO] [stdout]     |
[INFO] [stdout]  35 |                 test_box.set_failure_mode(TestBoxFailureMode::FailOnNthOperation(i));
[INFO] [stdout]     |                                           ^^^^^^^^^^^^^^^^^^ use of undeclared type `TestBoxFailureMode`
[INFO] [stdout] ...
[INFO] [stdout] 113 |         test_callback_method!(open_field_a);
[INFO] [stdout]     |         ----------------------------------- in this macro invocation
[INFO] [stdout]     |
[INFO] [stdout]     = note: this error originates in the macro `test_callback_method` (in Nightly builds, run with -Z macro-backtrace for more info)
[INFO] [stdout] 
[INFO] [stdout] 
[INFO] [stdout] error[E0599]: no variant, associated function, or constant named `IntentionalCipherBoxError` found for enum `CipherBoxError` in the current scope
[INFO] [stdout]    --> tests/failure_injection.rs:46:45
[INFO] [stdout]     |
[INFO] [stdout]  46 |                             CipherBoxError::IntentionalCipherBoxError
[INFO] [stdout]     |                                             ^^^^^^^^^^^^^^^^^^^^^^^^^ variant, associated function, or constant not found in `CipherBoxError`
[INFO] [stdout] ...
[INFO] [stdout] 113 |         test_callback_method!(open_field_a);
[INFO] [stdout]     |         ----------------------------------- in this macro invocation
[INFO] [stdout]     |
[INFO] [stdout]     = note: this error originates in the macro `test_callback_method` (in Nightly builds, run with -Z macro-backtrace for more info)
[INFO] [stdout] 
[INFO] [stdout] 
[INFO] [stdout] error[E0599]: no method named `set_failure_mode` found for struct `TestBox` in the current scope
[INFO] [stdout]    --> tests/failure_injection.rs:56:22
[INFO] [stdout]     |
[INFO] [stdout]  17 |     #[cipherbox(TestBox, testing_feature = "test-utils")]
[INFO] [stdout]     |     ----------------------------------------------------- method `set_failure_mode` not found for this struct
[INFO] [stdout] ...
[INFO] [stdout]  56 |             test_box.set_failure_mode(TestBoxFailureMode::None);
[INFO] [stdout]     |                      ^^^^^^^^^^^^^^^^ method not found in `TestBox`
[INFO] [stdout] ...
[INFO] [stdout] 113 |         test_callback_method!(open_field_a);
[INFO] [stdout]     |         ----------------------------------- in this macro invocation
[INFO] [stdout]     |
[INFO] [stdout]     = note: this error originates in the macro `test_callback_method` (in Nightly builds, run with -Z macro-backtrace for more info)
[INFO] [stdout] 
[INFO] [stdout] 
[INFO] [stdout] error[E0433]: cannot find type `TestBoxFailureMode` in this scope
[INFO] [stdout]    --> tests/failure_injection.rs:56:39
[INFO] [stdout]     |
[INFO] [stdout]  56 |             test_box.set_failure_mode(TestBoxFailureMode::None);
[INFO] [stdout]     |                                       ^^^^^^^^^^^^^^^^^^ use of undeclared type `TestBoxFailureMode`
[INFO] [stdout] ...
[INFO] [stdout] 113 |         test_callback_method!(open_field_a);
[INFO] [stdout]     |         ----------------------------------- in this macro invocation
[INFO] [stdout]     |
[INFO] [stdout]     = note: this error originates in the macro `test_callback_method` (in Nightly builds, run with -Z macro-backtrace for more info)
[INFO] [stdout] 
[INFO] [stdout] 
[INFO] [stdout] error[E0599]: no method named `set_failure_mode` found for struct `TestBox` in the current scope
[INFO] [stdout]    --> tests/failure_injection.rs:35:26
[INFO] [stdout]     |
[INFO] [stdout]  17 |     #[cipherbox(TestBox, testing_feature = "test-utils")]
[INFO] [stdout]     |     ----------------------------------------------------- method `set_failure_mode` not found for this struct
[INFO] [stdout] ...
[INFO] [stdout]  35 |                 test_box.set_failure_mode(TestBoxFailureMode::FailOnNthOperation(i));
[INFO] [stdout]     |                          ^^^^^^^^^^^^^^^^ method not found in `TestBox`
[INFO] [stdout] ...
[INFO] [stdout] 118 |         test_callback_method!(open_field_a_mut);
[INFO] [stdout]     |         --------------------------------------- in this macro invocation
[INFO] [stdout]     |
[INFO] [stdout]     = note: this error originates in the macro `test_callback_method` (in Nightly builds, run with -Z macro-backtrace for more info)
[INFO] [stdout] 
[INFO] [stdout] 
[INFO] [stdout] error[E0433]: cannot find type `TestBoxFailureMode` in this scope
[INFO] [stdout]    --> tests/failure_injection.rs:35:43
[INFO] [stdout]     |
[INFO] [stdout]  35 |                 test_box.set_failure_mode(TestBoxFailureMode::FailOnNthOperation(i));
[INFO] [stdout]     |                                           ^^^^^^^^^^^^^^^^^^ use of undeclared type `TestBoxFailureMode`
[INFO] [stdout] ...
[INFO] [stdout] 118 |         test_callback_method!(open_field_a_mut);
[INFO] [stdout]     |         --------------------------------------- in this macro invocation
[INFO] [stdout]     |
[INFO] [stdout]     = note: this error originates in the macro `test_callback_method` (in Nightly builds, run with -Z macro-backtrace for more info)
[INFO] [stdout] 
[INFO] [stdout] 
[INFO] [stdout] error[E0599]: no variant, associated function, or constant named `IntentionalCipherBoxError` found for enum `CipherBoxError` in the current scope
[INFO] [stdout]    --> tests/failure_injection.rs:46:45
[INFO] [stdout]     |
[INFO] [stdout]  46 |                             CipherBoxError::IntentionalCipherBoxError
[INFO] [stdout]     |                                             ^^^^^^^^^^^^^^^^^^^^^^^^^ variant, associated function, or constant not found in `CipherBoxError`
[INFO] [stdout] ...
[INFO] [stdout] 118 |         test_callback_method!(open_field_a_mut);
[INFO] [stdout]     |         --------------------------------------- in this macro invocation
[INFO] [stdout]     |
[INFO] [stdout]     = note: this error originates in the macro `test_callback_method` (in Nightly builds, run with -Z macro-backtrace for more info)
[INFO] [stdout] 
[INFO] [stdout] 
[INFO] [stdout] error[E0599]: no method named `set_failure_mode` found for struct `TestBox` in the current scope
[INFO] [stdout]    --> tests/failure_injection.rs:56:22
[INFO] [stdout]     |
[INFO] [stdout]  17 |     #[cipherbox(TestBox, testing_feature = "test-utils")]
[INFO] [stdout]     |     ----------------------------------------------------- method `set_failure_mode` not found for this struct
[INFO] [stdout] ...
[INFO] [stdout]  56 |             test_box.set_failure_mode(TestBoxFailureMode::None);
[INFO] [stdout]     |                      ^^^^^^^^^^^^^^^^ method not found in `TestBox`
[INFO] [stdout] ...
[INFO] [stdout] 118 |         test_callback_method!(open_field_a_mut);
[INFO] [stdout]     |         --------------------------------------- in this macro invocation
[INFO] [stdout]     |
[INFO] [stdout]     = note: this error originates in the macro `test_callback_method` (in Nightly builds, run with -Z macro-backtrace for more info)
[INFO] [stdout] 
[INFO] [stdout] 
[INFO] [stdout] error[E0433]: cannot find type `TestBoxFailureMode` in this scope
[INFO] [stdout]    --> tests/failure_injection.rs:56:39
[INFO] [stdout]     |
[INFO] [stdout]  56 |             test_box.set_failure_mode(TestBoxFailureMode::None);
[INFO] [stdout]     |                                       ^^^^^^^^^^^^^^^^^^ use of undeclared type `TestBoxFailureMode`
[INFO] [stdout] ...
[INFO] [stdout] 118 |         test_callback_method!(open_field_a_mut);
[INFO] [stdout]     |         --------------------------------------- in this macro invocation
[INFO] [stdout]     |
[INFO] [stdout]     = note: this error originates in the macro `test_callback_method` (in Nightly builds, run with -Z macro-backtrace for more info)
[INFO] [stdout] 
[INFO] [stdout] 
[INFO] [stdout] error[E0599]: no method named `set_failure_mode` found for struct `TestBox` in the current scope
[INFO] [stdout]    --> tests/failure_injection.rs:35:26
[INFO] [stdout]     |
[INFO] [stdout]  17 |     #[cipherbox(TestBox, testing_feature = "test-utils")]
[INFO] [stdout]     |     ----------------------------------------------------- method `set_failure_mode` not found for this struct
[INFO] [stdout] ...
[INFO] [stdout]  35 |                 test_box.set_failure_mode(TestBoxFailureMode::FailOnNthOperation(i));
[INFO] [stdout]     |                          ^^^^^^^^^^^^^^^^ method not found in `TestBox`
[INFO] [stdout] ...
[INFO] [stdout] 123 |         test_callback_method!(open_field_b);
[INFO] [stdout]     |         ----------------------------------- in this macro invocation
[INFO] [stdout]     |
[INFO] [stdout]     = note: this error originates in the macro `test_callback_method` (in Nightly builds, run with -Z macro-backtrace for more info)
[INFO] [stdout] 
[INFO] [stdout] 
[INFO] [stdout] error[E0433]: cannot find type `TestBoxFailureMode` in this scope
[INFO] [stdout]    --> tests/failure_injection.rs:35:43
[INFO] [stdout]     |
[INFO] [stdout]  35 |                 test_box.set_failure_mode(TestBoxFailureMode::FailOnNthOperation(i));
[INFO] [stdout]     |                                           ^^^^^^^^^^^^^^^^^^ use of undeclared type `TestBoxFailureMode`
[INFO] [stdout] ...
[INFO] [stdout] 123 |         test_callback_method!(open_field_b);
[INFO] [stdout]     |         ----------------------------------- in this macro invocation
[INFO] [stdout]     |
[INFO] [stdout]     = note: this error originates in the macro `test_callback_method` (in Nightly builds, run with -Z macro-backtrace for more info)
[INFO] [stdout] 
[INFO] [stdout] 
[INFO] [stdout] error[E0599]: no variant, associated function, or constant named `IntentionalCipherBoxError` found for enum `CipherBoxError` in the current scope
[INFO] [stdout]    --> tests/failure_injection.rs:46:45
[INFO] [stdout]     |
[INFO] [stdout]  46 |                             CipherBoxError::IntentionalCipherBoxError
[INFO] [stdout]     |                                             ^^^^^^^^^^^^^^^^^^^^^^^^^ variant, associated function, or constant not found in `CipherBoxError`
[INFO] [stdout] ...
[INFO] [stdout] 123 |         test_callback_method!(open_field_b);
[INFO] [stdout]     |         ----------------------------------- in this macro invocation
[INFO] [stdout]     |
[INFO] [stdout]     = note: this error originates in the macro `test_callback_method` (in Nightly builds, run with -Z macro-backtrace for more info)
[INFO] [stdout] 
[INFO] [stdout] 
[INFO] [stdout] error[E0599]: no method named `set_failure_mode` found for struct `TestBox` in the current scope
[INFO] [stdout]    --> tests/failure_injection.rs:56:22
[INFO] [stdout]     |
[INFO] [stdout]  17 |     #[cipherbox(TestBox, testing_feature = "test-utils")]
[INFO] [stdout]     |     ----------------------------------------------------- method `set_failure_mode` not found for this struct
[INFO] [stdout] ...
[INFO] [stdout]  56 |             test_box.set_failure_mode(TestBoxFailureMode::None);
[INFO] [stdout]     |                      ^^^^^^^^^^^^^^^^ method not found in `TestBox`
[INFO] [stdout] ...
[INFO] [stdout] 123 |         test_callback_method!(open_field_b);
[INFO] [stdout]     |         ----------------------------------- in this macro invocation
[INFO] [stdout]     |
[INFO] [stdout]     = note: this error originates in the macro `test_callback_method` (in Nightly builds, run with -Z macro-backtrace for more info)
[INFO] [stdout] 
[INFO] [stdout] 
[INFO] [stdout] error[E0433]: cannot find type `TestBoxFailureMode` in this scope
[INFO] [stdout]    --> tests/failure_injection.rs:56:39
[INFO] [stdout]     |
[INFO] [stdout]  56 |             test_box.set_failure_mode(TestBoxFailureMode::None);
[INFO] [stdout]     |                                       ^^^^^^^^^^^^^^^^^^ use of undeclared type `TestBoxFailureMode`
[INFO] [stdout] ...
[INFO] [stdout] 123 |         test_callback_method!(open_field_b);
[INFO] [stdout]     |         ----------------------------------- in this macro invocation
[INFO] [stdout]     |
[INFO] [stdout]     = note: this error originates in the macro `test_callback_method` (in Nightly builds, run with -Z macro-backtrace for more info)
[INFO] [stdout] 
[INFO] [stdout] 
[INFO] [stdout] error[E0599]: no method named `set_failure_mode` found for struct `TestBox` in the current scope
[INFO] [stdout]    --> tests/failure_injection.rs:35:26
[INFO] [stdout]     |
[INFO] [stdout]  17 |     #[cipherbox(TestBox, testing_feature = "test-utils")]
[INFO] [stdout]     |     ----------------------------------------------------- method `set_failure_mode` not found for this struct
[INFO] [stdout] ...
[INFO] [stdout]  35 |                 test_box.set_failure_mode(TestBoxFailureMode::FailOnNthOperation(i));
[INFO] [stdout]     |                          ^^^^^^^^^^^^^^^^ method not found in `TestBox`
[INFO] [stdout] ...
[INFO] [stdout] 128 |         test_callback_method!(open_field_b_mut);
[INFO] [stdout]     |         --------------------------------------- in this macro invocation
[INFO] [stdout]     |
[INFO] [stdout]     = note: this error originates in the macro `test_callback_method` (in Nightly builds, run with -Z macro-backtrace for more info)
[INFO] [stdout] 
[INFO] [stdout] 
[INFO] [stdout] error[E0433]: cannot find type `TestBoxFailureMode` in this scope
[INFO] [stdout]    --> tests/failure_injection.rs:35:43
[INFO] [stdout]     |
[INFO] [stdout]  35 |                 test_box.set_failure_mode(TestBoxFailureMode::FailOnNthOperation(i));
[INFO] [stdout]     |                                           ^^^^^^^^^^^^^^^^^^ use of undeclared type `TestBoxFailureMode`
[INFO] [stdout] ...
[INFO] [stdout] 128 |         test_callback_method!(open_field_b_mut);
[INFO] [stdout]     |         --------------------------------------- in this macro invocation
[INFO] [stdout]     |
[INFO] [stdout]     = note: this error originates in the macro `test_callback_method` (in Nightly builds, run with -Z macro-backtrace for more info)
[INFO] [stdout] 
[INFO] [stdout] 
[INFO] [stdout] error[E0599]: no variant, associated function, or constant named `IntentionalCipherBoxError` found for enum `CipherBoxError` in the current scope
[INFO] [stdout]    --> tests/failure_injection.rs:46:45
[INFO] [stdout]     |
[INFO] [stdout]  46 |                             CipherBoxError::IntentionalCipherBoxError
[INFO] [stdout]     |                                             ^^^^^^^^^^^^^^^^^^^^^^^^^ variant, associated function, or constant not found in `CipherBoxError`
[INFO] [stdout] ...
[INFO] [stdout] 128 |         test_callback_method!(open_field_b_mut);
[INFO] [stdout]     |         --------------------------------------- in this macro invocation
[INFO] [stdout]     |
[INFO] [stdout]     = note: this error originates in the macro `test_callback_method` (in Nightly builds, run with -Z macro-backtrace for more info)
[INFO] [stdout] 
[INFO] [stdout] 
[INFO] [stdout] error[E0599]: no method named `set_failure_mode` found for struct `TestBox` in the current scope
[INFO] [stdout]    --> tests/failure_injection.rs:56:22
[INFO] [stdout]     |
[INFO] [stdout]  17 |     #[cipherbox(TestBox, testing_feature = "test-utils")]
[INFO] [stdout]     |     ----------------------------------------------------- method `set_failure_mode` not found for this struct
[INFO] [stdout] ...
[INFO] [stdout]  56 |             test_box.set_failure_mode(TestBoxFailureMode::None);
[INFO] [stdout]     |                      ^^^^^^^^^^^^^^^^ method not found in `TestBox`
[INFO] [stdout] ...
[INFO] [stdout] 128 |         test_callback_method!(open_field_b_mut);
[INFO] [stdout]     |         --------------------------------------- in this macro invocation
[INFO] [stdout]     |
[INFO] [stdout]     = note: this error originates in the macro `test_callback_method` (in Nightly builds, run with -Z macro-backtrace for more info)
[INFO] [stdout] 
[INFO] [stdout] 
[INFO] [stdout] error[E0433]: cannot find type `TestBoxFailureMode` in this scope
[INFO] [stdout]    --> tests/failure_injection.rs:56:39
[INFO] [stdout]     |
[INFO] [stdout]  56 |             test_box.set_failure_mode(TestBoxFailureMode::None);
[INFO] [stdout]     |                                       ^^^^^^^^^^^^^^^^^^ use of undeclared type `TestBoxFailureMode`
[INFO] [stdout] ...
[INFO] [stdout] 128 |         test_callback_method!(open_field_b_mut);
[INFO] [stdout]     |         --------------------------------------- in this macro invocation
[INFO] [stdout]     |
[INFO] [stdout]     = note: this error originates in the macro `test_callback_method` (in Nightly builds, run with -Z macro-backtrace for more info)
[INFO] [stdout] 
[INFO] [stdout] 
[INFO] [stdout] error[E0599]: no method named `set_failure_mode` found for struct `TestBox` in the current scope
[INFO] [stdout]    --> tests/failure_injection.rs:35:26
[INFO] [stdout]     |
[INFO] [stdout]  17 |     #[cipherbox(TestBox, testing_feature = "test-utils")]
[INFO] [stdout]     |     ----------------------------------------------------- method `set_failure_mode` not found for this struct
[INFO] [stdout] ...
[INFO] [stdout]  35 |                 test_box.set_failure_mode(TestBoxFailureMode::FailOnNthOperation(i));
[INFO] [stdout]     |                          ^^^^^^^^^^^^^^^^ method not found in `TestBox`
[INFO] [stdout] ...
[INFO] [stdout] 133 |         test_callback_method!(open_field_c);
[INFO] [stdout]     |         ----------------------------------- in this macro invocation
[INFO] [stdout]     |
[INFO] [stdout]     = note: this error originates in the macro `test_callback_method` (in Nightly builds, run with -Z macro-backtrace for more info)
[INFO] [stdout] 
[INFO] [stdout] 
[INFO] [stdout] error[E0433]: cannot find type `TestBoxFailureMode` in this scope
[INFO] [stdout]    --> tests/failure_injection.rs:35:43
[INFO] [stdout]     |
[INFO] [stdout]  35 |                 test_box.set_failure_mode(TestBoxFailureMode::FailOnNthOperation(i));
[INFO] [stdout]     |                                           ^^^^^^^^^^^^^^^^^^ use of undeclared type `TestBoxFailureMode`
[INFO] [stdout] ...
[INFO] [stdout] 133 |         test_callback_method!(open_field_c);
[INFO] [stdout]     |         ----------------------------------- in this macro invocation
[INFO] [stdout]     |
[INFO] [stdout]     = note: this error originates in the macro `test_callback_method` (in Nightly builds, run with -Z macro-backtrace for more info)
[INFO] [stdout] 
[INFO] [stdout] 
[INFO] [stdout] error[E0599]: no variant, associated function, or constant named `IntentionalCipherBoxError` found for enum `CipherBoxError` in the current scope
[INFO] [stdout]    --> tests/failure_injection.rs:46:45
[INFO] [stdout]     |
[INFO] [stdout]  46 |                             CipherBoxError::IntentionalCipherBoxError
[INFO] [stdout]     |                                             ^^^^^^^^^^^^^^^^^^^^^^^^^ variant, associated function, or constant not found in `CipherBoxError`
[INFO] [stdout] ...
[INFO] [stdout] 133 |         test_callback_method!(open_field_c);
[INFO] [stdout]     |         ----------------------------------- in this macro invocation
[INFO] [stdout]     |
[INFO] [stdout]     = note: this error originates in the macro `test_callback_method` (in Nightly builds, run with -Z macro-backtrace for more info)
[INFO] [stdout] 
[INFO] [stdout] 
[INFO] [stdout] error[E0599]: no method named `set_failure_mode` found for struct `TestBox` in the current scope
[INFO] [stdout]    --> tests/failure_injection.rs:56:22
[INFO] [stdout]     |
[INFO] [stdout]  17 |     #[cipherbox(TestBox, testing_feature = "test-utils")]
[INFO] [stdout]     |     ----------------------------------------------------- method `set_failure_mode` not found for this struct
[INFO] [stdout] ...
[INFO] [stdout]  56 |             test_box.set_failure_mode(TestBoxFailureMode::None);
[INFO] [stdout]     |                      ^^^^^^^^^^^^^^^^ method not found in `TestBox`
[INFO] [stdout] ...
[INFO] [stdout] 133 |         test_callback_method!(open_field_c);
[INFO] [stdout]     |         ----------------------------------- in this macro invocation
[INFO] [stdout]     |
[INFO] [stdout]     = note: this error originates in the macro `test_callback_method` (in Nightly builds, run with -Z macro-backtrace for more info)
[INFO] [stdout] 
[INFO] [stdout] 
[INFO] [stdout] error[E0433]: cannot find type `TestBoxFailureMode` in this scope
[INFO] [stdout]    --> tests/failure_injection.rs:56:39
[INFO] [stdout]     |
[INFO] [stdout]  56 |             test_box.set_failure_mode(TestBoxFailureMode::None);
[INFO] [stdout]     |                                       ^^^^^^^^^^^^^^^^^^ use of undeclared type `TestBoxFailureMode`
[INFO] [stdout] ...
[INFO] [stdout] 133 |         test_callback_method!(open_field_c);
[INFO] [stdout]     |         ----------------------------------- in this macro invocation
[INFO] [stdout]     |
[INFO] [stdout]     = note: this error originates in the macro `test_callback_method` (in Nightly builds, run with -Z macro-backtrace for more info)
[INFO] [stdout] 
[INFO] [stdout] 
[INFO] [stdout] error[E0599]: no method named `set_failure_mode` found for struct `TestBox` in the current scope
[INFO] [stdout]    --> tests/failure_injection.rs:35:26
[INFO] [stdout]     |
[INFO] [stdout]  17 |     #[cipherbox(TestBox, testing_feature = "test-utils")]
[INFO] [stdout]     |     ----------------------------------------------------- method `set_failure_mode` not found for this struct
[INFO] [stdout] ...
[INFO] [stdout]  35 |                 test_box.set_failure_mode(TestBoxFailureMode::FailOnNthOperation(i));
[INFO] [stdout]     |                          ^^^^^^^^^^^^^^^^ method not found in `TestBox`
[INFO] [stdout] ...
[INFO] [stdout] 138 |         test_callback_method!(open_field_c_mut);
[INFO] [stdout]     |         --------------------------------------- in this macro invocation
[INFO] [stdout]     |
[INFO] [stdout]     = note: this error originates in the macro `test_callback_method` (in Nightly builds, run with -Z macro-backtrace for more info)
[INFO] [stdout] 
[INFO] [stdout] 
[INFO] [stdout] error[E0433]: cannot find type `TestBoxFailureMode` in this scope
[INFO] [stdout]    --> tests/failure_injection.rs:35:43
[INFO] [stdout]     |
[INFO] [stdout]  35 |                 test_box.set_failure_mode(TestBoxFailureMode::FailOnNthOperation(i));
[INFO] [stdout]     |                                           ^^^^^^^^^^^^^^^^^^ use of undeclared type `TestBoxFailureMode`
[INFO] [stdout] ...
[INFO] [stdout] 138 |         test_callback_method!(open_field_c_mut);
[INFO] [stdout]     |         --------------------------------------- in this macro invocation
[INFO] [stdout]     |
[INFO] [stdout]     = note: this error originates in the macro `test_callback_method` (in Nightly builds, run with -Z macro-backtrace for more info)
[INFO] [stdout] 
[INFO] [stdout] 
[INFO] [stdout] error[E0599]: no variant, associated function, or constant named `IntentionalCipherBoxError` found for enum `CipherBoxError` in the current scope
[INFO] [stdout]    --> tests/failure_injection.rs:46:45
[INFO] [stdout]     |
[INFO] [stdout]  46 |                             CipherBoxError::IntentionalCipherBoxError
[INFO] [stdout]     |                                             ^^^^^^^^^^^^^^^^^^^^^^^^^ variant, associated function, or constant not found in `CipherBoxError`
[INFO] [stdout] ...
[INFO] [stdout] 138 |         test_callback_method!(open_field_c_mut);
[INFO] [stdout]     |         --------------------------------------- in this macro invocation
[INFO] [stdout]     |
[INFO] [stdout]     = note: this error originates in the macro `test_callback_method` (in Nightly builds, run with -Z macro-backtrace for more info)
[INFO] [stdout] 
[INFO] [stdout] 
[INFO] [stdout] error[E0599]: no method named `set_failure_mode` found for struct `TestBox` in the current scope
[INFO] [stdout]    --> tests/failure_injection.rs:56:22
[INFO] [stdout]     |
[INFO] [stdout]  17 |     #[cipherbox(TestBox, testing_feature = "test-utils")]
[INFO] [stdout]     |     ----------------------------------------------------- method `set_failure_mode` not found for this struct
[INFO] [stdout] ...
[INFO] [stdout]  56 |             test_box.set_failure_mode(TestBoxFailureMode::None);
[INFO] [stdout]     |                      ^^^^^^^^^^^^^^^^ method not found in `TestBox`
[INFO] [stdout] ...
[INFO] [stdout] 138 |         test_callback_method!(open_field_c_mut);
[INFO] [stdout]     |         --------------------------------------- in this macro invocation
[INFO] [stdout]     |
[INFO] [stdout]     = note: this error originates in the macro `test_callback_method` (in Nightly builds, run with -Z macro-backtrace for more info)
[INFO] [stdout] 
[INFO] [stdout] 
[INFO] [stdout] error[E0433]: cannot find type `TestBoxFailureMode` in this scope
[INFO] [stdout]    --> tests/failure_injection.rs:56:39
[INFO] [stdout]     |
[INFO] [stdout]  56 |             test_box.set_failure_mode(TestBoxFailureMode::None);
[INFO] [stdout]     |                                       ^^^^^^^^^^^^^^^^^^ use of undeclared type `TestBoxFailureMode`
[INFO] [stdout] ...
[INFO] [stdout] 138 |         test_callback_method!(open_field_c_mut);
[INFO] [stdout]     |         --------------------------------------- in this macro invocation
[INFO] [stdout]     |
[INFO] [stdout]     = note: this error originates in the macro `test_callback_method` (in Nightly builds, run with -Z macro-backtrace for more info)
[INFO] [stdout] 
[INFO] [stdout] 
[INFO] [stdout] error[E0599]: no method named `set_failure_mode` found for struct `TestBox` in the current scope
[INFO] [stdout]    --> tests/failure_injection.rs:35:26
[INFO] [stdout]     |
[INFO] [stdout]  17 |     #[cipherbox(TestBox, testing_feature = "test-utils")]
[INFO] [stdout]     |     ----------------------------------------------------- method `set_failure_mode` not found for this struct
[INFO] [stdout] ...
[INFO] [stdout]  35 |                 test_box.set_failure_mode(TestBoxFailureMode::FailOnNthOperation(i));
[INFO] [stdout]     |                          ^^^^^^^^^^^^^^^^ method not found in `TestBox`
[INFO] [stdout] ...
[INFO] [stdout] 143 |         test_callback_method!(open_field_d);
[INFO] [stdout]     |         ----------------------------------- in this macro invocation
[INFO] [stdout]     |
[INFO] [stdout]     = note: this error originates in the macro `test_callback_method` (in Nightly builds, run with -Z macro-backtrace for more info)
[INFO] [stdout] 
[INFO] [stdout] 
[INFO] [stdout] error[E0433]: cannot find type `TestBoxFailureMode` in this scope
[INFO] [stdout]    --> tests/failure_injection.rs:35:43
[INFO] [stdout]     |
[INFO] [stdout]  35 |                 test_box.set_failure_mode(TestBoxFailureMode::FailOnNthOperation(i));
[INFO] [stdout]     |                                           ^^^^^^^^^^^^^^^^^^ use of undeclared type `TestBoxFailureMode`
[INFO] [stdout] ...
[INFO] [stdout] 143 |         test_callback_method!(open_field_d);
[INFO] [stdout]     |         ----------------------------------- in this macro invocation
[INFO] [stdout]     |
[INFO] [stdout]     = note: this error originates in the macro `test_callback_method` (in Nightly builds, run with -Z macro-backtrace for more info)
[INFO] [stdout] 
[INFO] [stdout] 
[INFO] [stdout] error[E0599]: no variant, associated function, or constant named `IntentionalCipherBoxError` found for enum `CipherBoxError` in the current scope
[INFO] [stdout]    --> tests/failure_injection.rs:46:45
[INFO] [stdout]     |
[INFO] [stdout]  46 |                             CipherBoxError::IntentionalCipherBoxError
[INFO] [stdout]     |                                             ^^^^^^^^^^^^^^^^^^^^^^^^^ variant, associated function, or constant not found in `CipherBoxError`
[INFO] [stdout] ...
[INFO] [stdout] 143 |         test_callback_method!(open_field_d);
[INFO] [stdout]     |         ----------------------------------- in this macro invocation
[INFO] [stdout]     |
[INFO] [stdout]     = note: this error originates in the macro `test_callback_method` (in Nightly builds, run with -Z macro-backtrace for more info)
[INFO] [stdout] 
[INFO] [stdout] 
[INFO] [stdout] error[E0599]: no method named `set_failure_mode` found for struct `TestBox` in the current scope
[INFO] [stdout]    --> tests/failure_injection.rs:56:22
[INFO] [stdout]     |
[INFO] [stdout]  17 |     #[cipherbox(TestBox, testing_feature = "test-utils")]
[INFO] [stdout]     |     ----------------------------------------------------- method `set_failure_mode` not found for this struct
[INFO] [stdout] ...
[INFO] [stdout]  56 |             test_box.set_failure_mode(TestBoxFailureMode::None);
[INFO] [stdout]     |                      ^^^^^^^^^^^^^^^^ method not found in `TestBox`
[INFO] [stdout] ...
[INFO] [stdout] 143 |         test_callback_method!(open_field_d);
[INFO] [stdout]     |         ----------------------------------- in this macro invocation
[INFO] [stdout]     |
[INFO] [stdout]     = note: this error originates in the macro `test_callback_method` (in Nightly builds, run with -Z macro-backtrace for more info)
[INFO] [stdout] 
[INFO] [stdout] 
[INFO] [stdout] error[E0433]: cannot find type `TestBoxFailureMode` in this scope
[INFO] [stdout]    --> tests/failure_injection.rs:56:39
[INFO] [stdout]     |
[INFO] [stdout]  56 |             test_box.set_failure_mode(TestBoxFailureMode::None);
[INFO] [stdout]     |                                       ^^^^^^^^^^^^^^^^^^ use of undeclared type `TestBoxFailureMode`
[INFO] [stdout] ...
[INFO] [stdout] 143 |         test_callback_method!(open_field_d);
[INFO] [stdout]     |         ----------------------------------- in this macro invocation
[INFO] [stdout]     |
[INFO] [stdout]     = note: this error originates in the macro `test_callback_method` (in Nightly builds, run with -Z macro-backtrace for more info)
[INFO] [stdout] 
[INFO] [stdout] 
[INFO] [stdout] error[E0599]: no method named `set_failure_mode` found for struct `TestBox` in the current scope
[INFO] [stdout]    --> tests/failure_injection.rs:35:26
[INFO] [stdout]     |
[INFO] [stdout]  17 |     #[cipherbox(TestBox, testing_feature = "test-utils")]
[INFO] [stdout]     |     ----------------------------------------------------- method `set_failure_mode` not found for this struct
[INFO] [stdout] ...
[INFO] [stdout]  35 |                 test_box.set_failure_mode(TestBoxFailureMode::FailOnNthOperation(i));
[INFO] [stdout]     |                          ^^^^^^^^^^^^^^^^ method not found in `TestBox`
[INFO] [stdout] ...
[INFO] [stdout] 148 |         test_callback_method!(open_field_d_mut);
[INFO] [stdout]     |         --------------------------------------- in this macro invocation
[INFO] [stdout]     |
[INFO] [stdout]     = note: this error originates in the macro `test_callback_method` (in Nightly builds, run with -Z macro-backtrace for more info)
[INFO] [stdout] 
[INFO] [stdout] 
[INFO] [stdout] error[E0433]: cannot find type `TestBoxFailureMode` in this scope
[INFO] [stdout]    --> tests/failure_injection.rs:35:43
[INFO] [stdout]     |
[INFO] [stdout]  35 |                 test_box.set_failure_mode(TestBoxFailureMode::FailOnNthOperation(i));
[INFO] [stdout]     |                                           ^^^^^^^^^^^^^^^^^^ use of undeclared type `TestBoxFailureMode`
[INFO] [stdout] ...
[INFO] [stdout] 148 |         test_callback_method!(open_field_d_mut);
[INFO] [stdout]     |         --------------------------------------- in this macro invocation
[INFO] [stdout]     |
[INFO] [stdout]     = note: this error originates in the macro `test_callback_method` (in Nightly builds, run with -Z macro-backtrace for more info)
[INFO] [stdout] 
[INFO] [stdout] 
[INFO] [stdout] error[E0599]: no variant, associated function, or constant named `IntentionalCipherBoxError` found for enum `CipherBoxError` in the current scope
[INFO] [stdout]    --> tests/failure_injection.rs:46:45
[INFO] [stdout]     |
[INFO] [stdout]  46 |                             CipherBoxError::IntentionalCipherBoxError
[INFO] [stdout]     |                                             ^^^^^^^^^^^^^^^^^^^^^^^^^ variant, associated function, or constant not found in `CipherBoxError`
[INFO] [stdout] ...
[INFO] [stdout] 148 |         test_callback_method!(open_field_d_mut);
[INFO] [stdout]     |         --------------------------------------- in this macro invocation
[INFO] [stdout]     |
[INFO] [stdout]     = note: this error originates in the macro `test_callback_method` (in Nightly builds, run with -Z macro-backtrace for more info)
[INFO] [stdout] 
[INFO] [stdout] 
[INFO] [stdout] error[E0599]: no method named `set_failure_mode` found for struct `TestBox` in the current scope
[INFO] [stdout]    --> tests/failure_injection.rs:56:22
[INFO] [stdout]     |
[INFO] [stdout]  17 |     #[cipherbox(TestBox, testing_feature = "test-utils")]
[INFO] [stdout]     |     ----------------------------------------------------- method `set_failure_mode` not found for this struct
[INFO] [stdout] ...
[INFO] [stdout]  56 |             test_box.set_failure_mode(TestBoxFailureMode::None);
[INFO] [stdout]     |                      ^^^^^^^^^^^^^^^^ method not found in `TestBox`
[INFO] [stdout] ...
[INFO] [stdout] 148 |         test_callback_method!(open_field_d_mut);
[INFO] [stdout]     |         --------------------------------------- in this macro invocation
[INFO] [stdout]     |
[INFO] [stdout]     = note: this error originates in the macro `test_callback_method` (in Nightly builds, run with -Z macro-backtrace for more info)
[INFO] [stdout] 
[INFO] [stdout] 
[INFO] [stdout] error[E0433]: cannot find type `TestBoxFailureMode` in this scope
[INFO] [stdout]    --> tests/failure_injection.rs:56:39
[INFO] [stdout]     |
[INFO] [stdout]  56 |             test_box.set_failure_mode(TestBoxFailureMode::None);
[INFO] [stdout]     |                                       ^^^^^^^^^^^^^^^^^^ use of undeclared type `TestBoxFailureMode`
[INFO] [stdout] ...
[INFO] [stdout] 148 |         test_callback_method!(open_field_d_mut);
[INFO] [stdout]     |         --------------------------------------- in this macro invocation
[INFO] [stdout]     |
[INFO] [stdout]     = note: this error originates in the macro `test_callback_method` (in Nightly builds, run with -Z macro-backtrace for more info)
[INFO] [stdout] 
[INFO] [stdout] 
[INFO] [stdout] error[E0599]: no method named `set_failure_mode` found for struct `TestBox` in the current scope
[INFO] [stdout]    --> tests/failure_injection.rs:70:26
[INFO] [stdout]     |
[INFO] [stdout]  17 |     #[cipherbox(TestBox, testing_feature = "test-utils")]
[INFO] [stdout]     |     ----------------------------------------------------- method `set_failure_mode` not found for this struct
[INFO] [stdout] ...
[INFO] [stdout]  70 |                 test_box.set_failure_mode(TestBoxFailureMode::FailOnNthOperation(i));
[INFO] [stdout]     |                          ^^^^^^^^^^^^^^^^ method not found in `TestBox`
[INFO] [stdout] ...
[INFO] [stdout] 154 |         test_leak_method!(leak_field_a);
[INFO] [stdout]     |         ------------------------------- in this macro invocation
[INFO] [stdout]     |
[INFO] [stdout]     = note: this error originates in the macro `test_leak_method` (in Nightly builds, run with -Z macro-backtrace for more info)
[INFO] [stdout] 
[INFO] [stdout] 
[INFO] [stdout] error[E0433]: cannot find type `TestBoxFailureMode` in this scope
[INFO] [stdout]    --> tests/failure_injection.rs:70:43
[INFO] [stdout]     |
[INFO] [stdout]  70 |                 test_box.set_failure_mode(TestBoxFailureMode::FailOnNthOperation(i));
[INFO] [stdout]     |                                           ^^^^^^^^^^^^^^^^^^ use of undeclared type `TestBoxFailureMode`
[INFO] [stdout] ...
[INFO] [stdout] 154 |         test_leak_method!(leak_field_a);
[INFO] [stdout]     |         ------------------------------- in this macro invocation
[INFO] [stdout]     |
[INFO] [stdout]     = note: this error originates in the macro `test_leak_method` (in Nightly builds, run with -Z macro-backtrace for more info)
[INFO] [stdout] 
[INFO] [stdout] 
[INFO] [stdout] error[E0599]: no variant, associated function, or constant named `IntentionalCipherBoxError` found for enum `CipherBoxError` in the current scope
[INFO] [stdout]    --> tests/failure_injection.rs:81:45
[INFO] [stdout]     |
[INFO] [stdout]  81 |                             CipherBoxError::IntentionalCipherBoxError
[INFO] [stdout]     |                                             ^^^^^^^^^^^^^^^^^^^^^^^^^ variant, associated function, or constant not found in `CipherBoxError`
[INFO] [stdout] ...
[INFO] [stdout] 154 |         test_leak_method!(leak_field_a);
[INFO] [stdout]     |         ------------------------------- in this macro invocation
[INFO] [stdout]     |
[INFO] [stdout]     = note: this error originates in the macro `test_leak_method` (in Nightly builds, run with -Z macro-backtrace for more info)
[INFO] [stdout] 
[INFO] [stdout] 
[INFO] [stdout] error[E0599]: no method named `set_failure_mode` found for struct `TestBox` in the current scope
[INFO] [stdout]    --> tests/failure_injection.rs:91:22
[INFO] [stdout]     |
[INFO] [stdout]  17 |     #[cipherbox(TestBox, testing_feature = "test-utils")]
[INFO] [stdout]     |     ----------------------------------------------------- method `set_failure_mode` not found for this struct
[INFO] [stdout] ...
[INFO] [stdout]  91 |             test_box.set_failure_mode(TestBoxFailureMode::None);
[INFO] [stdout]     |                      ^^^^^^^^^^^^^^^^ method not found in `TestBox`
[INFO] [stdout] ...
[INFO] [stdout] 154 |         test_leak_method!(leak_field_a);
[INFO] [stdout]     |         ------------------------------- in this macro invocation
[INFO] [stdout]     |
[INFO] [stdout]     = note: this error originates in the macro `test_leak_method` (in Nightly builds, run with -Z macro-backtrace for more info)
[INFO] [stdout] 
[INFO] [stdout] 
[INFO] [stdout] error[E0433]: cannot find type `TestBoxFailureMode` in this scope
[INFO] [stdout]    --> tests/failure_injection.rs:91:39
[INFO] [stdout]     |
[INFO] [stdout]  91 |             test_box.set_failure_mode(TestBoxFailureMode::None);
[INFO] [stdout]     |                                       ^^^^^^^^^^^^^^^^^^ use of undeclared type `TestBoxFailureMode`
[INFO] [stdout] ...
[INFO] [stdout] 154 |         test_leak_method!(leak_field_a);
[INFO] [stdout]     |         ------------------------------- in this macro invocation
[INFO] [stdout]     |
[INFO] [stdout]     = note: this error originates in the macro `test_leak_method` (in Nightly builds, run with -Z macro-backtrace for more info)
[INFO] [stdout] 
[INFO] [stdout] 
[INFO] [stdout] error[E0599]: no method named `set_failure_mode` found for struct `TestBox` in the current scope
[INFO] [stdout]    --> tests/failure_injection.rs:70:26
[INFO] [stdout]     |
[INFO] [stdout]  17 |     #[cipherbox(TestBox, testing_feature = "test-utils")]
[INFO] [stdout]     |     ----------------------------------------------------- method `set_failure_mode` not found for this struct
[INFO] [stdout] ...
[INFO] [stdout]  70 |                 test_box.set_failure_mode(TestBoxFailureMode::FailOnNthOperation(i));
[INFO] [stdout]     |                          ^^^^^^^^^^^^^^^^ method not found in `TestBox`
[INFO] [stdout] ...
[INFO] [stdout] 159 |         test_leak_method!(leak_field_b);
[INFO] [stdout]     |         ------------------------------- in this macro invocation
[INFO] [stdout]     |
[INFO] [stdout]     = note: this error originates in the macro `test_leak_method` (in Nightly builds, run with -Z macro-backtrace for more info)
[INFO] [stdout] 
[INFO] [stdout] 
[INFO] [stdout] error[E0433]: cannot find type `TestBoxFailureMode` in this scope
[INFO] [stdout]    --> tests/failure_injection.rs:70:43
[INFO] [stdout]     |
[INFO] [stdout]  70 |                 test_box.set_failure_mode(TestBoxFailureMode::FailOnNthOperation(i));
[INFO] [stdout]     |                                           ^^^^^^^^^^^^^^^^^^ use of undeclared type `TestBoxFailureMode`
[INFO] [stdout] ...
[INFO] [stdout] 159 |         test_leak_method!(leak_field_b);
[INFO] [stdout]     |         ------------------------------- in this macro invocation
[INFO] [stdout]     |
[INFO] [stdout]     = note: this error originates in the macro `test_leak_method` (in Nightly builds, run with -Z macro-backtrace for more info)
[INFO] [stdout] 
[INFO] [stdout] 
[INFO] [stdout] error[E0599]: no variant, associated function, or constant named `IntentionalCipherBoxError` found for enum `CipherBoxError` in the current scope
[INFO] [stdout]    --> tests/failure_injection.rs:81:45
[INFO] [stdout]     |
[INFO] [stdout]  81 |                             CipherBoxError::IntentionalCipherBoxError
[INFO] [stdout]     |                                             ^^^^^^^^^^^^^^^^^^^^^^^^^ variant, associated function, or constant not found in `CipherBoxError`
[INFO] [stdout] ...
[INFO] [stdout] 159 |         test_leak_method!(leak_field_b);
[INFO] [stdout]     |         ------------------------------- in this macro invocation
[INFO] [stdout]     |
[INFO] [stdout]     = note: this error originates in the macro `test_leak_method` (in Nightly builds, run with -Z macro-backtrace for more info)
[INFO] [stdout] 
[INFO] [stdout] 
[INFO] [stdout] error[E0599]: no method named `set_failure_mode` found for struct `TestBox` in the current scope
[INFO] [stdout]    --> tests/failure_injection.rs:91:22
[INFO] [stdout]     |
[INFO] [stdout]  17 |     #[cipherbox(TestBox, testing_feature = "test-utils")]
[INFO] [stdout]     |     ----------------------------------------------------- method `set_failure_mode` not found for this struct
[INFO] [stdout] ...
[INFO] [stdout]  91 |             test_box.set_failure_mode(TestBoxFailureMode::None);
[INFO] [stdout]     |                      ^^^^^^^^^^^^^^^^ method not found in `TestBox`
[INFO] [stdout] ...
[INFO] [stdout] 159 |         test_leak_method!(leak_field_b);
[INFO] [stdout]     |         ------------------------------- in this macro invocation
[INFO] [stdout]     |
[INFO] [stdout]     = note: this error originates in the macro `test_leak_method` (in Nightly builds, run with -Z macro-backtrace for more info)
[INFO] [stdout] 
[INFO] [stdout] 
[INFO] [stdout] error[E0433]: cannot find type `TestBoxFailureMode` in this scope
[INFO] [stdout]    --> tests/failure_injection.rs:91:39
[INFO] [stdout]     |
[INFO] [stdout]  91 |             test_box.set_failure_mode(TestBoxFailureMode::None);
[INFO] [stdout]     |                                       ^^^^^^^^^^^^^^^^^^ use of undeclared type `TestBoxFailureMode`
[INFO] [stdout] ...
[INFO] [stdout] 159 |         test_leak_method!(leak_field_b);
[INFO] [stdout]     |         ------------------------------- in this macro invocation
[INFO] [stdout]     |
[INFO] [stdout]     = note: this error originates in the macro `test_leak_method` (in Nightly builds, run with -Z macro-backtrace for more info)
[INFO] [stdout] 
[INFO] [stdout] 
[INFO] [stdout] error[E0599]: no method named `set_failure_mode` found for struct `TestBox` in the current scope
[INFO] [stdout]    --> tests/failure_injection.rs:70:26
[INFO] [stdout]     |
[INFO] [stdout]  17 |     #[cipherbox(TestBox, testing_feature = "test-utils")]
[INFO] [stdout]     |     ----------------------------------------------------- method `set_failure_mode` not found for this struct
[INFO] [stdout] ...
[INFO] [stdout]  70 |                 test_box.set_failure_mode(TestBoxFailureMode::FailOnNthOperation(i));
[INFO] [stdout]     |                          ^^^^^^^^^^^^^^^^ method not found in `TestBox`
[INFO] [stdout] ...
[INFO] [stdout] 164 |         test_leak_method!(leak_field_c);
[INFO] [stdout]     |         ------------------------------- in this macro invocation
[INFO] [stdout]     |
[INFO] [stdout]     = note: this error originates in the macro `test_leak_method` (in Nightly builds, run with -Z macro-backtrace for more info)
[INFO] [stdout] 
[INFO] [stdout] 
[INFO] [stdout] error[E0433]: cannot find type `TestBoxFailureMode` in this scope
[INFO] [stdout]    --> tests/failure_injection.rs:70:43
[INFO] [stdout]     |
[INFO] [stdout]  70 |                 test_box.set_failure_mode(TestBoxFailureMode::FailOnNthOperation(i));
[INFO] [stdout]     |                                           ^^^^^^^^^^^^^^^^^^ use of undeclared type `TestBoxFailureMode`
[INFO] [stdout] ...
[INFO] [stdout] 164 |         test_leak_method!(leak_field_c);
[INFO] [stdout]     |         ------------------------------- in this macro invocation
[INFO] [stdout]     |
[INFO] [stdout]     = note: this error originates in the macro `test_leak_method` (in Nightly builds, run with -Z macro-backtrace for more info)
[INFO] [stdout] 
[INFO] [stdout] 
[INFO] [stdout] error[E0599]: no variant, associated function, or constant named `IntentionalCipherBoxError` found for enum `CipherBoxError` in the current scope
[INFO] [stdout]    --> tests/failure_injection.rs:81:45
[INFO] [stdout]     |
[INFO] [stdout]  81 |                             CipherBoxError::IntentionalCipherBoxError
[INFO] [stdout]     |                                             ^^^^^^^^^^^^^^^^^^^^^^^^^ variant, associated function, or constant not found in `CipherBoxError`
[INFO] [stdout] ...
[INFO] [stdout] 164 |         test_leak_method!(leak_field_c);
[INFO] [stdout]     |         ------------------------------- in this macro invocation
[INFO] [stdout]     |
[INFO] [stdout]     = note: this error originates in the macro `test_leak_method` (in Nightly builds, run with -Z macro-backtrace for more info)
[INFO] [stdout] 
[INFO] [stdout] 
[INFO] [stdout] error[E0599]: no method named `set_failure_mode` found for struct `TestBox` in the current scope
[INFO] [stdout]    --> tests/failure_injection.rs:91:22
[INFO] [stdout]     |
[INFO] [stdout]  17 |     #[cipherbox(TestBox, testing_feature = "test-utils")]
[INFO] [stdout]     |     ----------------------------------------------------- method `set_failure_mode` not found for this struct
[INFO] [stdout] ...
[INFO] [stdout]  91 |             test_box.set_failure_mode(TestBoxFailureMode::None);
[INFO] [stdout]     |                      ^^^^^^^^^^^^^^^^ method not found in `TestBox`
[INFO] [stdout] ...
[INFO] [stdout] 164 |         test_leak_method!(leak_field_c);
[INFO] [stdout]     |         ------------------------------- in this macro invocation
[INFO] [stdout]     |
[INFO] [stdout]     = note: this error originates in the macro `test_leak_method` (in Nightly builds, run with -Z macro-backtrace for more info)
[INFO] [stdout] 
[INFO] [stdout] 
[INFO] [stdout] error[E0433]: cannot find type `TestBoxFailureMode` in this scope
[INFO] [stdout]    --> tests/failure_injection.rs:91:39
[INFO] [stdout]     |
[INFO] [stdout]  91 |             test_box.set_failure_mode(TestBoxFailureMode::None);
[INFO] [stdout]     |                                       ^^^^^^^^^^^^^^^^^^ use of undeclared type `TestBoxFailureMode`
[INFO] [stdout] ...
[INFO] [stdout] 164 |         test_leak_method!(leak_field_c);
[INFO] [stdout]     |         ------------------------------- in this macro invocation
[INFO] [stdout]     |
[INFO] [stdout]     = note: this error originates in the macro `test_leak_method` (in Nightly builds, run with -Z macro-backtrace for more info)
[INFO] [stdout] 
[INFO] [stdout] 
[INFO] [stdout] error[E0599]: no method named `set_failure_mode` found for struct `TestBox` in the current scope
[INFO] [stdout]    --> tests/failure_injection.rs:70:26
[INFO] [stdout]     |
[INFO] [stdout]  17 |     #[cipherbox(TestBox, testing_feature = "test-utils")]
[INFO] [stdout]     |     ----------------------------------------------------- method `set_failure_mode` not found for this struct
[INFO] [stdout] ...
[INFO] [stdout]  70 |                 test_box.set_failure_mode(TestBoxFailureMode::FailOnNthOperation(i));
[INFO] [stdout]     |                          ^^^^^^^^^^^^^^^^ method not found in `TestBox`
[INFO] [stdout] ...
[INFO] [stdout] 169 |         test_leak_method!(leak_field_d);
[INFO] [stdout]     |         ------------------------------- in this macro invocation
[INFO] [stdout]     |
[INFO] [stdout]     = note: this error originates in the macro `test_leak_method` (in Nightly builds, run with -Z macro-backtrace for more info)
[INFO] [stdout] 
[INFO] [stdout] 
[INFO] [stdout] error[E0433]: cannot find type `TestBoxFailureMode` in this scope
[INFO] [stdout]    --> tests/failure_injection.rs:70:43
[INFO] [stdout]     |
[INFO] [stdout]  70 |                 test_box.set_failure_mode(TestBoxFailureMode::FailOnNthOperation(i));
[INFO] [stdout]     |                                           ^^^^^^^^^^^^^^^^^^ use of undeclared type `TestBoxFailureMode`
[INFO] [stdout] ...
[INFO] [stdout] 169 |         test_leak_method!(leak_field_d);
[INFO] [stdout]     |         ------------------------------- in this macro invocation
[INFO] [stdout]     |
[INFO] [stdout]     = note: this error originates in the macro `test_leak_method` (in Nightly builds, run with -Z macro-backtrace for more info)
[INFO] [stdout] 
[INFO] [stdout] 
[INFO] [stdout] error[E0599]: no variant, associated function, or constant named `IntentionalCipherBoxError` found for enum `CipherBoxError` in the current scope
[INFO] [stdout]    --> tests/failure_injection.rs:81:45
[INFO] [stdout]     |
[INFO] [stdout]  81 |                             CipherBoxError::IntentionalCipherBoxError
[INFO] [stdout]     |                                             ^^^^^^^^^^^^^^^^^^^^^^^^^ variant, associated function, or constant not found in `CipherBoxError`
[INFO] [stdout] ...
[INFO] [stdout] 169 |         test_leak_method!(leak_field_d);
[INFO] [stdout]     |         ------------------------------- in this macro invocation
[INFO] [stdout]     |
[INFO] [stdout]     = note: this error originates in the macro `test_leak_method` (in Nightly builds, run with -Z macro-backtrace for more info)
[INFO] [stdout] 
[INFO] [stdout] 
[INFO] [stdout] error[E0599]: no method named `set_failure_mode` found for struct `TestBox` in the current scope
[INFO] [stdout]    --> tests/failure_injection.rs:91:22
[INFO] [stdout]     |
[INFO] [stdout]  17 |     #[cipherbox(TestBox, testing_feature = "test-utils")]
[INFO] [stdout]     |     ----------------------------------------------------- method `set_failure_mode` not found for this struct
[INFO] [stdout] ...
[INFO] [stdout]  91 |             test_box.set_failure_mode(TestBoxFailureMode::None);
[INFO] [stdout]     |                      ^^^^^^^^^^^^^^^^ method not found in `TestBox`
[INFO] [stdout] ...
[INFO] [stdout] 169 |         test_leak_method!(leak_field_d);
[INFO] [stdout]     |         ------------------------------- in this macro invocation
[INFO] [stdout]     |
[INFO] [stdout]     = note: this error originates in the macro `test_leak_method` (in Nightly builds, run with -Z macro-backtrace for more info)
[INFO] [stdout] 
[INFO] [stdout] 
[INFO] [stdout] error[E0433]: cannot find type `TestBoxFailureMode` in this scope
[INFO] [stdout]    --> tests/failure_injection.rs:91:39
[INFO] [stdout]     |
[INFO] [stdout]  91 |             test_box.set_failure_mode(TestBoxFailureMode::None);
[INFO] [stdout]     |                                       ^^^^^^^^^^^^^^^^^^ use of undeclared type `TestBoxFailureMode`
[INFO] [stdout] ...
[INFO] [stdout] 169 |         test_leak_method!(leak_field_d);
[INFO] [stdout]     |         ------------------------------- in this macro invocation
[INFO] [stdout]     |
[INFO] [stdout]     = note: this error originates in the macro `test_leak_method` (in Nightly builds, run with -Z macro-backtrace for more info)
[INFO] [stdout] 
[INFO] [stdout] 
[INFO] [stdout] Some errors have detailed explanations: E0433, E0599.
[INFO] [stdout] 
[INFO] [stdout] For more information about an error, try `rustc --explain E0433`.
[INFO] [stdout] 
[INFO] [stderr] error: could not compile `redoubt-vault` (test "failure_injection") due to 70 previous errors
[INFO] running `Command { std: "docker" "inspect" "b7815d025f5a70b07ee53dce346c8a298096fa50a9f53268dd4d24392b68b226", kill_on_drop: false }`
[INFO] running `Command { std: "docker" "rm" "-f" "b7815d025f5a70b07ee53dce346c8a298096fa50a9f53268dd4d24392b68b226", kill_on_drop: false }`
[INFO] [stdout] b7815d025f5a70b07ee53dce346c8a298096fa50a9f53268dd4d24392b68b226
