[INFO] fetching crate redis-tower-sentinel 0.1.4...
[INFO] testing redis-tower-sentinel-0.1.4 against 1.100.0-beta.1+cargoflags=--release for beta-release-1.100-2
[INFO] extracting crate redis-tower-sentinel 0.1.4 into /workspace/builds/worker-7-tc2/source
[INFO] started tweaking crates.io crate redis-tower-sentinel 0.1.4
[INFO] removed 0 missing tests
[INFO] finished tweaking crates.io crate redis-tower-sentinel 0.1.4
[INFO] tweaked toml for crates.io crate redis-tower-sentinel 0.1.4 written to /workspace/builds/worker-7-tc2/source/Cargo.toml
[INFO] validating manifest of crates.io crate redis-tower-sentinel 0.1.4 on toolchain 1.100.0-beta.1
[INFO] running `Command { std: CARGO_HOME="/workspace/cargo-home" RUSTUP_HOME="/workspace/rustup-home" "/workspace/cargo-home/bin/cargo" "+1.100.0-beta.1" "metadata" "--manifest-path" "Cargo.toml" "--no-deps", kill_on_drop: false }`
[INFO] crate crates.io crate redis-tower-sentinel 0.1.4 already has a lockfile, it will not be regenerated
[INFO] running `Command { std: CARGO_HOME="/workspace/cargo-home" RUSTUP_HOME="/workspace/rustup-home" "/workspace/cargo-home/bin/cargo" "+1.100.0-beta.1" "fetch" "--manifest-path" "Cargo.toml", kill_on_drop: false }`
[INFO] [stderr] warning: `package.homepage` is redundant with `package.repository`
[INFO] [stderr]   --> Cargo.toml:75:12
[INFO] [stderr]    |
[INFO] [stderr] 75 | homepage = "https://github.com/joshrotenberg/redis-tower"
[INFO] [stderr]    |            ^^^^^^^^^^^^^^^^^^^^^^^^^^^^^^^^^^^^^^^^^^^^^^
[INFO] [stderr] ...
[INFO] [stderr] 80 | repository = "https://github.com/joshrotenberg/redis-tower"
[INFO] [stderr]    |              ----------------------------------------------
[INFO] [stderr]    |
[INFO] [stderr]    = note: `cargo::redundant_homepage` is set to `warn` by default
[INFO] [stderr] help: consider removing `package.homepage`
[INFO] [stderr] warning: `redis-tower-sentinel` (manifest) generated 1 warning
[INFO] running `Command { std: "docker" "create" "-v" "/var/lib/crater-agent-workspace/builds/worker-7-tc2/source:/opt/rustwide/workdir:ro,Z" "-v" "/var/lib/crater-agent-workspace/builds/worker-7-tc2/target:/opt/rustwide/target:rw,Z" "-v" "/var/lib/crater-agent-workspace/cargo-home:/opt/rustwide/cargo-home:ro,Z" "-v" "/var/lib/crater-agent-workspace/rustup-home:/opt/rustwide/rustup-home:ro,Z" "-m" "1610612736" "--network" "none" "ghcr.io/rust-lang/crates-build-env/linux@sha256:77db811e55d90add9212f6832c23229e3de5f1c1f9905e8cb07319ea15df73ac" "sleep" "infinity", kill_on_drop: false }`
[INFO] [stdout] d5423161fd509764952fd2ff617fce55c0b3d115ea118995d009bd66455d5b68
[INFO] running `Command { std: "docker" "start" "d5423161fd509764952fd2ff617fce55c0b3d115ea118995d009bd66455d5b68", kill_on_drop: false }`
[INFO] running `Command { std: "docker" "inspect" "d5423161fd509764952fd2ff617fce55c0b3d115ea118995d009bd66455d5b68", kill_on_drop: false }`
[INFO] running `Command { std: "docker" "exec" "-e" "SOURCE_DIR=/opt/rustwide/workdir" "-e" "CARGO_HOME=/opt/rustwide/cargo-home" "-e" "RUSTUP_HOME=/opt/rustwide/rustup-home" "-e" "CARGO_TARGET_DIR=/opt/rustwide/target" "-w" "/opt/rustwide/workdir" "--user" "0:0" "d5423161fd509764952fd2ff617fce55c0b3d115ea118995d009bd66455d5b68" "/opt/rustwide/cargo-home/bin/cargo" "+1.100.0-beta.1" "metadata" "--no-deps" "--format-version=1", kill_on_drop: false }`
[INFO] running `Command { std: "docker" "inspect" "d5423161fd509764952fd2ff617fce55c0b3d115ea118995d009bd66455d5b68", kill_on_drop: false }`
[INFO] running `Command { std: "docker" "exec" "-e" "SOURCE_DIR=/opt/rustwide/workdir" "-e" "CARGO_HOME=/opt/rustwide/cargo-home" "-e" "RUSTUP_HOME=/opt/rustwide/rustup-home" "-e" "CARGO_TARGET_DIR=/opt/rustwide/target" "-e" "CARGO_INCREMENTAL=0" "-e" "RUST_BACKTRACE=full" "-e" "RUSTFLAGS=--cap-lints=warn" "-e" "RUSTDOCFLAGS=--cap-lints=warn" "-w" "/opt/rustwide/workdir" "--user" "0:0" "d5423161fd509764952fd2ff617fce55c0b3d115ea118995d009bd66455d5b68" "/opt/rustwide/cargo-home/bin/cargo" "+1.100.0-beta.1" "build" "--frozen" "--message-format=json" "--release", kill_on_drop: false }`
[INFO] [stderr] warning: `package.homepage` is redundant with `package.repository`
[INFO] [stderr]   --> Cargo.toml:75:12
[INFO] [stderr]    |
[INFO] [stderr] 75 | homepage = "https://github.com/joshrotenberg/redis-tower"
[INFO] [stderr]    |            ^^^^^^^^^^^^^^^^^^^^^^^^^^^^^^^^^^^^^^^^^^^^^^
[INFO] [stderr] ...
[INFO] [stderr] 80 | repository = "https://github.com/joshrotenberg/redis-tower"
[INFO] [stderr]    |              ----------------------------------------------
[INFO] [stderr]    |
[INFO] [stderr]    = note: `cargo::redundant_homepage` is set to `warn` by default
[INFO] [stderr] help: consider removing `package.homepage`
[INFO] [stderr] warning: `redis-tower-sentinel` (manifest) generated 1 warning
[INFO] [stderr]    Compiling syn v3.0.6
[INFO] [stderr]    Compiling syn v2.0.119
[INFO] [stderr]    Compiling futures-channel v0.3.34
[INFO] [stderr]    Compiling zerocopy v0.8.59
[INFO] [stderr]    Compiling socket2 v0.5.10
[INFO] [stderr]    Compiling sha1 v0.10.7
[INFO] [stderr]    Compiling tokio-macros v2.7.2
[INFO] [stderr]    Compiling thiserror-impl v2.0.21
[INFO] [stderr]    Compiling futures-macro v0.3.34
[INFO] [stderr]    Compiling tokio v1.53.1
[INFO] [stderr]    Compiling futures-util v0.3.34
[INFO] [stderr]    Compiling thiserror v2.0.21
[INFO] [stderr]    Compiling resp-rs v0.1.8
[INFO] [stderr]    Compiling tracing-attributes v0.1.31
[INFO] [stderr]    Compiling zeroize_derive v1.5.0
[INFO] [stderr]    Compiling async-stream-impl v0.3.6
[INFO] [stderr]    Compiling zeroize v1.9.0
[INFO] [stderr]    Compiling ppv-lite86 v0.2.21
[INFO] [stderr]    Compiling async-stream v0.3.6
[INFO] [stderr]    Compiling rand_chacha v0.9.0
[INFO] [stderr]    Compiling tracing v0.1.44
[INFO] [stderr]    Compiling rand v0.9.5
[INFO] [stderr]    Compiling futures-executor v0.3.34
[INFO] [stderr]    Compiling futures v0.3.34
[INFO] [stderr]    Compiling tokio-util v0.7.19
[INFO] [stderr]    Compiling tower-resilience-core v0.10.1
[INFO] [stderr]    Compiling redis-tower-protocol v0.1.4
[INFO] [stderr]    Compiling tokio-stream v0.1.19
[INFO] [stderr]    Compiling tower v0.5.3
[INFO] [stderr]    Compiling redis-tower-core v0.1.3
[INFO] [stderr]    Compiling tower-resilience-circuitbreaker v0.10.1
[INFO] [stderr]    Compiling redis-tower-commands v0.1.3
[INFO] [stderr]    Compiling redis-tower v0.1.4
[INFO] [stderr]    Compiling redis-tower-sentinel v0.1.4 (/opt/rustwide/workdir)
[INFO] [stderr]     Finished `release` profile [optimized] target(s) in 44.21s
[INFO] running `Command { std: "docker" "inspect" "d5423161fd509764952fd2ff617fce55c0b3d115ea118995d009bd66455d5b68", kill_on_drop: false }`
[INFO] running `Command { std: "docker" "exec" "-e" "SOURCE_DIR=/opt/rustwide/workdir" "-e" "CARGO_HOME=/opt/rustwide/cargo-home" "-e" "RUSTUP_HOME=/opt/rustwide/rustup-home" "-e" "CARGO_TARGET_DIR=/opt/rustwide/target" "-e" "CARGO_INCREMENTAL=0" "-e" "RUST_BACKTRACE=full" "-e" "RUSTFLAGS=--cap-lints=warn" "-e" "RUSTDOCFLAGS=--cap-lints=warn" "-w" "/opt/rustwide/workdir" "--user" "0:0" "d5423161fd509764952fd2ff617fce55c0b3d115ea118995d009bd66455d5b68" "/opt/rustwide/cargo-home/bin/cargo" "+1.100.0-beta.1" "test" "--frozen" "--no-run" "--message-format=json" "--release", kill_on_drop: false }`
[INFO] [stderr] warning: `package.homepage` is redundant with `package.repository`
[INFO] [stderr]   --> Cargo.toml:75:12
[INFO] [stderr]    |
[INFO] [stderr] 75 | homepage = "https://github.com/joshrotenberg/redis-tower"
[INFO] [stderr]    |            ^^^^^^^^^^^^^^^^^^^^^^^^^^^^^^^^^^^^^^^^^^^^^^
[INFO] [stderr] ...
[INFO] [stderr] 80 | repository = "https://github.com/joshrotenberg/redis-tower"
[INFO] [stderr]    |              ----------------------------------------------
[INFO] [stderr]    |
[INFO] [stderr]    = note: `cargo::redundant_homepage` is set to `warn` by default
[INFO] [stderr] help: consider removing `package.homepage`
[INFO] [stderr] warning: `redis-tower-sentinel` (manifest) generated 1 warning
[INFO] [stderr]    Compiling smallvec v1.16.2
[INFO] [stderr]    Compiling syn v3.0.6
[INFO] [stderr]    Compiling cc v1.5.1
[INFO] [stderr]    Compiling rustix v1.1.5
[INFO] [stderr]    Compiling time v0.3.55
[INFO] [stderr]    Compiling getrandom v0.2.17
[INFO] [stderr]    Compiling rustls-pki-types v1.15.1
[INFO] [stderr]    Compiling num-integer v0.1.47
[INFO] [stderr]    Compiling either v1.18.0
[INFO] [stderr]    Compiling pem v3.0.6
[INFO] [stderr]    Compiling env_home v0.1.0
[INFO] [stderr]    Compiling async-lock v3.4.2
[INFO] [stderr]    Compiling xxhash-rust v0.8.19
[INFO] [stderr]    Compiling arcstr v1.2.0
[INFO] [stderr]    Compiling num-bigint v0.5.1
[INFO] [stderr]    Compiling yasna v0.5.2
[INFO] [stderr]    Compiling ring v0.17.14
[INFO] [stderr]    Compiling which v7.0.3
[INFO] [stderr]    Compiling synstructure v0.14.0
[INFO] [stderr]    Compiling zerofrom-derive v0.1.8
[INFO] [stderr]    Compiling yoke-derive v0.8.4
[INFO] [stderr]    Compiling tokio-macros v2.7.2
[INFO] [stderr]    Compiling zerovec-derive v0.11.6
[INFO] [stderr]    Compiling displaydoc v0.2.7
[INFO] [stderr]    Compiling thiserror-impl v2.0.21
[INFO] [stderr]    Compiling futures-macro v0.3.34
[INFO] [stderr]    Compiling tokio v1.53.1
[INFO] [stderr]    Compiling futures-util v0.3.34
[INFO] [stderr]    Compiling zerofrom v0.1.8
[INFO] [stderr]    Compiling yoke v0.8.3
[INFO] [stderr]    Compiling thiserror v2.0.21
[INFO] [stderr]    Compiling zerovec v0.11.8
[INFO] [stderr]    Compiling zerotrie v0.2.5
[INFO] [stderr]    Compiling resp-rs v0.1.8
[INFO] [stderr]    Compiling tinystr v0.8.4
[INFO] [stderr]    Compiling potential_utf v0.1.6
[INFO] [stderr]    Compiling icu_collections v2.3.0
[INFO] [stderr]    Compiling icu_locale_core v2.3.0
[INFO] [stderr]    Compiling icu_provider v2.3.1
[INFO] [stderr]    Compiling icu_properties v2.3.0
[INFO] [stderr]    Compiling icu_normalizer v2.3.0
[INFO] [stderr]    Compiling idna_adapter v1.2.2
[INFO] [stderr]    Compiling idna v1.1.0
[INFO] [stderr]    Compiling url v2.5.8
[INFO] [stderr]    Compiling futures-executor v0.3.34
[INFO] [stderr]    Compiling futures v0.3.34
[INFO] [stderr]    Compiling tokio-util v0.7.19
[INFO] [stderr]    Compiling tower-resilience-core v0.10.1
[INFO] [stderr]    Compiling tokio-stream v0.1.19
[INFO] [stderr]    Compiling redis-tower-protocol v0.1.4
[INFO] [stderr]    Compiling tower v0.5.3
[INFO] [stderr]    Compiling combine v4.6.8
[INFO] [stderr]    Compiling tower-resilience-circuitbreaker v0.10.1
[INFO] [stderr]    Compiling redis-tower-core v0.1.3
[INFO] [stderr]    Compiling redis-tower-commands v0.1.3
[INFO] [stderr]    Compiling rcgen v0.13.2
[INFO] [stderr]    Compiling redis-server-wrapper v0.4.3
[INFO] [stderr]    Compiling redis-tower v0.1.4
[INFO] [stderr]    Compiling redis v1.7.0
[INFO] [stderr]    Compiling redis-tower-sentinel v0.1.4 (/opt/rustwide/workdir)
[INFO] [stdout] error[E0433]: cannot find module or crate `redis_tower_test` in this scope
[INFO] [stdout]   --> tests/sentinel_failover.rs:26:5
[INFO] [stdout]    |
[INFO] [stdout] 26 | use redis_tower_test::port_ranges::{
[INFO] [stdout]    |     ^^^^^^^^^^^^^^^^ use of unresolved module or unlinked crate `redis_tower_test`
[INFO] [stdout]    |
[INFO] [stdout] help: there is a crate or module with a similar name
[INFO] [stdout]    |
[INFO] [stdout] 26 - use redis_tower_test::port_ranges::{
[INFO] [stdout] 26 + use redis_tower_core::port_ranges::{
[INFO] [stdout]    |
[INFO] [stdout] 
[INFO] [stdout] 
[INFO] [stdout] error[E0433]: cannot find module or crate `redis_tower_test` in this scope
[INFO] [stdout]   --> tests/sentinel_integration.rs:12:5
[INFO] [stdout]    |
[INFO] [stdout] 12 | use redis_tower_test::port_ranges::{
[INFO] [stdout]    |     ^^^^^^^^^^^^^^^^ use of unresolved module or unlinked crate `redis_tower_test`
[INFO] [stdout]    |
[INFO] [stdout] help: there is a crate or module with a similar name
[INFO] [stdout]    |
[INFO] [stdout] 12 - use redis_tower_test::port_ranges::{
[INFO] [stdout] 12 + use redis_tower_core::port_ranges::{
[INFO] [stdout]    |
[INFO] [stdout] 
[INFO] [stdout] 
[INFO] [stdout] error[E0433]: cannot find module or crate `redis_tower_test` in this scope
[INFO] [stdout]    --> tests/sentinel_integration.rs:124:1
[INFO] [stdout]     |
[INFO] [stdout] 124 | redis_tower_test::command_tests!(sentinel_conn, "sentinel_cmd", ignored);
[INFO] [stdout]     | ^^^^^^^^^^^^^^^^ use of unresolved module or unlinked crate `redis_tower_test`
[INFO] [stdout] 
[INFO] [stdout] 
[INFO] [stdout] error[E0433]: cannot find module or crate `redis_tower_test` in this scope
[INFO] [stdout]    --> tests/sentinel_integration.rs:129:5
[INFO] [stdout]     |
[INFO] [stdout] 129 |     redis_tower_test::command_tests!(mux_sentinel_conn, "mux_sentinel_cmd", ignored);
[INFO] [stdout]     |     ^^^^^^^^^^^^^^^^ use of unresolved module or unlinked crate `redis_tower_test`
[INFO] [stdout] 
[INFO] [stdout] 
[INFO] [stdout] warning: unused import: `super::*`
[INFO] [stdout]    --> tests/sentinel_integration.rs:128:9
[INFO] [stdout]     |
[INFO] [stdout] 128 |     use super::*;
[INFO] [stdout]     |         ^^^^^^^^
[INFO] [stdout]     |
[INFO] [stdout]     = note: `#[warn(unused_imports)]` (part of `#[warn(unused)]`) on by default
[INFO] [stdout] 
[INFO] [stdout] 
[INFO] [stdout] For more information about this error, try `rustc --explain E0433`.
[INFO] [stdout] 
[INFO] [stderr] error: could not compile `redis-tower-sentinel` (test "sentinel_failover") due to 1 previous error
[INFO] [stderr] warning: build failed, waiting for other jobs to finish...
[INFO] [stdout] For more information about this error, try `rustc --explain E0433`.
[INFO] [stdout] 
[INFO] [stderr] error: could not compile `redis-tower-sentinel` (test "sentinel_integration") due to 3 previous errors; 1 warning emitted
[INFO] running `Command { std: "docker" "inspect" "d5423161fd509764952fd2ff617fce55c0b3d115ea118995d009bd66455d5b68", kill_on_drop: false }`
[INFO] running `Command { std: "docker" "rm" "-f" "d5423161fd509764952fd2ff617fce55c0b3d115ea118995d009bd66455d5b68", kill_on_drop: false }`
[INFO] [stdout] d5423161fd509764952fd2ff617fce55c0b3d115ea118995d009bd66455d5b68
