[INFO] fetching crate recgen 0.1.2...
[INFO] testing recgen-0.1.2 against 1.100.0-beta.1+cargoflags=--release for beta-release-1.100-2
[INFO] extracting crate recgen 0.1.2 into /workspace/builds/worker-5-tc2/source
[INFO] started tweaking crates.io crate recgen 0.1.2
[INFO] finished tweaking crates.io crate recgen 0.1.2
[INFO] tweaked toml for crates.io crate recgen 0.1.2 written to /workspace/builds/worker-5-tc2/source/Cargo.toml
[INFO] validating manifest of crates.io crate recgen 0.1.2 on toolchain 1.100.0-beta.1
[INFO] running `Command { std: CARGO_HOME="/workspace/cargo-home" RUSTUP_HOME="/workspace/rustup-home" "/workspace/cargo-home/bin/cargo" "+1.100.0-beta.1" "metadata" "--manifest-path" "Cargo.toml" "--no-deps", kill_on_drop: false }`
[INFO] crate crates.io crate recgen 0.1.2 already has a lockfile, it will not be regenerated
[INFO] running `Command { std: CARGO_HOME="/workspace/cargo-home" RUSTUP_HOME="/workspace/rustup-home" "/workspace/cargo-home/bin/cargo" "+1.100.0-beta.1" "fetch" "--manifest-path" "Cargo.toml", kill_on_drop: false }`
[INFO] [stderr]     Blocking waiting for file lock on package cache
[INFO] running `Command { std: "docker" "create" "-v" "/var/lib/crater-agent-workspace/builds/worker-5-tc2/source:/opt/rustwide/workdir:ro,Z" "-v" "/var/lib/crater-agent-workspace/builds/worker-5-tc2/target:/opt/rustwide/target:rw,Z" "-v" "/var/lib/crater-agent-workspace/cargo-home:/opt/rustwide/cargo-home:ro,Z" "-v" "/var/lib/crater-agent-workspace/rustup-home:/opt/rustwide/rustup-home:ro,Z" "-m" "1610612736" "--network" "none" "ghcr.io/rust-lang/crates-build-env/linux@sha256:77db811e55d90add9212f6832c23229e3de5f1c1f9905e8cb07319ea15df73ac" "sleep" "infinity", kill_on_drop: false }`
[INFO] [stdout] b3ff5169b94110c2039fadd18094693b28bdffd49a928a6041b2d6032fb4729f
[INFO] running `Command { std: "docker" "start" "b3ff5169b94110c2039fadd18094693b28bdffd49a928a6041b2d6032fb4729f", kill_on_drop: false }`
[INFO] running `Command { std: "docker" "inspect" "b3ff5169b94110c2039fadd18094693b28bdffd49a928a6041b2d6032fb4729f", kill_on_drop: false }`
[INFO] running `Command { std: "docker" "exec" "-e" "SOURCE_DIR=/opt/rustwide/workdir" "-e" "CARGO_HOME=/opt/rustwide/cargo-home" "-e" "RUSTUP_HOME=/opt/rustwide/rustup-home" "-e" "CARGO_TARGET_DIR=/opt/rustwide/target" "-w" "/opt/rustwide/workdir" "--user" "0:0" "b3ff5169b94110c2039fadd18094693b28bdffd49a928a6041b2d6032fb4729f" "/opt/rustwide/cargo-home/bin/cargo" "+1.100.0-beta.1" "metadata" "--no-deps" "--format-version=1", kill_on_drop: false }`
[INFO] running `Command { std: "docker" "inspect" "b3ff5169b94110c2039fadd18094693b28bdffd49a928a6041b2d6032fb4729f", kill_on_drop: false }`
[INFO] running `Command { std: "docker" "exec" "-e" "SOURCE_DIR=/opt/rustwide/workdir" "-e" "CARGO_HOME=/opt/rustwide/cargo-home" "-e" "RUSTUP_HOME=/opt/rustwide/rustup-home" "-e" "CARGO_TARGET_DIR=/opt/rustwide/target" "-e" "CARGO_INCREMENTAL=0" "-e" "RUST_BACKTRACE=full" "-e" "RUSTFLAGS=--cap-lints=warn" "-e" "RUSTDOCFLAGS=--cap-lints=warn" "-w" "/opt/rustwide/workdir" "--user" "0:0" "b3ff5169b94110c2039fadd18094693b28bdffd49a928a6041b2d6032fb4729f" "/opt/rustwide/cargo-home/bin/cargo" "+1.100.0-beta.1" "build" "--frozen" "--message-format=json" "--release", kill_on_drop: false }`
[INFO] [stderr]    Compiling proc-macro2 v1.0.50
[INFO] [stderr]    Compiling cc v1.0.78
[INFO] [stderr]    Compiling unicode-ident v1.0.6
[INFO] [stderr]    Compiling quote v1.0.23
[INFO] [stderr]    Compiling syn v1.0.107
[INFO] [stderr]    Compiling scratch v1.0.3
[INFO] [stderr]    Compiling cxxbridge-flags v1.0.87
[INFO] [stderr]    Compiling termcolor v1.2.0
[INFO] [stderr]    Compiling unicode-width v0.1.10
[INFO] [stderr]    Compiling once_cell v1.17.0
[INFO] [stderr]    Compiling codespan-reporting v0.11.1
[INFO] [stderr]    Compiling link-cplusplus v1.0.8
[INFO] [stderr]    Compiling cxx v1.0.87
[INFO] [stderr]    Compiling cxx-build v1.0.87
[INFO] [stderr]    Compiling cxxbridge-macro v1.0.87
[INFO] [stderr]    Compiling recgen-sys v0.1.2
[INFO] [stderr]    Compiling recgen v0.1.2 (/opt/rustwide/workdir)
[INFO] [stderr]     Finished `release` profile [optimized] target(s) in 10.68s
[INFO] running `Command { std: "docker" "inspect" "b3ff5169b94110c2039fadd18094693b28bdffd49a928a6041b2d6032fb4729f", kill_on_drop: false }`
[INFO] running `Command { std: "docker" "exec" "-e" "SOURCE_DIR=/opt/rustwide/workdir" "-e" "CARGO_HOME=/opt/rustwide/cargo-home" "-e" "RUSTUP_HOME=/opt/rustwide/rustup-home" "-e" "CARGO_TARGET_DIR=/opt/rustwide/target" "-e" "CARGO_INCREMENTAL=0" "-e" "RUST_BACKTRACE=full" "-e" "RUSTFLAGS=--cap-lints=warn" "-e" "RUSTDOCFLAGS=--cap-lints=warn" "-w" "/opt/rustwide/workdir" "--user" "0:0" "b3ff5169b94110c2039fadd18094693b28bdffd49a928a6041b2d6032fb4729f" "/opt/rustwide/cargo-home/bin/cargo" "+1.100.0-beta.1" "test" "--frozen" "--no-run" "--message-format=json" "--release", kill_on_drop: false }`
[INFO] [stderr]    Compiling serde v1.0.152
[INFO] [stderr]    Compiling crossbeam-utils v0.8.14
[INFO] [stderr]    Compiling memoffset v0.7.1
[INFO] [stderr]    Compiling libc v0.2.139
[INFO] [stderr]    Compiling crossbeam-epoch v0.9.13
[INFO] [stderr]    Compiling memchr v2.5.0
[INFO] [stderr]    Compiling num-traits v0.2.15
[INFO] [stderr]    Compiling ryu v1.0.12
[INFO] [stderr]    Compiling either v1.8.1
[INFO] [stderr]    Compiling serde_json v1.0.91
[INFO] [stderr]    Compiling rayon-core v1.10.2
[INFO] [stderr]    Compiling regex-automata v0.1.10
[INFO] [stderr]    Compiling itoa v1.0.5
[INFO] [stderr]    Compiling serde_derive v1.0.152
[INFO] [stderr]    Compiling lazy_static v1.4.0
[INFO] [stderr]    Compiling unicode-width v0.1.10
[INFO] [stderr]    Compiling plotters-backend v0.3.4
[INFO] [stderr]    Compiling textwrap v0.11.0
[INFO] [stderr]    Compiling bitflags v1.3.2
[INFO] [stderr]    Compiling half v1.8.2
[INFO] [stderr]    Compiling cast v0.3.0
[INFO] [stderr]    Compiling itertools v0.10.5
[INFO] [stderr]    Compiling regex-syntax v0.6.28
[INFO] [stderr]    Compiling itoa v0.4.8
[INFO] [stderr]    Compiling walkdir v2.3.2
[INFO] [stderr]    Compiling clap v2.34.0
[INFO] [stderr]    Compiling oorandom v11.1.3
[INFO] [stderr]    Compiling plotters-svg v0.3.3
[INFO] [stderr]    Compiling crossbeam-channel v0.5.6
[INFO] [stderr]    Compiling num_cpus v1.15.0
[INFO] [stderr]    Compiling atty v0.2.14
[INFO] [stderr]    Compiling csv-core v0.1.10
[INFO] [stderr]    Compiling crossbeam-deque v0.8.2
[INFO] [stderr]    Compiling plotters v0.3.4
[INFO] [stderr]    Compiling criterion-plot v0.4.5
[INFO] [stderr]    Compiling regex v1.7.1
[INFO] [stderr]    Compiling rayon v1.6.1
[INFO] [stderr]    Compiling bstr v0.2.17
[INFO] [stderr]    Compiling serde_cbor v0.11.2
[INFO] [stderr]    Compiling csv v1.1.6
[INFO] [stderr]    Compiling tinytemplate v1.2.1
[INFO] [stderr]    Compiling criterion v0.3.6
[INFO] [stderr]    Compiling recgen v0.1.2 (/opt/rustwide/workdir)
[INFO] [stdout] error: linking with `cc` failed: exit status: 1
[INFO] [stdout]   |
[INFO] [stdout]   = note:  "cc" "-m64" "/opt/rustwide/target/release/build/recgen/c794f60159f8466a/out/rustc8Kc9xS/symbols.o" "<2 object files omitted>" "-Wl,--as-needed" "-Wl,-Bstatic" "/opt/rustwide/target/release/build/recgen/48babcefe47e2b25/out/librecgen-48babcefe47e2b25.rlib" "/opt/rustwide/target/release/build/recgen-sys/a9958b2ef799b969/out/librecgen_sys-a9958b2ef799b969.rlib" "/opt/rustwide/target/release/build/cxx/781bf9d003080d10/out/libcxx-781bf9d003080d10.rlib" "/opt/rustwide/target/release/build/link-cplusplus/b85665515dbbc245/out/liblink_cplusplus-b85665515dbbc245.rlib" "<sysroot>/lib/rustlib/x86_64-unknown-linux-gnu/lib/{libstd-*,libpanic_unwind-*,libobject-*,libmemchr-*,libaddr2line-*,libgimli-*,libcfg_if-*,librustc_demangle-*,libstd_detect-*,libhashbrown-*,librustc_std_workspace_alloc-*,libminiz_oxide-*,libadler2-*,libunwind-*,liblibc-*,librustc_std_workspace_core-*,liballoc-*,libcore-*,libcompiler_builtins-*}.rlib" "-Wl,-Bdynamic" "-lstdc++" "-lgcc_s" "-lutil" "-lrt" "-lpthread" "-lm" "-ldl" "-lc" "-L" "/opt/rustwide/target/release/build/recgen/c794f60159f8466a/out/rustc8Kc9xS/raw-dylibs" "-B<sysroot>/lib/rustlib/x86_64-unknown-linux-gnu/bin/gcc-ld" "-fuse-ld=lld" "-Wl,--eh-frame-hdr" "-Wl,-z,noexecstack" "-L" "/opt/rustwide/target/release/build/cxx/06c8255c7fadcd76/out" "-L" "/opt/rustwide/target/release/build/link-cplusplus/da16b251fc29a270/out" "-L" "<sysroot>/lib/rustlib/x86_64-unknown-linux-gnu/lib" "-o" "/opt/rustwide/target/release/build/recgen/c794f60159f8466a/out/bench_duration" "-Wl,--gc-sections" "-pie" "-Wl,-z,relro,-z,now" "-Wl,-O1" "-Wl,--strip-debug" "-nodefaultlibs"
[INFO] [stdout]   = note: some arguments are omitted. use `--verbose` to show all linker arguments
[INFO] [stdout]   = note: rust-lld: error: undefined symbol: cxxbridge1$build_generate_bfs
[INFO] [stdout]           >>> referenced by recgen_sys.8cbbf1360e722b7b-cgu.0
[INFO] [stdout]           >>>               recgen_sys-a9958b2ef799b969.recgen_sys.8cbbf1360e722b7b-cgu.0.rcgu.o:(recgen_sys::recgen::build_generate_bfs) in archive /opt/rustwide/target/release/build/recgen-sys/a9958b2ef799b969/out/librecgen_sys-a9958b2ef799b969.rlib
[INFO] [stdout]           collect2: error: ld returned 1 exit status
[INFO] [stdout]           
[INFO] [stdout] 
[INFO] [stdout] 
[INFO] [stderr] error: could not compile `recgen` (example "bench_duration") due to 1 previous error
[INFO] [stderr] warning: build failed, waiting for other jobs to finish...
[INFO] [stdout] error: linking with `cc` failed: exit status: 1
[INFO] [stdout]   |
[INFO] [stdout]   = note:  "cc" "-m64" "/opt/rustwide/target/release/build/recgen/7d2732763806fc65/out/rustcv6EdGb/symbols.o" "<2 object files omitted>" "-Wl,--as-needed" "-Wl,-Bstatic" "/opt/rustwide/target/release/build/recgen-sys/a9958b2ef799b969/out/librecgen_sys-a9958b2ef799b969.rlib" "<sysroot>/lib/rustlib/x86_64-unknown-linux-gnu/lib/{libtest-*,libgetopts-*,librustc_std_workspace_std-*}.rlib" "/opt/rustwide/target/release/build/cxx/781bf9d003080d10/out/libcxx-781bf9d003080d10.rlib" "/opt/rustwide/target/release/build/link-cplusplus/b85665515dbbc245/out/liblink_cplusplus-b85665515dbbc245.rlib" "<sysroot>/lib/rustlib/x86_64-unknown-linux-gnu/lib/{libstd-*,libpanic_unwind-*,libobject-*,libmemchr-*,libaddr2line-*,libgimli-*,libcfg_if-*,librustc_demangle-*,libstd_detect-*,libhashbrown-*,librustc_std_workspace_alloc-*,libminiz_oxide-*,libadler2-*,libunwind-*,liblibc-*,librustc_std_workspace_core-*,liballoc-*,libcore-*,libcompiler_builtins-*}.rlib" "-Wl,-Bdynamic" "-lstdc++" "-lgcc_s" "-lutil" "-lrt" "-lpthread" "-lm" "-ldl" "-lc" "-L" "/opt/rustwide/target/release/build/recgen/7d2732763806fc65/out/rustcv6EdGb/raw-dylibs" "-B<sysroot>/lib/rustlib/x86_64-unknown-linux-gnu/bin/gcc-ld" "-fuse-ld=lld" "-Wl,--eh-frame-hdr" "-Wl,-z,noexecstack" "-L" "/opt/rustwide/target/release/build/cxx/06c8255c7fadcd76/out" "-L" "/opt/rustwide/target/release/build/link-cplusplus/da16b251fc29a270/out" "-L" "<sysroot>/lib/rustlib/x86_64-unknown-linux-gnu/lib" "-o" "/opt/rustwide/target/release/build/recgen/7d2732763806fc65/out/recgen-7d2732763806fc65" "-Wl,--gc-sections" "-pie" "-Wl,-z,relro,-z,now" "-Wl,-O1" "-Wl,--strip-debug" "-nodefaultlibs"
[INFO] [stdout]   = note: some arguments are omitted. use `--verbose` to show all linker arguments
[INFO] [stdout]   = note: rust-lld: error: undefined symbol: cxxbridge1$config_create
[INFO] [stdout]           >>> referenced by recgen_sys.8cbbf1360e722b7b-cgu.0
[INFO] [stdout]           >>>               recgen_sys-a9958b2ef799b969.recgen_sys.8cbbf1360e722b7b-cgu.0.rcgu.o:(recgen_sys::recgen::config_create) in archive /opt/rustwide/target/release/build/recgen-sys/a9958b2ef799b969/out/librecgen_sys-a9958b2ef799b969.rlib
[INFO] [stdout]           
[INFO] [stdout]           rust-lld: error: undefined symbol: cxxbridge1$unique_ptr$Config$raw
[INFO] [stdout]           >>> referenced by recgen_sys.8cbbf1360e722b7b-cgu.0
[INFO] [stdout]           >>>               recgen_sys-a9958b2ef799b969.recgen_sys.8cbbf1360e722b7b-cgu.0.rcgu.o:(recgen_sys::recgen::config_create) in archive /opt/rustwide/target/release/build/recgen-sys/a9958b2ef799b969/out/librecgen_sys-a9958b2ef799b969.rlib
[INFO] [stdout]           
[INFO] [stdout]           rust-lld: error: undefined symbol: cxxbridge1$config_get_ptable
[INFO] [stdout]           >>> referenced by recgen_sys.8cbbf1360e722b7b-cgu.0
[INFO] [stdout]           >>>               recgen_sys-a9958b2ef799b969.recgen_sys.8cbbf1360e722b7b-cgu.0.rcgu.o:(recgen_sys::recgen::config_get_ptable) in archive /opt/rustwide/target/release/build/recgen-sys/a9958b2ef799b969/out/librecgen_sys-a9958b2ef799b969.rlib
[INFO] [stdout]           
[INFO] [stdout]           rust-lld: error: undefined symbol: cxxbridge1$build
[INFO] [stdout]           >>> referenced by recgen_sys.8cbbf1360e722b7b-cgu.0
[INFO] [stdout]           >>>               recgen_sys-a9958b2ef799b969.recgen_sys.8cbbf1360e722b7b-cgu.0.rcgu.o:(recgen_sys::recgen::build) in archive /opt/rustwide/target/release/build/recgen-sys/a9958b2ef799b969/out/librecgen_sys-a9958b2ef799b969.rlib
[INFO] [stdout]           
[INFO] [stdout]           rust-lld: error: undefined symbol: cxxbridge1$unique_ptr$Config$drop
[INFO] [stdout]           >>> referenced by recgen_sys.8cbbf1360e722b7b-cgu.0
[INFO] [stdout]           >>>               recgen_sys-a9958b2ef799b969.recgen_sys.8cbbf1360e722b7b-cgu.0.rcgu.o:(<recgen_sys::recgen::Config as cxx::unique_ptr::UniquePtrTarget>::__drop) in archive /opt/rustwide/target/release/build/recgen-sys/a9958b2ef799b969/out/librecgen_sys-a9958b2ef799b969.rlib
[INFO] [stdout]           collect2: error: ld returned 1 exit status
[INFO] [stdout]           
[INFO] [stdout] 
[INFO] [stdout] 
[INFO] [stderr] error: could not compile `recgen` (lib test) due to 1 previous error
[INFO] running `Command { std: "docker" "inspect" "b3ff5169b94110c2039fadd18094693b28bdffd49a928a6041b2d6032fb4729f", kill_on_drop: false }`
[INFO] running `Command { std: "docker" "rm" "-f" "b3ff5169b94110c2039fadd18094693b28bdffd49a928a6041b2d6032fb4729f", kill_on_drop: false }`
[INFO] [stdout] b3ff5169b94110c2039fadd18094693b28bdffd49a928a6041b2d6032fb4729f
