[INFO] fetching crate realms 4.5.5...
[INFO] testing realms-4.5.5 against 1.99.0-beta.8+cargoflags=--release for beta-release-1.100-2
[INFO] extracting crate realms 4.5.5 into /workspace/builds/worker-6-tc1/source
[INFO] started tweaking crates.io crate realms 4.5.5
[INFO] removed 0 missing examples
[INFO] finished tweaking crates.io crate realms 4.5.5
[INFO] tweaked toml for crates.io crate realms 4.5.5 written to /workspace/builds/worker-6-tc1/source/Cargo.toml
[INFO] validating manifest of crates.io crate realms 4.5.5 on toolchain 1.99.0-beta.8
[INFO] running `Command { std: CARGO_HOME="/workspace/cargo-home" RUSTUP_HOME="/workspace/rustup-home" "/workspace/cargo-home/bin/cargo" "+1.99.0-beta.8" "metadata" "--manifest-path" "Cargo.toml" "--no-deps", kill_on_drop: false }`
[INFO] crate crates.io crate realms 4.5.5 already has a lockfile, it will not be regenerated
[INFO] running `Command { std: CARGO_HOME="/workspace/cargo-home" RUSTUP_HOME="/workspace/rustup-home" "/workspace/cargo-home/bin/cargo" "+1.99.0-beta.8" "fetch" "--manifest-path" "Cargo.toml", kill_on_drop: false }`
[INFO] [stderr]     Updating crates.io index
[INFO] [stderr]  Downloading crates ...
[INFO] [stderr]   Downloaded glfw v0.59.0
[INFO] running `Command { std: "docker" "create" "-v" "/var/lib/crater-agent-workspace/builds/worker-6-tc1/source:/opt/rustwide/workdir:ro,Z" "-v" "/var/lib/crater-agent-workspace/builds/worker-6-tc1/target:/opt/rustwide/target:rw,Z" "-v" "/var/lib/crater-agent-workspace/cargo-home:/opt/rustwide/cargo-home:ro,Z" "-v" "/var/lib/crater-agent-workspace/rustup-home:/opt/rustwide/rustup-home:ro,Z" "-m" "1610612736" "--network" "none" "ghcr.io/rust-lang/crates-build-env/linux@sha256:77db811e55d90add9212f6832c23229e3de5f1c1f9905e8cb07319ea15df73ac" "sleep" "infinity", kill_on_drop: false }`
[INFO] [stdout] 312880163ea83475c215250311e90cef51628b698e5cee32cd936589b589c0a3
[INFO] running `Command { std: "docker" "start" "312880163ea83475c215250311e90cef51628b698e5cee32cd936589b589c0a3", kill_on_drop: false }`
[INFO] running `Command { std: "docker" "inspect" "312880163ea83475c215250311e90cef51628b698e5cee32cd936589b589c0a3", kill_on_drop: false }`
[INFO] running `Command { std: "docker" "exec" "-e" "SOURCE_DIR=/opt/rustwide/workdir" "-e" "CARGO_HOME=/opt/rustwide/cargo-home" "-e" "RUSTUP_HOME=/opt/rustwide/rustup-home" "-e" "CARGO_TARGET_DIR=/opt/rustwide/target" "-w" "/opt/rustwide/workdir" "--user" "0:0" "312880163ea83475c215250311e90cef51628b698e5cee32cd936589b589c0a3" "/opt/rustwide/cargo-home/bin/cargo" "+1.99.0-beta.8" "metadata" "--no-deps" "--format-version=1", kill_on_drop: false }`
[INFO] running `Command { std: "docker" "inspect" "312880163ea83475c215250311e90cef51628b698e5cee32cd936589b589c0a3", kill_on_drop: false }`
[INFO] running `Command { std: "docker" "exec" "-e" "SOURCE_DIR=/opt/rustwide/workdir" "-e" "CARGO_HOME=/opt/rustwide/cargo-home" "-e" "RUSTUP_HOME=/opt/rustwide/rustup-home" "-e" "CARGO_TARGET_DIR=/opt/rustwide/target" "-e" "CARGO_INCREMENTAL=0" "-e" "RUST_BACKTRACE=full" "-e" "RUSTFLAGS=--cap-lints=warn" "-e" "RUSTDOCFLAGS=--cap-lints=warn" "-w" "/opt/rustwide/workdir" "--user" "0:0" "312880163ea83475c215250311e90cef51628b698e5cee32cd936589b589c0a3" "/opt/rustwide/cargo-home/bin/cargo" "+1.99.0-beta.8" "build" "--frozen" "--message-format=json" "--release", kill_on_drop: false }`
[INFO] [stderr]    Compiling khronos_api v3.1.0
[INFO] [stderr]    Compiling xml-rs v0.8.28
[INFO] [stderr]    Compiling zune-core v0.5.1
[INFO] [stderr]    Compiling pxfm v0.1.30
[INFO] [stderr]    Compiling bytemuck v1.25.0
[INFO] [stderr]    Compiling glfw v0.59.0
[INFO] [stderr]    Compiling png v0.18.1
[INFO] [stderr]    Compiling zune-jpeg v0.5.15
[INFO] [stderr]    Compiling gl_generator v0.14.0
[INFO] [stderr]    Compiling gl v0.14.0
[INFO] [stderr]    Compiling moxcms v0.8.1
[INFO] [stderr]    Compiling image v0.25.10
[INFO] [stderr]    Compiling realms v4.5.5 (/opt/rustwide/workdir)
[INFO] [stderr]     Finished `release` profile [optimized] target(s) in 46.62s
[INFO] running `Command { std: "docker" "inspect" "312880163ea83475c215250311e90cef51628b698e5cee32cd936589b589c0a3", kill_on_drop: false }`
[INFO] running `Command { std: "docker" "exec" "-e" "SOURCE_DIR=/opt/rustwide/workdir" "-e" "CARGO_HOME=/opt/rustwide/cargo-home" "-e" "RUSTUP_HOME=/opt/rustwide/rustup-home" "-e" "CARGO_TARGET_DIR=/opt/rustwide/target" "-e" "CARGO_INCREMENTAL=0" "-e" "RUST_BACKTRACE=full" "-e" "RUSTFLAGS=--cap-lints=warn" "-e" "RUSTDOCFLAGS=--cap-lints=warn" "-w" "/opt/rustwide/workdir" "--user" "0:0" "312880163ea83475c215250311e90cef51628b698e5cee32cd936589b589c0a3" "/opt/rustwide/cargo-home/bin/cargo" "+1.99.0-beta.8" "test" "--frozen" "--no-run" "--message-format=json" "--release", kill_on_drop: false }`
[INFO] [stderr]    Compiling realms v4.5.5 (/opt/rustwide/workdir)
[INFO] [stdout] error: linking with `cc` failed: exit status: 1
[INFO] [stdout]   |
[INFO] [stdout]   = note:  "cc" "-m64" "/opt/rustwide/target/release/deps/rustctT2mJu/symbols.o" "<2 object files omitted>" "-Wl,--as-needed" "-Wl,-Bstatic" "<sysroot>/lib/rustlib/x86_64-unknown-linux-gnu/lib/{libtest-*,libgetopts-*,librustc_std_workspace_std-*}.rlib" "/opt/rustwide/target/release/deps/{libimage-d8cccb9f12c95f66,libbytemuck-a214aa96a18fb28c,libbyteorder_lite-a767fe81cb63f861,libmoxcms-cd53e22e612c7ccc,libpxfm-42fc424f22fc4899,libpng-4a0d276d1ea8d4e3,libbitflags-3abca287fbc4cbf7,libflate2-90aaa34a06fe6c82,libminiz_oxide-e2eb0efc15b0357b,libfdeflate-91324726abcf66e5,libsimd_adler32-7147f273ee833f2e,libcrc32fast-de10743154edaffb,libcfg_if-6d8dca19095bb388,libzune_jpeg-7b07ea7fa9b633b0,libzune_core-baef7ff6953d03a4,libnum_traits-889aba9987c3ffcc,libglfw-462793e7744fef3a,libraw_window_handle-ae6b6a8f0ac721af,libbitflags-68973b8086863992,libgl-6bee1ecbdc981b15}.rlib" "<sysroot>/lib/rustlib/x86_64-unknown-linux-gnu/lib/{libstd-*,libpanic_unwind-*,libobject-*,libmemchr-*,libaddr2line-*,libgimli-*,libcfg_if-*,librustc_demangle-*,libstd_detect-*,libhashbrown-*,librustc_std_workspace_alloc-*,libminiz_oxide-*,libadler2-*,libunwind-*,liblibc-*,librustc_std_workspace_core-*,liballoc-*,libcore-*,libcompiler_builtins-*}.rlib" "-Wl,-Bdynamic" "-lglfw" "-lX11" "-lgcc_s" "-lutil" "-lrt" "-lpthread" "-lm" "-ldl" "-lc" "-L" "/opt/rustwide/target/release/deps/rustctT2mJu/raw-dylibs" "-B<sysroot>/lib/rustlib/x86_64-unknown-linux-gnu/bin/gcc-ld" "-fuse-ld=lld" "-Wl,--eh-frame-hdr" "-Wl,-z,noexecstack" "-L" "<sysroot>/lib/rustlib/x86_64-unknown-linux-gnu/lib" "-o" "/opt/rustwide/target/release/deps/realms-7f0441152bd19c9c" "-Wl,--gc-sections" "-pie" "-Wl,-z,relro,-z,now" "-Wl,-O1" "-Wl,--strip-debug" "-nodefaultlibs"
[INFO] [stdout]   = note: some arguments are omitted. use `--verbose` to show all linker arguments
[INFO] [stdout]   = note: rust-lld: error: unable to find library -lglfw
[INFO] [stdout]           collect2: error: ld returned 1 exit status
[INFO] [stdout]           
[INFO] [stdout] 
[INFO] [stdout] 
[INFO] [stderr] error: could not compile `realms` (lib test) due to 1 previous error
[INFO] [stderr] warning: build failed, waiting for other jobs to finish...
[INFO] [stdout] error: linking with `cc` failed: exit status: 1
[INFO] [stdout]   |
[INFO] [stdout]   = note:  "cc" "-m64" "/opt/rustwide/target/release/examples/rustckdi17o/symbols.o" "<5 object files omitted>" "-Wl,--as-needed" "-Wl,-Bstatic" "/opt/rustwide/target/release/deps/{librealms-fc32c28b834f3e56,libimage-d8cccb9f12c95f66,libbytemuck-a214aa96a18fb28c,libbyteorder_lite-a767fe81cb63f861,libmoxcms-cd53e22e612c7ccc,libpxfm-42fc424f22fc4899,libpng-4a0d276d1ea8d4e3,libbitflags-3abca287fbc4cbf7,libflate2-90aaa34a06fe6c82,libminiz_oxide-e2eb0efc15b0357b,libfdeflate-91324726abcf66e5,libsimd_adler32-7147f273ee833f2e,libcrc32fast-de10743154edaffb,libcfg_if-6d8dca19095bb388,libzune_jpeg-7b07ea7fa9b633b0,libzune_core-baef7ff6953d03a4,libnum_traits-889aba9987c3ffcc,libglfw-462793e7744fef3a,libraw_window_handle-ae6b6a8f0ac721af,libbitflags-68973b8086863992,libgl-6bee1ecbdc981b15}.rlib" "<sysroot>/lib/rustlib/x86_64-unknown-linux-gnu/lib/{libstd-*,libpanic_unwind-*,libobject-*,libmemchr-*,libaddr2line-*,libgimli-*,libcfg_if-*,librustc_demangle-*,libstd_detect-*,libhashbrown-*,librustc_std_workspace_alloc-*,libminiz_oxide-*,libadler2-*,libunwind-*,liblibc-*,librustc_std_workspace_core-*,liballoc-*,libcore-*,libcompiler_builtins-*}.rlib" "-Wl,-Bdynamic" "-lglfw" "-lX11" "-lgcc_s" "-lutil" "-lrt" "-lpthread" "-lm" "-ldl" "-lc" "-L" "/opt/rustwide/target/release/examples/rustckdi17o/raw-dylibs" "-B<sysroot>/lib/rustlib/x86_64-unknown-linux-gnu/bin/gcc-ld" "-fuse-ld=lld" "-Wl,--eh-frame-hdr" "-Wl,-z,noexecstack" "-L" "<sysroot>/lib/rustlib/x86_64-unknown-linux-gnu/lib" "-o" "/opt/rustwide/target/release/examples/example_4_2d_camera-90f3312800149e69" "-Wl,--gc-sections" "-pie" "-Wl,-z,relro,-z,now" "-Wl,-O1" "-Wl,--strip-debug" "-nodefaultlibs"
[INFO] [stdout]   = note: some arguments are omitted. use `--verbose` to show all linker arguments
[INFO] [stdout]   = note: rust-lld: error: unable to find library -lglfw
[INFO] [stdout]           collect2: error: ld returned 1 exit status
[INFO] [stdout]           
[INFO] [stdout] 
[INFO] [stdout] 
[INFO] [stderr] error: could not compile `realms` (example "example_4_2d_camera") due to 1 previous error
[INFO] [stdout] error: linking with `cc` failed: exit status: 1
[INFO] [stdout]   |
[INFO] [stdout]   = note:  "cc" "-m64" "/opt/rustwide/target/release/examples/rustccRX0dh/symbols.o" "<4 object files omitted>" "-Wl,--as-needed" "-Wl,-Bstatic" "/opt/rustwide/target/release/deps/{librealms-fc32c28b834f3e56,libimage-d8cccb9f12c95f66,libbytemuck-a214aa96a18fb28c,libbyteorder_lite-a767fe81cb63f861,libmoxcms-cd53e22e612c7ccc,libpxfm-42fc424f22fc4899,libpng-4a0d276d1ea8d4e3,libbitflags-3abca287fbc4cbf7,libflate2-90aaa34a06fe6c82,libminiz_oxide-e2eb0efc15b0357b,libfdeflate-91324726abcf66e5,libsimd_adler32-7147f273ee833f2e,libcrc32fast-de10743154edaffb,libcfg_if-6d8dca19095bb388,libzune_jpeg-7b07ea7fa9b633b0,libzune_core-baef7ff6953d03a4,libnum_traits-889aba9987c3ffcc,libglfw-462793e7744fef3a,libraw_window_handle-ae6b6a8f0ac721af,libbitflags-68973b8086863992,libgl-6bee1ecbdc981b15}.rlib" "<sysroot>/lib/rustlib/x86_64-unknown-linux-gnu/lib/{libstd-*,libpanic_unwind-*,libobject-*,libmemchr-*,libaddr2line-*,libgimli-*,libcfg_if-*,librustc_demangle-*,libstd_detect-*,libhashbrown-*,librustc_std_workspace_alloc-*,libminiz_oxide-*,libadler2-*,libunwind-*,liblibc-*,librustc_std_workspace_core-*,liballoc-*,libcore-*,libcompiler_builtins-*}.rlib" "-Wl,-Bdynamic" "-lglfw" "-lX11" "-lgcc_s" "-lutil" "-lrt" "-lpthread" "-lm" "-ldl" "-lc" "-L" "/opt/rustwide/target/release/examples/rustccRX0dh/raw-dylibs" "-B<sysroot>/lib/rustlib/x86_64-unknown-linux-gnu/bin/gcc-ld" "-fuse-ld=lld" "-Wl,--eh-frame-hdr" "-Wl,-z,noexecstack" "-L" "<sysroot>/lib/rustlib/x86_64-unknown-linux-gnu/lib" "-o" "/opt/rustwide/target/release/examples/example_1_window-bb7523488efe209f" "-Wl,--gc-sections" "-pie" "-Wl,-z,relro,-z,now" "-Wl,-O1" "-Wl,--strip-debug" "-nodefaultlibs"
[INFO] [stdout]   = note: some arguments are omitted. use `--verbose` to show all linker arguments
[INFO] [stdout]   = note: rust-lld: error: unable to find library -lglfw
[INFO] [stdout]           collect2: error: ld returned 1 exit status
[INFO] [stdout]           
[INFO] [stdout] 
[INFO] [stdout] 
[INFO] [stderr] error: could not compile `realms` (example "example_1_window") due to 1 previous error
[INFO] [stdout] error: linking with `cc` failed: exit status: 1
[INFO] [stdout]   |
[INFO] [stdout]   = note:  "cc" "-m64" "/opt/rustwide/target/release/examples/rustcnGRvSY/symbols.o" "<4 object files omitted>" "-Wl,--as-needed" "-Wl,-Bstatic" "/opt/rustwide/target/release/deps/{librealms-fc32c28b834f3e56,libimage-d8cccb9f12c95f66,libbytemuck-a214aa96a18fb28c,libbyteorder_lite-a767fe81cb63f861,libmoxcms-cd53e22e612c7ccc,libpxfm-42fc424f22fc4899,libpng-4a0d276d1ea8d4e3,libbitflags-3abca287fbc4cbf7,libflate2-90aaa34a06fe6c82,libminiz_oxide-e2eb0efc15b0357b,libfdeflate-91324726abcf66e5,libsimd_adler32-7147f273ee833f2e,libcrc32fast-de10743154edaffb,libcfg_if-6d8dca19095bb388,libzune_jpeg-7b07ea7fa9b633b0,libzune_core-baef7ff6953d03a4,libnum_traits-889aba9987c3ffcc,libglfw-462793e7744fef3a,libraw_window_handle-ae6b6a8f0ac721af,libbitflags-68973b8086863992,libgl-6bee1ecbdc981b15}.rlib" "<sysroot>/lib/rustlib/x86_64-unknown-linux-gnu/lib/{libstd-*,libpanic_unwind-*,libobject-*,libmemchr-*,libaddr2line-*,libgimli-*,libcfg_if-*,librustc_demangle-*,libstd_detect-*,libhashbrown-*,librustc_std_workspace_alloc-*,libminiz_oxide-*,libadler2-*,libunwind-*,liblibc-*,librustc_std_workspace_core-*,liballoc-*,libcore-*,libcompiler_builtins-*}.rlib" "-Wl,-Bdynamic" "-lglfw" "-lX11" "-lgcc_s" "-lutil" "-lrt" "-lpthread" "-lm" "-ldl" "-lc" "-L" "/opt/rustwide/target/release/examples/rustcnGRvSY/raw-dylibs" "-B<sysroot>/lib/rustlib/x86_64-unknown-linux-gnu/bin/gcc-ld" "-fuse-ld=lld" "-Wl,--eh-frame-hdr" "-Wl,-z,noexecstack" "-L" "<sysroot>/lib/rustlib/x86_64-unknown-linux-gnu/lib" "-o" "/opt/rustwide/target/release/examples/example_2_triangle-a7b36ac757eda4a7" "-Wl,--gc-sections" "-pie" "-Wl,-z,relro,-z,now" "-Wl,-O1" "-Wl,--strip-debug" "-nodefaultlibs"
[INFO] [stdout]   = note: some arguments are omitted. use `--verbose` to show all linker arguments
[INFO] [stdout]   = note: rust-lld: error: unable to find library -lglfw
[INFO] [stdout]           collect2: error: ld returned 1 exit status
[INFO] [stdout]           
[INFO] [stdout] 
[INFO] [stdout] 
[INFO] [stderr] error: could not compile `realms` (example "example_2_triangle") due to 1 previous error
[INFO] [stdout] error: linking with `cc` failed: exit status: 1
[INFO] [stdout]   |
[INFO] [stdout]   = note:  "cc" "-m64" "/opt/rustwide/target/release/examples/rustcv9v114/symbols.o" "<4 object files omitted>" "-Wl,--as-needed" "-Wl,-Bstatic" "/opt/rustwide/target/release/deps/{librealms-fc32c28b834f3e56,libimage-d8cccb9f12c95f66,libbytemuck-a214aa96a18fb28c,libbyteorder_lite-a767fe81cb63f861,libmoxcms-cd53e22e612c7ccc,libpxfm-42fc424f22fc4899,libpng-4a0d276d1ea8d4e3,libbitflags-3abca287fbc4cbf7,libflate2-90aaa34a06fe6c82,libminiz_oxide-e2eb0efc15b0357b,libfdeflate-91324726abcf66e5,libsimd_adler32-7147f273ee833f2e,libcrc32fast-de10743154edaffb,libcfg_if-6d8dca19095bb388,libzune_jpeg-7b07ea7fa9b633b0,libzune_core-baef7ff6953d03a4,libnum_traits-889aba9987c3ffcc,libglfw-462793e7744fef3a,libraw_window_handle-ae6b6a8f0ac721af,libbitflags-68973b8086863992,libgl-6bee1ecbdc981b15}.rlib" "<sysroot>/lib/rustlib/x86_64-unknown-linux-gnu/lib/{libstd-*,libpanic_unwind-*,libobject-*,libmemchr-*,libaddr2line-*,libgimli-*,libcfg_if-*,librustc_demangle-*,libstd_detect-*,libhashbrown-*,librustc_std_workspace_alloc-*,libminiz_oxide-*,libadler2-*,libunwind-*,liblibc-*,librustc_std_workspace_core-*,liballoc-*,libcore-*,libcompiler_builtins-*}.rlib" "-Wl,-Bdynamic" "-lglfw" "-lX11" "-lgcc_s" "-lutil" "-lrt" "-lpthread" "-lm" "-ldl" "-lc" "-L" "/opt/rustwide/target/release/examples/rustcv9v114/raw-dylibs" "-B<sysroot>/lib/rustlib/x86_64-unknown-linux-gnu/bin/gcc-ld" "-fuse-ld=lld" "-Wl,--eh-frame-hdr" "-Wl,-z,noexecstack" "-L" "<sysroot>/lib/rustlib/x86_64-unknown-linux-gnu/lib" "-o" "/opt/rustwide/target/release/examples/example_3_colorful_triangle-9534eb7550cce3e2" "-Wl,--gc-sections" "-pie" "-Wl,-z,relro,-z,now" "-Wl,-O1" "-Wl,--strip-debug" "-nodefaultlibs"
[INFO] [stdout]   = note: some arguments are omitted. use `--verbose` to show all linker arguments
[INFO] [stdout]   = note: rust-lld: error: unable to find library -lglfw
[INFO] [stdout]           collect2: error: ld returned 1 exit status
[INFO] [stdout]           
[INFO] [stdout] 
[INFO] [stdout] 
[INFO] [stderr] error: could not compile `realms` (example "example_3_colorful_triangle") due to 1 previous error
[INFO] [stdout] error: linking with `cc` failed: exit status: 1
[INFO] [stdout]   |
[INFO] [stdout]   = note:  "cc" "-m64" "/opt/rustwide/target/release/examples/rustcnCiZkr/symbols.o" "<11 object files omitted>" "-Wl,--as-needed" "-Wl,-Bstatic" "/opt/rustwide/target/release/deps/{librealms-fc32c28b834f3e56,libimage-d8cccb9f12c95f66,libbytemuck-a214aa96a18fb28c,libbyteorder_lite-a767fe81cb63f861,libmoxcms-cd53e22e612c7ccc,libpxfm-42fc424f22fc4899,libpng-4a0d276d1ea8d4e3,libbitflags-3abca287fbc4cbf7,libflate2-90aaa34a06fe6c82,libminiz_oxide-e2eb0efc15b0357b,libfdeflate-91324726abcf66e5,libsimd_adler32-7147f273ee833f2e,libcrc32fast-de10743154edaffb,libcfg_if-6d8dca19095bb388,libzune_jpeg-7b07ea7fa9b633b0,libzune_core-baef7ff6953d03a4,libnum_traits-889aba9987c3ffcc,libglfw-462793e7744fef3a,libraw_window_handle-ae6b6a8f0ac721af,libbitflags-68973b8086863992,libgl-6bee1ecbdc981b15}.rlib" "<sysroot>/lib/rustlib/x86_64-unknown-linux-gnu/lib/{libstd-*,libpanic_unwind-*,libobject-*,libmemchr-*,libaddr2line-*,libgimli-*,libcfg_if-*,librustc_demangle-*,libstd_detect-*,libhashbrown-*,librustc_std_workspace_alloc-*,libminiz_oxide-*,libadler2-*,libunwind-*,liblibc-*,librustc_std_workspace_core-*,liballoc-*,libcore-*,libcompiler_builtins-*}.rlib" "-Wl,-Bdynamic" "-lglfw" "-lX11" "-lgcc_s" "-lutil" "-lrt" "-lpthread" "-lm" "-ldl" "-lc" "-L" "/opt/rustwide/target/release/examples/rustcnCiZkr/raw-dylibs" "-B<sysroot>/lib/rustlib/x86_64-unknown-linux-gnu/bin/gcc-ld" "-fuse-ld=lld" "-Wl,--eh-frame-hdr" "-Wl,-z,noexecstack" "-L" "<sysroot>/lib/rustlib/x86_64-unknown-linux-gnu/lib" "-o" "/opt/rustwide/target/release/examples/example_5_texture-5cab1e541c9c2c7b" "-Wl,--gc-sections" "-pie" "-Wl,-z,relro,-z,now" "-Wl,-O1" "-Wl,--strip-debug" "-nodefaultlibs"
[INFO] [stdout]   = note: some arguments are omitted. use `--verbose` to show all linker arguments
[INFO] [stdout]   = note: rust-lld: error: unable to find library -lglfw
[INFO] [stdout]           collect2: error: ld returned 1 exit status
[INFO] [stdout]           
[INFO] [stdout] 
[INFO] [stdout] 
[INFO] [stderr] error: could not compile `realms` (example "example_5_texture") due to 1 previous error
[INFO] running `Command { std: "docker" "inspect" "312880163ea83475c215250311e90cef51628b698e5cee32cd936589b589c0a3", kill_on_drop: false }`
[INFO] running `Command { std: "docker" "rm" "-f" "312880163ea83475c215250311e90cef51628b698e5cee32cd936589b589c0a3", kill_on_drop: false }`
[INFO] [stdout] 312880163ea83475c215250311e90cef51628b698e5cee32cd936589b589c0a3
