[INFO] fetching crate realitykit 0.1.1...
[INFO] testing realitykit-0.1.1 against 1.100.0-beta.1+cargoflags=--release for beta-release-1.100-2
[INFO] extracting crate realitykit 0.1.1 into /workspace/builds/worker-5-tc2/source
[INFO] started tweaking crates.io crate realitykit 0.1.1
[INFO] removed 0 missing examples
[INFO] finished tweaking crates.io crate realitykit 0.1.1
[INFO] tweaked toml for crates.io crate realitykit 0.1.1 written to /workspace/builds/worker-5-tc2/source/Cargo.toml
[INFO] validating manifest of crates.io crate realitykit 0.1.1 on toolchain 1.100.0-beta.1
[INFO] running `Command { std: CARGO_HOME="/workspace/cargo-home" RUSTUP_HOME="/workspace/rustup-home" "/workspace/cargo-home/bin/cargo" "+1.100.0-beta.1" "metadata" "--manifest-path" "Cargo.toml" "--no-deps", kill_on_drop: false }`
[INFO] crate crates.io crate realitykit 0.1.1 already has a lockfile, it will not be regenerated
[INFO] running `Command { std: CARGO_HOME="/workspace/cargo-home" RUSTUP_HOME="/workspace/rustup-home" "/workspace/cargo-home/bin/cargo" "+1.100.0-beta.1" "fetch" "--manifest-path" "Cargo.toml", kill_on_drop: false }`
[INFO] running `Command { std: "docker" "create" "-v" "/var/lib/crater-agent-workspace/builds/worker-5-tc2/source:/opt/rustwide/workdir:ro,Z" "-v" "/var/lib/crater-agent-workspace/builds/worker-5-tc2/target:/opt/rustwide/target:rw,Z" "-v" "/var/lib/crater-agent-workspace/cargo-home:/opt/rustwide/cargo-home:ro,Z" "-v" "/var/lib/crater-agent-workspace/rustup-home:/opt/rustwide/rustup-home:ro,Z" "-m" "1610612736" "--network" "none" "ghcr.io/rust-lang/crates-build-env/linux@sha256:77db811e55d90add9212f6832c23229e3de5f1c1f9905e8cb07319ea15df73ac" "sleep" "infinity", kill_on_drop: false }`
[INFO] [stdout] 3f361c1f179bfeaddada405c0c5a7510aeba006efde881247f13dd64fecb9ad7
[INFO] running `Command { std: "docker" "start" "3f361c1f179bfeaddada405c0c5a7510aeba006efde881247f13dd64fecb9ad7", kill_on_drop: false }`
[INFO] running `Command { std: "docker" "inspect" "3f361c1f179bfeaddada405c0c5a7510aeba006efde881247f13dd64fecb9ad7", kill_on_drop: false }`
[INFO] running `Command { std: "docker" "exec" "-e" "SOURCE_DIR=/opt/rustwide/workdir" "-e" "CARGO_HOME=/opt/rustwide/cargo-home" "-e" "RUSTUP_HOME=/opt/rustwide/rustup-home" "-e" "CARGO_TARGET_DIR=/opt/rustwide/target" "-w" "/opt/rustwide/workdir" "--user" "0:0" "3f361c1f179bfeaddada405c0c5a7510aeba006efde881247f13dd64fecb9ad7" "/opt/rustwide/cargo-home/bin/cargo" "+1.100.0-beta.1" "metadata" "--no-deps" "--format-version=1", kill_on_drop: false }`
[INFO] running `Command { std: "docker" "inspect" "3f361c1f179bfeaddada405c0c5a7510aeba006efde881247f13dd64fecb9ad7", kill_on_drop: false }`
[INFO] running `Command { std: "docker" "exec" "-e" "SOURCE_DIR=/opt/rustwide/workdir" "-e" "CARGO_HOME=/opt/rustwide/cargo-home" "-e" "RUSTUP_HOME=/opt/rustwide/rustup-home" "-e" "CARGO_TARGET_DIR=/opt/rustwide/target" "-e" "CARGO_INCREMENTAL=0" "-e" "RUST_BACKTRACE=full" "-e" "RUSTFLAGS=--cap-lints=warn" "-e" "RUSTDOCFLAGS=--cap-lints=warn" "-w" "/opt/rustwide/workdir" "--user" "0:0" "3f361c1f179bfeaddada405c0c5a7510aeba006efde881247f13dd64fecb9ad7" "/opt/rustwide/cargo-home/bin/cargo" "+1.100.0-beta.1" "build" "--frozen" "--message-format=json" "--release", kill_on_drop: false }`
[INFO] [stderr]    Compiling anyhow v1.0.102
[INFO] [stderr]    Compiling realitykit v0.1.1 (/opt/rustwide/workdir)
[INFO] [stderr]    Compiling cc v1.2.57
[INFO] [stderr]    Compiling apple-platforms v0.0.4
[INFO] [stderr]    Compiling swift-helper-build v0.0.2
[INFO] [stderr]    Compiling realitykit-sys v0.1.0
[INFO] [stderr]     Finished `release` profile [optimized] target(s) in 2.55s
[INFO] running `Command { std: "docker" "inspect" "3f361c1f179bfeaddada405c0c5a7510aeba006efde881247f13dd64fecb9ad7", kill_on_drop: false }`
[INFO] running `Command { std: "docker" "exec" "-e" "SOURCE_DIR=/opt/rustwide/workdir" "-e" "CARGO_HOME=/opt/rustwide/cargo-home" "-e" "RUSTUP_HOME=/opt/rustwide/rustup-home" "-e" "CARGO_TARGET_DIR=/opt/rustwide/target" "-e" "CARGO_INCREMENTAL=0" "-e" "RUST_BACKTRACE=full" "-e" "RUSTFLAGS=--cap-lints=warn" "-e" "RUSTDOCFLAGS=--cap-lints=warn" "-w" "/opt/rustwide/workdir" "--user" "0:0" "3f361c1f179bfeaddada405c0c5a7510aeba006efde881247f13dd64fecb9ad7" "/opt/rustwide/cargo-home/bin/cargo" "+1.100.0-beta.1" "test" "--frozen" "--no-run" "--message-format=json" "--release", kill_on_drop: false }`
[INFO] [stderr]    Compiling realitykit v0.1.1 (/opt/rustwide/workdir)
[INFO] [stdout] warning: unused variable: `occl_mat`
[INFO] [stdout]   --> examples/scene_builder.rs:47:9
[INFO] [stdout]    |
[INFO] [stdout] 47 |     let occl_mat  = Material::occlusion();
[INFO] [stdout]    |         ^^^^^^^^ help: if this is intentional, prefix it with an underscore: `_occl_mat`
[INFO] [stdout]    |
[INFO] [stdout]    = note: `#[warn(unused_variables)]` (part of `#[warn(unused)]`) on by default
[INFO] [stdout] 
[INFO] [stdout] 
[INFO] [stdout] error: linking with `cc` failed: exit status: 1
[INFO] [stdout]   |
[INFO] [stdout]   = note:  "cc" "-m64" "/opt/rustwide/target/release/build/realitykit/e680f322522c19d0/out/rustcIF3pqV/symbols.o" "<2 object files omitted>" "-Wl,--as-needed" "-Wl,-Bstatic" "/opt/rustwide/target/release/build/realitykit/cdafaf8bc5abda8a/out/librealitykit-cdafaf8bc5abda8a.rlib" "/opt/rustwide/target/release/build/realitykit-sys/3e8f4615a4e76e61/out/librealitykit_sys-3e8f4615a4e76e61.rlib" "<sysroot>/lib/rustlib/x86_64-unknown-linux-gnu/lib/{libstd-*,libpanic_unwind-*,libobject-*,libmemchr-*,libaddr2line-*,libgimli-*,libcfg_if-*,librustc_demangle-*,libstd_detect-*,libhashbrown-*,librustc_std_workspace_alloc-*,libminiz_oxide-*,libadler2-*,libunwind-*,liblibc-*,librustc_std_workspace_core-*,liballoc-*,libcore-*,libcompiler_builtins-*}.rlib" "-Wl,-Bdynamic" "-lgcc_s" "-lutil" "-lrt" "-lpthread" "-lm" "-ldl" "-lc" "-L" "/opt/rustwide/target/release/build/realitykit/e680f322522c19d0/out/rustcIF3pqV/raw-dylibs" "-B<sysroot>/lib/rustlib/x86_64-unknown-linux-gnu/bin/gcc-ld" "-fuse-ld=lld" "-Wl,--eh-frame-hdr" "-Wl,-z,noexecstack" "-L" "<sysroot>/lib/rustlib/x86_64-unknown-linux-gnu/lib" "-o" "/opt/rustwide/target/release/build/realitykit/e680f322522c19d0/out/scene_builder" "-Wl,--gc-sections" "-pie" "-Wl,-z,relro,-z,now" "-Wl,-O1" "-Wl,--strip-debug" "-nodefaultlibs" "-Wl,-rpath,/usr/lib/swift"
[INFO] [stdout]   = note: some arguments are omitted. use `--verbose` to show all linker arguments
[INFO] [stdout]   = note: rust-lld: error: undefined symbol: rk_entity_particle_set_color
[INFO] [stdout]           >>> referenced by realitykit.fef0e34a7c7084f0-cgu.0
[INFO] [stdout]           >>>               realitykit-cdafaf8bc5abda8a.realitykit.fef0e34a7c7084f0-cgu.0.rcgu.o:(<realitykit::entity::Entity>::particle_set_color) in archive /opt/rustwide/target/release/build/realitykit/cdafaf8bc5abda8a/out/librealitykit-cdafaf8bc5abda8a.rlib
[INFO] [stdout]           
[INFO] [stdout]           rust-lld: error: undefined symbol: rk_entity_set_particle_emitter
[INFO] [stdout]           >>> referenced by realitykit.fef0e34a7c7084f0-cgu.0
[INFO] [stdout]           >>>               realitykit-cdafaf8bc5abda8a.realitykit.fef0e34a7c7084f0-cgu.0.rcgu.o:(<realitykit::entity::Entity>::set_particle_emitter) in archive /opt/rustwide/target/release/build/realitykit/cdafaf8bc5abda8a/out/librealitykit-cdafaf8bc5abda8a.rlib
[INFO] [stdout]           
[INFO] [stdout]           rust-lld: error: undefined symbol: rk_animation_controller_is_playing
[INFO] [stdout]           >>> referenced by realitykit.fef0e34a7c7084f0-cgu.0
[INFO] [stdout]           >>>               realitykit-cdafaf8bc5abda8a.realitykit.fef0e34a7c7084f0-cgu.0.rcgu.o:(<realitykit::animation::AnimationController>::is_playing) in archive /opt/rustwide/target/release/build/realitykit/cdafaf8bc5abda8a/out/librealitykit-cdafaf8bc5abda8a.rlib
[INFO] [stdout]           
[INFO] [stdout]           rust-lld: error: undefined symbol: rk_spot_light
[INFO] [stdout]           >>> referenced by realitykit.fef0e34a7c7084f0-cgu.0
[INFO] [stdout]           >>>               realitykit-cdafaf8bc5abda8a.realitykit.fef0e34a7c7084f0-cgu.0.rcgu.o:(<realitykit::entity::Entity>::spot_light) in archive /opt/rustwide/target/release/build/realitykit/cdafaf8bc5abda8a/out/librealitykit-cdafaf8bc5abda8a.rlib
[INFO] [stdout]           
[INFO] [stdout]           rust-lld: error: undefined symbol: rk_model_entity_new_many
[INFO] [stdout]           >>> referenced by realitykit.fef0e34a7c7084f0-cgu.0
[INFO] [stdout]           >>>               realitykit-cdafaf8bc5abda8a.realitykit.fef0e34a7c7084f0-cgu.0.rcgu.o:(<realitykit::entity::Entity>::model_multi) in archive /opt/rustwide/target/release/build/realitykit/cdafaf8bc5abda8a/out/librealitykit-cdafaf8bc5abda8a.rlib
[INFO] [stdout]           >>> referenced by realitykit.fef0e34a7c7084f0-cgu.0
[INFO] [stdout]           >>>               realitykit-cdafaf8bc5abda8a.realitykit.fef0e34a7c7084f0-cgu.0.rcgu.o:(<realitykit::entity::Entity>::model_multi) in archive /opt/rustwide/target/release/build/realitykit/cdafaf8bc5abda8a/out/librealitykit-cdafaf8bc5abda8a.rlib
[INFO] [stdout]           
[INFO] [stdout]           rust-lld: error: undefined symbol: rk_point_light
[INFO] [stdout]           >>> referenced by realitykit.fef0e34a7c7084f0-cgu.0
[INFO] [stdout]           >>>               realitykit-cdafaf8bc5abda8a.realitykit.fef0e34a7c7084f0-cgu.0.rcgu.o:(<realitykit::entity::Entity>::point_light) in archive /opt/rustwide/target/release/build/realitykit/cdafaf8bc5abda8a/out/librealitykit-cdafaf8bc5abda8a.rlib
[INFO] [stdout]           
[INFO] [stdout]           rust-lld: error: undefined symbol: rk_directional_light
[INFO] [stdout]           >>> referenced by realitykit.fef0e34a7c7084f0-cgu.0
[INFO] [stdout]           >>>               realitykit-cdafaf8bc5abda8a.realitykit.fef0e34a7c7084f0-cgu.0.rcgu.o:(<realitykit::entity::Entity>::directional_light) in archive /opt/rustwide/target/release/build/realitykit/cdafaf8bc5abda8a/out/librealitykit-cdafaf8bc5abda8a.rlib
[INFO] [stdout]           
[INFO] [stdout]           rust-lld: error: undefined symbol: rk_perspective_camera_new
[INFO] [stdout]           >>> referenced by realitykit.fef0e34a7c7084f0-cgu.0
[INFO] [stdout]           >>>               realitykit-cdafaf8bc5abda8a.realitykit.fef0e34a7c7084f0-cgu.0.rcgu.o:(<realitykit::entity::Entity>::perspective_camera) in archive /opt/rustwide/target/release/build/realitykit/cdafaf8bc5abda8a/out/librealitykit-cdafaf8bc5abda8a.rlib
[INFO] [stdout]           
[INFO] [stdout]           rust-lld: error: undefined symbol: rk_entity_new
[INFO] [stdout]           >>> referenced by realitykit.fef0e34a7c7084f0-cgu.0
[INFO] [stdout]           >>>               realitykit-cdafaf8bc5abda8a.realitykit.fef0e34a7c7084f0-cgu.0.rcgu.o:(<realitykit::entity::Entity>::new) in archive /opt/rustwide/target/release/build/realitykit/cdafaf8bc5abda8a/out/librealitykit-cdafaf8bc5abda8a.rlib
[INFO] [stdout]           
[INFO] [stdout]           rust-lld: error: undefined symbol: rk_model_entity_new
[INFO] [stdout]           >>> referenced by realitykit.fef0e34a7c7084f0-cgu.0
[INFO] [stdout]           >>>               realitykit-cdafaf8bc5abda8a.realitykit.fef0e34a7c7084f0-cgu.0.rcgu.o:(<realitykit::entity::Entity>::model) in archive /opt/rustwide/target/release/build/realitykit/cdafaf8bc5abda8a/out/librealitykit-cdafaf8bc5abda8a.rlib
[INFO] [stdout]           
[INFO] [stdout]           rust-lld: error: undefined symbol: rk_anchor_entity_world
[INFO] [stdout]           >>> referenced by realitykit.fef0e34a7c7084f0-cgu.0
[INFO] [stdout]           >>>               realitykit-cdafaf8bc5abda8a.realitykit.fef0e34a7c7084f0-cgu.0.rcgu.o:(<realitykit::entity::Entity>::anchor) in archive /opt/rustwide/target/release/build/realitykit/cdafaf8bc5abda8a/out/librealitykit-cdafaf8bc5abda8a.rlib
[INFO] [stdout]           
[INFO] [stdout]           rust-lld: error: undefined symbol: rk_entity_child_count
[INFO] [stdout]           >>> referenced by realitykit.fef0e34a7c7084f0-cgu.0
[INFO] [stdout]           >>>               realitykit-cdafaf8bc5abda8a.realitykit.fef0e34a7c7084f0-cgu.0.rcgu.o:(<realitykit::entity::Entity>::child_count) in archive /opt/rustwide/target/release/build/realitykit/cdafaf8bc5abda8a/out/librealitykit-cdafaf8bc5abda8a.rlib
[INFO] [stdout]           
[INFO] [stdout]           rust-lld: error: undefined symbol: rk_entity_remove_child
[INFO] [stdout]           >>> referenced by realitykit.fef0e34a7c7084f0-cgu.0
[INFO] [stdout]           >>>               realitykit-cdafaf8bc5abda8a.realitykit.fef0e34a7c7084f0-cgu.0.rcgu.o:(<realitykit::entity::Entity>::remove_child) in archive /opt/rustwide/target/release/build/realitykit/cdafaf8bc5abda8a/out/librealitykit-cdafaf8bc5abda8a.rlib
[INFO] [stdout]           
[INFO] [stdout]           rust-lld: error: undefined symbol: rk_entity_find_child_named
[INFO] [stdout]           >>> referenced by realitykit.fef0e34a7c7084f0-cgu.0
[INFO] [stdout]           >>>               realitykit-cdafaf8bc5abda8a.realitykit.fef0e34a7c7084f0-cgu.0.rcgu.o:(<realitykit::entity::Entity>::find_child_named) in archive /opt/rustwide/target/release/build/realitykit/cdafaf8bc5abda8a/out/librealitykit-cdafaf8bc5abda8a.rlib
[INFO] [stdout]           
[INFO] [stdout]           rust-lld: error: undefined symbol: rk_entity_set_name
[INFO] [stdout]           >>> referenced by realitykit.fef0e34a7c7084f0-cgu.0
[INFO] [stdout]           >>>               realitykit-cdafaf8bc5abda8a.realitykit.fef0e34a7c7084f0-cgu.0.rcgu.o:(<realitykit::entity::Entity>::set_name) in archive /opt/rustwide/target/release/build/realitykit/cdafaf8bc5abda8a/out/librealitykit-cdafaf8bc5abda8a.rlib
[INFO] [stdout]           
[INFO] [stdout]           rust-lld: error: undefined symbol: rk_entity_add_child
[INFO] [stdout]           >>> referenced by realitykit.fef0e34a7c7084f0-cgu.0
[INFO] [stdout]           >>>               realitykit-cdafaf8bc5abda8a.realitykit.fef0e34a7c7084f0-cgu.0.rcgu.o:(<realitykit::entity::Entity>::add_child) in archive /opt/rustwide/target/release/build/realitykit/cdafaf8bc5abda8a/out/librealitykit-cdafaf8bc5abda8a.rlib
[INFO] [stdout]           
[INFO] [stdout]           rust-lld: error: undefined symbol: rk_entity_set_rotation_quat
[INFO] [stdout]           >>> referenced by realitykit.fef0e34a7c7084f0-cgu.0
[INFO] [stdout]           >>>               realitykit-cdafaf8bc5abda8a.realitykit.fef0e34a7c7084f0-cgu.0.rcgu.o:(<realitykit::entity::Entity>::set_rotation) in archive /opt/rustwide/target/release/build/realitykit/cdafaf8bc5abda8a/out/librealitykit-cdafaf8bc5abda8a.rlib
[INFO] [stdout]           
[INFO] [stdout]           rust-lld: error: undefined symbol: rk_entity_set_uniform_scale
[INFO] [stdout]           >>> referenced by realitykit.fef0e34a7c7084f0-cgu.0
[INFO] [stdout]           >>>               realitykit-cdafaf8bc5abda8a.realitykit.fef0e34a7c7084f0-cgu.0.rcgu.o:(<realitykit::entity::Entity>::set_uniform_scale) in archive /opt/rustwide/target/release/build/realitykit/cdafaf8bc5abda8a/out/librealitykit-cdafaf8bc5abda8a.rlib
[INFO] [stdout]           
[INFO] [stdout]           rust-lld: error: undefined symbol: rk_entity_set_position
[INFO] [stdout]           >>> referenced by realitykit.fef0e34a7c7084f0-cgu.0
[INFO] [stdout]           >>>               realitykit-cdafaf8bc5abda8a.realitykit.fef0e34a7c7084f0-cgu.0.rcgu.o:(<realitykit::entity::Entity>::at) in archive /opt/rustwide/target/release/build/realitykit/cdafaf8bc5abda8a/out/librealitykit-cdafaf8bc5abda8a.rlib
[INFO] [stdout]           
[INFO] [stdout]           rust-lld: error: undefined symbol: rk_entity_get_scale
[INFO] [stdout]           >>> referenced by realitykit.fef0e34a7c7084f0-cgu.0
[INFO] [stdout]           >>>               realitykit-cdafaf8bc5abda8a.realitykit.fef0e34a7c7084f0-cgu.0.rcgu.o:(<realitykit::entity::Entity>::scale) in archive /opt/rustwide/target/release/build/realitykit/cdafaf8bc5abda8a/out/librealitykit-cdafaf8bc5abda8a.rlib
[INFO] [stdout]           
[INFO] [stdout]           rust-lld: error: too many errors emitted, stopping now (use --error-limit=0 to see all errors)
[INFO] [stdout]           collect2: error: ld returned 1 exit status
[INFO] [stdout]           
[INFO] [stdout] 
[INFO] [stdout] 
[INFO] [stderr] error: could not compile `realitykit` (example "scene_builder") due to 1 previous error; 1 warning emitted
[INFO] [stderr] warning: build failed, waiting for other jobs to finish...
[INFO] [stdout] error: linking with `cc` failed: exit status: 1
[INFO] [stdout]   |
[INFO] [stdout]   = note:  "cc" "-m64" "/opt/rustwide/target/release/build/realitykit/d473186c10a099bc/out/rustcwafd9D/symbols.o" "<2 object files omitted>" "-Wl,--as-needed" "-Wl,-Bstatic" "/opt/rustwide/target/release/build/realitykit/cdafaf8bc5abda8a/out/librealitykit-cdafaf8bc5abda8a.rlib" "/opt/rustwide/target/release/build/realitykit-sys/3e8f4615a4e76e61/out/librealitykit_sys-3e8f4615a4e76e61.rlib" "<sysroot>/lib/rustlib/x86_64-unknown-linux-gnu/lib/{libstd-*,libpanic_unwind-*,libobject-*,libmemchr-*,libaddr2line-*,libgimli-*,libcfg_if-*,librustc_demangle-*,libstd_detect-*,libhashbrown-*,librustc_std_workspace_alloc-*,libminiz_oxide-*,libadler2-*,libunwind-*,liblibc-*,librustc_std_workspace_core-*,liballoc-*,libcore-*,libcompiler_builtins-*}.rlib" "-Wl,-Bdynamic" "-lgcc_s" "-lutil" "-lrt" "-lpthread" "-lm" "-ldl" "-lc" "-L" "/opt/rustwide/target/release/build/realitykit/d473186c10a099bc/out/rustcwafd9D/raw-dylibs" "-B<sysroot>/lib/rustlib/x86_64-unknown-linux-gnu/bin/gcc-ld" "-fuse-ld=lld" "-Wl,--eh-frame-hdr" "-Wl,-z,noexecstack" "-L" "<sysroot>/lib/rustlib/x86_64-unknown-linux-gnu/lib" "-o" "/opt/rustwide/target/release/build/realitykit/d473186c10a099bc/out/audio" "-Wl,--gc-sections" "-pie" "-Wl,-z,relro,-z,now" "-Wl,-O1" "-Wl,--strip-debug" "-nodefaultlibs" "-Wl,-rpath,/usr/lib/swift"
[INFO] [stdout]   = note: some arguments are omitted. use `--verbose` to show all linker arguments
[INFO] [stdout]   = note: rust-lld: error: undefined symbol: rk_entity_new
[INFO] [stdout]           >>> referenced by realitykit.fef0e34a7c7084f0-cgu.0
[INFO] [stdout]           >>>               realitykit-cdafaf8bc5abda8a.realitykit.fef0e34a7c7084f0-cgu.0.rcgu.o:(<realitykit::entity::Entity>::new) in archive /opt/rustwide/target/release/build/realitykit/cdafaf8bc5abda8a/out/librealitykit-cdafaf8bc5abda8a.rlib
[INFO] [stdout]           
[INFO] [stdout]           rust-lld: error: undefined symbol: rk_entity_set_position
[INFO] [stdout]           >>> referenced by realitykit.fef0e34a7c7084f0-cgu.0
[INFO] [stdout]           >>>               realitykit-cdafaf8bc5abda8a.realitykit.fef0e34a7c7084f0-cgu.0.rcgu.o:(<realitykit::entity::Entity>::at) in archive /opt/rustwide/target/release/build/realitykit/cdafaf8bc5abda8a/out/librealitykit-cdafaf8bc5abda8a.rlib
[INFO] [stdout]           
[INFO] [stdout]           rust-lld: error: undefined symbol: rk_entity_play_audio
[INFO] [stdout]           >>> referenced by realitykit.fef0e34a7c7084f0-cgu.0
[INFO] [stdout]           >>>               realitykit-cdafaf8bc5abda8a.realitykit.fef0e34a7c7084f0-cgu.0.rcgu.o:(<realitykit::entity::Entity>::play_audio) in archive /opt/rustwide/target/release/build/realitykit/cdafaf8bc5abda8a/out/librealitykit-cdafaf8bc5abda8a.rlib
[INFO] [stdout]           
[INFO] [stdout]           rust-lld: error: undefined symbol: rk_entity_set_ambient_audio
[INFO] [stdout]           >>> referenced by realitykit.fef0e34a7c7084f0-cgu.0
[INFO] [stdout]           >>>               realitykit-cdafaf8bc5abda8a.realitykit.fef0e34a7c7084f0-cgu.0.rcgu.o:(<realitykit::entity::Entity>::set_ambient_audio) in archive /opt/rustwide/target/release/build/realitykit/cdafaf8bc5abda8a/out/librealitykit-cdafaf8bc5abda8a.rlib
[INFO] [stdout]           
[INFO] [stdout]           rust-lld: error: undefined symbol: rk_entity_set_spatial_audio
[INFO] [stdout]           >>> referenced by realitykit.fef0e34a7c7084f0-cgu.0
[INFO] [stdout]           >>>               realitykit-cdafaf8bc5abda8a.realitykit.fef0e34a7c7084f0-cgu.0.rcgu.o:(<realitykit::entity::Entity>::set_spatial_audio) in archive /opt/rustwide/target/release/build/realitykit/cdafaf8bc5abda8a/out/librealitykit-cdafaf8bc5abda8a.rlib
[INFO] [stdout]           
[INFO] [stdout]           rust-lld: error: undefined symbol: rk_release
[INFO] [stdout]           >>> referenced by realitykit.fef0e34a7c7084f0-cgu.0
[INFO] [stdout]           >>>               realitykit-cdafaf8bc5abda8a.realitykit.fef0e34a7c7084f0-cgu.0.rcgu.o:(<realitykit::animation::AnimationController as core::ops::drop::Drop>::drop) in archive /opt/rustwide/target/release/build/realitykit/cdafaf8bc5abda8a/out/librealitykit-cdafaf8bc5abda8a.rlib
[INFO] [stdout]           >>> referenced by realitykit.fef0e34a7c7084f0-cgu.1
[INFO] [stdout]           >>>               realitykit-cdafaf8bc5abda8a.realitykit.fef0e34a7c7084f0-cgu.1.rcgu.o:(<realitykit::mesh::MeshResource as core::ops::drop::Drop>::drop) in archive /opt/rustwide/target/release/build/realitykit/cdafaf8bc5abda8a/out/librealitykit-cdafaf8bc5abda8a.rlib
[INFO] [stdout]           
[INFO] [stdout]           rust-lld: error: undefined symbol: rk_audio_resource_load
[INFO] [stdout]           >>> referenced by realitykit.fef0e34a7c7084f0-cgu.1
[INFO] [stdout]           >>>               realitykit-cdafaf8bc5abda8a.realitykit.fef0e34a7c7084f0-cgu.1.rcgu.o:(<realitykit::audio::AudioResource>::load) in archive /opt/rustwide/target/release/build/realitykit/cdafaf8bc5abda8a/out/librealitykit-cdafaf8bc5abda8a.rlib
[INFO] [stdout]           
[INFO] [stdout]           rust-lld: error: undefined symbol: rk_audio_controller_is_playing
[INFO] [stdout]           >>> referenced by realitykit.fef0e34a7c7084f0-cgu.1
[INFO] [stdout]           >>>               realitykit-cdafaf8bc5abda8a.realitykit.fef0e34a7c7084f0-cgu.1.rcgu.o:(<realitykit::audio::AudioController>::is_playing) in archive /opt/rustwide/target/release/build/realitykit/cdafaf8bc5abda8a/out/librealitykit-cdafaf8bc5abda8a.rlib
[INFO] [stdout]           
[INFO] [stdout]           rust-lld: error: undefined symbol: rk_audio_controller_get_gain
[INFO] [stdout]           >>> referenced by realitykit.fef0e34a7c7084f0-cgu.1
[INFO] [stdout]           >>>               realitykit-cdafaf8bc5abda8a.realitykit.fef0e34a7c7084f0-cgu.1.rcgu.o:(<realitykit::audio::AudioController>::gain) in archive /opt/rustwide/target/release/build/realitykit/cdafaf8bc5abda8a/out/librealitykit-cdafaf8bc5abda8a.rlib
[INFO] [stdout]           
[INFO] [stdout]           rust-lld: error: undefined symbol: rk_audio_controller_pause
[INFO] [stdout]           >>> referenced by realitykit.fef0e34a7c7084f0-cgu.1
[INFO] [stdout]           >>>               realitykit-cdafaf8bc5abda8a.realitykit.fef0e34a7c7084f0-cgu.1.rcgu.o:(<realitykit::audio::AudioController>::pause) in archive /opt/rustwide/target/release/build/realitykit/cdafaf8bc5abda8a/out/librealitykit-cdafaf8bc5abda8a.rlib
[INFO] [stdout]           
[INFO] [stdout]           rust-lld: error: undefined symbol: rk_audio_controller_get_speed
[INFO] [stdout]           >>> referenced by realitykit.fef0e34a7c7084f0-cgu.1
[INFO] [stdout]           >>>               realitykit-cdafaf8bc5abda8a.realitykit.fef0e34a7c7084f0-cgu.1.rcgu.o:(<realitykit::audio::AudioController>::speed) in archive /opt/rustwide/target/release/build/realitykit/cdafaf8bc5abda8a/out/librealitykit-cdafaf8bc5abda8a.rlib
[INFO] [stdout]           
[INFO] [stdout]           rust-lld: error: undefined symbol: rk_audio_controller_resume
[INFO] [stdout]           >>> referenced by realitykit.fef0e34a7c7084f0-cgu.1
[INFO] [stdout]           >>>               realitykit-cdafaf8bc5abda8a.realitykit.fef0e34a7c7084f0-cgu.1.rcgu.o:(<realitykit::audio::AudioController>::resume) in archive /opt/rustwide/target/release/build/realitykit/cdafaf8bc5abda8a/out/librealitykit-cdafaf8bc5abda8a.rlib
[INFO] [stdout]           
[INFO] [stdout]           rust-lld: error: undefined symbol: rk_audio_controller_set_gain
[INFO] [stdout]           >>> referenced by realitykit.fef0e34a7c7084f0-cgu.1
[INFO] [stdout]           >>>               realitykit-cdafaf8bc5abda8a.realitykit.fef0e34a7c7084f0-cgu.1.rcgu.o:(<realitykit::audio::AudioController>::set_gain) in archive /opt/rustwide/target/release/build/realitykit/cdafaf8bc5abda8a/out/librealitykit-cdafaf8bc5abda8a.rlib
[INFO] [stdout]           
[INFO] [stdout]           rust-lld: error: undefined symbol: rk_audio_controller_set_speed
[INFO] [stdout]           >>> referenced by realitykit.fef0e34a7c7084f0-cgu.1
[INFO] [stdout]           >>>               realitykit-cdafaf8bc5abda8a.realitykit.fef0e34a7c7084f0-cgu.1.rcgu.o:(<realitykit::audio::AudioController>::set_speed) in archive /opt/rustwide/target/release/build/realitykit/cdafaf8bc5abda8a/out/librealitykit-cdafaf8bc5abda8a.rlib
[INFO] [stdout]           collect2: error: ld returned 1 exit status
[INFO] [stdout]           
[INFO] [stdout] 
[INFO] [stdout] 
[INFO] [stderr] error: could not compile `realitykit` (example "audio") due to 1 previous error
[INFO] [stdout] error: linking with `cc` failed: exit status: 1
[INFO] [stdout]   |
[INFO] [stdout]   = note:  "cc" "-m64" "/opt/rustwide/target/release/build/realitykit/d855ff9a6aa8f76a/out/rustccjDyRd/symbols.o" "<2 object files omitted>" "-Wl,--as-needed" "-Wl,-Bstatic" "/opt/rustwide/target/release/build/realitykit/cdafaf8bc5abda8a/out/librealitykit-cdafaf8bc5abda8a.rlib" "/opt/rustwide/target/release/build/realitykit-sys/3e8f4615a4e76e61/out/librealitykit_sys-3e8f4615a4e76e61.rlib" "<sysroot>/lib/rustlib/x86_64-unknown-linux-gnu/lib/{libstd-*,libpanic_unwind-*,libobject-*,libmemchr-*,libaddr2line-*,libgimli-*,libcfg_if-*,librustc_demangle-*,libstd_detect-*,libhashbrown-*,librustc_std_workspace_alloc-*,libminiz_oxide-*,libadler2-*,libunwind-*,liblibc-*,librustc_std_workspace_core-*,liballoc-*,libcore-*,libcompiler_builtins-*}.rlib" "-Wl,-Bdynamic" "-lgcc_s" "-lutil" "-lrt" "-lpthread" "-lm" "-ldl" "-lc" "-L" "/opt/rustwide/target/release/build/realitykit/d855ff9a6aa8f76a/out/rustccjDyRd/raw-dylibs" "-B<sysroot>/lib/rustlib/x86_64-unknown-linux-gnu/bin/gcc-ld" "-fuse-ld=lld" "-Wl,--eh-frame-hdr" "-Wl,-z,noexecstack" "-L" "<sysroot>/lib/rustlib/x86_64-unknown-linux-gnu/lib" "-o" "/opt/rustwide/target/release/build/realitykit/d855ff9a6aa8f76a/out/physics" "-Wl,--gc-sections" "-pie" "-Wl,-z,relro,-z,now" "-Wl,-O1" "-Wl,--strip-debug" "-nodefaultlibs" "-Wl,-rpath,/usr/lib/swift"
[INFO] [stdout]   = note: some arguments are omitted. use `--verbose` to show all linker arguments
[INFO] [stdout]   = note: rust-lld: error: undefined symbol: rk_model_entity_new
[INFO] [stdout]           >>> referenced by realitykit.fef0e34a7c7084f0-cgu.0
[INFO] [stdout]           >>>               realitykit-cdafaf8bc5abda8a.realitykit.fef0e34a7c7084f0-cgu.0.rcgu.o:(<realitykit::entity::Entity>::model) in archive /opt/rustwide/target/release/build/realitykit/cdafaf8bc5abda8a/out/librealitykit-cdafaf8bc5abda8a.rlib
[INFO] [stdout]           
[INFO] [stdout]           rust-lld: error: undefined symbol: rk_anchor_entity_world
[INFO] [stdout]           >>> referenced by realitykit.fef0e34a7c7084f0-cgu.0
[INFO] [stdout]           >>>               realitykit-cdafaf8bc5abda8a.realitykit.fef0e34a7c7084f0-cgu.0.rcgu.o:(<realitykit::entity::Entity>::anchor) in archive /opt/rustwide/target/release/build/realitykit/cdafaf8bc5abda8a/out/librealitykit-cdafaf8bc5abda8a.rlib
[INFO] [stdout]           
[INFO] [stdout]           rust-lld: error: undefined symbol: rk_entity_add_child
[INFO] [stdout]           >>> referenced by realitykit.fef0e34a7c7084f0-cgu.0
[INFO] [stdout]           >>>               realitykit-cdafaf8bc5abda8a.realitykit.fef0e34a7c7084f0-cgu.0.rcgu.o:(<realitykit::entity::Entity>::add_child) in archive /opt/rustwide/target/release/build/realitykit/cdafaf8bc5abda8a/out/librealitykit-cdafaf8bc5abda8a.rlib
[INFO] [stdout]           
[INFO] [stdout]           rust-lld: error: undefined symbol: rk_entity_set_position
[INFO] [stdout]           >>> referenced by realitykit.fef0e34a7c7084f0-cgu.0
[INFO] [stdout]           >>>               realitykit-cdafaf8bc5abda8a.realitykit.fef0e34a7c7084f0-cgu.0.rcgu.o:(<realitykit::entity::Entity>::at) in archive /opt/rustwide/target/release/build/realitykit/cdafaf8bc5abda8a/out/librealitykit-cdafaf8bc5abda8a.rlib
[INFO] [stdout]           
[INFO] [stdout]           rust-lld: error: undefined symbol: rk_entity_get_position
[INFO] [stdout]           >>> referenced by realitykit.fef0e34a7c7084f0-cgu.0
[INFO] [stdout]           >>>               realitykit-cdafaf8bc5abda8a.realitykit.fef0e34a7c7084f0-cgu.0.rcgu.o:(<realitykit::entity::Entity>::position) in archive /opt/rustwide/target/release/build/realitykit/cdafaf8bc5abda8a/out/librealitykit-cdafaf8bc5abda8a.rlib
[INFO] [stdout]           
[INFO] [stdout]           rust-lld: error: undefined symbol: rk_entity_get_linear_velocity
[INFO] [stdout]           >>> referenced by realitykit.fef0e34a7c7084f0-cgu.0
[INFO] [stdout]           >>>               realitykit-cdafaf8bc5abda8a.realitykit.fef0e34a7c7084f0-cgu.0.rcgu.o:(<realitykit::entity::Entity>::linear_velocity) in archive /opt/rustwide/target/release/build/realitykit/cdafaf8bc5abda8a/out/librealitykit-cdafaf8bc5abda8a.rlib
[INFO] [stdout]           
[INFO] [stdout]           rust-lld: error: undefined symbol: rk_entity_set_physics_body
[INFO] [stdout]           >>> referenced by realitykit.fef0e34a7c7084f0-cgu.0
[INFO] [stdout]           >>>               realitykit-cdafaf8bc5abda8a.realitykit.fef0e34a7c7084f0-cgu.0.rcgu.o:(<realitykit::entity::Entity>::set_physics_body) in archive /opt/rustwide/target/release/build/realitykit/cdafaf8bc5abda8a/out/librealitykit-cdafaf8bc5abda8a.rlib
[INFO] [stdout]           
[INFO] [stdout]           rust-lld: error: undefined symbol: rk_entity_set_collision_box
[INFO] [stdout]           >>> referenced by realitykit.fef0e34a7c7084f0-cgu.0
[INFO] [stdout]           >>>               realitykit-cdafaf8bc5abda8a.realitykit.fef0e34a7c7084f0-cgu.0.rcgu.o:(<realitykit::entity::Entity>::set_collision_box) in archive /opt/rustwide/target/release/build/realitykit/cdafaf8bc5abda8a/out/librealitykit-cdafaf8bc5abda8a.rlib
[INFO] [stdout]           
[INFO] [stdout]           rust-lld: error: undefined symbol: rk_entity_set_linear_velocity
[INFO] [stdout]           >>> referenced by realitykit.fef0e34a7c7084f0-cgu.0
[INFO] [stdout]           >>>               realitykit-cdafaf8bc5abda8a.realitykit.fef0e34a7c7084f0-cgu.0.rcgu.o:(<realitykit::entity::Entity>::set_linear_velocity) in archive /opt/rustwide/target/release/build/realitykit/cdafaf8bc5abda8a/out/librealitykit-cdafaf8bc5abda8a.rlib
[INFO] [stdout]           
[INFO] [stdout]           rust-lld: error: undefined symbol: rk_entity_apply_linear_impulse
[INFO] [stdout]           >>> referenced by realitykit.fef0e34a7c7084f0-cgu.0
[INFO] [stdout]           >>>               realitykit-cdafaf8bc5abda8a.realitykit.fef0e34a7c7084f0-cgu.0.rcgu.o:(<realitykit::entity::Entity>::apply_linear_impulse) in archive /opt/rustwide/target/release/build/realitykit/cdafaf8bc5abda8a/out/librealitykit-cdafaf8bc5abda8a.rlib
[INFO] [stdout]           
[INFO] [stdout]           rust-lld: error: undefined symbol: rk_entity_set_collision_sphere
[INFO] [stdout]           >>> referenced by realitykit.fef0e34a7c7084f0-cgu.0
[INFO] [stdout]           >>>               realitykit-cdafaf8bc5abda8a.realitykit.fef0e34a7c7084f0-cgu.0.rcgu.o:(<realitykit::entity::Entity>::set_collision_sphere) in archive /opt/rustwide/target/release/build/realitykit/cdafaf8bc5abda8a/out/librealitykit-cdafaf8bc5abda8a.rlib
[INFO] [stdout]           
[INFO] [stdout]           rust-lld: error: undefined symbol: rk_entity_set_physics_simulation
[INFO] [stdout]           >>> referenced by realitykit.fef0e34a7c7084f0-cgu.0
[INFO] [stdout]           >>>               realitykit-cdafaf8bc5abda8a.realitykit.fef0e34a7c7084f0-cgu.0.rcgu.o:(<realitykit::entity::Entity>::set_physics_simulation) in archive /opt/rustwide/target/release/build/realitykit/cdafaf8bc5abda8a/out/librealitykit-cdafaf8bc5abda8a.rlib
[INFO] [stdout]           
[INFO] [stdout]           rust-lld: error: undefined symbol: rk_release
[INFO] [stdout]           >>> referenced by realitykit.fef0e34a7c7084f0-cgu.0
[INFO] [stdout]           >>>               realitykit-cdafaf8bc5abda8a.realitykit.fef0e34a7c7084f0-cgu.0.rcgu.o:(<realitykit::animation::AnimationController as core::ops::drop::Drop>::drop) in archive /opt/rustwide/target/release/build/realitykit/cdafaf8bc5abda8a/out/librealitykit-cdafaf8bc5abda8a.rlib
[INFO] [stdout]           >>> referenced by realitykit.fef0e34a7c7084f0-cgu.1
[INFO] [stdout]           >>>               realitykit-cdafaf8bc5abda8a.realitykit.fef0e34a7c7084f0-cgu.1.rcgu.o:(<realitykit::material::MaterialBuilder>::build) in archive /opt/rustwide/target/release/build/realitykit/cdafaf8bc5abda8a/out/librealitykit-cdafaf8bc5abda8a.rlib
[INFO] [stdout]           >>> referenced by realitykit.fef0e34a7c7084f0-cgu.1
[INFO] [stdout]           >>>               realitykit-cdafaf8bc5abda8a.realitykit.fef0e34a7c7084f0-cgu.1.rcgu.o:(<realitykit::mesh::MeshResource as core::ops::drop::Drop>::drop) in archive /opt/rustwide/target/release/build/realitykit/cdafaf8bc5abda8a/out/librealitykit-cdafaf8bc5abda8a.rlib
[INFO] [stdout]           
[INFO] [stdout]           rust-lld: error: undefined symbol: rk_mesh_box
[INFO] [stdout]           >>> referenced by realitykit.fef0e34a7c7084f0-cgu.1
[INFO] [stdout]           >>>               realitykit-cdafaf8bc5abda8a.realitykit.fef0e34a7c7084f0-cgu.1.rcgu.o:(<realitykit::mesh::MeshResource>::cube) in archive /opt/rustwide/target/release/build/realitykit/cdafaf8bc5abda8a/out/librealitykit-cdafaf8bc5abda8a.rlib
[INFO] [stdout]           
[INFO] [stdout]           rust-lld: error: undefined symbol: rk_mesh_plane
[INFO] [stdout]           >>> referenced by realitykit.fef0e34a7c7084f0-cgu.1
[INFO] [stdout]           >>>               realitykit-cdafaf8bc5abda8a.realitykit.fef0e34a7c7084f0-cgu.1.rcgu.o:(<realitykit::mesh::MeshResource>::plane) in archive /opt/rustwide/target/release/build/realitykit/cdafaf8bc5abda8a/out/librealitykit-cdafaf8bc5abda8a.rlib
[INFO] [stdout]           
[INFO] [stdout]           rust-lld: error: undefined symbol: rk_mesh_sphere
[INFO] [stdout]           >>> referenced by realitykit.fef0e34a7c7084f0-cgu.1
[INFO] [stdout]           >>>               realitykit-cdafaf8bc5abda8a.realitykit.fef0e34a7c7084f0-cgu.1.rcgu.o:(<realitykit::mesh::MeshResource>::sphere) in archive /opt/rustwide/target/release/build/realitykit/cdafaf8bc5abda8a/out/librealitykit-cdafaf8bc5abda8a.rlib
[INFO] [stdout]           
[INFO] [stdout]           rust-lld: error: undefined symbol: rk_material_pbr_new
[INFO] [stdout]           >>> referenced by realitykit.fef0e34a7c7084f0-cgu.1
[INFO] [stdout]           >>>               realitykit-cdafaf8bc5abda8a.realitykit.fef0e34a7c7084f0-cgu.1.rcgu.o:(<realitykit::material::Material>::pbr) in archive /opt/rustwide/target/release/build/realitykit/cdafaf8bc5abda8a/out/librealitykit-cdafaf8bc5abda8a.rlib
[INFO] [stdout]           
[INFO] [stdout]           rust-lld: error: undefined symbol: rk_material_simple
[INFO] [stdout]           >>> referenced by realitykit.fef0e34a7c7084f0-cgu.1
[INFO] [stdout]           >>>               realitykit-cdafaf8bc5abda8a.realitykit.fef0e34a7c7084f0-cgu.1.rcgu.o:(<realitykit::material::Material>::simple) in archive /opt/rustwide/target/release/build/realitykit/cdafaf8bc5abda8a/out/librealitykit-cdafaf8bc5abda8a.rlib
[INFO] [stdout]           
[INFO] [stdout]           rust-lld: error: undefined symbol: rk_material_pbr_set_base_color
[INFO] [stdout]           >>> referenced by realitykit.fef0e34a7c7084f0-cgu.1
[INFO] [stdout]           >>>               realitykit-cdafaf8bc5abda8a.realitykit.fef0e34a7c7084f0-cgu.1.rcgu.o:(<realitykit::material::MaterialBuilder>::base_color) in archive /opt/rustwide/target/release/build/realitykit/cdafaf8bc5abda8a/out/librealitykit-cdafaf8bc5abda8a.rlib
[INFO] [stdout]           
[INFO] [stdout]           rust-lld: error: undefined symbol: rk_retain
[INFO] [stdout]           >>> referenced by realitykit.fef0e34a7c7084f0-cgu.1
[INFO] [stdout]           >>>               realitykit-cdafaf8bc5abda8a.realitykit.fef0e34a7c7084f0-cgu.1.rcgu.o:(<realitykit::material::MaterialBuilder>::build) in archive /opt/rustwide/target/release/build/realitykit/cdafaf8bc5abda8a/out/librealitykit-cdafaf8bc5abda8a.rlib
[INFO] [stdout]           
[INFO] [stdout]           rust-lld: error: too many errors emitted, stopping now (use --error-limit=0 to see all errors)
[INFO] [stdout]           collect2: error: ld returned 1 exit status
[INFO] [stdout]           
[INFO] [stdout] 
[INFO] [stdout] 
[INFO] [stderr] error: could not compile `realitykit` (example "physics") due to 1 previous error
[INFO] running `Command { std: "docker" "inspect" "3f361c1f179bfeaddada405c0c5a7510aeba006efde881247f13dd64fecb9ad7", kill_on_drop: false }`
[INFO] running `Command { std: "docker" "rm" "-f" "3f361c1f179bfeaddada405c0c5a7510aeba006efde881247f13dd64fecb9ad7", kill_on_drop: false }`
[INFO] [stdout] 3f361c1f179bfeaddada405c0c5a7510aeba006efde881247f13dd64fecb9ad7
