[INFO] fetching crate rcss-macro 0.2.0...
[INFO] testing rcss-macro-0.2.0 against 1.99.0-beta.8+cargoflags=--release for beta-release-1.100-2
[INFO] extracting crate rcss-macro 0.2.0 into /workspace/builds/worker-2-tc1/source
[INFO] started tweaking crates.io crate rcss-macro 0.2.0
[INFO] finished tweaking crates.io crate rcss-macro 0.2.0
[INFO] tweaked toml for crates.io crate rcss-macro 0.2.0 written to /workspace/builds/worker-2-tc1/source/Cargo.toml
[INFO] validating manifest of crates.io crate rcss-macro 0.2.0 on toolchain 1.99.0-beta.8
[INFO] running `Command { std: CARGO_HOME="/workspace/cargo-home" RUSTUP_HOME="/workspace/rustup-home" "/workspace/cargo-home/bin/cargo" "+1.99.0-beta.8" "metadata" "--manifest-path" "Cargo.toml" "--no-deps", kill_on_drop: false }`
[INFO] running `Command { std: CARGO_HOME="/workspace/cargo-home" RUSTUP_HOME="/workspace/rustup-home" "/workspace/cargo-home/bin/cargo" "+1.99.0-beta.8" "generate-lockfile" "--manifest-path" "Cargo.toml", kill_on_drop: false }`
[INFO] [stderr]     Updating crates.io index
[INFO] [stderr]      Locking 144 packages to highest compatible versions
[INFO] [stderr]       Adding syn v2.0.119 (available: v3.0.9)
[INFO] [stderr]       Adding thiserror v1.0.69 (available: v2.0.21)
[INFO] [stderr]       Adding toml v0.8.23 (available: v1.1.8+spec-1.1.0)
[INFO] running `Command { std: CARGO_HOME="/workspace/cargo-home" RUSTUP_HOME="/workspace/rustup-home" "/workspace/cargo-home/bin/cargo" "+1.99.0-beta.8" "fetch" "--manifest-path" "Cargo.toml", kill_on_drop: false }`
[INFO] [stderr]  Downloading crates ...
[INFO] [stderr]   Downloaded rcss-core v0.2.0
[INFO] [stderr]   Downloaded static-self v0.1.2
[INFO] [stderr]   Downloaded static-self-derive v0.1.1
[INFO] [stderr]   Downloaded parcel_selectors v0.26.6
[INFO] [stderr]   Downloaded outref v0.1.0
[INFO] [stderr]   Downloaded parcel_sourcemap v2.1.1
[INFO] [stderr]   Downloaded rcss-bundler v0.2.0
[INFO] [stderr]   Downloaded simd-abstraction v0.7.1
[INFO] [stderr]   Downloaded cssparser-color v0.5.0
[INFO] [stderr]   Downloaded base64-simd v0.7.0
[INFO] [stderr]   Downloaded vlq v0.5.1
[INFO] [stderr]   Downloaded parcel_selectors v0.28.3
[INFO] [stderr]   Downloaded serde-content v0.1.2
[INFO] [stderr]   Downloaded lightningcss v1.0.0-alpha.72
[INFO] running `Command { std: "docker" "create" "-v" "/var/lib/crater-agent-workspace/builds/worker-2-tc1/source:/opt/rustwide/workdir:ro,Z" "-v" "/var/lib/crater-agent-workspace/builds/worker-2-tc1/target:/opt/rustwide/target:rw,Z" "-v" "/var/lib/crater-agent-workspace/cargo-home:/opt/rustwide/cargo-home:ro,Z" "-v" "/var/lib/crater-agent-workspace/rustup-home:/opt/rustwide/rustup-home:ro,Z" "-m" "1610612736" "--network" "none" "ghcr.io/rust-lang/crates-build-env/linux@sha256:77db811e55d90add9212f6832c23229e3de5f1c1f9905e8cb07319ea15df73ac" "sleep" "infinity", kill_on_drop: false }`
[INFO] [stdout] 43fa3e42846a8968f16af038a1c6852f0a1fe119c7ce3b8e9b7e0360dfcca213
[INFO] running `Command { std: "docker" "start" "43fa3e42846a8968f16af038a1c6852f0a1fe119c7ce3b8e9b7e0360dfcca213", kill_on_drop: false }`
[INFO] running `Command { std: "docker" "inspect" "43fa3e42846a8968f16af038a1c6852f0a1fe119c7ce3b8e9b7e0360dfcca213", kill_on_drop: false }`
[INFO] running `Command { std: "docker" "exec" "-e" "SOURCE_DIR=/opt/rustwide/workdir" "-e" "CARGO_HOME=/opt/rustwide/cargo-home" "-e" "RUSTUP_HOME=/opt/rustwide/rustup-home" "-e" "CARGO_TARGET_DIR=/opt/rustwide/target" "-w" "/opt/rustwide/workdir" "--user" "0:0" "43fa3e42846a8968f16af038a1c6852f0a1fe119c7ce3b8e9b7e0360dfcca213" "/opt/rustwide/cargo-home/bin/cargo" "+1.99.0-beta.8" "metadata" "--no-deps" "--format-version=1", kill_on_drop: false }`
[INFO] running `Command { std: "docker" "inspect" "43fa3e42846a8968f16af038a1c6852f0a1fe119c7ce3b8e9b7e0360dfcca213", kill_on_drop: false }`
[INFO] running `Command { std: "docker" "exec" "-e" "SOURCE_DIR=/opt/rustwide/workdir" "-e" "CARGO_HOME=/opt/rustwide/cargo-home" "-e" "RUSTUP_HOME=/opt/rustwide/rustup-home" "-e" "CARGO_TARGET_DIR=/opt/rustwide/target" "-e" "CARGO_INCREMENTAL=0" "-e" "RUST_BACKTRACE=full" "-e" "RUSTFLAGS=--cap-lints=warn" "-e" "RUSTDOCFLAGS=--cap-lints=warn" "-w" "/opt/rustwide/workdir" "--user" "0:0" "43fa3e42846a8968f16af038a1c6852f0a1fe119c7ce3b8e9b7e0360dfcca213" "/opt/rustwide/cargo-home/bin/cargo" "+1.99.0-beta.8" "build" "--frozen" "--message-format=json" "--release", kill_on_drop: false }`
[INFO] [stderr]    Compiling getrandom v0.2.17
[INFO] [stderr]    Compiling syn v2.0.119
[INFO] [stderr]    Compiling syn v3.0.9
[INFO] [stderr]    Compiling smallvec v1.16.3
[INFO] [stderr]    Compiling dtoa v1.0.11
[INFO] [stderr]    Compiling fastrand v2.5.0
[INFO] [stderr]    Compiling zerocopy v0.8.63
[INFO] [stderr]    Compiling serde_core v1.0.229
[INFO] [stderr]    Compiling phf_shared v0.13.1
[INFO] [stderr]    Compiling crossbeam-utils v0.8.23
[INFO] [stderr]    Compiling crossbeam-epoch v0.9.21
[INFO] [stderr]    Compiling syn v1.0.109
[INFO] [stderr]    Compiling ahash v0.7.8
[INFO] [stderr]    Compiling crossbeam-deque v0.8.8
[INFO] [stderr]    Compiling serde v1.0.229
[INFO] [stderr]    Compiling rkyv v0.7.46
[INFO] [stderr]    Compiling outref v0.1.0
[INFO] [stderr]    Compiling serde_json v1.0.154
[INFO] [stderr]    Compiling getrandom v0.3.4
[INFO] [stderr]    Compiling rayon-core v1.13.0
[INFO] [stderr]    Compiling parking_lot_core v0.9.12
[INFO] [stderr]    Compiling simd-abstraction v0.7.1
[INFO] [stderr]    Compiling precomputed-hash v0.1.1
[INFO] [stderr]    Compiling either v1.19.0
[INFO] [stderr]    Compiling dtoa-short v0.3.5
[INFO] [stderr]    Compiling matches v0.1.10
[INFO] [stderr]    Compiling rand_core v0.6.4
[INFO] [stderr]    Compiling log v0.4.34
[INFO] [stderr]    Compiling scopeguard v1.2.0
[INFO] [stderr]    Compiling seahash v4.1.0
[INFO] [stderr]    Compiling lock_api v0.4.14
[INFO] [stderr]    Compiling base64-simd v0.7.0
[INFO] [stderr]    Compiling convert_case v0.6.0
[INFO] [stderr]    Compiling phf_generator v0.13.1
[INFO] [stderr]    Compiling data-url v0.1.1
[INFO] [stderr]    Compiling ahash v0.8.12
[INFO] [stderr]    Compiling byteorder v1.5.0
[INFO] [stderr]    Compiling hashbrown v0.12.3
[INFO] [stderr]    Compiling hashbrown v0.14.5
[INFO] [stderr]    Compiling vlq v0.5.1
[INFO] [stderr]    Compiling thiserror v1.0.69
[INFO] [stderr]    Compiling itertools v0.10.5
[INFO] [stderr]    Compiling phf v0.10.1
[INFO] [stderr]    Compiling pathdiff v0.2.3
[INFO] [stderr]    Compiling const-str v1.1.0
[INFO] [stderr]    Compiling data-encoding v2.11.1
[INFO] [stderr]    Compiling Inflector v0.11.4
[INFO] [stderr]    Compiling fxhash v0.2.1
[INFO] [stderr]    Compiling dashmap v5.5.3
[INFO] [stderr]    Compiling rayon v1.12.0
[INFO] [stderr]    Compiling indexmap v2.14.2
[INFO] [stderr]    Compiling cssparser-macros v0.7.1
[INFO] [stderr]    Compiling serde_derive v1.0.229
[INFO] [stderr]    Compiling ptr_meta_derive v0.1.4
[INFO] [stderr]    Compiling static-self-derive v0.1.1
[INFO] [stderr]    Compiling rkyv_derive v0.7.46
[INFO] [stderr]    Compiling lightningcss-derive v1.0.0-alpha.43
[INFO] [stderr]    Compiling ptr_meta v0.1.4
[INFO] [stderr]    Compiling ppv-lite86 v0.2.21
[INFO] [stderr]    Compiling static-self v0.1.2
[INFO] [stderr]    Compiling phf_macros v0.13.1
[INFO] [stderr]    Compiling cssparser-macros v0.6.1
[INFO] [stderr]    Compiling thiserror-impl v1.0.69
[INFO] [stderr]    Compiling rand_chacha v0.3.1
[INFO] [stderr]    Compiling rand v0.8.8
[INFO] [stderr]    Compiling phf v0.13.1
[INFO] [stderr]    Compiling cssparser v0.37.0
[INFO] [stderr]    Compiling phf_generator v0.11.3
[INFO] [stderr]    Compiling phf_generator v0.10.0
[INFO] [stderr]    Compiling phf_codegen v0.11.3
[INFO] [stderr]    Compiling phf_codegen v0.10.0
[INFO] [stderr]    Compiling phf_macros v0.11.3
[INFO] [stderr]    Compiling parcel_selectors v0.26.6
[INFO] [stderr]    Compiling parcel_selectors v0.28.3
[INFO] [stderr]    Compiling phf v0.11.3
[INFO] [stderr]    Compiling cssparser v0.33.0
[INFO] [stderr]    Compiling cssparser-color v0.5.0
[INFO] [stderr]    Compiling serde-content v0.1.2
[INFO] [stderr]    Compiling parcel_sourcemap v2.1.1
[INFO] [stderr]    Compiling lightningcss v1.0.0-alpha.72
[INFO] [stderr]    Compiling rcss-core v0.2.0
[INFO] [stdout] error[E0107]: struct takes 1 lifetime argument but 2 lifetime arguments were supplied
[INFO] [stdout]   --> /opt/rustwide/cargo-home/registry/src/index.crates.io-1949cf8c6b5b557f/rcss-core-0.2.0/src/lib.rs:24:38
[INFO] [stdout]    |
[INFO] [stdout] 24 |     style: lightningcss::stylesheet::StyleSheet<'i, 'i, RcssAtRuleConfig>,
[INFO] [stdout]    |                                      ^^^^^^^^^^   ---- help: remove the lifetime argument
[INFO] [stdout]    |                                      |
[INFO] [stdout]    |                                      expected 1 lifetime argument
[INFO] [stdout]    |
[INFO] [stdout] note: struct defined here, with 1 lifetime parameter: `'i`
[INFO] [stdout]   --> /opt/rustwide/cargo-home/registry/src/index.crates.io-1949cf8c6b5b557f/lightningcss-1.0.0-alpha.72/src/stylesheet.rs:74:12
[INFO] [stdout]    |
[INFO] [stdout] 74 | pub struct StyleSheet<'i, T = DefaultAtRule> {
[INFO] [stdout]    |            ^^^^^^^^^^ --
[INFO] [stdout] 
[INFO] [stdout] 
[INFO] [stdout] error[E0107]: struct takes 1 lifetime argument but 2 lifetime arguments were supplied
[INFO] [stdout]   --> /opt/rustwide/cargo-home/registry/src/index.crates.io-1949cf8c6b5b557f/rcss-core-0.2.0/src/rcss_at_rule.rs:76:46
[INFO] [stdout]    |
[INFO] [stdout] 76 |         _options: &lightningcss::stylesheet::ParserOptions<'_, 'i>,
[INFO] [stdout]    |                                              ^^^^^^^^^^^^^   ---- help: remove the lifetime argument
[INFO] [stdout]    |                                              |
[INFO] [stdout]    |                                              expected 1 lifetime argument
[INFO] [stdout]    |
[INFO] [stdout] note: struct defined here, with 1 lifetime parameter: `'i`
[INFO] [stdout]   --> /opt/rustwide/cargo-home/registry/src/index.crates.io-1949cf8c6b5b557f/lightningcss-1.0.0-alpha.72/src/parser.rs:66:12
[INFO] [stdout]    |
[INFO] [stdout] 66 | pub struct ParserOptions<'i> {
[INFO] [stdout]    |            ^^^^^^^^^^^^^ --
[INFO] [stdout] 
[INFO] [stdout] 
[INFO] [stdout] error[E0053]: method `parse_prelude` has an incompatible type for trait
[INFO] [stdout]   --> /opt/rustwide/cargo-home/registry/src/index.crates.io-1949cf8c6b5b557f/rcss-core-0.2.0/src/rcss_at_rule.rs:74:15
[INFO] [stdout]    |
[INFO] [stdout] 74 |         name: cssparser::CowRcStr<'i>,
[INFO] [stdout]    |               ^^^^^^^^^^^^^^^^^^^^^^^ expected `cssparser::cow_rc_str::CowRcStr<'i>`, found `CowRcStr<'i>`
[INFO] [stdout]    |
[INFO] [stdout]    = note: expected signature `fn(&mut RcssAtRuleParser, cssparser::cow_rc_str::CowRcStr<'i>, &mut cssparser::parser::Parser<'i, 't>, &ParserOptions<'i>) -> Result<_, cssparser::parser::ParseError<'i, AtRuleError>>`
[INFO] [stdout]               found signature `fn(&mut RcssAtRuleParser, CowRcStr<'i>, &mut cssparser::Parser<'i, '_>, &ParserOptions<'_>) -> Result<_, ParseError<'i, AtRuleError>>`
[INFO] [stdout] help: change the parameter type to match the trait
[INFO] [stdout]    |
[INFO] [stdout] 74 |         name: cssparser::cow_rc_str::CowRcStr<'i>,
[INFO] [stdout]    |                          ++++++++++++
[INFO] [stdout] 
[INFO] [stdout] 
[INFO] [stdout] error[E0107]: struct takes 1 lifetime argument but 2 lifetime arguments were supplied
[INFO] [stdout]    --> /opt/rustwide/cargo-home/registry/src/index.crates.io-1949cf8c6b5b557f/rcss-core-0.2.0/src/rcss_at_rule.rs:104:46
[INFO] [stdout]     |
[INFO] [stdout] 104 |         _options: &lightningcss::stylesheet::ParserOptions<'_, 'i>,
[INFO] [stdout]     |                                              ^^^^^^^^^^^^^   ---- help: remove the lifetime argument
[INFO] [stdout]     |                                              |
[INFO] [stdout]     |                                              expected 1 lifetime argument
[INFO] [stdout]     |
[INFO] [stdout] note: struct defined here, with 1 lifetime parameter: `'i`
[INFO] [stdout]    --> /opt/rustwide/cargo-home/registry/src/index.crates.io-1949cf8c6b5b557f/lightningcss-1.0.0-alpha.72/src/parser.rs:66:12
[INFO] [stdout]     |
[INFO] [stdout]  66 | pub struct ParserOptions<'i> {
[INFO] [stdout]     |            ^^^^^^^^^^^^^ --
[INFO] [stdout] 
[INFO] [stdout] 
[INFO] [stdout] error[E0053]: method `parse_block` has an incompatible type for trait
[INFO] [stdout]    --> /opt/rustwide/cargo-home/registry/src/index.crates.io-1949cf8c6b5b557f/rcss-core-0.2.0/src/rcss_at_rule.rs:102:17
[INFO] [stdout]     |
[INFO] [stdout] 102 |         _start: &cssparser::ParserState,
[INFO] [stdout]     |                 ^^^^^^^^^^^^^^^^^^^^^^^ expected `cssparser::parser::ParserState`, found `ParserState`
[INFO] [stdout]     |
[INFO] [stdout]     = note: expected signature `fn(&mut RcssAtRuleParser, RcssAtRuleConfig, &cssparser::parser::ParserState, &mut cssparser::parser::Parser<'i, 't>, &ParserOptions<'i>, _) -> Result<_, cssparser::parser::ParseError<'i, AtRuleError>>`
[INFO] [stdout]                found signature `fn(&mut RcssAtRuleParser, RcssAtRuleConfig, &ParserState, &mut cssparser::Parser<'i, '_>, &ParserOptions<'_>, _) -> Result<_, ParseError<'i, AtRuleError>>`
[INFO] [stdout] help: change the parameter type to match the trait
[INFO] [stdout]     |
[INFO] [stdout] 102 |         _start: &cssparser::parser::ParserState,
[INFO] [stdout]     |                             ++++++++
[INFO] [stdout] 
[INFO] [stdout] 
[INFO] [stdout] error[E0107]: struct takes 1 lifetime argument but 2 lifetime arguments were supplied
[INFO] [stdout]    --> /opt/rustwide/cargo-home/registry/src/index.crates.io-1949cf8c6b5b557f/rcss-core-0.2.0/src/rcss_at_rule.rs:114:46
[INFO] [stdout]     |
[INFO] [stdout] 114 |         _options: &lightningcss::stylesheet::ParserOptions<'_, 'i>,
[INFO] [stdout]     |                                              ^^^^^^^^^^^^^   ---- help: remove the lifetime argument
[INFO] [stdout]     |                                              |
[INFO] [stdout]     |                                              expected 1 lifetime argument
[INFO] [stdout]     |
[INFO] [stdout] note: struct defined here, with 1 lifetime parameter: `'i`
[INFO] [stdout]    --> /opt/rustwide/cargo-home/registry/src/index.crates.io-1949cf8c6b5b557f/lightningcss-1.0.0-alpha.72/src/parser.rs:66:12
[INFO] [stdout]     |
[INFO] [stdout]  66 | pub struct ParserOptions<'i> {
[INFO] [stdout]     |            ^^^^^^^^^^^^^ --
[INFO] [stdout] 
[INFO] [stdout] 
[INFO] [stdout] error[E0053]: method `rule_without_block` has an incompatible type for trait
[INFO] [stdout]    --> /opt/rustwide/cargo-home/registry/src/index.crates.io-1949cf8c6b5b557f/rcss-core-0.2.0/src/rcss_at_rule.rs:113:17
[INFO] [stdout]     |
[INFO] [stdout] 113 |         _start: &cssparser::ParserState,
[INFO] [stdout]     |                 ^^^^^^^^^^^^^^^^^^^^^^^ expected `cssparser::parser::ParserState`, found `ParserState`
[INFO] [stdout]     |
[INFO] [stdout]     = note: expected signature `fn(&mut RcssAtRuleParser, RcssAtRuleConfig, &cssparser::parser::ParserState, &ParserOptions<'i>, _) -> Result<_, _>`
[INFO] [stdout]                found signature `fn(&mut RcssAtRuleParser, RcssAtRuleConfig, &ParserState, &ParserOptions<'_>, _) -> Result<_, _>`
[INFO] [stdout] help: change the parameter type to match the trait
[INFO] [stdout]     |
[INFO] [stdout] 113 |         _start: &cssparser::parser::ParserState,
[INFO] [stdout]     |                             ++++++++
[INFO] [stdout] 
[INFO] [stdout] 
[INFO] [stdout] Some errors have detailed explanations: E0053, E0107.
[INFO] [stdout] 
[INFO] [stdout] For more information about an error, try `rustc --explain E0053`.
[INFO] [stdout] 
[INFO] [stderr] error: could not compile `rcss-core` (lib) due to 7 previous errors
[INFO] [stderr] warning: build failed, waiting for other jobs to finish...
[INFO] running `Command { std: "docker" "inspect" "43fa3e42846a8968f16af038a1c6852f0a1fe119c7ce3b8e9b7e0360dfcca213", kill_on_drop: false }`
[INFO] running `Command { std: "docker" "rm" "-f" "43fa3e42846a8968f16af038a1c6852f0a1fe119c7ce3b8e9b7e0360dfcca213", kill_on_drop: false }`
[INFO] [stdout] 43fa3e42846a8968f16af038a1c6852f0a1fe119c7ce3b8e9b7e0360dfcca213
