[INFO] fetching crate rc-x509-trust 0.2.1...
[INFO] testing rc-x509-trust-0.2.1 against 1.99.0-beta.8+cargoflags=--release for beta-release-1.100-2
[INFO] extracting crate rc-x509-trust 0.2.1 into /workspace/builds/worker-6-tc1/source
[INFO] started tweaking crates.io crate rc-x509-trust 0.2.1
[INFO] finished tweaking crates.io crate rc-x509-trust 0.2.1
[INFO] tweaked toml for crates.io crate rc-x509-trust 0.2.1 written to /workspace/builds/worker-6-tc1/source/Cargo.toml
[INFO] validating manifest of crates.io crate rc-x509-trust 0.2.1 on toolchain 1.99.0-beta.8
[INFO] running `Command { std: CARGO_HOME="/workspace/cargo-home" RUSTUP_HOME="/workspace/rustup-home" "/workspace/cargo-home/bin/cargo" "+1.99.0-beta.8" "metadata" "--manifest-path" "Cargo.toml" "--no-deps", kill_on_drop: false }`
[INFO] crate crates.io crate rc-x509-trust 0.2.1 already has a lockfile, it will not be regenerated
[INFO] running `Command { std: CARGO_HOME="/workspace/cargo-home" RUSTUP_HOME="/workspace/rustup-home" "/workspace/cargo-home/bin/cargo" "+1.99.0-beta.8" "fetch" "--manifest-path" "Cargo.toml", kill_on_drop: false }`
[INFO] [stderr]     Updating crates.io index
[INFO] [stderr]     Blocking waiting for file lock on package cache
[INFO] [stderr]  Downloading crates ...
[INFO] [stderr]   Downloaded rc-x509-test-helpers v0.1.1
[INFO] [stderr]   Downloaded cc v1.6.0
[INFO] [stderr]   Downloaded valuable-derive v0.1.1
[INFO] [stderr]   Downloaded rc-x509-roots v1.0.0
[INFO] [stderr]   Downloaded rc-crypto v0.1.7
[INFO] [stderr]   Downloaded smallvec v1.16.2
[INFO] [stderr]   Downloaded assert_matches v1.5.0
[INFO] [stderr]   Downloaded derive_arbitrary v1.4.2
[INFO] [stderr]   Downloaded zerocopy-derive v0.8.59
[INFO] [stderr]   Downloaded zerocopy v0.8.59
[INFO] [stderr]   Downloaded tokio v1.53.2
[INFO] [stderr]   Downloaded aws-lc-fips-sys v0.14.2
[INFO] running `Command { std: "docker" "create" "-v" "/var/lib/crater-agent-workspace/builds/worker-6-tc1/source:/opt/rustwide/workdir:ro,Z" "-v" "/var/lib/crater-agent-workspace/builds/worker-6-tc1/target:/opt/rustwide/target:rw,Z" "-v" "/var/lib/crater-agent-workspace/cargo-home:/opt/rustwide/cargo-home:ro,Z" "-v" "/var/lib/crater-agent-workspace/rustup-home:/opt/rustwide/rustup-home:ro,Z" "-m" "1610612736" "--network" "none" "ghcr.io/rust-lang/crates-build-env/linux@sha256:77db811e55d90add9212f6832c23229e3de5f1c1f9905e8cb07319ea15df73ac" "sleep" "infinity", kill_on_drop: false }`
[INFO] [stdout] ffe3766d5fe5d84ba37c9d447e9bfb0a439e3a49f99d34dc6819ceeb0015ac98
[INFO] running `Command { std: "docker" "start" "ffe3766d5fe5d84ba37c9d447e9bfb0a439e3a49f99d34dc6819ceeb0015ac98", kill_on_drop: false }`
[INFO] running `Command { std: "docker" "inspect" "ffe3766d5fe5d84ba37c9d447e9bfb0a439e3a49f99d34dc6819ceeb0015ac98", kill_on_drop: false }`
[INFO] running `Command { std: "docker" "exec" "-e" "SOURCE_DIR=/opt/rustwide/workdir" "-e" "CARGO_HOME=/opt/rustwide/cargo-home" "-e" "RUSTUP_HOME=/opt/rustwide/rustup-home" "-e" "CARGO_TARGET_DIR=/opt/rustwide/target" "-w" "/opt/rustwide/workdir" "--user" "0:0" "ffe3766d5fe5d84ba37c9d447e9bfb0a439e3a49f99d34dc6819ceeb0015ac98" "/opt/rustwide/cargo-home/bin/cargo" "+1.99.0-beta.8" "metadata" "--no-deps" "--format-version=1", kill_on_drop: false }`
[INFO] running `Command { std: "docker" "inspect" "ffe3766d5fe5d84ba37c9d447e9bfb0a439e3a49f99d34dc6819ceeb0015ac98", kill_on_drop: false }`
[INFO] running `Command { std: "docker" "exec" "-e" "SOURCE_DIR=/opt/rustwide/workdir" "-e" "CARGO_HOME=/opt/rustwide/cargo-home" "-e" "RUSTUP_HOME=/opt/rustwide/rustup-home" "-e" "CARGO_TARGET_DIR=/opt/rustwide/target" "-e" "CARGO_INCREMENTAL=0" "-e" "RUST_BACKTRACE=full" "-e" "RUSTFLAGS=--cap-lints=warn" "-e" "RUSTDOCFLAGS=--cap-lints=warn" "-w" "/opt/rustwide/workdir" "--user" "0:0" "ffe3766d5fe5d84ba37c9d447e9bfb0a439e3a49f99d34dc6819ceeb0015ac98" "/opt/rustwide/cargo-home/bin/cargo" "+1.99.0-beta.8" "build" "--frozen" "--message-format=json" "--release", kill_on_drop: false }`
[INFO] [stderr]    Compiling unicode-ident v1.0.26
[INFO] [stderr]    Compiling libc v0.2.190
[INFO] [stderr]    Compiling glob v0.3.4
[INFO] [stderr]    Compiling prettyplease v0.2.37
[INFO] [stderr]    Compiling regex-syntax v0.8.11
[INFO] [stderr]    Compiling cfg-if v1.0.5
[INFO] [stderr]    Compiling aho-corasick v1.1.5
[INFO] [stderr]    Compiling bindgen v0.72.1
[INFO] [stderr]    Compiling either v1.18.0
[INFO] [stderr]    Compiling bitflags v2.13.2
[INFO] [stderr]    Compiling rustc-hash v2.1.3
[INFO] [stderr]    Compiling nom v7.1.3
[INFO] [stderr]    Compiling time-core v0.1.9
[INFO] [stderr]    Compiling num-conv v0.2.2
[INFO] [stderr]    Compiling powerfmt v0.2.1
[INFO] [stderr]    Compiling thiserror v2.0.21
[INFO] [stderr]    Compiling libloading v0.8.9
[INFO] [stderr]    Compiling oid-registry v0.8.1
[INFO] [stderr]    Compiling proc-macro2 v1.0.107
[INFO] [stderr]    Compiling aws-lc-rs v1.18.1
[INFO] [stderr]    Compiling num-bigint v0.4.8
[INFO] [stderr]    Compiling data-encoding v2.11.1
[INFO] [stderr]    Compiling base64 v0.23.1
[INFO] [stderr]    Compiling lazy_static v1.5.1
[INFO] [stderr]    Compiling valuable v0.1.1
[INFO] [stderr]    Compiling itertools v0.13.0
[INFO] [stderr]    Compiling tokio v1.53.2
[INFO] [stderr]    Compiling rustls-pki-types v1.15.1
[INFO] [stderr]    Compiling jiff-core v0.1.1
[INFO] [stderr]    Compiling uuid v1.27.0
[INFO] [stderr]    Compiling clang-sys v1.9.1
[INFO] [stderr]    Compiling time-macros v0.2.32
[INFO] [stderr]    Compiling smallvec v1.16.2
[INFO] [stderr]    Compiling tracing-core v0.1.36
[INFO] [stderr]    Compiling quote v1.0.47
[INFO] [stderr]    Compiling pem v4.0.0
[INFO] [stderr]    Compiling syn v2.0.119
[INFO] [stderr]    Compiling syn v3.0.6
[INFO] [stderr]    Compiling time v0.3.55
[INFO] [stderr]    Compiling jobserver v0.1.35
[INFO] [stderr]    Compiling tokio-util v0.7.19
[INFO] [stderr]    Compiling jiff v0.2.37
[INFO] [stderr]    Compiling cc v1.6.0
[INFO] [stderr]    Compiling regex-automata v0.4.18
[INFO] [stderr]    Compiling cexpr v0.6.0
[INFO] [stderr]    Compiling thiserror-impl v2.0.21
[INFO] [stderr]    Compiling displaydoc v0.2.7
[INFO] [stderr]    Compiling cmake v0.1.58
[INFO] [stderr]    Compiling aws-lc-sys v0.45.0
[INFO] [stderr]    Compiling regex v1.13.1
[INFO] [stderr]    Compiling yasna v0.6.0
[INFO] [stderr]    Compiling synstructure v0.13.2
[INFO] [stderr]    Compiling asn1-rs-derive v0.6.0
[INFO] [stderr]    Compiling asn1-rs-impl v0.2.0
[INFO] [stderr]    Compiling valuable-derive v0.1.1
[INFO] [stderr]    Compiling tracing-attributes v0.1.31
[INFO] [stderr]    Compiling asn1-rs v0.7.2
[INFO] [stderr]    Compiling tracing v0.1.44
[INFO] [stderr]    Compiling der-parser v10.0.0
[INFO] [stderr]    Compiling aws-lc-fips-sys v0.14.2
[INFO] [stderr]    Compiling x509-parser v0.18.1
[INFO] [stderr]    Compiling rcgen v0.14.10
[INFO] [stderr]    Compiling rc-crypto v0.1.7
[INFO] [stderr]    Compiling rc-x509-roots v1.0.0
[INFO] [stderr]    Compiling rc-x509-trust v0.2.1 (/opt/rustwide/workdir)
[INFO] [stdout] error[E0277]: the trait bound `valuable::Value<'_>: tracing::Value` is not satisfied
[INFO] [stdout]    --> src/chain/build_unverified.rs:109:13
[INFO] [stdout]     |
[INFO] [stdout] 109 | /             error!(
[INFO] [stdout] 110 | |                 cert = cert.as_value(),
[INFO] [stdout] 111 | |                 chain_len = %chain.len(),
[INFO] [stdout] 112 | |                 "rejecting excessively long chain for untrusted cert"
[INFO] [stdout] 113 | |             );
[INFO] [stdout]     | |_____________^ the trait `tracing::Value` is not implemented for `valuable::Value<'_>`
[INFO] [stdout]     |
[INFO] [stdout]     = help: the following other types implement trait `tracing::Value`:
[INFO] [stdout]               &'a T
[INFO] [stdout]               &'a mut T
[INFO] [stdout]               (dyn std::error::Error + 'static)
[INFO] [stdout]               (dyn std::error::Error + Send + 'static)
[INFO] [stdout]               (dyn std::error::Error + Send + Sync + 'static)
[INFO] [stdout]               (dyn std::error::Error + Sync + 'static)
[INFO] [stdout]               Arguments<'_>
[INFO] [stdout]               Box<T>
[INFO] [stdout]             and 35 others
[INFO] [stdout]     = note: required for the cast from `&valuable::Value<'_>` to `&dyn tracing::Value`
[INFO] [stdout]     = note: this error originates in the macro `$crate::valueset_all` which comes from the expansion of the macro `error` (in Nightly builds, run with -Z macro-backtrace for more info)
[INFO] [stdout] 
[INFO] [stdout] 
[INFO] [stdout] error[E0277]: the trait bound `valuable::Value<'_>: tracing::Value` is not satisfied
[INFO] [stdout]    --> src/chain/build_unverified.rs:119:17
[INFO] [stdout]     |
[INFO] [stdout] 119 | /                 debug!(
[INFO] [stdout] 120 | |                     issuer = v.as_value(),
[INFO] [stdout] 121 | |                     for_cert_id = next_cert_id.as_value(),
[INFO] [stdout] 122 | |                     "found issuer cert in local cache"
[INFO] [stdout] 123 | |                 );
[INFO] [stdout]     | |_________________^ the trait `tracing::Value` is not implemented for `valuable::Value<'_>`
[INFO] [stdout]     |
[INFO] [stdout]     = help: the following other types implement trait `tracing::Value`:
[INFO] [stdout]               &'a T
[INFO] [stdout]               &'a mut T
[INFO] [stdout]               (dyn std::error::Error + 'static)
[INFO] [stdout]               (dyn std::error::Error + Send + 'static)
[INFO] [stdout]               (dyn std::error::Error + Send + Sync + 'static)
[INFO] [stdout]               (dyn std::error::Error + Sync + 'static)
[INFO] [stdout]               Arguments<'_>
[INFO] [stdout]               Box<T>
[INFO] [stdout]             and 35 others
[INFO] [stdout]     = note: required for the cast from `&valuable::Value<'_>` to `&dyn tracing::Value`
[INFO] [stdout]     = note: this error originates in the macro `$crate::valueset_all` which comes from the expansion of the macro `debug` (in Nightly builds, run with -Z macro-backtrace for more info)
[INFO] [stdout] 
[INFO] [stdout] 
[INFO] [stdout] error[E0277]: the trait bound `valuable::Value<'_>: tracing::Value` is not satisfied
[INFO] [stdout]    --> src/chain/build_unverified.rs:119:17
[INFO] [stdout]     |
[INFO] [stdout] 119 | /                 debug!(
[INFO] [stdout] 120 | |                     issuer = v.as_value(),
[INFO] [stdout] 121 | |                     for_cert_id = next_cert_id.as_value(),
[INFO] [stdout] 122 | |                     "found issuer cert in local cache"
[INFO] [stdout] 123 | |                 );
[INFO] [stdout]     | |_________________^ the trait `tracing::Value` is not implemented for `valuable::Value<'_>`
[INFO] [stdout]     |
[INFO] [stdout]     = help: the following other types implement trait `tracing::Value`:
[INFO] [stdout]               &'a T
[INFO] [stdout]               &'a mut T
[INFO] [stdout]               (dyn std::error::Error + 'static)
[INFO] [stdout]               (dyn std::error::Error + Send + 'static)
[INFO] [stdout]               (dyn std::error::Error + Send + Sync + 'static)
[INFO] [stdout]               (dyn std::error::Error + Sync + 'static)
[INFO] [stdout]               Arguments<'_>
[INFO] [stdout]               Box<T>
[INFO] [stdout]             and 35 others
[INFO] [stdout]     = note: required for the cast from `&valuable::Value<'_>` to `&dyn tracing::Value`
[INFO] [stdout]     = note: this error originates in the macro `$crate::valueset_all` which comes from the expansion of the macro `debug` (in Nightly builds, run with -Z macro-backtrace for more info)
[INFO] [stdout] 
[INFO] [stdout] 
[INFO] [stdout] error[E0277]: the trait bound `valuable::Value<'_>: tracing::Value` is not satisfied
[INFO] [stdout]    --> src/chain/build_unverified.rs:127:17
[INFO] [stdout]     |
[INFO] [stdout] 127 | /                 warn!(
[INFO] [stdout] 128 | |                     for_cert_id = next_cert_id.as_value(),
[INFO] [stdout] 129 | |                     "no issuer cert in local cache"
[INFO] [stdout] 130 | |                 );
[INFO] [stdout]     | |_________________^ the trait `tracing::Value` is not implemented for `valuable::Value<'_>`
[INFO] [stdout]     |
[INFO] [stdout]     = help: the following other types implement trait `tracing::Value`:
[INFO] [stdout]               &'a T
[INFO] [stdout]               &'a mut T
[INFO] [stdout]               (dyn std::error::Error + 'static)
[INFO] [stdout]               (dyn std::error::Error + Send + 'static)
[INFO] [stdout]               (dyn std::error::Error + Send + Sync + 'static)
[INFO] [stdout]               (dyn std::error::Error + Sync + 'static)
[INFO] [stdout]               Arguments<'_>
[INFO] [stdout]               Box<T>
[INFO] [stdout]             and 35 others
[INFO] [stdout]     = note: required for the cast from `&valuable::Value<'_>` to `&dyn tracing::Value`
[INFO] [stdout]     = note: this error originates in the macro `$crate::valueset_all` which comes from the expansion of the macro `warn` (in Nightly builds, run with -Z macro-backtrace for more info)
[INFO] [stdout] 
[INFO] [stdout] 
[INFO] [stdout] For more information about this error, try `rustc --explain E0277`.
[INFO] [stdout] 
[INFO] [stderr] error: could not compile `rc-x509-trust` (lib) due to 4 previous errors
[INFO] [stderr] warning: build failed, waiting for other jobs to finish...
[INFO] running `Command { std: "docker" "inspect" "ffe3766d5fe5d84ba37c9d447e9bfb0a439e3a49f99d34dc6819ceeb0015ac98", kill_on_drop: false }`
[INFO] running `Command { std: "docker" "rm" "-f" "ffe3766d5fe5d84ba37c9d447e9bfb0a439e3a49f99d34dc6819ceeb0015ac98", kill_on_drop: false }`
[INFO] [stdout] ffe3766d5fe5d84ba37c9d447e9bfb0a439e3a49f99d34dc6819ceeb0015ac98
