[INFO] fetching crate razorback 0.1.0...
[INFO] testing razorback-0.1.0 against 1.100.0-beta.1+cargoflags=--release for beta-release-1.100-2
[INFO] extracting crate razorback 0.1.0 into /workspace/builds/worker-2-tc2/source
[INFO] removed /workspace/builds/worker-2-tc2/source/.cargo/config.toml
[INFO] removed /workspace/builds/worker-2-tc2/source/rust-toolchain
[INFO] started tweaking crates.io crate razorback 0.1.0
[INFO] finished tweaking crates.io crate razorback 0.1.0
[INFO] tweaked toml for crates.io crate razorback 0.1.0 written to /workspace/builds/worker-2-tc2/source/Cargo.toml
[INFO] validating manifest of crates.io crate razorback 0.1.0 on toolchain 1.100.0-beta.1
[INFO] running `Command { std: CARGO_HOME="/workspace/cargo-home" RUSTUP_HOME="/workspace/rustup-home" "/workspace/cargo-home/bin/cargo" "+1.100.0-beta.1" "metadata" "--manifest-path" "Cargo.toml" "--no-deps", kill_on_drop: false }`
[INFO] crate crates.io crate razorback 0.1.0 already has a lockfile, it will not be regenerated
[INFO] running `Command { std: CARGO_HOME="/workspace/cargo-home" RUSTUP_HOME="/workspace/rustup-home" "/workspace/cargo-home/bin/cargo" "+1.100.0-beta.1" "fetch" "--manifest-path" "Cargo.toml", kill_on_drop: false }`
[INFO] running `Command { std: "docker" "create" "-v" "/var/lib/crater-agent-workspace/builds/worker-2-tc2/source:/opt/rustwide/workdir:ro,Z" "-v" "/var/lib/crater-agent-workspace/builds/worker-2-tc2/target:/opt/rustwide/target:rw,Z" "-v" "/var/lib/crater-agent-workspace/cargo-home:/opt/rustwide/cargo-home:ro,Z" "-v" "/var/lib/crater-agent-workspace/rustup-home:/opt/rustwide/rustup-home:ro,Z" "-m" "1610612736" "--network" "none" "ghcr.io/rust-lang/crates-build-env/linux@sha256:77db811e55d90add9212f6832c23229e3de5f1c1f9905e8cb07319ea15df73ac" "sleep" "infinity", kill_on_drop: false }`
[INFO] [stdout] aacac928b6c10f3d48cbb3f3780b96ee108bb5fbdf665cfae2095d832eed7166
[INFO] running `Command { std: "docker" "start" "aacac928b6c10f3d48cbb3f3780b96ee108bb5fbdf665cfae2095d832eed7166", kill_on_drop: false }`
[INFO] running `Command { std: "docker" "inspect" "aacac928b6c10f3d48cbb3f3780b96ee108bb5fbdf665cfae2095d832eed7166", kill_on_drop: false }`
[INFO] running `Command { std: "docker" "exec" "-e" "SOURCE_DIR=/opt/rustwide/workdir" "-e" "CARGO_HOME=/opt/rustwide/cargo-home" "-e" "RUSTUP_HOME=/opt/rustwide/rustup-home" "-e" "CARGO_TARGET_DIR=/opt/rustwide/target" "-w" "/opt/rustwide/workdir" "--user" "0:0" "aacac928b6c10f3d48cbb3f3780b96ee108bb5fbdf665cfae2095d832eed7166" "/opt/rustwide/cargo-home/bin/cargo" "+1.100.0-beta.1" "metadata" "--no-deps" "--format-version=1", kill_on_drop: false }`
[INFO] running `Command { std: "docker" "inspect" "aacac928b6c10f3d48cbb3f3780b96ee108bb5fbdf665cfae2095d832eed7166", kill_on_drop: false }`
[INFO] running `Command { std: "docker" "exec" "-e" "SOURCE_DIR=/opt/rustwide/workdir" "-e" "CARGO_HOME=/opt/rustwide/cargo-home" "-e" "RUSTUP_HOME=/opt/rustwide/rustup-home" "-e" "CARGO_TARGET_DIR=/opt/rustwide/target" "-e" "CARGO_INCREMENTAL=0" "-e" "RUST_BACKTRACE=full" "-e" "RUSTFLAGS=--cap-lints=warn" "-e" "RUSTDOCFLAGS=--cap-lints=warn" "-w" "/opt/rustwide/workdir" "--user" "0:0" "aacac928b6c10f3d48cbb3f3780b96ee108bb5fbdf665cfae2095d832eed7166" "/opt/rustwide/cargo-home/bin/cargo" "+1.100.0-beta.1" "build" "--frozen" "--message-format=json" "--release", kill_on_drop: false }`
[INFO] [stderr]    Compiling num-traits v0.2.14
[INFO] [stderr]    Compiling num-integer v0.1.44
[INFO] [stderr]    Compiling cortex-m v0.7.2
[INFO] [stderr]    Compiling syn v1.0.72
[INFO] [stderr]    Compiling nb v1.0.0
[INFO] [stderr]    Compiling num-rational v0.3.2
[INFO] [stderr]    Compiling num-iter v0.1.42
[INFO] [stderr]    Compiling volatile-register v0.2.0
[INFO] [stderr]    Compiling proc-macro-error-attr v1.0.4
[INFO] [stderr]    Compiling indexmap v1.6.2
[INFO] [stderr]    Compiling proc-macro-error v1.0.4
[INFO] [stderr]    Compiling hashbrown v0.9.1
[INFO] [stderr]    Compiling generic-array v0.13.3
[INFO] [stderr]    Compiling generic-array v0.12.4
[INFO] [stderr]    Compiling cast v0.2.6
[INFO] [stderr]    Compiling cortex-m-semihosting v0.3.7
[INFO] [stderr]    Compiling nb v0.1.3
[INFO] [stderr]    Compiling cortex-m-rt v0.6.14
[INFO] [stderr]    Compiling stm32f4 v0.13.0
[INFO] [stderr]    Compiling embedded-hal v0.2.5
[INFO] [stderr]    Compiling heapless v0.6.1
[INFO] [stderr]    Compiling hash32 v0.1.1
[INFO] [stderr]    Compiling cortex-m-rtic v0.6.0-alpha.4
[INFO] [stderr]    Compiling bare-metal v1.0.0
[INFO] [stderr]    Compiling r0 v0.2.2
[INFO] [stderr]    Compiling embedded-dma v0.1.2
[INFO] [stderr]    Compiling rtic-core v0.3.1
[INFO] [stderr]    Compiling rand_core v0.6.2
[INFO] [stderr]    Compiling as-slice v0.1.5
[INFO] [stderr]    Compiling panic-semihosting v0.5.6
[INFO] [stderr]    Compiling num-complex v0.3.1
[INFO] [stderr]    Compiling chrono v0.4.19
[INFO] [stderr]    Compiling num v0.3.1
[INFO] [stderr]    Compiling embedded-time v0.11.0
[INFO] [stderr]    Compiling rtcc v0.2.1
[INFO] [stderr]    Compiling rtic-monotonic v0.1.0-alpha.1
[INFO] [stderr]    Compiling rtic-syntax v0.5.0-alpha.3
[INFO] [stderr]    Compiling cortex-m-rt-macros v0.1.8
[INFO] [stderr]    Compiling cortex-m-rtic-macros v0.6.0-alpha.4
[INFO] [stderr]    Compiling stm32f4xx-hal v0.9.0
[INFO] [stderr]    Compiling razorback v0.1.0 (/opt/rustwide/workdir)
[INFO] [stdout] error: linking with `cc` failed: exit status: 1
[INFO] [stdout]   |
[INFO] [stdout]   = note:  "cc" "-m64" "/opt/rustwide/target/release/build/razorback/5f6bf26f57ff1218/out/rustceZ7S15/symbols.o" "<2 object files omitted>" "-Wl,--as-needed" "-Wl,-Bstatic" "/opt/rustwide/target/release/build/stm32f4/e200175ab1ea0f0e/out/libstm32f4-e200175ab1ea0f0e.rlib" "/opt/rustwide/target/release/build/cortex-m-rtic/93bb6c0c31c6223e/out/librtic-93bb6c0c31c6223e.rlib" "/opt/rustwide/target/release/build/heapless/5562497b61b9be4f/out/libheapless-5562497b61b9be4f.rlib" "/opt/rustwide/target/release/build/as-slice/43b02ad5166512b8/out/libas_slice-43b02ad5166512b8.rlib" "/opt/rustwide/target/release/build/stable_deref_trait/a29767d027e9758c/out/libstable_deref_trait-a29767d027e9758c.rlib" "/opt/rustwide/target/release/build/generic-array/c3f9e3666a983441/out/libgeneric_array-c3f9e3666a983441.rlib" "/opt/rustwide/target/release/build/generic-array/a9a7ef318bbe3ee2/out/libgeneric_array-a9a7ef318bbe3ee2.rlib" "/opt/rustwide/target/release/build/hash32/22dd9b0f8f76e513/out/libhash32-22dd9b0f8f76e513.rlib" "/opt/rustwide/target/release/build/byteorder/bf65b6cde3040842/out/libbyteorder-bf65b6cde3040842.rlib" "/opt/rustwide/target/release/build/generic-array/65407da8d0467c5f/out/libgeneric_array-65407da8d0467c5f.rlib" "/opt/rustwide/target/release/build/typenum/6be424be47cd2d98/out/libtypenum-6be424be47cd2d98.rlib" "/opt/rustwide/target/release/build/bare-metal/d27d8c6f1d7f07e8/out/libbare_metal-d27d8c6f1d7f07e8.rlib" "/opt/rustwide/target/release/build/rtic-monotonic/a582e07b1678ea65/out/librtic_monotonic-a582e07b1678ea65.rlib" "/opt/rustwide/target/release/build/embedded-time/4e74e8e6dccd0811/out/libembedded_time-4e74e8e6dccd0811.rlib" "/opt/rustwide/target/release/build/num/f2d8a4291a9fac01/out/libnum-f2d8a4291a9fac01.rlib" "/opt/rustwide/target/release/build/num-iter/48fccac256b1d470/out/libnum_iter-48fccac256b1d470.rlib" "/opt/rustwide/target/release/build/num-rational/008b0586798422eb/out/libnum_rational-008b0586798422eb.rlib" "/opt/rustwide/target/release/build/num-integer/d0084c66d96c8a3d/out/libnum_integer-d0084c66d96c8a3d.rlib" "/opt/rustwide/target/release/build/num-complex/874b5f63ef62add0/out/libnum_complex-874b5f63ef62add0.rlib" "/opt/rustwide/target/release/build/num-traits/b69a4b2d5ffa6aeb/out/libnum_traits-b69a4b2d5ffa6aeb.rlib" "/opt/rustwide/target/release/build/rtic-core/81f607d5df6dad44/out/librtic_core-81f607d5df6dad44.rlib" "/opt/rustwide/target/release/build/cortex-m/f7b4aa8478cf6ec2/out/libcortex_m-f7b4aa8478cf6ec2.rlib" "/opt/rustwide/target/release/build/embedded-hal/b3e7fb14a2b855a6/out/libembedded_hal-b3e7fb14a2b855a6.rlib" "/opt/rustwide/target/release/build/void/58d61b18b44b0b6c/out/libvoid-58d61b18b44b0b6c.rlib" "/opt/rustwide/target/release/build/nb/b475641debbed990/out/libnb-b475641debbed990.rlib" "/opt/rustwide/target/release/build/nb/0ed08ab834253dbb/out/libnb-0ed08ab834253dbb.rlib" "/opt/rustwide/target/release/build/volatile-register/ef78299d01944509/out/libvolatile_register-ef78299d01944509.rlib" "/opt/rustwide/target/release/build/vcell/08d90b29746419e9/out/libvcell-08d90b29746419e9.rlib" "/opt/rustwide/target/release/build/bare-metal/803bef466edead4e/out/libbare_metal-803bef466edead4e.rlib" "/opt/rustwide/target/release/build/panic-semihosting/136becc4ae1a26ab/out/libpanic_semihosting-136becc4ae1a26ab.rlib" "<sysroot>/lib/rustlib/x86_64-unknown-linux-gnu/lib/{libstd-*,libpanic_unwind-*,libobject-*,libmemchr-*,libaddr2line-*,libgimli-*,libcfg_if-*,librustc_demangle-*,libstd_detect-*,libhashbrown-*,librustc_std_workspace_alloc-*,libminiz_oxide-*,libadler2-*,libunwind-*,liblibc-*,librustc_std_workspace_core-*,liballoc-*,libcore-*,libcompiler_builtins-*}.rlib" "-Wl,-Bdynamic" "-lgcc_s" "-lutil" "-lrt" "-lpthread" "-lm" "-ldl" "-lc" "-L" "/opt/rustwide/target/release/build/razorback/5f6bf26f57ff1218/out/rustceZ7S15/raw-dylibs" "-B<sysroot>/lib/rustlib/x86_64-unknown-linux-gnu/bin/gcc-ld" "-fuse-ld=lld" "-Wl,--eh-frame-hdr" "-Wl,-z,noexecstack" "-L" "/opt/rustwide/target/release/build/cortex-m-rt/9d34bbb5a2edf77b/out" "-L" "<sysroot>/lib/rustlib/x86_64-unknown-linux-gnu/lib" "-o" "/opt/rustwide/target/release/build/razorback/5f6bf26f57ff1218/out/razorback" "-Wl,--gc-sections" "-pie" "-Wl,-z,relro,-z,now" "-Wl,-O1" "-Wl,--strip-debug" "-nodefaultlibs"
[INFO] [stdout]   = note: some arguments are omitted. use `--verbose` to show all linker arguments
[INFO] [stdout]   = note: rust-lld: error: undefined symbol: __cpsie
[INFO] [stdout]           >>> referenced by razorback.3bdcd8603ab06892-cgu.0
[INFO] [stdout]           >>>               /opt/rustwide/target/release/build/razorback/5f6bf26f57ff1218/out/razorback.razorback.3bdcd8603ab06892-cgu.0.rcgu.o:(razorback::app::rtic_ext::main::__rtic_init_resources::<razorback::app::rtic_ext::main::{closure#1}>)
[INFO] [stdout]           
[INFO] [stdout]           rust-lld: error: undefined symbol: __cpsid
[INFO] [stdout]           >>> referenced by razorback.3bdcd8603ab06892-cgu.0
[INFO] [stdout]           >>>               /opt/rustwide/target/release/build/razorback/5f6bf26f57ff1218/out/razorback.razorback.3bdcd8603ab06892-cgu.0.rcgu.o:(main)
[INFO] [stdout]           
[INFO] [stdout]           rust-lld: error: undefined symbol: __wfi
[INFO] [stdout]           >>> referenced by razorback.3bdcd8603ab06892-cgu.0
[INFO] [stdout]           >>>               /opt/rustwide/target/release/build/razorback/5f6bf26f57ff1218/out/razorback.razorback.3bdcd8603ab06892-cgu.0.rcgu.o:(main)
[INFO] [stdout]           collect2: error: ld returned 1 exit status
[INFO] [stdout]           
[INFO] [stdout] 
[INFO] [stdout] 
[INFO] [stderr] error: could not compile `razorback` (bin "razorback") due to 1 previous error
[INFO] [stderr] warning: unused dependency `stm32f4xx-hal`
[INFO] [stderr]   --> Cargo.toml:10:15
[INFO] [stderr]    |
[INFO] [stderr] 10 | [dependencies.stm32f4xx-hal]
[INFO] [stderr]    |               ^^^^^^^^^^^^^^
[INFO] [stderr]    |
[INFO] [stderr]    = note: `cargo::unused_dependencies` is set to `warn` by default
[INFO] [stderr] help: consider removing the dependency on `stm32f4xx-hal`
[INFO] [stderr] warning: `razorback` (manifest) generated 1 warning
[INFO] running `Command { std: "docker" "inspect" "aacac928b6c10f3d48cbb3f3780b96ee108bb5fbdf665cfae2095d832eed7166", kill_on_drop: false }`
[INFO] running `Command { std: "docker" "rm" "-f" "aacac928b6c10f3d48cbb3f3780b96ee108bb5fbdf665cfae2095d832eed7166", kill_on_drop: false }`
[INFO] [stdout] aacac928b6c10f3d48cbb3f3780b96ee108bb5fbdf665cfae2095d832eed7166
