[INFO] fetching crate ratatui-interact-fork 0.5.3-fork.1...
[INFO] testing ratatui-interact-fork-0.5.3-fork.1 against 1.99.0-beta.8+cargoflags=--release for beta-release-1.100-2
[INFO] extracting crate ratatui-interact-fork 0.5.3-fork.1 into /workspace/builds/worker-1-tc1/source
[INFO] started tweaking crates.io crate ratatui-interact-fork 0.5.3-fork.1
[INFO] removed 0 missing examples
[INFO] finished tweaking crates.io crate ratatui-interact-fork 0.5.3-fork.1
[INFO] tweaked toml for crates.io crate ratatui-interact-fork 0.5.3-fork.1 written to /workspace/builds/worker-1-tc1/source/Cargo.toml
[INFO] validating manifest of crates.io crate ratatui-interact-fork 0.5.3-fork.1 on toolchain 1.99.0-beta.8
[INFO] running `Command { std: CARGO_HOME="/workspace/cargo-home" RUSTUP_HOME="/workspace/rustup-home" "/workspace/cargo-home/bin/cargo" "+1.99.0-beta.8" "metadata" "--manifest-path" "Cargo.toml" "--no-deps", kill_on_drop: false }`
[INFO] crate crates.io crate ratatui-interact-fork 0.5.3-fork.1 already has a lockfile, it will not be regenerated
[INFO] running `Command { std: CARGO_HOME="/workspace/cargo-home" RUSTUP_HOME="/workspace/rustup-home" "/workspace/cargo-home/bin/cargo" "+1.99.0-beta.8" "fetch" "--manifest-path" "Cargo.toml", kill_on_drop: false }`
[INFO] [stderr]     Updating crates.io index
[INFO] [stderr]  Downloading crates ...
[INFO] [stderr]   Downloaded strict v0.2.0
[INFO] [stderr]   Downloaded crokey-proc_macros v1.4.0
[INFO] [stderr]   Downloaded instability v0.3.10
[INFO] [stderr]   Downloaded minimad v0.14.0
[INFO] [stderr]   Downloaded crokey v1.4.0
[INFO] [stderr]   Downloaded coolor v1.1.0
[INFO] [stderr]   Downloaded ratatui-termion v0.1.0
[INFO] [stderr]   Downloaded termimad v0.34.1
[INFO] running `Command { std: "docker" "create" "-v" "/var/lib/crater-agent-workspace/builds/worker-1-tc1/source:/opt/rustwide/workdir:ro,Z" "-v" "/var/lib/crater-agent-workspace/builds/worker-1-tc1/target:/opt/rustwide/target:rw,Z" "-v" "/var/lib/crater-agent-workspace/cargo-home:/opt/rustwide/cargo-home:ro,Z" "-v" "/var/lib/crater-agent-workspace/rustup-home:/opt/rustwide/rustup-home:ro,Z" "-m" "1610612736" "--network" "none" "ghcr.io/rust-lang/crates-build-env/linux@sha256:77db811e55d90add9212f6832c23229e3de5f1c1f9905e8cb07319ea15df73ac" "sleep" "infinity", kill_on_drop: false }`
[INFO] [stdout] 8c301ea67a4bce1dc7c696045f01f9048b16068de06e75f539bdf1c2ccbc906c
[INFO] running `Command { std: "docker" "start" "8c301ea67a4bce1dc7c696045f01f9048b16068de06e75f539bdf1c2ccbc906c", kill_on_drop: false }`
[INFO] running `Command { std: "docker" "inspect" "8c301ea67a4bce1dc7c696045f01f9048b16068de06e75f539bdf1c2ccbc906c", kill_on_drop: false }`
[INFO] running `Command { std: "docker" "exec" "-e" "SOURCE_DIR=/opt/rustwide/workdir" "-e" "CARGO_HOME=/opt/rustwide/cargo-home" "-e" "RUSTUP_HOME=/opt/rustwide/rustup-home" "-e" "CARGO_TARGET_DIR=/opt/rustwide/target" "-w" "/opt/rustwide/workdir" "--user" "0:0" "8c301ea67a4bce1dc7c696045f01f9048b16068de06e75f539bdf1c2ccbc906c" "/opt/rustwide/cargo-home/bin/cargo" "+1.99.0-beta.8" "metadata" "--no-deps" "--format-version=1", kill_on_drop: false }`
[INFO] running `Command { std: "docker" "inspect" "8c301ea67a4bce1dc7c696045f01f9048b16068de06e75f539bdf1c2ccbc906c", kill_on_drop: false }`
[INFO] running `Command { std: "docker" "exec" "-e" "SOURCE_DIR=/opt/rustwide/workdir" "-e" "CARGO_HOME=/opt/rustwide/cargo-home" "-e" "RUSTUP_HOME=/opt/rustwide/rustup-home" "-e" "CARGO_TARGET_DIR=/opt/rustwide/target" "-e" "CARGO_INCREMENTAL=0" "-e" "RUST_BACKTRACE=full" "-e" "RUSTFLAGS=--cap-lints=warn" "-e" "RUSTDOCFLAGS=--cap-lints=warn" "-w" "/opt/rustwide/workdir" "--user" "0:0" "8c301ea67a4bce1dc7c696045f01f9048b16068de06e75f539bdf1c2ccbc906c" "/opt/rustwide/cargo-home/bin/cargo" "+1.99.0-beta.8" "build" "--frozen" "--message-format=json" "--release", kill_on_drop: false }`
[INFO] [stderr]    Compiling darling_core v0.20.11
[INFO] [stderr]    Compiling errno v0.3.14
[INFO] [stderr]    Compiling instability v0.3.10
[INFO] [stderr]    Compiling indoc v2.0.7
[INFO] [stderr]    Compiling unicode-segmentation v1.13.2
[INFO] [stderr]    Compiling thiserror v2.0.18
[INFO] [stderr]    Compiling strum_macros v0.27.2
[INFO] [stderr]    Compiling itertools v0.14.0
[INFO] [stderr]    Compiling compact_str v0.9.0
[INFO] [stderr]    Compiling lru v0.16.4
[INFO] [stderr]    Compiling rustix v1.1.4
[INFO] [stderr]    Compiling parking_lot_core v0.9.12
[INFO] [stderr]    Compiling derive_more-impl v2.1.1
[INFO] [stderr]    Compiling mio v1.2.0
[INFO] [stderr]    Compiling num-conv v0.1.0
[INFO] [stderr]    Compiling time-core v0.1.7
[INFO] [stderr]    Compiling kasuari v0.4.12
[INFO] [stderr]    Compiling line-clipping v0.3.7
[INFO] [stderr]    Compiling signal-hook-registry v1.4.8
[INFO] [stderr]    Compiling parking_lot v0.12.5
[INFO] [stderr]    Compiling time v0.3.45
[INFO] [stderr]    Compiling regex-automata v0.4.14
[INFO] [stderr]    Compiling signal-hook v0.3.18
[INFO] [stderr]    Compiling derive_more v2.1.1
[INFO] [stderr]    Compiling signal-hook-mio v0.2.5
[INFO] [stderr]    Compiling crossterm v0.29.0
[INFO] [stderr]    Compiling darling_macro v0.20.11
[INFO] [stderr]    Compiling darling v0.20.11
[INFO] [stderr]    Compiling strum v0.27.2
[INFO] [stderr]    Compiling unicode-truncate v2.0.1
[INFO] [stderr]    Compiling ratatui-core v0.1.0
[INFO] [stderr]    Compiling regex v1.12.3
[INFO] [stderr]    Compiling ratatui-widgets v0.3.0
[INFO] [stderr]    Compiling ratatui-crossterm v0.1.0
[INFO] [stderr]    Compiling ratatui-macros v0.7.0
[INFO] [stderr]    Compiling ratatui v0.30.0
[INFO] [stderr]    Compiling ratatui-interact-fork v0.5.3-fork.1 (/opt/rustwide/workdir)
[INFO] [stderr]     Finished `release` profile [optimized] target(s) in 33.35s
[INFO] running `Command { std: "docker" "inspect" "8c301ea67a4bce1dc7c696045f01f9048b16068de06e75f539bdf1c2ccbc906c", kill_on_drop: false }`
[INFO] running `Command { std: "docker" "exec" "-e" "SOURCE_DIR=/opt/rustwide/workdir" "-e" "CARGO_HOME=/opt/rustwide/cargo-home" "-e" "RUSTUP_HOME=/opt/rustwide/rustup-home" "-e" "CARGO_TARGET_DIR=/opt/rustwide/target" "-e" "CARGO_INCREMENTAL=0" "-e" "RUST_BACKTRACE=full" "-e" "RUSTFLAGS=--cap-lints=warn" "-e" "RUSTDOCFLAGS=--cap-lints=warn" "-w" "/opt/rustwide/workdir" "--user" "0:0" "8c301ea67a4bce1dc7c696045f01f9048b16068de06e75f539bdf1c2ccbc906c" "/opt/rustwide/cargo-home/bin/cargo" "+1.99.0-beta.8" "test" "--frozen" "--no-run" "--message-format=json" "--release", kill_on_drop: false }`
[INFO] [stderr]    Compiling tokio-macros v2.7.0
[INFO] [stderr]    Compiling tokio v1.52.3
[INFO] [stderr]    Compiling ratatui-interact-fork v0.5.3-fork.1 (/opt/rustwide/workdir)
[INFO] [stdout] error[E0433]: cannot find module or crate `ratatui_interact` in this scope
[INFO] [stdout]   --> examples/split_pane_demo.rs:28:5
[INFO] [stdout]    |
[INFO] [stdout] 28 | use ratatui_interact::{
[INFO] [stdout]    |     ^^^^^^^^^^^^^^^^ use of unresolved module or unlinked crate `ratatui_interact`
[INFO] [stdout]    |
[INFO] [stdout] help: there is a crate or module with a similar name
[INFO] [stdout]    |
[INFO] [stdout] 28 | use ratatui_interact_fork::{
[INFO] [stdout]    |                     +++++
[INFO] [stdout] 
[INFO] [stdout] 
[INFO] [stdout] error[E0433]: cannot find module or crate `ratatui_interact` in this scope
[INFO] [stdout]   --> examples/accordion_demo.rs:28:5
[INFO] [stdout]    |
[INFO] [stdout] 28 | use ratatui_interact::{
[INFO] [stdout]    |     ^^^^^^^^^^^^^^^^ use of unresolved module or unlinked crate `ratatui_interact`
[INFO] [stdout]    |
[INFO] [stdout] help: there is a crate or module with a similar name
[INFO] [stdout]    |
[INFO] [stdout] 28 | use ratatui_interact_fork::{
[INFO] [stdout]    |                     +++++
[INFO] [stdout] 
[INFO] [stdout] 
[INFO] [stdout] error[E0433]: cannot find module or crate `ratatui_interact` in this scope
[INFO] [stdout]   --> examples/dialog_demo.rs:27:5
[INFO] [stdout]    |
[INFO] [stdout] 27 | use ratatui_interact::{
[INFO] [stdout]    |     ^^^^^^^^^^^^^^^^ use of unresolved module or unlinked crate `ratatui_interact`
[INFO] [stdout]    |
[INFO] [stdout] help: there is a crate or module with a similar name
[INFO] [stdout]    |
[INFO] [stdout] 27 | use ratatui_interact_fork::{
[INFO] [stdout]    |                     +++++
[INFO] [stdout] 
[INFO] [stdout] 
[INFO] [stdout] error[E0433]: cannot find module or crate `ratatui_interact` in this scope
[INFO] [stdout]   --> examples/theme_demo.rs:26:5
[INFO] [stdout]    |
[INFO] [stdout] 26 | use ratatui_interact::{
[INFO] [stdout]    |     ^^^^^^^^^^^^^^^^ use of unresolved module or unlinked crate `ratatui_interact`
[INFO] [stdout]    |
[INFO] [stdout] help: there is a crate or module with a similar name
[INFO] [stdout]    |
[INFO] [stdout] 26 | use ratatui_interact_fork::{
[INFO] [stdout]    |                     +++++
[INFO] [stdout] 
[INFO] [stdout] 
[INFO] [stdout] error[E0433]: cannot find module or crate `ratatui_interact` in this scope
[INFO] [stdout]   --> examples/textarea_demo.rs:27:5
[INFO] [stdout]    |
[INFO] [stdout] 27 | use ratatui_interact::{
[INFO] [stdout]    |     ^^^^^^^^^^^^^^^^ use of unresolved module or unlinked crate `ratatui_interact`
[INFO] [stdout]    |
[INFO] [stdout] help: there is a crate or module with a similar name
[INFO] [stdout]    |
[INFO] [stdout] 27 | use ratatui_interact_fork::{
[INFO] [stdout]    |                     +++++
[INFO] [stdout] 
[INFO] [stdout] 
[INFO] [stdout] error[E0433]: cannot find module or crate `ratatui_interact` in this scope
[INFO] [stdout]   --> examples/diff_viewer_demo.rs:29:5
[INFO] [stdout]    |
[INFO] [stdout] 29 | use ratatui_interact::components::{
[INFO] [stdout]    |     ^^^^^^^^^^^^^^^^ use of unresolved module or unlinked crate `ratatui_interact`
[INFO] [stdout]    |
[INFO] [stdout] help: there is a crate or module with a similar name
[INFO] [stdout]    |
[INFO] [stdout] 29 | use ratatui_interact_fork::components::{
[INFO] [stdout]    |                     +++++
[INFO] [stdout] 
[INFO] [stdout] 
[INFO] [stdout] error[E0433]: cannot find module or crate `ratatui_interact` in this scope
[INFO] [stdout]   --> examples/diff_viewer_demo.rs:33:5
[INFO] [stdout]    |
[INFO] [stdout] 33 | use ratatui_interact::events::is_close_key;
[INFO] [stdout]    |     ^^^^^^^^^^^^^^^^ use of unresolved module or unlinked crate `ratatui_interact`
[INFO] [stdout]    |
[INFO] [stdout] help: there is a crate or module with a similar name
[INFO] [stdout]    |
[INFO] [stdout] 33 | use ratatui_interact_fork::events::is_close_key;
[INFO] [stdout]    |                     +++++
[INFO] [stdout] 
[INFO] [stdout] 
[INFO] [stdout] For more information about this error, try `rustc --explain E0433`.
[INFO] [stdout] 
[INFO] [stdout] error[E0433]: cannot find module or crate `ratatui_interact` in this scope
[INFO] [stdout]   --> examples/menu_bar_demo.rs:29:5
[INFO] [stdout]    |
[INFO] [stdout] 29 | use ratatui_interact::components::{
[INFO] [stdout]    |     ^^^^^^^^^^^^^^^^ use of unresolved module or unlinked crate `ratatui_interact`
[INFO] [stdout]    |
[INFO] [stdout] help: there is a crate or module with a similar name
[INFO] [stdout]    |
[INFO] [stdout] 29 | use ratatui_interact_fork::components::{
[INFO] [stdout]    |                     +++++
[INFO] [stdout] 
[INFO] [stdout] 
[INFO] [stderr] error: could not compile `ratatui-interact-fork` (example "theme_demo") due to 1 previous error
[INFO] [stdout] error[E0433]: cannot find module or crate `ratatui_interact` in this scope
[INFO] [stdout]   --> examples/menu_bar_demo.rs:34:5
[INFO] [stdout]    |
[INFO] [stdout] 34 | use ratatui_interact::events::is_close_key;
[INFO] [stdout]    |     ^^^^^^^^^^^^^^^^ use of unresolved module or unlinked crate `ratatui_interact`
[INFO] [stdout]    |
[INFO] [stdout] help: there is a crate or module with a similar name
[INFO] [stdout]    |
[INFO] [stdout] 34 | use ratatui_interact_fork::events::is_close_key;
[INFO] [stdout]    |                     +++++
[INFO] [stdout] 
[INFO] [stdout] 
[INFO] [stderr] warning: build failed, waiting for other jobs to finish...
[INFO] [stdout] error[E0433]: cannot find module or crate `ratatui_interact` in this scope
[INFO] [stdout]   --> examples/menu_bar_demo.rs:36:5
[INFO] [stdout]    |
[INFO] [stdout] 36 | use ratatui_interact::components::MenuBarClickTarget;
[INFO] [stdout]    |     ^^^^^^^^^^^^^^^^ use of unresolved module or unlinked crate `ratatui_interact`
[INFO] [stdout]    |
[INFO] [stdout] help: there is a crate or module with a similar name
[INFO] [stdout]    |
[INFO] [stdout] 36 | use ratatui_interact_fork::components::MenuBarClickTarget;
[INFO] [stdout]    |                     +++++
[INFO] [stdout] 
[INFO] [stdout] 
[INFO] [stdout] error[E0433]: cannot find module or crate `ratatui_interact` in this scope
[INFO] [stdout]   --> examples/menu_bar_demo.rs:37:5
[INFO] [stdout]    |
[INFO] [stdout] 37 | use ratatui_interact::traits::{ClickRegion, ClickRegionRegistry};
[INFO] [stdout]    |     ^^^^^^^^^^^^^^^^ use of unresolved module or unlinked crate `ratatui_interact`
[INFO] [stdout]    |
[INFO] [stdout] help: there is a crate or module with a similar name
[INFO] [stdout]    |
[INFO] [stdout] 37 | use ratatui_interact_fork::traits::{ClickRegion, ClickRegionRegistry};
[INFO] [stdout]    |                     +++++
[INFO] [stdout] 
[INFO] [stdout] 
[INFO] [stdout] error[E0433]: cannot find module or crate `ratatui_interact` in this scope
[INFO] [stdout]   --> examples/animated_text_demo.rs:28:5
[INFO] [stdout]    |
[INFO] [stdout] 28 | use ratatui_interact::components::{AnimatedText, AnimatedTextState, AnimatedTextStyle};
[INFO] [stdout]    |     ^^^^^^^^^^^^^^^^ use of unresolved module or unlinked crate `ratatui_interact`
[INFO] [stdout]    |
[INFO] [stdout] help: there is a crate or module with a similar name
[INFO] [stdout]    |
[INFO] [stdout] 28 | use ratatui_interact_fork::components::{AnimatedText, AnimatedTextState, AnimatedTextStyle};
[INFO] [stdout]    |                     +++++
[INFO] [stdout] 
[INFO] [stdout] 
[INFO] [stdout] error[E0433]: cannot find module or crate `ratatui_interact` in this scope
[INFO] [stdout]   --> examples/animated_text_demo.rs:29:5
[INFO] [stdout]    |
[INFO] [stdout] 29 | use ratatui_interact::events::is_close_key;
[INFO] [stdout]    |     ^^^^^^^^^^^^^^^^ use of unresolved module or unlinked crate `ratatui_interact`
[INFO] [stdout]    |
[INFO] [stdout] help: there is a crate or module with a similar name
[INFO] [stdout]    |
[INFO] [stdout] 29 | use ratatui_interact_fork::events::is_close_key;
[INFO] [stdout]    |                     +++++
[INFO] [stdout] 
[INFO] [stdout] 
[INFO] [stdout] error[E0433]: cannot find module or crate `ratatui_interact` in this scope
[INFO] [stdout]   --> examples/navigation_demo.rs:33:5
[INFO] [stdout]    |
[INFO] [stdout] 33 | use ratatui_interact::{
[INFO] [stdout]    |     ^^^^^^^^^^^^^^^^ use of unresolved module or unlinked crate `ratatui_interact`
[INFO] [stdout]    |
[INFO] [stdout] help: there is a crate or module with a similar name
[INFO] [stdout]    |
[INFO] [stdout] 33 | use ratatui_interact_fork::{
[INFO] [stdout]    |                     +++++
[INFO] [stdout] 
[INFO] [stdout] 
[INFO] [stdout] error[E0433]: cannot find module or crate `ratatui_interact` in this scope
[INFO] [stdout]   --> examples/button_demo.rs:27:5
[INFO] [stdout]    |
[INFO] [stdout] 27 | use ratatui_interact::{
[INFO] [stdout]    |     ^^^^^^^^^^^^^^^^ use of unresolved module or unlinked crate `ratatui_interact`
[INFO] [stdout]    |
[INFO] [stdout] help: there is a crate or module with a similar name
[INFO] [stdout]    |
[INFO] [stdout] 27 | use ratatui_interact_fork::{
[INFO] [stdout]    |                     +++++
[INFO] [stdout] 
[INFO] [stdout] 
[INFO] [stdout] error[E0433]: cannot find module or crate `ratatui_interact` in this scope
[INFO] [stdout]   --> examples/context_menu_demo.rs:29:5
[INFO] [stdout]    |
[INFO] [stdout] 29 | use ratatui_interact::{
[INFO] [stdout]    |     ^^^^^^^^^^^^^^^^ use of unresolved module or unlinked crate `ratatui_interact`
[INFO] [stdout]    |
[INFO] [stdout] help: there is a crate or module with a similar name
[INFO] [stdout]    |
[INFO] [stdout] 29 | use ratatui_interact_fork::{
[INFO] [stdout]    |                     +++++
[INFO] [stdout] 
[INFO] [stdout] 
[INFO] [stdout] error[E0433]: cannot find module or crate `ratatui_interact` in this scope
[INFO] [stdout]   --> examples/hotkey_dialog_demo.rs:27:5
[INFO] [stdout]    |
[INFO] [stdout] 27 | use ratatui_interact::components::hotkey_dialog::{
[INFO] [stdout]    |     ^^^^^^^^^^^^^^^^ use of unresolved module or unlinked crate `ratatui_interact`
[INFO] [stdout]    |
[INFO] [stdout] help: there is a crate or module with a similar name
[INFO] [stdout]    |
[INFO] [stdout] 27 | use ratatui_interact_fork::components::hotkey_dialog::{
[INFO] [stdout]    |                     +++++
[INFO] [stdout] 
[INFO] [stdout] 
[INFO] [stdout] For more information about this error, try `rustc --explain E0433`.
[INFO] [stdout] 
[INFO] [stdout] For more information about this error, try `rustc --explain E0433`.
[INFO] [stdout] 
[INFO] [stdout] For more information about this error, try `rustc --explain E0433`.
[INFO] [stdout] 
[INFO] [stderr] error: could not compile `ratatui-interact-fork` (example "textarea_demo") due to 1 previous error
[INFO] [stderr] error: could not compile `ratatui-interact-fork` (example "split_pane_demo") due to 1 previous error
[INFO] [stderr] error: could not compile `ratatui-interact-fork` (example "hotkey_dialog_demo") due to 1 previous error
[INFO] [stdout] error[E0277]: the size for values of type `str` cannot be known at compilation time
[INFO] [stdout]    --> examples/navigation_demo.rs:363:28
[INFO] [stdout]     |
[INFO] [stdout] 363 |                     if let Some(id) = get_selected_id(&self.tree_nodes, &self.tree_state) {
[INFO] [stdout]     |                            ^^^^^^^^ doesn't have a size known at compile-time
[INFO] [stdout]     |
[INFO] [stdout]     = help: the trait `Sized` is not implemented for `str`
[INFO] [stdout] note: required by a bound in `Some`
[INFO] [stdout]    --> /rustc/dfb0accb7f508ae8be965d8629557221c889dd98/library/core/src/option.rs:606:4
[INFO] [stdout] 
[INFO] [stdout] 
[INFO] [stdout] error[E0433]: cannot find module or crate `ratatui_interact` in this scope
[INFO] [stdout]   --> examples/copyable_pane_demo.rs:29:5
[INFO] [stdout]    |
[INFO] [stdout] 29 | use ratatui_interact::{
[INFO] [stdout]    |     ^^^^^^^^^^^^^^^^ use of unresolved module or unlinked crate `ratatui_interact`
[INFO] [stdout]    |
[INFO] [stdout] help: there is a crate or module with a similar name
[INFO] [stdout]    |
[INFO] [stdout] 29 | use ratatui_interact_fork::{
[INFO] [stdout]    |                     +++++
[INFO] [stdout] 
[INFO] [stdout] 
[INFO] [stdout] error[E0433]: cannot find module or crate `ratatui_interact` in this scope
[INFO] [stdout]   --> examples/spinner_demo.rs:28:5
[INFO] [stdout]    |
[INFO] [stdout] 28 | use ratatui_interact::components::{Spinner, SpinnerFrames, SpinnerState, SpinnerStyle};
[INFO] [stdout]    |     ^^^^^^^^^^^^^^^^ use of unresolved module or unlinked crate `ratatui_interact`
[INFO] [stdout]    |
[INFO] [stdout] help: there is a crate or module with a similar name
[INFO] [stdout]    |
[INFO] [stdout] 28 | use ratatui_interact_fork::components::{Spinner, SpinnerFrames, SpinnerState, SpinnerStyle};
[INFO] [stdout]    |                     +++++
[INFO] [stdout] 
[INFO] [stdout] 
[INFO] [stdout] error[E0433]: cannot find module or crate `ratatui_interact` in this scope
[INFO] [stdout]   --> examples/spinner_demo.rs:29:5
[INFO] [stdout]    |
[INFO] [stdout] 29 | use ratatui_interact::events::is_close_key;
[INFO] [stdout]    |     ^^^^^^^^^^^^^^^^ use of unresolved module or unlinked crate `ratatui_interact`
[INFO] [stdout]    |
[INFO] [stdout] help: there is a crate or module with a similar name
[INFO] [stdout]    |
[INFO] [stdout] 29 | use ratatui_interact_fork::events::is_close_key;
[INFO] [stdout]    |                     +++++
[INFO] [stdout] 
[INFO] [stdout] 
[INFO] [stdout] error[E0433]: cannot find module or crate `ratatui_interact` in this scope
[INFO] [stdout]   --> examples/mouse_pointer_demo.rs:27:5
[INFO] [stdout]    |
[INFO] [stdout] 27 | use ratatui_interact::components::{MousePointer, MousePointerState, MousePointerStyle};
[INFO] [stdout]    |     ^^^^^^^^^^^^^^^^ use of unresolved module or unlinked crate `ratatui_interact`
[INFO] [stdout]    |
[INFO] [stdout] help: there is a crate or module with a similar name
[INFO] [stdout]    |
[INFO] [stdout] 27 | use ratatui_interact_fork::components::{MousePointer, MousePointerState, MousePointerStyle};
[INFO] [stdout]    |                     +++++
[INFO] [stdout] 
[INFO] [stdout] 
[INFO] [stdout] error[E0433]: cannot find module or crate `ratatui_interact` in this scope
[INFO] [stdout]   --> examples/mouse_pointer_demo.rs:28:5
[INFO] [stdout]    |
[INFO] [stdout] 28 | use ratatui_interact::events::is_close_key;
[INFO] [stdout]    |     ^^^^^^^^^^^^^^^^ use of unresolved module or unlinked crate `ratatui_interact`
[INFO] [stdout]    |
[INFO] [stdout] help: there is a crate or module with a similar name
[INFO] [stdout]    |
[INFO] [stdout] 28 | use ratatui_interact_fork::events::is_close_key;
[INFO] [stdout]    |                     +++++
[INFO] [stdout] 
[INFO] [stdout] 
[INFO] [stdout] error[E0308]: mismatched types
[INFO] [stdout]    --> examples/navigation_demo.rs:368:55
[INFO] [stdout]     |
[INFO] [stdout] 368 | ...                   self.selected_node = Some(id);
[INFO] [stdout]     |                                            ---- ^^ expected `String`, found `str`
[INFO] [stdout]     |                                            |
[INFO] [stdout]     |                                            arguments to this enum variant are incorrect
[INFO] [stdout]     |
[INFO] [stdout] help: the type constructed contains `str` due to the type of the argument passed
[INFO] [stdout]    --> examples/navigation_demo.rs:368:50
[INFO] [stdout]     |
[INFO] [stdout] 368 | ...                   self.selected_node = Some(id);
[INFO] [stdout]     |                                            ^^^^^--^
[INFO] [stdout]     |                                                 |
[INFO] [stdout]     |                                                 this argument influences the type of `Some`
[INFO] [stdout] note: tuple variant defined here
[INFO] [stdout]    --> /rustc/dfb0accb7f508ae8be965d8629557221c889dd98/library/core/src/option.rs:606:4
[INFO] [stdout] help: try using a conversion method
[INFO] [stdout]     |
[INFO] [stdout] 368 |                             self.selected_node = Some(id.to_string());
[INFO] [stdout]     |                                                         ++++++++++++
[INFO] [stdout] 
[INFO] [stdout] 
[INFO] [stdout] For more information about this error, try `rustc --explain E0433`.
[INFO] [stdout] 
[INFO] [stdout] For more information about this error, try `rustc --explain E0433`.
[INFO] [stdout] 
[INFO] [stdout] For more information about this error, try `rustc --explain E0433`.
[INFO] [stdout] 
[INFO] [stderr] error: could not compile `ratatui-interact-fork` (example "diff_viewer_demo") due to 2 previous errors
[INFO] [stderr] error: could not compile `ratatui-interact-fork` (example "button_demo") due to 1 previous error
[INFO] [stderr] error: could not compile `ratatui-interact-fork` (example "dialog_demo") due to 1 previous error
[INFO] [stdout] Some errors have detailed explanations: E0277, E0308, E0433.
[INFO] [stdout] 
[INFO] [stdout] For more information about an error, try `rustc --explain E0277`.
[INFO] [stdout] 
[INFO] [stdout] error[E0433]: cannot find module or crate `ratatui_interact` in this scope
[INFO] [stdout]   --> examples/marquee_demo.rs:29:5
[INFO] [stdout]    |
[INFO] [stdout] 29 | use ratatui_interact::components::{MarqueeMode, MarqueeState, MarqueeStyle, MarqueeText};
[INFO] [stdout]    |     ^^^^^^^^^^^^^^^^ use of unresolved module or unlinked crate `ratatui_interact`
[INFO] [stdout]    |
[INFO] [stdout] help: there is a crate or module with a similar name
[INFO] [stdout]    |
[INFO] [stdout] 29 | use ratatui_interact_fork::components::{MarqueeMode, MarqueeState, MarqueeStyle, MarqueeText};
[INFO] [stdout]    |                     +++++
[INFO] [stdout] 
[INFO] [stdout] 
[INFO] [stderr] error: could not compile `ratatui-interact-fork` (example "navigation_demo") due to 3 previous errors
[INFO] [stdout] For more information about this error, try `rustc --explain E0433`.
[INFO] [stdout] 
[INFO] [stdout] For more information about this error, try `rustc --explain E0433`.
[INFO] [stdout] 
[INFO] [stdout] For more information about this error, try `rustc --explain E0433`.
[INFO] [stdout] 
[INFO] [stderr] error: could not compile `ratatui-interact-fork` (example "accordion_demo") due to 1 previous error
[INFO] [stderr] error: could not compile `ratatui-interact-fork` (example "menu_bar_demo") due to 4 previous errors
[INFO] [stdout] For more information about this error, try `rustc --explain E0433`.
[INFO] [stdout] 
[INFO] [stdout] For more information about this error, try `rustc --explain E0433`.
[INFO] [stdout] 
[INFO] [stderr] error: could not compile `ratatui-interact-fork` (example "copyable_pane_demo") due to 1 previous error
[INFO] [stderr] error: could not compile `ratatui-interact-fork` (example "animated_text_demo") due to 2 previous errors
[INFO] [stderr] error: could not compile `ratatui-interact-fork` (example "context_menu_demo") due to 1 previous error
[INFO] [stdout] For more information about this error, try `rustc --explain E0433`.
[INFO] [stdout] 
[INFO] [stderr] error: could not compile `ratatui-interact-fork` (example "spinner_demo") due to 2 previous errors
[INFO] [stdout] For more information about this error, try `rustc --explain E0433`.
[INFO] [stdout] 
[INFO] [stderr] error: could not compile `ratatui-interact-fork` (example "mouse_pointer_demo") due to 2 previous errors
[INFO] [stdout] For more information about this error, try `rustc --explain E0433`.
[INFO] [stdout] 
[INFO] [stderr] error: could not compile `ratatui-interact-fork` (example "marquee_demo") due to 1 previous error
[INFO] running `Command { std: "docker" "inspect" "8c301ea67a4bce1dc7c696045f01f9048b16068de06e75f539bdf1c2ccbc906c", kill_on_drop: false }`
[INFO] running `Command { std: "docker" "rm" "-f" "8c301ea67a4bce1dc7c696045f01f9048b16068de06e75f539bdf1c2ccbc906c", kill_on_drop: false }`
[INFO] [stdout] 8c301ea67a4bce1dc7c696045f01f9048b16068de06e75f539bdf1c2ccbc906c
