[INFO] fetching crate ratatui-explorer-multistack 0.3.0...
[INFO] testing ratatui-explorer-multistack-0.3.0 against 1.100.0-beta.1+cargoflags=--release for beta-release-1.100-2
[INFO] extracting crate ratatui-explorer-multistack 0.3.0 into /workspace/builds/worker-7-tc2/source
[INFO] started tweaking crates.io crate ratatui-explorer-multistack 0.3.0
[INFO] removed 0 missing examples
[INFO] finished tweaking crates.io crate ratatui-explorer-multistack 0.3.0
[INFO] tweaked toml for crates.io crate ratatui-explorer-multistack 0.3.0 written to /workspace/builds/worker-7-tc2/source/Cargo.toml
[INFO] validating manifest of crates.io crate ratatui-explorer-multistack 0.3.0 on toolchain 1.100.0-beta.1
[INFO] running `Command { std: CARGO_HOME="/workspace/cargo-home" RUSTUP_HOME="/workspace/rustup-home" "/workspace/cargo-home/bin/cargo" "+1.100.0-beta.1" "metadata" "--manifest-path" "Cargo.toml" "--no-deps", kill_on_drop: false }`
[INFO] crate crates.io crate ratatui-explorer-multistack 0.3.0 already has a lockfile, it will not be regenerated
[INFO] running `Command { std: CARGO_HOME="/workspace/cargo-home" RUSTUP_HOME="/workspace/rustup-home" "/workspace/cargo-home/bin/cargo" "+1.100.0-beta.1" "fetch" "--manifest-path" "Cargo.toml", kill_on_drop: false }`
[INFO] running `Command { std: "docker" "create" "-v" "/var/lib/crater-agent-workspace/builds/worker-7-tc2/source:/opt/rustwide/workdir:ro,Z" "-v" "/var/lib/crater-agent-workspace/builds/worker-7-tc2/target:/opt/rustwide/target:rw,Z" "-v" "/var/lib/crater-agent-workspace/cargo-home:/opt/rustwide/cargo-home:ro,Z" "-v" "/var/lib/crater-agent-workspace/rustup-home:/opt/rustwide/rustup-home:ro,Z" "-m" "1610612736" "--network" "none" "ghcr.io/rust-lang/crates-build-env/linux@sha256:77db811e55d90add9212f6832c23229e3de5f1c1f9905e8cb07319ea15df73ac" "sleep" "infinity", kill_on_drop: false }`
[INFO] [stdout] e076c176711fe282a4bbb1847021937e532f16dd6a1546e015dabaf8fa2be8b6
[INFO] running `Command { std: "docker" "start" "e076c176711fe282a4bbb1847021937e532f16dd6a1546e015dabaf8fa2be8b6", kill_on_drop: false }`
[INFO] running `Command { std: "docker" "inspect" "e076c176711fe282a4bbb1847021937e532f16dd6a1546e015dabaf8fa2be8b6", kill_on_drop: false }`
[INFO] running `Command { std: "docker" "exec" "-e" "SOURCE_DIR=/opt/rustwide/workdir" "-e" "CARGO_HOME=/opt/rustwide/cargo-home" "-e" "RUSTUP_HOME=/opt/rustwide/rustup-home" "-e" "CARGO_TARGET_DIR=/opt/rustwide/target" "-w" "/opt/rustwide/workdir" "--user" "0:0" "e076c176711fe282a4bbb1847021937e532f16dd6a1546e015dabaf8fa2be8b6" "/opt/rustwide/cargo-home/bin/cargo" "+1.100.0-beta.1" "metadata" "--no-deps" "--format-version=1", kill_on_drop: false }`
[INFO] running `Command { std: "docker" "inspect" "e076c176711fe282a4bbb1847021937e532f16dd6a1546e015dabaf8fa2be8b6", kill_on_drop: false }`
[INFO] running `Command { std: "docker" "exec" "-e" "SOURCE_DIR=/opt/rustwide/workdir" "-e" "CARGO_HOME=/opt/rustwide/cargo-home" "-e" "RUSTUP_HOME=/opt/rustwide/rustup-home" "-e" "CARGO_TARGET_DIR=/opt/rustwide/target" "-e" "CARGO_INCREMENTAL=0" "-e" "RUST_BACKTRACE=full" "-e" "RUSTFLAGS=--cap-lints=warn" "-e" "RUSTDOCFLAGS=--cap-lints=warn" "-w" "/opt/rustwide/workdir" "--user" "0:0" "e076c176711fe282a4bbb1847021937e532f16dd6a1546e015dabaf8fa2be8b6" "/opt/rustwide/cargo-home/bin/cargo" "+1.100.0-beta.1" "build" "--frozen" "--message-format=json" "--release", kill_on_drop: false }`
[INFO] [stderr]    Compiling thiserror v2.0.18
[INFO] [stderr]    Compiling itertools v0.14.0
[INFO] [stderr]    Compiling indoc v2.0.7
[INFO] [stderr]    Compiling instability v0.3.11
[INFO] [stderr]    Compiling rustix v1.1.4
[INFO] [stderr]    Compiling syn v2.0.117
[INFO] [stderr]    Compiling lru v0.16.3
[INFO] [stderr]    Compiling convert_case v0.10.0
[INFO] [stderr]    Compiling errno v0.3.14
[INFO] [stderr]    Compiling castaway v0.2.4
[INFO] [stderr]    Compiling parking_lot_core v0.9.12
[INFO] [stderr]    Compiling mio v1.1.1
[INFO] [stderr]    Compiling time v0.3.47
[INFO] [stderr]    Compiling line-clipping v0.3.5
[INFO] [stderr]    Compiling compact_str v0.9.0
[INFO] [stderr]    Compiling signal-hook-registry v1.4.8
[INFO] [stderr]    Compiling parking_lot v0.12.5
[INFO] [stderr]    Compiling signal-hook v0.3.18
[INFO] [stderr]    Compiling signal-hook-mio v0.2.5
[INFO] [stderr]    Compiling unicode-truncate v2.0.1
[INFO] [stderr]    Compiling darling_core v0.23.0
[INFO] [stderr]    Compiling thiserror-impl v2.0.18
[INFO] [stderr]    Compiling strum_macros v0.27.2
[INFO] [stderr]    Compiling derive_more-impl v2.1.1
[INFO] [stderr]    Compiling enum-ordinalize-derive v4.3.2
[INFO] [stderr]    Compiling enum-ordinalize v4.3.2
[INFO] [stderr]    Compiling derive_more v2.1.1
[INFO] [stderr]    Compiling educe v0.6.0
[INFO] [stderr]    Compiling crossterm v0.29.0
[INFO] [stderr]    Compiling kasuari v0.4.11
[INFO] [stderr]    Compiling strum v0.27.2
[INFO] [stderr]    Compiling ratatui-core v0.1.0
[INFO] [stderr]    Compiling darling_macro v0.23.0
[INFO] [stderr]    Compiling darling v0.23.0
[INFO] [stderr]    Compiling ratatui-widgets v0.3.0
[INFO] [stderr]    Compiling ratatui-crossterm v0.1.0
[INFO] [stderr]    Compiling ratatui-macros v0.7.0
[INFO] [stderr]    Compiling ratatui v0.30.0
[INFO] [stderr]    Compiling ratatui-explorer-multistack v0.3.0 (/opt/rustwide/workdir)
[INFO] [stderr]     Finished `release` profile [optimized] target(s) in 21.27s
[INFO] running `Command { std: "docker" "inspect" "e076c176711fe282a4bbb1847021937e532f16dd6a1546e015dabaf8fa2be8b6", kill_on_drop: false }`
[INFO] running `Command { std: "docker" "exec" "-e" "SOURCE_DIR=/opt/rustwide/workdir" "-e" "CARGO_HOME=/opt/rustwide/cargo-home" "-e" "RUSTUP_HOME=/opt/rustwide/rustup-home" "-e" "CARGO_TARGET_DIR=/opt/rustwide/target" "-e" "CARGO_INCREMENTAL=0" "-e" "RUST_BACKTRACE=full" "-e" "RUSTFLAGS=--cap-lints=warn" "-e" "RUSTDOCFLAGS=--cap-lints=warn" "-w" "/opt/rustwide/workdir" "--user" "0:0" "e076c176711fe282a4bbb1847021937e532f16dd6a1546e015dabaf8fa2be8b6" "/opt/rustwide/cargo-home/bin/cargo" "+1.100.0-beta.1" "test" "--frozen" "--no-run" "--message-format=json" "--release", kill_on_drop: false }`
[INFO] [stderr]    Compiling rustix v1.1.4
[INFO] [stderr]    Compiling getrandom v0.4.1
[INFO] [stderr]    Compiling crossterm v0.29.0
[INFO] [stderr]    Compiling tempfile v3.26.0
[INFO] [stderr]    Compiling ratatui-crossterm v0.1.0
[INFO] [stderr]    Compiling ratatui v0.30.0
[INFO] [stderr]    Compiling ratatui-explorer-multistack v0.3.0 (/opt/rustwide/workdir)
[INFO] [stdout] error[E0432]: unresolved import `ratatui_explorer`
[INFO] [stdout]   --> examples/file_preview.rs:18:5
[INFO] [stdout]    |
[INFO] [stdout] 18 | use ratatui_explorer::{File, FileExplorerBuilder, Theme};
[INFO] [stdout]    |     ^^^^^^^^^^^^^^^^ use of unresolved module or unlinked crate `ratatui_explorer`
[INFO] [stdout]    |
[INFO] [stdout]    = help: if you wanted to use a crate named `ratatui_explorer`, use `cargo add ratatui_explorer` to add it to your `Cargo.toml`
[INFO] [stdout] 
[INFO] [stdout] 
[INFO] [stdout] error[E0432]: unresolved import `ratatui_explorer`
[INFO] [stdout]   --> examples/light_and_dark_theme.rs:14:5
[INFO] [stdout]    |
[INFO] [stdout] 14 | use ratatui_explorer::{FileExplorerBuilder, Theme};
[INFO] [stdout]    |     ^^^^^^^^^^^^^^^^ use of unresolved module or unlinked crate `ratatui_explorer`
[INFO] [stdout]    |
[INFO] [stdout]    = help: if you wanted to use a crate named `ratatui_explorer`, use `cargo add ratatui_explorer` to add it to your `Cargo.toml`
[INFO] [stdout] 
[INFO] [stdout] 
[INFO] [stdout] For more information about this error, try `rustc --explain E0432`.
[INFO] [stdout] 
[INFO] [stdout] For more information about this error, try `rustc --explain E0432`.
[INFO] [stdout] 
[INFO] [stderr] error: could not compile `ratatui-explorer-multistack` (example "file_preview") due to 1 previous error
[INFO] [stderr] warning: build failed, waiting for other jobs to finish...
[INFO] [stderr] error: could not compile `ratatui-explorer-multistack` (example "light_and_dark_theme") due to 1 previous error
[INFO] [stdout] error[E0432]: unresolved import `ratatui_explorer`
[INFO] [stdout]   --> examples/basic.rs:11:5
[INFO] [stdout]    |
[INFO] [stdout] 11 | use ratatui_explorer::{FileExplorerBuilder, Theme};
[INFO] [stdout]    |     ^^^^^^^^^^^^^^^^ use of unresolved module or unlinked crate `ratatui_explorer`
[INFO] [stdout]    |
[INFO] [stdout]    = help: if you wanted to use a crate named `ratatui_explorer`, use `cargo add ratatui_explorer` to add it to your `Cargo.toml`
[INFO] [stdout] 
[INFO] [stdout] 
[INFO] [stdout] For more information about this error, try `rustc --explain E0432`.
[INFO] [stdout] 
[INFO] [stderr] error: could not compile `ratatui-explorer-multistack` (example "basic") due to 1 previous error
[INFO] [stdout] error[E0432]: unresolved import `ratatui_explorer`
[INFO] [stdout]   --> examples/filter_by_size.rs:17:5
[INFO] [stdout]    |
[INFO] [stdout] 17 | use ratatui_explorer::{File, FileExplorerBuilder, Theme};
[INFO] [stdout]    |     ^^^^^^^^^^^^^^^^ use of unresolved module or unlinked crate `ratatui_explorer`
[INFO] [stdout]    |
[INFO] [stdout]    = help: if you wanted to use a crate named `ratatui_explorer`, use `cargo add ratatui_explorer` to add it to your `Cargo.toml`
[INFO] [stdout] 
[INFO] [stdout] 
[INFO] [stdout] For more information about this error, try `rustc --explain E0432`.
[INFO] [stdout] 
[INFO] [stderr] error: could not compile `ratatui-explorer-multistack` (example "filter_by_size") due to 1 previous error
[INFO] running `Command { std: "docker" "inspect" "e076c176711fe282a4bbb1847021937e532f16dd6a1546e015dabaf8fa2be8b6", kill_on_drop: false }`
[INFO] running `Command { std: "docker" "rm" "-f" "e076c176711fe282a4bbb1847021937e532f16dd6a1546e015dabaf8fa2be8b6", kill_on_drop: false }`
[INFO] [stdout] e076c176711fe282a4bbb1847021937e532f16dd6a1546e015dabaf8fa2be8b6
