[INFO] fetching crate rask-web 0.1.0...
[INFO] testing rask-web-0.1.0 against 1.99.0-beta.8+cargoflags=--release for beta-release-1.100-2
[INFO] extracting crate rask-web 0.1.0 into /workspace/builds/worker-2-tc1/source
[INFO] started tweaking crates.io crate rask-web 0.1.0
[INFO] finished tweaking crates.io crate rask-web 0.1.0
[INFO] tweaked toml for crates.io crate rask-web 0.1.0 written to /workspace/builds/worker-2-tc1/source/Cargo.toml
[INFO] validating manifest of crates.io crate rask-web 0.1.0 on toolchain 1.99.0-beta.8
[INFO] running `Command { std: CARGO_HOME="/workspace/cargo-home" RUSTUP_HOME="/workspace/rustup-home" "/workspace/cargo-home/bin/cargo" "+1.99.0-beta.8" "metadata" "--manifest-path" "Cargo.toml" "--no-deps", kill_on_drop: false }`
[INFO] running `Command { std: CARGO_HOME="/workspace/cargo-home" RUSTUP_HOME="/workspace/rustup-home" "/workspace/cargo-home/bin/cargo" "+1.99.0-beta.8" "generate-lockfile" "--manifest-path" "Cargo.toml", kill_on_drop: false }`
[INFO] [stderr]     Updating crates.io index
[INFO] [stderr]      Locking 49 packages to highest compatible versions
[INFO] running `Command { std: CARGO_HOME="/workspace/cargo-home" RUSTUP_HOME="/workspace/rustup-home" "/workspace/cargo-home/bin/cargo" "+1.99.0-beta.8" "fetch" "--manifest-path" "Cargo.toml", kill_on_drop: false }`
[INFO] [stderr]  Downloading crates ...
[INFO] [stderr]   Downloaded rask-core v0.1.0
[INFO] [stderr]   Downloaded rask-liburing v2.4.0
[INFO] [stderr]   Downloaded bindgen v0.66.1
[INFO] [stderr]   Downloaded rask-liburing-sys v2.4.0
[INFO] running `Command { std: "docker" "create" "-v" "/var/lib/crater-agent-workspace/builds/worker-2-tc1/source:/opt/rustwide/workdir:ro,Z" "-v" "/var/lib/crater-agent-workspace/builds/worker-2-tc1/target:/opt/rustwide/target:rw,Z" "-v" "/var/lib/crater-agent-workspace/cargo-home:/opt/rustwide/cargo-home:ro,Z" "-v" "/var/lib/crater-agent-workspace/rustup-home:/opt/rustwide/rustup-home:ro,Z" "-m" "1610612736" "--network" "none" "ghcr.io/rust-lang/crates-build-env/linux@sha256:77db811e55d90add9212f6832c23229e3de5f1c1f9905e8cb07319ea15df73ac" "sleep" "infinity", kill_on_drop: false }`
[INFO] [stdout] accd00e1276775bc204aa534c0b5a45669a6eb3c1f65fa505eeba04e2b50c8aa
[INFO] running `Command { std: "docker" "start" "accd00e1276775bc204aa534c0b5a45669a6eb3c1f65fa505eeba04e2b50c8aa", kill_on_drop: false }`
[INFO] running `Command { std: "docker" "inspect" "accd00e1276775bc204aa534c0b5a45669a6eb3c1f65fa505eeba04e2b50c8aa", kill_on_drop: false }`
[INFO] running `Command { std: "docker" "exec" "-e" "SOURCE_DIR=/opt/rustwide/workdir" "-e" "CARGO_HOME=/opt/rustwide/cargo-home" "-e" "RUSTUP_HOME=/opt/rustwide/rustup-home" "-e" "CARGO_TARGET_DIR=/opt/rustwide/target" "-w" "/opt/rustwide/workdir" "--user" "0:0" "accd00e1276775bc204aa534c0b5a45669a6eb3c1f65fa505eeba04e2b50c8aa" "/opt/rustwide/cargo-home/bin/cargo" "+1.99.0-beta.8" "metadata" "--no-deps" "--format-version=1", kill_on_drop: false }`
[INFO] running `Command { std: "docker" "inspect" "accd00e1276775bc204aa534c0b5a45669a6eb3c1f65fa505eeba04e2b50c8aa", kill_on_drop: false }`
[INFO] running `Command { std: "docker" "exec" "-e" "SOURCE_DIR=/opt/rustwide/workdir" "-e" "CARGO_HOME=/opt/rustwide/cargo-home" "-e" "RUSTUP_HOME=/opt/rustwide/rustup-home" "-e" "CARGO_TARGET_DIR=/opt/rustwide/target" "-e" "CARGO_INCREMENTAL=0" "-e" "RUST_BACKTRACE=full" "-e" "RUSTFLAGS=--cap-lints=warn" "-e" "RUSTDOCFLAGS=--cap-lints=warn" "-w" "/opt/rustwide/workdir" "--user" "0:0" "accd00e1276775bc204aa534c0b5a45669a6eb3c1f65fa505eeba04e2b50c8aa" "/opt/rustwide/cargo-home/bin/cargo" "+1.99.0-beta.8" "build" "--frozen" "--message-format=json" "--release", kill_on_drop: false }`
[INFO] [stderr]    Compiling clang-sys v1.9.1
[INFO] [stderr]    Compiling bindgen v0.66.1
[INFO] [stderr]    Compiling either v1.19.0
[INFO] [stderr]    Compiling peeking_take_while v0.1.2
[INFO] [stderr]    Compiling syn v2.0.119
[INFO] [stderr]    Compiling regex-automata v0.4.18
[INFO] [stderr]    Compiling libloading v0.8.9
[INFO] [stderr]    Compiling rustc-hash v1.1.0
[INFO] [stderr]    Compiling lazycell v1.3.0
[INFO] [stderr]    Compiling which v4.4.2
[INFO] [stderr]    Compiling regex v1.13.1
[INFO] [stderr]    Compiling prettyplease v0.2.37
[INFO] [stderr]    Compiling rask-liburing-sys v2.4.0
[INFO] [stderr] error: failed to run custom build command for `rask-liburing-sys v2.4.0`
[INFO] [stderr] note: To improve backtraces for build dependencies, set the CARGO_PROFILE_RELEASE_BUILD_OVERRIDE_DEBUG=true environment variable to enable debug information generation.
[INFO] [stderr] 
[INFO] [stderr] Caused by:
[INFO] [stderr]   process didn't exit successfully: `/opt/rustwide/target/release/build/rask-liburing-sys-baac6236cb860dd0/build-script-build` (exit status: 101)
[INFO] [stderr]   --- stdout
[INFO] [stderr]   cargo:rustc-link-lib=uring
[INFO] [stderr]   cargo:rerun-if-changed=wrapper.h
[INFO] [stderr]   cargo:rustc-link-search=native=/opt/rustwide/target/release/build/rask-liburing-sys-c10522d684b118be/out/lib/src
[INFO] [stderr]   cargo:rerun-if-env-changed=TARGET
[INFO] [stderr]   cargo:rerun-if-env-changed=BINDGEN_EXTRA_CLANG_ARGS_x86_64-unknown-linux-gnu
[INFO] [stderr]   cargo:rerun-if-env-changed=BINDGEN_EXTRA_CLANG_ARGS_x86_64_unknown_linux_gnu
[INFO] [stderr]   cargo:rerun-if-env-changed=BINDGEN_EXTRA_CLANG_ARGS
[INFO] [stderr] 
[INFO] [stderr]   --- stderr
[INFO] [stderr]   Makefile:39: ../config-host.mak: No such file or directory
[INFO] [stderr]   make: *** No rule to make target '../config-host.mak'.  Stop.
[INFO] [stderr]   ./lib/src/include/liburing.h:24:10: fatal error: 'liburing/compat.h' file not found
[INFO] [stderr] 
[INFO] [stderr]   thread 'main' (287) panicked at /opt/rustwide/cargo-home/registry/src/index.crates.io-1949cf8c6b5b557f/rask-liburing-sys-2.4.0/build.rs:38:10:
[INFO] [stderr]   Unable to generate bindings: ClangDiagnostic("./lib/src/include/liburing.h:24:10: fatal error: 'liburing/compat.h' file not found\n")
[INFO] [stderr]   stack backtrace:
[INFO] [stderr]      0:     0x62cbe5fb4011 - <<std[70759c8f55707aa4]::sys::backtrace::BacktraceLock>::print::DisplayBacktrace as core[df12db4294e9bfd3]::fmt::Display>::fmt
[INFO] [stderr]      1:     0x62cbe5fca2ca - core[df12db4294e9bfd3]::fmt::write
[INFO] [stderr]      2:     0x62cbe5fb917c - <std[70759c8f55707aa4]::sys::stdio::unix::Stderr as core[df12db4294e9bfd3]::io::write::Write>::write_fmt
[INFO] [stderr]      3:     0x62cbe5f8f4e6 - std[70759c8f55707aa4]::panicking::default_hook::{closure#0}
[INFO] [stderr]      4:     0x62cbe5fac3b1 - std[70759c8f55707aa4]::panicking::default_hook
[INFO] [stderr]      5:     0x62cbe5fac6db - std[70759c8f55707aa4]::panicking::panic_with_hook
[INFO] [stderr]      6:     0x62cbe5f8f592 - std[70759c8f55707aa4]::panicking::panic_handler::{closure#0}
[INFO] [stderr]      7:     0x62cbe5f88129 - std[70759c8f55707aa4]::sys::backtrace::__rust_end_short_backtrace::<std[70759c8f55707aa4]::panicking::panic_handler::{closure#0}, !>
[INFO] [stderr]      8:     0x62cbe5f9017d - __rustc[8fa7c3cbc660c2b3]::rust_begin_unwind
[INFO] [stderr]      9:     0x62cbe5fcaaec - core[df12db4294e9bfd3]::panicking::panic_fmt
[INFO] [stderr]     10:     0x62cbe5fca8c2 - core[df12db4294e9bfd3]::result::unwrap_failed
[INFO] [stderr]     11:     0x62cbe5adbc2b - <core[df12db4294e9bfd3]::result::Result<bindgen[998981e2088148e6]::Bindings, bindgen[998981e2088148e6]::BindgenError>>::expect
[INFO] [stderr]     12:     0x62cbe5adba17 - build_script_build[dad20483d3a191ca]::main
[INFO] [stderr]     13:     0x62cbe5adcc43 - <fn() as core[df12db4294e9bfd3]::ops::function::FnOnce<()>>::call_once
[INFO] [stderr]     14:     0x62cbe5adb1be - std[70759c8f55707aa4]::sys::backtrace::__rust_begin_short_backtrace::<fn(), ()>
[INFO] [stderr]     15:     0x62cbe5adb2b9 - std[70759c8f55707aa4]::rt::lang_start::<()>::{closure#0}
[INFO] [stderr]     16:     0x62cbe5fab4a9 - std[70759c8f55707aa4]::rt::lang_start_internal
[INFO] [stderr]     17:     0x62cbe5adb011 - std[70759c8f55707aa4]::rt::lang_start::<()>
[INFO] [stderr]     18:     0x62cbe5adcf35 - main
[INFO] [stderr]     19:     0x73c34b24f601 - <unknown>
[INFO] [stderr]     20:     0x73c34b24f718 - __libc_start_main
[INFO] [stderr]     21:     0x62cbe5ada7b5 - _start
[INFO] [stderr]     22:                0x0 - <unknown>
[INFO] running `Command { std: "docker" "inspect" "accd00e1276775bc204aa534c0b5a45669a6eb3c1f65fa505eeba04e2b50c8aa", kill_on_drop: false }`
[INFO] running `Command { std: "docker" "rm" "-f" "accd00e1276775bc204aa534c0b5a45669a6eb3c1f65fa505eeba04e2b50c8aa", kill_on_drop: false }`
[INFO] [stdout] accd00e1276775bc204aa534c0b5a45669a6eb3c1f65fa505eeba04e2b50c8aa
