[INFO] fetching crate rask-liburing 2.4.0...
[INFO] testing rask-liburing-2.4.0 against 1.100.0-beta.1+cargoflags=--release for beta-release-1.100-2
[INFO] extracting crate rask-liburing 2.4.0 into /workspace/builds/worker-1-tc2/source
[INFO] started tweaking crates.io crate rask-liburing 2.4.0
[INFO] finished tweaking crates.io crate rask-liburing 2.4.0
[INFO] tweaked toml for crates.io crate rask-liburing 2.4.0 written to /workspace/builds/worker-1-tc2/source/Cargo.toml
[INFO] validating manifest of crates.io crate rask-liburing 2.4.0 on toolchain 1.100.0-beta.1
[INFO] running `Command { std: CARGO_HOME="/workspace/cargo-home" RUSTUP_HOME="/workspace/rustup-home" "/workspace/cargo-home/bin/cargo" "+1.100.0-beta.1" "metadata" "--manifest-path" "Cargo.toml" "--no-deps", kill_on_drop: false }`
[INFO] running `Command { std: CARGO_HOME="/workspace/cargo-home" RUSTUP_HOME="/workspace/rustup-home" "/workspace/cargo-home/bin/cargo" "+1.100.0-beta.1" "generate-lockfile" "--manifest-path" "Cargo.toml", kill_on_drop: false }`
[INFO] [stderr]     Updating crates.io index
[INFO] [stderr]      Locking 46 packages to highest compatible versions
[INFO] running `Command { std: CARGO_HOME="/workspace/cargo-home" RUSTUP_HOME="/workspace/rustup-home" "/workspace/cargo-home/bin/cargo" "+1.100.0-beta.1" "fetch" "--manifest-path" "Cargo.toml", kill_on_drop: false }`
[INFO] [stderr] warning: `package.homepage` is redundant with `package.repository`
[INFO] [stderr]   --> Cargo.toml:13:12
[INFO] [stderr]    |
[INFO] [stderr] 13 | homepage = "https://github.com/ryanseipp/rask"
[INFO] [stderr]    |            ^^^^^^^^^^^^^^^^^^^^^^^^^^^^^^^^^^^
[INFO] [stderr] ...
[INFO] [stderr] 17 | repository = "https://github.com/ryanseipp/rask"
[INFO] [stderr]    |              -----------------------------------
[INFO] [stderr]    |
[INFO] [stderr]    = note: `cargo::redundant_homepage` is set to `warn` by default
[INFO] [stderr] help: consider removing `package.homepage`
[INFO] [stderr] warning: `rask-liburing` (manifest) generated 1 warning
[INFO] running `Command { std: "docker" "create" "-v" "/var/lib/crater-agent-workspace/builds/worker-1-tc2/source:/opt/rustwide/workdir:ro,Z" "-v" "/var/lib/crater-agent-workspace/builds/worker-1-tc2/target:/opt/rustwide/target:rw,Z" "-v" "/var/lib/crater-agent-workspace/cargo-home:/opt/rustwide/cargo-home:ro,Z" "-v" "/var/lib/crater-agent-workspace/rustup-home:/opt/rustwide/rustup-home:ro,Z" "-m" "1610612736" "--network" "none" "ghcr.io/rust-lang/crates-build-env/linux@sha256:77db811e55d90add9212f6832c23229e3de5f1c1f9905e8cb07319ea15df73ac" "sleep" "infinity", kill_on_drop: false }`
[INFO] [stdout] 16b1c05db43e0b28e0d0900044225dd4e37f19896daad3a81433b19a9a123700
[INFO] running `Command { std: "docker" "start" "16b1c05db43e0b28e0d0900044225dd4e37f19896daad3a81433b19a9a123700", kill_on_drop: false }`
[INFO] running `Command { std: "docker" "inspect" "16b1c05db43e0b28e0d0900044225dd4e37f19896daad3a81433b19a9a123700", kill_on_drop: false }`
[INFO] running `Command { std: "docker" "exec" "-e" "SOURCE_DIR=/opt/rustwide/workdir" "-e" "CARGO_HOME=/opt/rustwide/cargo-home" "-e" "RUSTUP_HOME=/opt/rustwide/rustup-home" "-e" "CARGO_TARGET_DIR=/opt/rustwide/target" "-w" "/opt/rustwide/workdir" "--user" "0:0" "16b1c05db43e0b28e0d0900044225dd4e37f19896daad3a81433b19a9a123700" "/opt/rustwide/cargo-home/bin/cargo" "+1.100.0-beta.1" "metadata" "--no-deps" "--format-version=1", kill_on_drop: false }`
[INFO] running `Command { std: "docker" "inspect" "16b1c05db43e0b28e0d0900044225dd4e37f19896daad3a81433b19a9a123700", kill_on_drop: false }`
[INFO] running `Command { std: "docker" "exec" "-e" "SOURCE_DIR=/opt/rustwide/workdir" "-e" "CARGO_HOME=/opt/rustwide/cargo-home" "-e" "RUSTUP_HOME=/opt/rustwide/rustup-home" "-e" "CARGO_TARGET_DIR=/opt/rustwide/target" "-e" "CARGO_INCREMENTAL=0" "-e" "RUST_BACKTRACE=full" "-e" "RUSTFLAGS=--cap-lints=warn" "-e" "RUSTDOCFLAGS=--cap-lints=warn" "-w" "/opt/rustwide/workdir" "--user" "0:0" "16b1c05db43e0b28e0d0900044225dd4e37f19896daad3a81433b19a9a123700" "/opt/rustwide/cargo-home/bin/cargo" "+1.100.0-beta.1" "build" "--frozen" "--message-format=json" "--release", kill_on_drop: false }`
[INFO] [stderr] warning: `package.homepage` is redundant with `package.repository`
[INFO] [stderr]   --> Cargo.toml:13:12
[INFO] [stderr]    |
[INFO] [stderr] 13 | homepage = "https://github.com/ryanseipp/rask"
[INFO] [stderr]    |            ^^^^^^^^^^^^^^^^^^^^^^^^^^^^^^^^^^^
[INFO] [stderr] ...
[INFO] [stderr] 17 | repository = "https://github.com/ryanseipp/rask"
[INFO] [stderr]    |              -----------------------------------
[INFO] [stderr]    |
[INFO] [stderr]    = note: `cargo::redundant_homepage` is set to `warn` by default
[INFO] [stderr] help: consider removing `package.homepage`
[INFO] [stderr] warning: `rask-liburing` (manifest) generated 1 warning
[INFO] [stderr]    Compiling bindgen v0.66.1
[INFO] [stderr]    Compiling quote v1.0.47
[INFO] [stderr]    Compiling prettyplease v0.2.37
[INFO] [stderr]    Compiling regex-automata v0.4.18
[INFO] [stderr]    Compiling syn v2.0.119
[INFO] [stderr]    Compiling regex v1.13.1
[INFO] [stderr]    Compiling rask-liburing-sys v2.4.0
[INFO] [stderr] error: failed to run custom build command for `rask-liburing-sys v2.4.0`
[INFO] [stderr] note: To improve backtraces for build dependencies, set the CARGO_PROFILE_RELEASE_BUILD_OVERRIDE_DEBUG=true environment variable to enable debug information generation.
[INFO] [stderr] 
[INFO] [stderr] Caused by:
[INFO] [stderr]   process didn't exit successfully: `/opt/rustwide/target/release/build/rask-liburing-sys/baac6236cb860dd0/out/build_script_build` (exit status: 101)
[INFO] [stderr]   --- stdout
[INFO] [stderr]   cargo:rustc-link-lib=uring
[INFO] [stderr]   cargo:rerun-if-changed=wrapper.h
[INFO] [stderr]   cargo:rustc-link-search=native=/opt/rustwide/target/release/build/rask-liburing-sys/c10522d684b118be/out/lib/src
[INFO] [stderr]   cargo:rerun-if-env-changed=TARGET
[INFO] [stderr]   cargo:rerun-if-env-changed=BINDGEN_EXTRA_CLANG_ARGS_x86_64-unknown-linux-gnu
[INFO] [stderr]   cargo:rerun-if-env-changed=BINDGEN_EXTRA_CLANG_ARGS_x86_64_unknown_linux_gnu
[INFO] [stderr]   cargo:rerun-if-env-changed=BINDGEN_EXTRA_CLANG_ARGS
[INFO] [stderr] 
[INFO] [stderr]   --- stderr
[INFO] [stderr]   Makefile:39: ../config-host.mak: No such file or directory
[INFO] [stderr]   make: *** No rule to make target '../config-host.mak'.  Stop.
[INFO] [stderr]   ./lib/src/include/liburing.h:24:10: fatal error: 'liburing/compat.h' file not found
[INFO] [stderr] 
[INFO] [stderr]   thread 'main' (205) panicked at /opt/rustwide/cargo-home/registry/src/index.crates.io-1949cf8c6b5b557f/rask-liburing-sys-2.4.0/build.rs:38:10:
[INFO] [stderr]   Unable to generate bindings: ClangDiagnostic("./lib/src/include/liburing.h:24:10: fatal error: 'liburing/compat.h' file not found\n")
[INFO] [stderr]   stack backtrace:
[INFO] [stderr]      0:     0x5801944ce0c1 - <<std[617be2ca0a6fd877]::sys::backtrace::BacktraceLock>::print::DisplayBacktrace as core[a373ad73a504971]::fmt::Display>::fmt
[INFO] [stderr]      1:     0x5801944e417a - core[a373ad73a504971]::fmt::write
[INFO] [stderr]      2:     0x5801944d2eac - <std[617be2ca0a6fd877]::sys::stdio::unix::Stderr as core[a373ad73a504971]::io::write::Write>::write_fmt
[INFO] [stderr]      3:     0x5801944a9426 - std[617be2ca0a6fd877]::panicking::default_hook::{closure#0}
[INFO] [stderr]      4:     0x5801944c6321 - std[617be2ca0a6fd877]::panicking::default_hook
[INFO] [stderr]      5:     0x5801944c664b - std[617be2ca0a6fd877]::panicking::panic_with_hook
[INFO] [stderr]      6:     0x5801944a94d2 - std[617be2ca0a6fd877]::panicking::panic_handler::{closure#0}
[INFO] [stderr]      7:     0x5801944a1ff9 - std[617be2ca0a6fd877]::sys::backtrace::__rust_end_short_backtrace::<std[617be2ca0a6fd877]::panicking::panic_handler::{closure#0}, !>
[INFO] [stderr]      8:     0x5801944aa0cd - __rustc[ea4f61d10b84890b]::rust_begin_unwind
[INFO] [stderr]      9:     0x5801944e499c - core[a373ad73a504971]::panicking::panic_fmt
[INFO] [stderr]     10:     0x5801944e4772 - core[a373ad73a504971]::result::unwrap_failed
[INFO] [stderr]     11:     0x580193ff82ab - <core[a373ad73a504971]::result::Result<bindgen[81d4b64ba1dff0e4]::Bindings, bindgen[81d4b64ba1dff0e4]::BindgenError>>::expect
[INFO] [stderr]     12:     0x580193ff8097 - build_script_build[22762b7c30d8701d]::main
[INFO] [stderr]     13:     0x580193ff92c3 - <fn() as core[a373ad73a504971]::ops::function::FnOnce<()>>::call_once
[INFO] [stderr]     14:     0x580193ff783e - std[617be2ca0a6fd877]::sys::backtrace::__rust_begin_short_backtrace::<fn(), ()>
[INFO] [stderr]     15:     0x580193ff7939 - std[617be2ca0a6fd877]::rt::lang_start::<()>::{closure#0}
[INFO] [stderr]     16:     0x5801944c5458 - std[617be2ca0a6fd877]::rt::lang_start_internal
[INFO] [stderr]     17:     0x580193ff7691 - std[617be2ca0a6fd877]::rt::lang_start::<()>
[INFO] [stderr]     18:     0x580193ff95b5 - main
[INFO] [stderr]     19:     0x7eace9e95601 - <unknown>
[INFO] [stderr]     20:     0x7eace9e95718 - __libc_start_main
[INFO] [stderr]     21:     0x580193ff6e35 - _start
[INFO] [stderr]     22:                0x0 - <unknown>
[INFO] running `Command { std: "docker" "inspect" "16b1c05db43e0b28e0d0900044225dd4e37f19896daad3a81433b19a9a123700", kill_on_drop: false }`
[INFO] running `Command { std: "docker" "rm" "-f" "16b1c05db43e0b28e0d0900044225dd4e37f19896daad3a81433b19a9a123700", kill_on_drop: false }`
[INFO] [stdout] 16b1c05db43e0b28e0d0900044225dd4e37f19896daad3a81433b19a9a123700
