[INFO] fetching crate rarity 0.3.0...
[INFO] testing rarity-0.3.0 against 1.99.0-beta.8+cargoflags=--release for beta-release-1.100-2
[INFO] extracting crate rarity 0.3.0 into /workspace/builds/worker-5-tc1/source
[INFO] started tweaking crates.io crate rarity 0.3.0
[INFO] finished tweaking crates.io crate rarity 0.3.0
[INFO] tweaked toml for crates.io crate rarity 0.3.0 written to /workspace/builds/worker-5-tc1/source/Cargo.toml
[INFO] validating manifest of crates.io crate rarity 0.3.0 on toolchain 1.99.0-beta.8
[INFO] running `Command { std: CARGO_HOME="/workspace/cargo-home" RUSTUP_HOME="/workspace/rustup-home" "/workspace/cargo-home/bin/cargo" "+1.99.0-beta.8" "metadata" "--manifest-path" "Cargo.toml" "--no-deps", kill_on_drop: false }`
[INFO] running `Command { std: CARGO_HOME="/workspace/cargo-home" RUSTUP_HOME="/workspace/rustup-home" "/workspace/cargo-home/bin/cargo" "+1.99.0-beta.8" "generate-lockfile" "--manifest-path" "Cargo.toml", kill_on_drop: false }`
[INFO] [stderr]     Updating crates.io index
[INFO] [stderr]      Locking 44 packages to highest compatible versions
[INFO] [stderr]       Adding fancy-regex v0.13.0 (available: v0.19.2)
[INFO] [stderr]       Adding generic-array v0.14.7 (available: v0.14.9)
[INFO] [stderr]       Adding sha2 v0.10.9 (available: v0.11.1)
[INFO] running `Command { std: CARGO_HOME="/workspace/cargo-home" RUSTUP_HOME="/workspace/rustup-home" "/workspace/cargo-home/bin/cargo" "+1.99.0-beta.8" "fetch" "--manifest-path" "Cargo.toml", kill_on_drop: false }`
[INFO] [stderr]  Downloading crates ...
[INFO] [stderr]   Downloaded unicode-id v0.3.7
[INFO] [stderr]   Downloaded indoc v2.0.8
[INFO] [stderr]   Downloaded terminal_color_builder v0.1.1
[INFO] [stderr]   Downloaded markdown v1.0.0
[INFO] running `Command { std: "docker" "create" "-v" "/var/lib/crater-agent-workspace/builds/worker-5-tc1/source:/opt/rustwide/workdir:ro,Z" "-v" "/var/lib/crater-agent-workspace/builds/worker-5-tc1/target:/opt/rustwide/target:rw,Z" "-v" "/var/lib/crater-agent-workspace/cargo-home:/opt/rustwide/cargo-home:ro,Z" "-v" "/var/lib/crater-agent-workspace/rustup-home:/opt/rustwide/rustup-home:ro,Z" "-m" "1610612736" "--network" "none" "ghcr.io/rust-lang/crates-build-env/linux@sha256:77db811e55d90add9212f6832c23229e3de5f1c1f9905e8cb07319ea15df73ac" "sleep" "infinity", kill_on_drop: false }`
[INFO] [stdout] 434018a8996fe567f86ed5bd457e1f726c1970eaba8f7dd2e8b6f58b3167527e
[INFO] running `Command { std: "docker" "start" "434018a8996fe567f86ed5bd457e1f726c1970eaba8f7dd2e8b6f58b3167527e", kill_on_drop: false }`
[INFO] running `Command { std: "docker" "inspect" "434018a8996fe567f86ed5bd457e1f726c1970eaba8f7dd2e8b6f58b3167527e", kill_on_drop: false }`
[INFO] running `Command { std: "docker" "exec" "-e" "SOURCE_DIR=/opt/rustwide/workdir" "-e" "CARGO_HOME=/opt/rustwide/cargo-home" "-e" "RUSTUP_HOME=/opt/rustwide/rustup-home" "-e" "CARGO_TARGET_DIR=/opt/rustwide/target" "-w" "/opt/rustwide/workdir" "--user" "0:0" "434018a8996fe567f86ed5bd457e1f726c1970eaba8f7dd2e8b6f58b3167527e" "/opt/rustwide/cargo-home/bin/cargo" "+1.99.0-beta.8" "metadata" "--no-deps" "--format-version=1", kill_on_drop: false }`
[INFO] running `Command { std: "docker" "inspect" "434018a8996fe567f86ed5bd457e1f726c1970eaba8f7dd2e8b6f58b3167527e", kill_on_drop: false }`
[INFO] running `Command { std: "docker" "exec" "-e" "SOURCE_DIR=/opt/rustwide/workdir" "-e" "CARGO_HOME=/opt/rustwide/cargo-home" "-e" "RUSTUP_HOME=/opt/rustwide/rustup-home" "-e" "CARGO_TARGET_DIR=/opt/rustwide/target" "-e" "CARGO_INCREMENTAL=0" "-e" "RUST_BACKTRACE=full" "-e" "RUSTFLAGS=--cap-lints=warn" "-e" "RUSTDOCFLAGS=--cap-lints=warn" "-w" "/opt/rustwide/workdir" "--user" "0:0" "434018a8996fe567f86ed5bd457e1f726c1970eaba8f7dd2e8b6f58b3167527e" "/opt/rustwide/cargo-home/bin/cargo" "+1.99.0-beta.8" "build" "--frozen" "--message-format=json" "--release", kill_on_drop: false }`
[INFO] [stderr]    Compiling proc-macro2 v1.0.107
[INFO] [stderr]    Compiling regex-automata v0.4.18
[INFO] [stderr]    Compiling camino v1.2.6
[INFO] [stderr]    Compiling bit-set v0.5.3
[INFO] [stderr]    Compiling unicode-id v0.3.7
[INFO] [stderr]    Compiling atty v0.2.14
[INFO] [stderr]    Compiling sha2 v0.10.9
[INFO] [stderr]    Compiling indoc v2.0.8
[INFO] [stderr]    Compiling markdown v1.0.0
[INFO] [stderr]    Compiling terminal_color_builder v0.1.1
[INFO] [stderr]    Compiling quote v1.0.47
[INFO] [stderr]    Compiling syn v3.0.9
[INFO] [stderr]    Compiling serde_derive v1.0.229
[INFO] [stderr]    Compiling fancy-regex v0.13.0
[INFO] [stderr]    Compiling regex v1.13.1
[INFO] [stderr]    Compiling serde v1.0.229
[INFO] [stderr]    Compiling rarity v0.3.0 (/opt/rustwide/workdir)
[INFO] [stdout] error[E0432]: unresolved import `markdown::mdast::BlockQuote`
[INFO] [stdout]  --> src/md_to_bbcode.rs:3:2
[INFO] [stdout]   |
[INFO] [stdout] 3 |     BlockQuote, Code, Definition, Delete, Emphasis, Heading, Image, ImageReference, InlineCode,
[INFO] [stdout]   |     ^^^^^^^^^^ no `BlockQuote` in `mdast`
[INFO] [stdout]   |
[INFO] [stdout] help: a similar name exists in the module
[INFO] [stdout]   |
[INFO] [stdout] 3 -     BlockQuote, Code, Definition, Delete, Emphasis, Heading, Image, ImageReference, InlineCode,
[INFO] [stdout] 3 +     Blockquote, Code, Definition, Delete, Emphasis, Heading, Image, ImageReference, InlineCode,
[INFO] [stdout]   |
[INFO] [stdout] 
[INFO] [stdout] 
[INFO] [stdout] error[E0599]: no variant, associated function, or constant named `BlockQuote` found for enum `Node` in the current scope
[INFO] [stdout]   --> src/md_to_bbcode.rs:50:9
[INFO] [stdout]    |
[INFO] [stdout] 50 |         Node::BlockQuote(quote) => Some(handle_quote(quote, warn, definitions)),
[INFO] [stdout]    |               ^^^^^^^^^^ variant, associated function, or constant not found in `Node`
[INFO] [stdout]    |
[INFO] [stdout] help: there is a variant with a similar name
[INFO] [stdout]    |
[INFO] [stdout] 50 -         Node::BlockQuote(quote) => Some(handle_quote(quote, warn, definitions)),
[INFO] [stdout] 50 +         Node::Blockquote(quote) => Some(handle_quote(quote, warn, definitions)),
[INFO] [stdout]    |
[INFO] [stdout] 
[INFO] [stdout] 
[INFO] [stdout] error[E0599]: no variant, associated function, or constant named `BlockQuote` found for enum `Node` in the current scope
[INFO] [stdout]   --> src/md_to_plaintext.rs:30:9
[INFO] [stdout]    |
[INFO] [stdout] 30 |         Node::BlockQuote(quote) => Some(handle_child_nodes(&quote.children, "\n")),
[INFO] [stdout]    |               ^^^^^^^^^^ variant, associated function, or constant not found in `Node`
[INFO] [stdout]    |
[INFO] [stdout] help: there is a variant with a similar name
[INFO] [stdout]    |
[INFO] [stdout] 30 -         Node::BlockQuote(quote) => Some(handle_child_nodes(&quote.children, "\n")),
[INFO] [stdout] 30 +         Node::Blockquote(quote) => Some(handle_child_nodes(&quote.children, "\n")),
[INFO] [stdout]    |
[INFO] [stdout] 
[INFO] [stdout] 
[INFO] [stdout] Some errors have detailed explanations: E0432, E0599.
[INFO] [stdout] 
[INFO] [stdout] For more information about an error, try `rustc --explain E0432`.
[INFO] [stdout] 
[INFO] [stderr] error: could not compile `rarity` (lib) due to 3 previous errors
[INFO] [stderr] warning: build failed, waiting for other jobs to finish...
[INFO] running `Command { std: "docker" "inspect" "434018a8996fe567f86ed5bd457e1f726c1970eaba8f7dd2e8b6f58b3167527e", kill_on_drop: false }`
[INFO] running `Command { std: "docker" "rm" "-f" "434018a8996fe567f86ed5bd457e1f726c1970eaba8f7dd2e8b6f58b3167527e", kill_on_drop: false }`
[INFO] [stdout] 434018a8996fe567f86ed5bd457e1f726c1970eaba8f7dd2e8b6f58b3167527e
