[INFO] fetching crate random-bytes 1.0.2...
[INFO] testing random-bytes-1.0.2 against 1.100.0-beta.1+cargoflags=--release for beta-release-1.100-2
[INFO] extracting crate random-bytes 1.0.2 into /workspace/builds/worker-0-tc2/source
[INFO] started tweaking crates.io crate random-bytes 1.0.2
[INFO] finished tweaking crates.io crate random-bytes 1.0.2
[INFO] tweaked toml for crates.io crate random-bytes 1.0.2 written to /workspace/builds/worker-0-tc2/source/Cargo.toml
[INFO] validating manifest of crates.io crate random-bytes 1.0.2 on toolchain 1.100.0-beta.1
[INFO] running `Command { std: CARGO_HOME="/workspace/cargo-home" RUSTUP_HOME="/workspace/rustup-home" "/workspace/cargo-home/bin/cargo" "+1.100.0-beta.1" "metadata" "--manifest-path" "Cargo.toml" "--no-deps", kill_on_drop: false }`
[INFO] running `Command { std: CARGO_HOME="/workspace/cargo-home" RUSTUP_HOME="/workspace/rustup-home" "/workspace/cargo-home/bin/cargo" "+1.100.0-beta.1" "generate-lockfile" "--manifest-path" "Cargo.toml", kill_on_drop: false }`
[INFO] [stderr]     Updating crates.io index
[INFO] [stderr]      Locking 69 packages to highest compatible versions
[INFO] [stderr]       Adding rand v0.8.8 (available: v0.10.3)
[INFO] running `Command { std: CARGO_HOME="/workspace/cargo-home" RUSTUP_HOME="/workspace/rustup-home" "/workspace/cargo-home/bin/cargo" "+1.100.0-beta.1" "fetch" "--manifest-path" "Cargo.toml", kill_on_drop: false }`
[INFO] [stderr] warning: `package.homepage` is redundant with `package.repository`
[INFO] [stderr]   --> Cargo.toml:18:12
[INFO] [stderr]    |
[INFO] [stderr] 18 | homepage = "https://github.com/pas2rust/random-bytes"
[INFO] [stderr]    |            ^^^^^^^^^^^^^^^^^^^^^^^^^^^^^^^^^^^^^^^^^^
[INFO] [stderr] ...
[INFO] [stderr] 21 | repository = "https://github.com/pas2rust/random-bytes"
[INFO] [stderr]    |              ------------------------------------------
[INFO] [stderr]    |
[INFO] [stderr]    = note: `cargo::redundant_homepage` is set to `warn` by default
[INFO] [stderr] help: consider removing `package.homepage`
[INFO] [stderr] warning: `random-bytes` (manifest) generated 1 warning
[INFO] running `Command { std: "docker" "create" "-v" "/var/lib/crater-agent-workspace/builds/worker-0-tc2/source:/opt/rustwide/workdir:ro,Z" "-v" "/var/lib/crater-agent-workspace/builds/worker-0-tc2/target:/opt/rustwide/target:rw,Z" "-v" "/var/lib/crater-agent-workspace/cargo-home:/opt/rustwide/cargo-home:ro,Z" "-v" "/var/lib/crater-agent-workspace/rustup-home:/opt/rustwide/rustup-home:ro,Z" "-m" "1610612736" "--network" "none" "ghcr.io/rust-lang/crates-build-env/linux@sha256:77db811e55d90add9212f6832c23229e3de5f1c1f9905e8cb07319ea15df73ac" "sleep" "infinity", kill_on_drop: false }`
[INFO] [stdout] 40542d35d03dd4cbd494838a29c729e017f0983a18cbe6e9c9f59edae2e25932
[INFO] running `Command { std: "docker" "start" "40542d35d03dd4cbd494838a29c729e017f0983a18cbe6e9c9f59edae2e25932", kill_on_drop: false }`
[INFO] running `Command { std: "docker" "inspect" "40542d35d03dd4cbd494838a29c729e017f0983a18cbe6e9c9f59edae2e25932", kill_on_drop: false }`
[INFO] running `Command { std: "docker" "exec" "-e" "SOURCE_DIR=/opt/rustwide/workdir" "-e" "CARGO_HOME=/opt/rustwide/cargo-home" "-e" "RUSTUP_HOME=/opt/rustwide/rustup-home" "-e" "CARGO_TARGET_DIR=/opt/rustwide/target" "-w" "/opt/rustwide/workdir" "--user" "0:0" "40542d35d03dd4cbd494838a29c729e017f0983a18cbe6e9c9f59edae2e25932" "/opt/rustwide/cargo-home/bin/cargo" "+1.100.0-beta.1" "metadata" "--no-deps" "--format-version=1", kill_on_drop: false }`
[INFO] running `Command { std: "docker" "inspect" "40542d35d03dd4cbd494838a29c729e017f0983a18cbe6e9c9f59edae2e25932", kill_on_drop: false }`
[INFO] running `Command { std: "docker" "exec" "-e" "SOURCE_DIR=/opt/rustwide/workdir" "-e" "CARGO_HOME=/opt/rustwide/cargo-home" "-e" "RUSTUP_HOME=/opt/rustwide/rustup-home" "-e" "CARGO_TARGET_DIR=/opt/rustwide/target" "-e" "CARGO_INCREMENTAL=0" "-e" "RUST_BACKTRACE=full" "-e" "RUSTFLAGS=--cap-lints=warn" "-e" "RUSTDOCFLAGS=--cap-lints=warn" "-w" "/opt/rustwide/workdir" "--user" "0:0" "40542d35d03dd4cbd494838a29c729e017f0983a18cbe6e9c9f59edae2e25932" "/opt/rustwide/cargo-home/bin/cargo" "+1.100.0-beta.1" "build" "--frozen" "--message-format=json" "--release", kill_on_drop: false }`
[INFO] [stderr] warning: `package.homepage` is redundant with `package.repository`
[INFO] [stderr]   --> Cargo.toml:18:12
[INFO] [stderr]    |
[INFO] [stderr] 18 | homepage = "https://github.com/pas2rust/random-bytes"
[INFO] [stderr]    |            ^^^^^^^^^^^^^^^^^^^^^^^^^^^^^^^^^^^^^^^^^^
[INFO] [stderr] ...
[INFO] [stderr] 21 | repository = "https://github.com/pas2rust/random-bytes"
[INFO] [stderr]    |              ------------------------------------------
[INFO] [stderr]    |
[INFO] [stderr]    = note: `cargo::redundant_homepage` is set to `warn` by default
[INFO] [stderr] help: consider removing `package.homepage`
[INFO] [stderr] warning: `random-bytes` (manifest) generated 1 warning
[INFO] [stderr]    Compiling libc v0.2.191
[INFO] [stderr]    Compiling iana-time-zone v0.1.65
[INFO] [stderr]    Compiling bitflags v2.13.2
[INFO] [stderr]    Compiling num-traits v0.2.19
[INFO] [stderr]    Compiling serde_json v1.0.154
[INFO] [stderr]    Compiling colorful v0.2.2
[INFO] [stderr]    Compiling openssl-sys v0.9.117
[INFO] [stderr]    Compiling openssl-macros v0.1.1
[INFO] [stderr]    Compiling ppv-lite86 v0.2.21
[INFO] [stderr]    Compiling serde v1.0.229
[INFO] [stderr]    Compiling openssl v0.10.81
[INFO] [stderr]    Compiling bincode v1.3.3
[INFO] [stderr]    Compiling chrono v0.4.45
[INFO] [stderr]    Compiling getrandom v0.2.17
[INFO] [stderr]    Compiling rand_core v0.6.4
[INFO] [stderr]    Compiling rand_chacha v0.3.1
[INFO] [stderr]    Compiling rand v0.8.8
[INFO] [stderr]    Compiling darth-rust v4.4.1
[INFO] [stderr]    Compiling random-bytes v1.0.2 (/opt/rustwide/workdir)
[INFO] [stdout] error[E0432]: unresolved import `colorful`
[INFO] [stdout]   --> src/random_bytes.rs:28:17
[INFO] [stdout]    |
[INFO] [stdout] 28 | #[derive(Debug, DarthRust, Default, Clone)]
[INFO] [stdout]    |                 ^^^^^^^^^ use of unresolved module or unlinked crate `colorful`
[INFO] [stdout]    |
[INFO] [stdout]    = help: if you wanted to use a crate named `colorful`, use `cargo add colorful` to add it to your `Cargo.toml`
[INFO] [stdout]    = note: this error originates in the derive macro `DarthRust` (in Nightly builds, run with -Z macro-backtrace for more info)
[INFO] [stdout] 
[INFO] [stdout] 
[INFO] [stdout] error[E0433]: cannot find module or crate `serde_json` in this scope
[INFO] [stdout]   --> src/random_bytes.rs:28:17
[INFO] [stdout]    |
[INFO] [stdout] 28 | #[derive(Debug, DarthRust, Default, Clone)]
[INFO] [stdout]    |                 ^^^^^^^^^ use of unresolved module or unlinked crate `serde_json`
[INFO] [stdout]    |
[INFO] [stdout]    = note: this error originates in the derive macro `DarthRust` (in Nightly builds, run with -Z macro-backtrace for more info)
[INFO] [stdout] 
[INFO] [stdout] 
[INFO] [stdout] error[E0433]: cannot find module or crate `serde_json` in this scope
[INFO] [stdout]   --> src/random_bytes.rs:28:17
[INFO] [stdout]    |
[INFO] [stdout] 28 | #[derive(Debug, DarthRust, Default, Clone)]
[INFO] [stdout]    |                 ^^^^^^^^^ use of unresolved module or unlinked crate `serde_json`
[INFO] [stdout]    |
[INFO] [stdout]    = help: if you wanted to use a crate named `serde_json`, use `cargo add serde_json` to add it to your `Cargo.toml`
[INFO] [stdout]    = note: this error originates in the derive macro `DarthRust` (in Nightly builds, run with -Z macro-backtrace for more info)
[INFO] [stdout] 
[INFO] [stdout] 
[INFO] [stdout] error[E0433]: cannot find module or crate `chrono` in this scope
[INFO] [stdout]   --> src/random_bytes.rs:28:17
[INFO] [stdout]    |
[INFO] [stdout] 28 | #[derive(Debug, DarthRust, Default, Clone)]
[INFO] [stdout]    |                 ^^^^^^^^^ use of unresolved module or unlinked crate `chrono`
[INFO] [stdout]    |
[INFO] [stdout]    = help: if you wanted to use a crate named `chrono`, use `cargo add chrono` to add it to your `Cargo.toml`
[INFO] [stdout]    = note: this error originates in the derive macro `DarthRust` (in Nightly builds, run with -Z macro-backtrace for more info)
[INFO] [stdout] 
[INFO] [stdout] 
[INFO] [stdout] error[E0433]: cannot find module or crate `openssl` in this scope
[INFO] [stdout]   --> src/random_bytes.rs:28:17
[INFO] [stdout]    |
[INFO] [stdout] 28 | #[derive(Debug, DarthRust, Default, Clone)]
[INFO] [stdout]    |                 ^^^^^^^^^ use of unresolved module or unlinked crate `openssl`
[INFO] [stdout]    |
[INFO] [stdout]    = help: if you wanted to use a crate named `openssl`, use `cargo add openssl` to add it to your `Cargo.toml`
[INFO] [stdout]    = note: this error originates in the derive macro `DarthRust` (in Nightly builds, run with -Z macro-backtrace for more info)
[INFO] [stdout] 
[INFO] [stdout] 
[INFO] [stdout] error[E0433]: cannot find module or crate `serde` in this scope
[INFO] [stdout]   --> src/random_bytes.rs:28:17
[INFO] [stdout]    |
[INFO] [stdout] 28 | #[derive(Debug, DarthRust, Default, Clone)]
[INFO] [stdout]    |                 ^^^^^^^^^ use of unresolved module or unlinked crate `serde`
[INFO] [stdout]    |
[INFO] [stdout]    = help: if you wanted to use a crate named `serde`, use `cargo add serde` to add it to your `Cargo.toml`
[INFO] [stdout]    = note: this error originates in the derive macro `DarthRust` (in Nightly builds, run with -Z macro-backtrace for more info)
[INFO] [stdout] 
[INFO] [stdout] 
[INFO] [stdout] error[E0433]: cannot find module or crate `bincode` in this scope
[INFO] [stdout]   --> src/random_bytes.rs:28:17
[INFO] [stdout]    |
[INFO] [stdout] 28 | #[derive(Debug, DarthRust, Default, Clone)]
[INFO] [stdout]    |                 ^^^^^^^^^ use of unresolved module or unlinked crate `bincode`
[INFO] [stdout]    |
[INFO] [stdout]    = help: if you wanted to use a crate named `bincode`, use `cargo add bincode` to add it to your `Cargo.toml`
[INFO] [stdout]    = note: this error originates in the derive macro `DarthRust` (in Nightly builds, run with -Z macro-backtrace for more info)
[INFO] [stdout] 
[INFO] [stdout] 
[INFO] [stdout] Some errors have detailed explanations: E0432, E0433.
[INFO] [stdout] 
[INFO] [stdout] For more information about an error, try `rustc --explain E0432`.
[INFO] [stdout] 
[INFO] [stderr] error: could not compile `random-bytes` (lib) due to 7 previous errors
[INFO] [stderr] warning: unused dependency `lazy_static`
[INFO] [stderr]  --> Cargo.toml:4:15
[INFO] [stderr]   |
[INFO] [stderr] 4 | [dependencies.lazy_static]
[INFO] [stderr]   |               ^^^^^^^^^^^^
[INFO] [stderr]   |
[INFO] [stderr]   = note: `cargo::unused_dependencies` is set to `warn` by default
[INFO] [stderr] help: consider removing the dependency on `lazy_static`
[INFO] [stderr] warning: `random-bytes` (manifest) generated 1 warning
[INFO] running `Command { std: "docker" "inspect" "40542d35d03dd4cbd494838a29c729e017f0983a18cbe6e9c9f59edae2e25932", kill_on_drop: false }`
[INFO] running `Command { std: "docker" "rm" "-f" "40542d35d03dd4cbd494838a29c729e017f0983a18cbe6e9c9f59edae2e25932", kill_on_drop: false }`
[INFO] [stdout] 40542d35d03dd4cbd494838a29c729e017f0983a18cbe6e9c9f59edae2e25932
