[INFO] fetching crate rama-http-core 0.4.0...
[INFO] testing rama-http-core-0.4.0 against 1.99.0-beta.8+cargoflags=--release for beta-release-1.100-2
[INFO] extracting crate rama-http-core 0.4.0 into /workspace/builds/worker-2-tc1/source
[INFO] started tweaking crates.io crate rama-http-core 0.4.0
[INFO] removed 0 missing examples
[INFO] finished tweaking crates.io crate rama-http-core 0.4.0
[INFO] tweaked toml for crates.io crate rama-http-core 0.4.0 written to /workspace/builds/worker-2-tc1/source/Cargo.toml
[INFO] validating manifest of crates.io crate rama-http-core 0.4.0 on toolchain 1.99.0-beta.8
[INFO] running `Command { std: CARGO_HOME="/workspace/cargo-home" RUSTUP_HOME="/workspace/rustup-home" "/workspace/cargo-home/bin/cargo" "+1.99.0-beta.8" "metadata" "--manifest-path" "Cargo.toml" "--no-deps", kill_on_drop: false }`
[INFO] crate crates.io crate rama-http-core 0.4.0 already has a lockfile, it will not be regenerated
[INFO] running `Command { std: CARGO_HOME="/workspace/cargo-home" RUSTUP_HOME="/workspace/rustup-home" "/workspace/cargo-home/bin/cargo" "+1.99.0-beta.8" "fetch" "--manifest-path" "Cargo.toml", kill_on_drop: false }`
[INFO] [stderr]     Updating crates.io index
[INFO] [stderr]  Downloading crates ...
[INFO] [stderr]   Downloaded rama-macros v0.4.0
[INFO] [stderr]   Downloaded rama-utils v0.4.0
[INFO] [stderr]   Downloaded tracing-test-macro v0.2.6
[INFO] [stderr]   Downloaded asynk-strim v0.1.5
[INFO] [stderr]   Downloaded tracing-test v0.2.6
[INFO] [stderr]   Downloaded rama-error v0.4.0
[INFO] [stderr]   Downloaded wildcard v0.3.0
[INFO] [stderr]   Downloaded serde_html_form v0.4.1
[INFO] [stderr]   Downloaded yasna v0.6.0
[INFO] [stderr]   Downloaded tokio-graceful v0.2.2
[INFO] [stderr]   Downloaded rama-crypto v0.4.0
[INFO] [stderr]   Downloaded rama-tls v0.4.0
[INFO] [stderr]   Downloaded rama-json v0.4.0
[INFO] [stderr]   Downloaded rama-core v0.4.0
[INFO] [stderr]   Downloaded iri-string v0.7.14
[INFO] [stderr]   Downloaded psl v2.1.225
[INFO] [stderr]   Downloaded moka v0.12.16
[INFO] [stderr]   Downloaded rama-http-headers v0.4.0
[INFO] [stderr]   Downloaded rama-http v0.4.0
[INFO] [stderr]   Downloaded rama-net v0.4.0
[INFO] [stderr]   Downloaded rama-http-types v0.4.0
[INFO] running `Command { std: "docker" "create" "-v" "/var/lib/crater-agent-workspace/builds/worker-2-tc1/source:/opt/rustwide/workdir:ro,Z" "-v" "/var/lib/crater-agent-workspace/builds/worker-2-tc1/target:/opt/rustwide/target:rw,Z" "-v" "/var/lib/crater-agent-workspace/cargo-home:/opt/rustwide/cargo-home:ro,Z" "-v" "/var/lib/crater-agent-workspace/rustup-home:/opt/rustwide/rustup-home:ro,Z" "-m" "1610612736" "--network" "none" "ghcr.io/rust-lang/crates-build-env/linux@sha256:77db811e55d90add9212f6832c23229e3de5f1c1f9905e8cb07319ea15df73ac" "sleep" "infinity", kill_on_drop: false }`
[INFO] [stdout] 8c5092901c89877f866b95a47cbaac1e21df05aa531b91ff9c2c451d15ee2d2a
[INFO] running `Command { std: "docker" "start" "8c5092901c89877f866b95a47cbaac1e21df05aa531b91ff9c2c451d15ee2d2a", kill_on_drop: false }`
[INFO] running `Command { std: "docker" "inspect" "8c5092901c89877f866b95a47cbaac1e21df05aa531b91ff9c2c451d15ee2d2a", kill_on_drop: false }`
[INFO] running `Command { std: "docker" "exec" "-e" "SOURCE_DIR=/opt/rustwide/workdir" "-e" "CARGO_HOME=/opt/rustwide/cargo-home" "-e" "RUSTUP_HOME=/opt/rustwide/rustup-home" "-e" "CARGO_TARGET_DIR=/opt/rustwide/target" "-w" "/opt/rustwide/workdir" "--user" "0:0" "8c5092901c89877f866b95a47cbaac1e21df05aa531b91ff9c2c451d15ee2d2a" "/opt/rustwide/cargo-home/bin/cargo" "+1.99.0-beta.8" "metadata" "--no-deps" "--format-version=1", kill_on_drop: false }`
[INFO] running `Command { std: "docker" "inspect" "8c5092901c89877f866b95a47cbaac1e21df05aa531b91ff9c2c451d15ee2d2a", kill_on_drop: false }`
[INFO] running `Command { std: "docker" "exec" "-e" "SOURCE_DIR=/opt/rustwide/workdir" "-e" "CARGO_HOME=/opt/rustwide/cargo-home" "-e" "RUSTUP_HOME=/opt/rustwide/rustup-home" "-e" "CARGO_TARGET_DIR=/opt/rustwide/target" "-e" "CARGO_INCREMENTAL=0" "-e" "RUST_BACKTRACE=full" "-e" "RUSTFLAGS=--cap-lints=warn" "-e" "RUSTDOCFLAGS=--cap-lints=warn" "-w" "/opt/rustwide/workdir" "--user" "0:0" "8c5092901c89877f866b95a47cbaac1e21df05aa531b91ff9c2c451d15ee2d2a" "/opt/rustwide/cargo-home/bin/cargo" "+1.99.0-beta.8" "build" "--frozen" "--message-format=json" "--release", kill_on_drop: false }`
[INFO] [stderr]    Compiling syn v3.0.3
[INFO] [stderr]    Compiling syn v2.0.119
[INFO] [stderr]    Compiling aho-corasick v1.1.5
[INFO] [stderr]    Compiling regex-syntax v0.8.11
[INFO] [stderr]    Compiling konst_macro_rules v0.2.19
[INFO] [stderr]    Compiling const_format_proc_macros v0.2.34
[INFO] [stderr]    Compiling hybrid-array v0.4.14
[INFO] [stderr]    Compiling deranged v0.5.8
[INFO] [stderr]    Compiling crossbeam-channel v0.5.16
[INFO] [stderr]    Compiling smol_str v0.3.6
[INFO] [stderr]    Compiling thread_local v1.1.10
[INFO] [stderr]    Compiling portable-atomic v1.15.0
[INFO] [stderr]    Compiling crossbeam-epoch v0.9.20
[INFO] [stderr]    Compiling serde_json v1.0.151
[INFO] [stderr]    Compiling getrandom v0.3.4
[INFO] [stderr]    Compiling symlink v0.1.0
[INFO] [stderr]    Compiling form_urlencoded v1.2.2
[INFO] [stderr]    Compiling konst v0.2.20
[INFO] [stderr]    Compiling tracing-subscriber v0.3.23
[INFO] [stderr]    Compiling ahash v0.8.12
[INFO] [stderr]    Compiling mime_guess v2.0.5
[INFO] [stderr]    Compiling uuid v1.24.1
[INFO] [stderr]    Compiling asynk-strim v0.1.5
[INFO] [stderr]    Compiling csv-core v0.1.13
[INFO] [stderr]    Compiling either v1.17.0
[INFO] [stderr]    Compiling endian-type v0.2.0
[INFO] [stderr]    Compiling rama-error v0.4.0
[INFO] [stderr]    Compiling psl-types v2.0.11
[INFO] [stderr]    Compiling const_format v0.2.36
[INFO] [stderr]    Compiling tagptr v0.2.0
[INFO] [stderr]    Compiling psl v2.1.225
[INFO] [stderr]    Compiling itertools v0.15.0
[INFO] [stderr]    Compiling csv v1.4.0
[INFO] [stderr]    Compiling crypto-common v0.2.2
[INFO] [stderr]    Compiling block-buffer v0.12.1
[INFO] [stderr]    Compiling arc-swap v1.9.2
[INFO] [stderr]    Compiling serde_html_form v0.4.1
[INFO] [stderr]    Compiling chacha20 v0.10.1
[INFO] [stderr]    Compiling rand v0.10.2
[INFO] [stderr]    Compiling md5 v0.8.1
[INFO] [stderr]    Compiling rama-http-headers v0.4.0
[INFO] [stderr]    Compiling jiff v0.2.35
[INFO] [stderr]    Compiling iri-string v0.7.14
[INFO] [stderr]    Compiling time v0.3.47
[INFO] [stderr]    Compiling digest v0.11.3
[INFO] [stderr]    Compiling sha2 v0.11.0
[INFO] [stderr]    Compiling sha1 v0.11.0
[INFO] [stderr]    Compiling regex-automata v0.4.18
[INFO] [stderr]    Compiling serde_derive v1.0.229
[INFO] [stderr]    Compiling tokio-macros v2.7.2
[INFO] [stderr]    Compiling thiserror-impl v2.0.20
[INFO] [stderr]    Compiling futures-macro v0.3.34
[INFO] [stderr]    Compiling rama-macros v0.4.0
[INFO] [stderr]    Compiling futures-util v0.3.34
[INFO] [stderr]    Compiling thiserror v2.0.20
[INFO] [stderr]    Compiling wildcard v0.3.0
[INFO] [stderr]    Compiling tracing-attributes v0.1.31
[INFO] [stderr]    Compiling tracing v0.1.44
[INFO] [stderr]    Compiling regex v1.13.1
[INFO] [stderr]    Compiling serde v1.0.229
[INFO] [stderr]    Compiling smallvec v1.15.2
[INFO] [stderr]    Compiling bytes v1.12.1
[INFO] [stderr]    Compiling ipnet v2.12.1
[INFO] [stderr]    Compiling parking_lot_core v0.9.12
[INFO] [stderr]    Compiling nibble_vec v0.1.0
[INFO] [stderr]    Compiling tokio v1.53.1
[INFO] [stderr]    Compiling parking_lot v0.12.5
[INFO] [stderr]    Compiling radix_trie v0.3.0
[INFO] [stderr]    Compiling tracing-appender v0.2.5
[INFO] [stderr]    Compiling moka v0.12.16
[INFO] [stderr]    Compiling futures-executor v0.3.34
[INFO] [stderr]    Compiling futures v0.3.34
[INFO] [stderr]    Compiling tokio-util v0.7.19
[INFO] [stderr]    Compiling rama-utils v0.4.0
[INFO] [stderr]    Compiling tokio-graceful v0.2.2
[INFO] [stderr]    Compiling tokio-stream v0.1.19
[INFO] [stderr]    Compiling rama-json v0.4.0
[INFO] [stderr]    Compiling rama-core v0.4.0
[INFO] [stderr]    Compiling tokio-test v0.4.5
[INFO] [stderr]    Compiling rama-net v0.4.0
[INFO] [stderr]    Compiling rama-http-types v0.4.0
[INFO] [stderr]    Compiling rama-http v0.4.0
[INFO] [stderr]    Compiling rama-http-core v0.4.0 (/opt/rustwide/workdir)
[INFO] [stderr]     Finished `release` profile [optimized] target(s) in 2m 05s
[INFO] running `Command { std: "docker" "inspect" "8c5092901c89877f866b95a47cbaac1e21df05aa531b91ff9c2c451d15ee2d2a", kill_on_drop: false }`
[INFO] running `Command { std: "docker" "exec" "-e" "SOURCE_DIR=/opt/rustwide/workdir" "-e" "CARGO_HOME=/opt/rustwide/cargo-home" "-e" "RUSTUP_HOME=/opt/rustwide/rustup-home" "-e" "CARGO_TARGET_DIR=/opt/rustwide/target" "-e" "CARGO_INCREMENTAL=0" "-e" "RUST_BACKTRACE=full" "-e" "RUSTFLAGS=--cap-lints=warn" "-e" "RUSTDOCFLAGS=--cap-lints=warn" "-w" "/opt/rustwide/workdir" "--user" "0:0" "8c5092901c89877f866b95a47cbaac1e21df05aa531b91ff9c2c451d15ee2d2a" "/opt/rustwide/cargo-home/bin/cargo" "+1.99.0-beta.8" "test" "--frozen" "--no-run" "--message-format=json" "--release", kill_on_drop: false }`
[INFO] [stderr]    Compiling syn v2.0.119
[INFO] [stderr]    Compiling regex-syntax v0.8.11
[INFO] [stderr]    Compiling time-core v0.1.8
[INFO] [stderr]    Compiling log v0.4.33
[INFO] [stderr]    Compiling displaydoc v0.2.7
[INFO] [stderr]    Compiling num-integer v0.1.47
[INFO] [stderr]    Compiling rustls v0.23.43
[INFO] [stderr]    Compiling spin v0.9.9
[INFO] [stderr]    Compiling fastrand v2.5.0
[INFO] [stderr]    Compiling rustls-webpki v0.103.14
[INFO] [stderr]    Compiling tracing-log v0.2.0
[INFO] [stderr]    Compiling time-macros v0.2.27
[INFO] [stderr]    Compiling num-bigint v0.4.8
[INFO] [stderr]    Compiling flume v0.12.0
[INFO] [stderr]    Compiling time v0.3.47
[INFO] [stderr]    Compiling regex-automata v0.4.18
[INFO] [stderr]    Compiling yasna v0.6.0
[INFO] [stderr]    Compiling synstructure v0.13.2
[INFO] [stderr]    Compiling matchers v0.2.0
[INFO] [stderr]    Compiling regex v1.13.1
[INFO] [stderr]    Compiling tracing-attributes v0.1.31
[INFO] [stderr]    Compiling asn1-rs-impl v0.2.0
[INFO] [stderr]    Compiling tracing-test-macro v0.2.6
[INFO] [stderr]    Compiling asn1-rs-derive v0.6.0
[INFO] [stderr]    Compiling asn1-rs v0.7.2
[INFO] [stderr]    Compiling tracing v0.1.44
[INFO] [stderr]    Compiling tokio-rustls v0.26.4
[INFO] [stderr]    Compiling tracing-subscriber v0.3.23
[INFO] [stderr]    Compiling rama-utils v0.4.0
[INFO] [stderr]    Compiling tokio-graceful v0.2.2
[INFO] [stderr]    Compiling oid-registry v0.8.1
[INFO] [stderr]    Compiling rama-json v0.4.0
[INFO] [stderr]    Compiling der-parser v10.0.0
[INFO] [stderr]    Compiling tracing-appender v0.2.5
[INFO] [stderr]    Compiling tracing-test v0.2.6
[INFO] [stderr]    Compiling rama-core v0.4.0
[INFO] [stderr]    Compiling x509-parser v0.18.1
[INFO] [stderr]    Compiling rama-net v0.4.0
[INFO] [stderr]    Compiling rama-http-types v0.4.0
[INFO] [stderr]    Compiling rama-crypto v0.4.0
[INFO] [stderr]    Compiling rama-tls v0.4.0
[INFO] [stderr]    Compiling rama-http-headers v0.4.0
[INFO] [stderr]    Compiling rama-http v0.4.0
[INFO] [stderr]    Compiling rama-http-core v0.4.0 (/opt/rustwide/workdir)
[INFO] [stdout] error[E0432]: unresolved import `rama_error`
[INFO] [stdout]   --> examples/h2_example.rs:28:5
[INFO] [stdout]    |
[INFO] [stdout] 28 | use rama_error::BoxError;
[INFO] [stdout]    |     ^^^^^^^^^^ use of unresolved module or unlinked crate `rama_error`
[INFO] [stdout]    |
[INFO] [stdout]    = help: if you wanted to use a crate named `rama_error`, use `cargo add rama_error` to add it to your `Cargo.toml`
[INFO] [stdout] 
[INFO] [stdout] 
[INFO] [stdout] error[E0432]: unresolved import `rama_error`
[INFO] [stdout]   --> examples/h2_server.rs:33:5
[INFO] [stdout]    |
[INFO] [stdout] 33 | use rama_error::BoxError;
[INFO] [stdout]    |     ^^^^^^^^^^ use of unresolved module or unlinked crate `rama_error`
[INFO] [stdout]    |
[INFO] [stdout]    = help: if you wanted to use a crate named `rama_error`, use `cargo add rama_error` to add it to your `Cargo.toml`
[INFO] [stdout] 
[INFO] [stdout] 
[INFO] [stdout] error[E0432]: unresolved import `rama_error`
[INFO] [stdout]   --> examples/h2_client.rs:35:5
[INFO] [stdout]    |
[INFO] [stdout] 35 | use rama_error::BoxError;
[INFO] [stdout]    |     ^^^^^^^^^^ use of unresolved module or unlinked crate `rama_error`
[INFO] [stdout]    |
[INFO] [stdout]    = help: if you wanted to use a crate named `rama_error`, use `cargo add rama_error` to add it to your `Cargo.toml`
[INFO] [stdout] 
[INFO] [stdout] 
[INFO] [stdout] For more information about this error, try `rustc --explain E0432`.
[INFO] [stdout] 
[INFO] [stdout] For more information about this error, try `rustc --explain E0432`.
[INFO] [stdout] 
[INFO] [stderr] error: could not compile `rama-http-core` (example "h2_server") due to 1 previous error
[INFO] [stderr] warning: build failed, waiting for other jobs to finish...
[INFO] [stderr] error: could not compile `rama-http-core` (example "h2_example") due to 1 previous error
[INFO] [stdout] For more information about this error, try `rustc --explain E0432`.
[INFO] [stdout] 
[INFO] [stderr] error: could not compile `rama-http-core` (example "h2_client") due to 1 previous error
[INFO] running `Command { std: "docker" "inspect" "8c5092901c89877f866b95a47cbaac1e21df05aa531b91ff9c2c451d15ee2d2a", kill_on_drop: false }`
[INFO] running `Command { std: "docker" "rm" "-f" "8c5092901c89877f866b95a47cbaac1e21df05aa531b91ff9c2c451d15ee2d2a", kill_on_drop: false }`
[INFO] [stdout] 8c5092901c89877f866b95a47cbaac1e21df05aa531b91ff9c2c451d15ee2d2a
