[INFO] fetching crate rai 0.11.0...
[INFO] testing rai-0.11.0 against 1.100.0-beta.1+cargoflags=--release for beta-release-1.100-2
[INFO] extracting crate rai 0.11.0 into /workspace/builds/worker-4-tc2/source
[INFO] started tweaking crates.io crate rai 0.11.0
[INFO] finished tweaking crates.io crate rai 0.11.0
[INFO] tweaked toml for crates.io crate rai 0.11.0 written to /workspace/builds/worker-4-tc2/source/Cargo.toml
[INFO] validating manifest of crates.io crate rai 0.11.0 on toolchain 1.100.0-beta.1
[INFO] running `Command { std: CARGO_HOME="/workspace/cargo-home" RUSTUP_HOME="/workspace/rustup-home" "/workspace/cargo-home/bin/cargo" "+1.100.0-beta.1" "metadata" "--manifest-path" "Cargo.toml" "--no-deps", kill_on_drop: false }`
[INFO] running `Command { std: CARGO_HOME="/workspace/cargo-home" RUSTUP_HOME="/workspace/rustup-home" "/workspace/cargo-home/bin/cargo" "+1.100.0-beta.1" "generate-lockfile" "--manifest-path" "Cargo.toml", kill_on_drop: false }`
[INFO] [stderr]     Updating crates.io index
[INFO] [stderr]      Locking 301 packages to highest compatible versions
[INFO] [stderr]       Adding generic-array v0.14.7 (available: v0.14.9)
[INFO] [stderr]       Adding hf-hub v0.3.2 (available: v1.0.0)
[INFO] [stderr]       Adding once_cell v1.19.0 (available: v1.21.4)
[INFO] [stderr]       Adding regex v1.10.6 (available: v1.13.1)
[INFO] running `Command { std: CARGO_HOME="/workspace/cargo-home" RUSTUP_HOME="/workspace/rustup-home" "/workspace/cargo-home/bin/cargo" "+1.100.0-beta.1" "fetch" "--manifest-path" "Cargo.toml", kill_on_drop: false }`
[INFO] [stderr] warning: `package.homepage` is redundant with `package.repository`
[INFO] [stderr]   --> Cargo.toml:34:12
[INFO] [stderr]    |
[INFO] [stderr] 34 | homepage = "https://github.com/cksac/rai"
[INFO] [stderr]    |            ^^^^^^^^^^^^^^^^^^^^^^^^^^^^^^
[INFO] [stderr] ...
[INFO] [stderr] 39 | repository = "https://github.com/cksac/rai"
[INFO] [stderr]    |              ------------------------------
[INFO] [stderr]    |
[INFO] [stderr]    = note: `cargo::redundant_homepage` is set to `warn` by default
[INFO] [stderr] help: consider removing `package.homepage`
[INFO] [stderr] warning: `rai` (manifest) generated 1 warning
[INFO] running `Command { std: "docker" "create" "-v" "/var/lib/crater-agent-workspace/builds/worker-4-tc2/source:/opt/rustwide/workdir:ro,Z" "-v" "/var/lib/crater-agent-workspace/builds/worker-4-tc2/target:/opt/rustwide/target:rw,Z" "-v" "/var/lib/crater-agent-workspace/cargo-home:/opt/rustwide/cargo-home:ro,Z" "-v" "/var/lib/crater-agent-workspace/rustup-home:/opt/rustwide/rustup-home:ro,Z" "-m" "1610612736" "--network" "none" "ghcr.io/rust-lang/crates-build-env/linux@sha256:77db811e55d90add9212f6832c23229e3de5f1c1f9905e8cb07319ea15df73ac" "sleep" "infinity", kill_on_drop: false }`
[INFO] [stdout] 2155a7ba269ffec58c394288c8280b89ce16f14706cd002b077d1b3c1f2d5acd
[INFO] running `Command { std: "docker" "start" "2155a7ba269ffec58c394288c8280b89ce16f14706cd002b077d1b3c1f2d5acd", kill_on_drop: false }`
[INFO] running `Command { std: "docker" "inspect" "2155a7ba269ffec58c394288c8280b89ce16f14706cd002b077d1b3c1f2d5acd", kill_on_drop: false }`
[INFO] running `Command { std: "docker" "exec" "-e" "SOURCE_DIR=/opt/rustwide/workdir" "-e" "CARGO_HOME=/opt/rustwide/cargo-home" "-e" "RUSTUP_HOME=/opt/rustwide/rustup-home" "-e" "CARGO_TARGET_DIR=/opt/rustwide/target" "-w" "/opt/rustwide/workdir" "--user" "0:0" "2155a7ba269ffec58c394288c8280b89ce16f14706cd002b077d1b3c1f2d5acd" "/opt/rustwide/cargo-home/bin/cargo" "+1.100.0-beta.1" "metadata" "--no-deps" "--format-version=1", kill_on_drop: false }`
[INFO] running `Command { std: "docker" "inspect" "2155a7ba269ffec58c394288c8280b89ce16f14706cd002b077d1b3c1f2d5acd", kill_on_drop: false }`
[INFO] running `Command { std: "docker" "exec" "-e" "SOURCE_DIR=/opt/rustwide/workdir" "-e" "CARGO_HOME=/opt/rustwide/cargo-home" "-e" "RUSTUP_HOME=/opt/rustwide/rustup-home" "-e" "CARGO_TARGET_DIR=/opt/rustwide/target" "-e" "CARGO_INCREMENTAL=0" "-e" "RUST_BACKTRACE=full" "-e" "RUSTFLAGS=--cap-lints=warn" "-e" "RUSTDOCFLAGS=--cap-lints=warn" "-w" "/opt/rustwide/workdir" "--user" "0:0" "2155a7ba269ffec58c394288c8280b89ce16f14706cd002b077d1b3c1f2d5acd" "/opt/rustwide/cargo-home/bin/cargo" "+1.100.0-beta.1" "build" "--frozen" "--message-format=json" "--release", kill_on_drop: false }`
[INFO] [stderr] warning: `package.homepage` is redundant with `package.repository`
[INFO] [stderr]   --> Cargo.toml:34:12
[INFO] [stderr]    |
[INFO] [stderr] 34 | homepage = "https://github.com/cksac/rai"
[INFO] [stderr]    |            ^^^^^^^^^^^^^^^^^^^^^^^^^^^^^^
[INFO] [stderr] ...
[INFO] [stderr] 39 | repository = "https://github.com/cksac/rai"
[INFO] [stderr]    |              ------------------------------
[INFO] [stderr]    |
[INFO] [stderr]    = note: `cargo::redundant_homepage` is set to `warn` by default
[INFO] [stderr] help: consider removing `package.homepage`
[INFO] [stderr] warning: `rai` (manifest) generated 1 warning
[INFO] [stderr]    Compiling unicode-ident v1.0.27
[INFO] [stderr]    Compiling libc v0.2.191
[INFO] [stderr]    Compiling once_cell v1.19.0
[INFO] [stderr]    Compiling zerocopy v0.8.63
[INFO] [stderr]    Compiling stable_deref_trait v1.2.1
[INFO] [stderr]    Compiling crossbeam-utils v0.8.23
[INFO] [stderr]    Compiling find-msvc-tools v0.1.14
[INFO] [stderr]    Compiling crossbeam-epoch v0.9.21
[INFO] [stderr]    Compiling crossbeam-deque v0.8.8
[INFO] [stderr]    Compiling num-traits v0.2.19
[INFO] [stderr]    Compiling reborrow v0.5.5
[INFO] [stderr]    Compiling bitflags v1.3.2
[INFO] [stderr]    Compiling either v1.19.0
[INFO] [stderr]    Compiling serde_json v1.0.154
[INFO] [stderr]    Compiling crc32fast v1.5.2
[INFO] [stderr]    Compiling smallvec v1.16.3
[INFO] [stderr]    Compiling proc-macro2 v1.0.107
[INFO] [stderr]    Compiling raw-cpuid v10.7.0
[INFO] [stderr]    Compiling vcpkg v0.2.15
[INFO] [stderr]    Compiling pkg-config v0.3.34
[INFO] [stderr]    Compiling log v0.4.34
[INFO] [stderr]    Compiling cc v1.8.0
[INFO] [stderr]    Compiling tracing-core v0.1.36
[INFO] [stderr]    Compiling equivalent v1.0.3
[INFO] [stderr]    Compiling hashbrown v0.17.1
[INFO] [stderr]    Compiling lazy_static v1.5.1
[INFO] [stderr]    Compiling zeroize v1.9.1
[INFO] [stderr]    Compiling winnow v0.5.40
[INFO] [stderr]    Compiling toml_datetime v0.6.11
[INFO] [stderr]    Compiling openssl v0.10.81
[INFO] [stderr]    Compiling regex-syntax v0.8.11
[INFO] [stderr]    Compiling rustls-pki-types v1.15.1
[INFO] [stderr]    Compiling regex-syntax v0.6.29
[INFO] [stderr]    Compiling foreign-types-shared v0.1.1
[INFO] [stderr]    Compiling strsim v0.10.0
[INFO] [stderr]    Compiling arrayvec v0.7.8
[INFO] [stderr]    Compiling foreign-types v0.3.2
[INFO] [stderr]    Compiling zip v0.6.6
[INFO] [stderr]    Compiling quote v1.0.47
[INFO] [stderr]    Compiling heck v0.4.1
[INFO] [stderr]    Compiling native-tls v0.2.18
[INFO] [stderr]    Compiling percent-encoding v2.3.2
[INFO] [stderr]    Compiling bitflags v2.13.2
[INFO] [stderr]    Compiling syn v3.0.9
[INFO] [stderr]    Compiling syn v2.0.119
[INFO] [stderr]    Compiling indexmap v2.14.2
[INFO] [stderr]    Compiling portable-atomic v1.15.0
[INFO] [stderr]    Compiling if_chain v1.0.3
[INFO] [stderr]    Compiling rustls v0.23.46
[INFO] [stderr]    Compiling simd-adler32 v0.3.10
[INFO] [stderr]    Compiling webpki-roots v1.0.9
[INFO] [stderr]    Compiling syn v1.0.109
[INFO] [stderr]    Compiling form_urlencoded v1.2.2
[INFO] [stderr]    Compiling rayon-core v1.13.0
[INFO] [stderr]    Compiling tracing-log v0.1.4
[INFO] [stderr]    Compiling regex-automata v0.4.18
[INFO] [stderr]    Compiling miniz_oxide v0.9.1
[INFO] [stderr]    Compiling getrandom v0.3.4
[INFO] [stderr]    Compiling getrandom v0.2.17
[INFO] [stderr]    Compiling toml_edit v0.19.15
[INFO] [stderr]    Compiling num_cpus v1.17.0
[INFO] [stderr]    Compiling memmap2 v0.9.11
[INFO] [stderr]    Compiling rand_core v0.9.5
[INFO] [stderr]    Compiling openssl-sys v0.9.117
[INFO] [stderr]    Compiling rand_core v0.6.4
[INFO] [stderr]    Compiling rayon v1.12.0
[INFO] [stderr]    Compiling ring v0.17.14
[INFO] [stderr]    Compiling chrono v0.4.45
[INFO] [stderr]    Compiling sharded-slab v0.1.7
[INFO] [stderr]    Compiling regex-automata v0.1.10
[INFO] [stderr]    Compiling colored v2.2.0
[INFO] [stderr]    Compiling thread_local v1.1.10
[INFO] [stderr]    Compiling ansi_term v0.12.1
[INFO] [stderr]    Compiling openssl-probe v0.2.1
[INFO] [stderr]    Compiling dirs-sys v0.4.1
[INFO] [stderr]    Compiling console v0.15.11
[INFO] [stderr]    Compiling flate2 v1.1.10
[INFO] [stderr]    Compiling webpki-roots v0.26.11
[INFO] [stderr]    Compiling number_prefix v0.4.0
[INFO] [stderr]    Compiling dirs v5.0.1
[INFO] [stderr]    Compiling synstructure v0.14.0
[INFO] [stderr]    Compiling regex v1.10.6
[INFO] [stderr]    Compiling proc-macro-crate v1.3.1
[INFO] [stderr]    Compiling matchers v0.0.1
[INFO] [stderr]    Compiling indicatif v0.17.11
[INFO] [stderr]    Compiling zerofrom-derive v0.1.8
[INFO] [stderr]    Compiling bytemuck_derive v1.12.1
[INFO] [stderr]    Compiling yoke-derive v0.8.4
[INFO] [stderr]    Compiling zerovec-derive v0.11.6
[INFO] [stderr]    Compiling zerofrom v0.1.8
[INFO] [stderr]    Compiling displaydoc v0.2.7
[INFO] [stderr]    Compiling serde_derive v1.0.229
[INFO] [stderr]    Compiling yoke v0.8.3
[INFO] [stderr]    Compiling tracing-test-macro v0.1.0
[INFO] [stderr]    Compiling synstructure v0.13.2
[INFO] [stderr]    Compiling deluxe-core v0.5.0
[INFO] [stderr]    Compiling bytemuck v1.25.2
[INFO] [stderr]    Compiling zerotrie v0.2.5
[INFO] [stderr]    Compiling num-complex v0.4.6
[INFO] [stderr]    Compiling dyn-stack v0.10.0
[INFO] [stderr]    Compiling zerovec v0.11.8
[INFO] [stderr]    Compiling pulp v0.18.22
[INFO] [stderr]    Compiling zerocopy-derive v0.8.63
[INFO] [stderr]    Compiling tracing-attributes v0.1.31
[INFO] [stderr]    Compiling thiserror-impl v1.0.69
[INFO] [stderr]    Compiling yoke-derive v0.7.5
[INFO] [stderr]    Compiling openssl-macros v0.1.1
[INFO] [stderr]    Compiling deluxe-macros v0.5.0
[INFO] [stderr]    Compiling tinystr v0.8.4
[INFO] [stderr]    Compiling potential_utf v0.1.6
[INFO] [stderr]    Compiling icu_locale_core v2.3.0
[INFO] [stderr]    Compiling icu_collections v2.3.0
[INFO] [stderr]    Compiling yoke v0.7.5
[INFO] [stderr]    Compiling tracing v0.1.44
[INFO] [stderr]    Compiling thiserror v1.0.69
[INFO] [stderr]    Compiling icu_provider v2.3.1
[INFO] [stderr]    Compiling serde v1.0.229
[INFO] [stderr]    Compiling icu_properties v2.3.0
[INFO] [stderr]    Compiling icu_normalizer v2.3.0
[INFO] [stderr]    Compiling deluxe v0.5.0
[INFO] [stderr]    Compiling rai-derive v0.11.0
[INFO] [stderr]    Compiling safetensors v0.4.5
[INFO] [stderr]    Compiling tracing-serde v0.1.3
[INFO] [stderr]    Compiling tracing-subscriber v0.2.25
[INFO] [stderr]    Compiling idna_adapter v1.2.2
[INFO] [stderr]    Compiling idna v1.1.0
[INFO] [stderr]    Compiling url v2.5.8
[INFO] [stderr]    Compiling tracing-test v0.1.0
[INFO] [stderr]    Compiling rustls-webpki v0.103.15
[INFO] [stderr]    Compiling ppv-lite86 v0.2.21
[INFO] [stderr]    Compiling rand_chacha v0.9.0
[INFO] [stderr]    Compiling rand_chacha v0.3.1
[INFO] [stderr]    Compiling rand v0.9.5
[INFO] [stderr]    Compiling rand v0.8.8
[INFO] [stderr]    Compiling rand_distr v0.4.3
[INFO] [stderr]    Compiling rand_distr v0.5.1
[INFO] [stderr]    Compiling half v2.7.1
[INFO] [stderr]    Compiling gemm-common v0.17.1
[INFO] [stderr]    Compiling gemm-f32 v0.17.1
[INFO] [stderr]    Compiling gemm-c64 v0.17.1
[INFO] [stderr]    Compiling gemm-f64 v0.17.1
[INFO] [stderr]    Compiling gemm-c32 v0.17.1
[INFO] [stderr]    Compiling gemm-f16 v0.17.1
[INFO] [stderr]    Compiling gemm v0.17.1
[INFO] [stderr]    Compiling candle-core v0.4.1
[INFO] [stdout] error[E0277]: the trait bound `half::bf16: SampleBorrow<half::bf16>` is not satisfied
[INFO] [stdout]     --> /opt/rustwide/cargo-home/registry/src/index.crates.io-1949cf8c6b5b557f/candle-core-0.4.1/src/cpu_backend.rs:2701:55
[INFO] [stdout]      |
[INFO] [stdout] 2701 |                     rand::distributions::Uniform::new(bf16::from_f64(min), bf16::from_f64(max));
[INFO] [stdout]      |                     --------------------------------- ^^^^^^^^^^^^^^^^^^^ the trait `SampleUniform` is not implemented for `half::bf16`
[INFO] [stdout]      |                     |
[INFO] [stdout]      |                     required by a bound introduced by this call
[INFO] [stdout]      |
[INFO] [stdout] note: there are multiple different versions of crate `rand` in the dependency graph
[INFO] [stdout]     --> /opt/rustwide/cargo-home/registry/src/index.crates.io-1949cf8c6b5b557f/rand-0.8.8/src/distributions/uniform.rs:214:1
[INFO] [stdout]      |
[INFO] [stdout]  214 | pub trait SampleUniform: Sized {
[INFO] [stdout]      | ^^^^^^^^^^^^^^^^^^^^^^^^^^^^^^ this is the expected trait
[INFO] [stdout]      |
[INFO] [stdout]     ::: /opt/rustwide/cargo-home/registry/src/index.crates.io-1949cf8c6b5b557f/rand-0.9.5/src/distr/uniform.rs:268:1
[INFO] [stdout]      |
[INFO] [stdout]  268 | pub trait SampleUniform: Sized {
[INFO] [stdout]      | ------------------------------ this is the found trait
[INFO] [stdout]      = help: you can use `cargo tree` to explore your dependency tree
[INFO] [stdout]      = help: the following other types implement trait `SampleUniform`:
[INFO] [stdout]                Duration
[INFO] [stdout]                char
[INFO] [stdout]                f32
[INFO] [stdout]                f64
[INFO] [stdout]                i128
[INFO] [stdout]                i16
[INFO] [stdout]                i32
[INFO] [stdout]                i64
[INFO] [stdout]              and 8 others
[INFO] [stdout]      = note: required for `half::bf16` to implement `SampleBorrow<half::bf16>`
[INFO] [stdout] note: required by a bound in `Uniform::<X>::new`
[INFO] [stdout]     --> /opt/rustwide/cargo-home/registry/src/index.crates.io-1949cf8c6b5b557f/rand-0.8.8/src/distributions/uniform.rs:184:13
[INFO] [stdout]      |
[INFO] [stdout]  179 | impl<X: SampleUniform> Uniform<X> {
[INFO] [stdout] ...
[INFO] [stdout]  182 |     pub fn new<B1, B2>(low: B1, high: B2) -> Uniform<X>
[INFO] [stdout]  183 |     where
[INFO] [stdout]  184 |         B1: SampleBorrow<X> + Sized,
[INFO] [stdout]      |             ^^^^^^^^^^^^^^^ required by this bound in `Uniform::<X>::new`
[INFO] [stdout] 
[INFO] [stdout] 
[INFO] [stdout] error[E0277]: the trait bound `half::bf16: SampleBorrow<half::bf16>` is not satisfied
[INFO] [stdout]     --> /opt/rustwide/cargo-home/registry/src/index.crates.io-1949cf8c6b5b557f/candle-core-0.4.1/src/cpu_backend.rs:2701:76
[INFO] [stdout]      |
[INFO] [stdout] 2701 |                     rand::distributions::Uniform::new(bf16::from_f64(min), bf16::from_f64(max));
[INFO] [stdout]      |                     ---------------------------------                      ^^^^^^^^^^^^^^^^^^^ the trait `SampleUniform` is not implemented for `half::bf16`
[INFO] [stdout]      |                     |
[INFO] [stdout]      |                     required by a bound introduced by this call
[INFO] [stdout]      |
[INFO] [stdout] note: there are multiple different versions of crate `rand` in the dependency graph
[INFO] [stdout]     --> /opt/rustwide/cargo-home/registry/src/index.crates.io-1949cf8c6b5b557f/rand-0.8.8/src/distributions/uniform.rs:214:1
[INFO] [stdout]      |
[INFO] [stdout]  214 | pub trait SampleUniform: Sized {
[INFO] [stdout]      | ^^^^^^^^^^^^^^^^^^^^^^^^^^^^^^ this is the expected trait
[INFO] [stdout]      |
[INFO] [stdout]     ::: /opt/rustwide/cargo-home/registry/src/index.crates.io-1949cf8c6b5b557f/rand-0.9.5/src/distr/uniform.rs:268:1
[INFO] [stdout]      |
[INFO] [stdout]  268 | pub trait SampleUniform: Sized {
[INFO] [stdout]      | ------------------------------ this is the found trait
[INFO] [stdout]      = help: you can use `cargo tree` to explore your dependency tree
[INFO] [stdout]      = help: the following other types implement trait `SampleUniform`:
[INFO] [stdout]                Duration
[INFO] [stdout]                char
[INFO] [stdout]                f32
[INFO] [stdout]                f64
[INFO] [stdout]                i128
[INFO] [stdout]                i16
[INFO] [stdout]                i32
[INFO] [stdout]                i64
[INFO] [stdout]              and 8 others
[INFO] [stdout]      = note: required for `half::bf16` to implement `SampleBorrow<half::bf16>`
[INFO] [stdout] note: required by a bound in `Uniform::<X>::new`
[INFO] [stdout]     --> /opt/rustwide/cargo-home/registry/src/index.crates.io-1949cf8c6b5b557f/rand-0.8.8/src/distributions/uniform.rs:185:13
[INFO] [stdout]      |
[INFO] [stdout]  179 | impl<X: SampleUniform> Uniform<X> {
[INFO] [stdout] ...
[INFO] [stdout]  182 |     pub fn new<B1, B2>(low: B1, high: B2) -> Uniform<X>
[INFO] [stdout] ...
[INFO] [stdout]  185 |         B2: SampleBorrow<X> + Sized,
[INFO] [stdout]      |             ^^^^^^^^^^^^^^^ required by this bound in `Uniform::<X>::new`
[INFO] [stdout] 
[INFO] [stdout] 
[INFO] [stdout] error[E0277]: the trait bound `half::bf16: SampleUniform` is not satisfied
[INFO] [stdout]     --> /opt/rustwide/cargo-home/registry/src/index.crates.io-1949cf8c6b5b557f/candle-core-0.4.1/src/cpu_backend.rs:2701:21
[INFO] [stdout]      |
[INFO] [stdout] 2701 |                     rand::distributions::Uniform::new(bf16::from_f64(min), bf16::from_f64(max));
[INFO] [stdout]      |                     ^^^^^^^^^^^^^^^^^^^^^^^^^^^^^^^^^^^^^^^^^^^^^^^^^^^^^^^^^^^^^^^^^^^^^^^^^^^ the trait `SampleUniform` is not implemented for `half::bf16`
[INFO] [stdout]      |
[INFO] [stdout] note: there are multiple different versions of crate `rand` in the dependency graph
[INFO] [stdout]     --> /opt/rustwide/cargo-home/registry/src/index.crates.io-1949cf8c6b5b557f/rand-0.8.8/src/distributions/uniform.rs:214:1
[INFO] [stdout]      |
[INFO] [stdout]  214 | pub trait SampleUniform: Sized {
[INFO] [stdout]      | ^^^^^^^^^^^^^^^^^^^^^^^^^^^^^^ this is the expected trait
[INFO] [stdout]      |
[INFO] [stdout]     ::: /opt/rustwide/cargo-home/registry/src/index.crates.io-1949cf8c6b5b557f/rand-0.9.5/src/distr/uniform.rs:268:1
[INFO] [stdout]      |
[INFO] [stdout]  268 | pub trait SampleUniform: Sized {
[INFO] [stdout]      | ------------------------------ this is the found trait
[INFO] [stdout]      = help: you can use `cargo tree` to explore your dependency tree
[INFO] [stdout]      = help: the following other types implement trait `SampleUniform`:
[INFO] [stdout]                Duration
[INFO] [stdout]                char
[INFO] [stdout]                f32
[INFO] [stdout]                f64
[INFO] [stdout]                i128
[INFO] [stdout]                i16
[INFO] [stdout]                i32
[INFO] [stdout]                i64
[INFO] [stdout]              and 8 others
[INFO] [stdout] note: required by a bound in `Uniform`
[INFO] [stdout]     --> /opt/rustwide/cargo-home/registry/src/index.crates.io-1949cf8c6b5b557f/rand-0.8.8/src/distributions/uniform.rs:177:23
[INFO] [stdout]      |
[INFO] [stdout]  177 | pub struct Uniform<X: SampleUniform>(X::Sampler);
[INFO] [stdout]      |                       ^^^^^^^^^^^^^ required by this bound in `Uniform`
[INFO] [stdout] 
[INFO] [stdout] 
[INFO] [stdout] error[E0277]: the trait bound `half::bf16: SampleUniform` is not satisfied in `Uniform<half::bf16>`
[INFO] [stdout]     --> /opt/rustwide/cargo-home/registry/src/index.crates.io-1949cf8c6b5b557f/candle-core-0.4.1/src/cpu_backend.rs:2700:21
[INFO] [stdout]      |
[INFO] [stdout] 2700 |                 let uniform =
[INFO] [stdout]      |                     ^^^^^^^ within `Uniform<half::bf16>`, the trait `SampleUniform` is not implemented for `half::bf16`
[INFO] [stdout]      |
[INFO] [stdout] note: there are multiple different versions of crate `rand` in the dependency graph
[INFO] [stdout]     --> /opt/rustwide/cargo-home/registry/src/index.crates.io-1949cf8c6b5b557f/rand-0.8.8/src/distributions/uniform.rs:214:1
[INFO] [stdout]      |
[INFO] [stdout]  214 | pub trait SampleUniform: Sized {
[INFO] [stdout]      | ^^^^^^^^^^^^^^^^^^^^^^^^^^^^^^ this is the expected trait
[INFO] [stdout]      |
[INFO] [stdout]     ::: /opt/rustwide/cargo-home/registry/src/index.crates.io-1949cf8c6b5b557f/rand-0.9.5/src/distr/uniform.rs:268:1
[INFO] [stdout]      |
[INFO] [stdout]  268 | pub trait SampleUniform: Sized {
[INFO] [stdout]      | ------------------------------ this is the found trait
[INFO] [stdout]      = help: you can use `cargo tree` to explore your dependency tree
[INFO] [stdout]      = help: the following other types implement trait `SampleUniform`:
[INFO] [stdout]                Duration
[INFO] [stdout]                char
[INFO] [stdout]                f32
[INFO] [stdout]                f64
[INFO] [stdout]                i128
[INFO] [stdout]                i16
[INFO] [stdout]                i32
[INFO] [stdout]                i64
[INFO] [stdout]              and 8 others
[INFO] [stdout] note: required because it appears within the type `Uniform<half::bf16>`
[INFO] [stdout]     --> /opt/rustwide/cargo-home/registry/src/index.crates.io-1949cf8c6b5b557f/rand-0.8.8/src/distributions/uniform.rs:177:12
[INFO] [stdout]      |
[INFO] [stdout]  177 | pub struct Uniform<X: SampleUniform>(X::Sampler);
[INFO] [stdout]      |            ^^^^^^^
[INFO] [stdout]      = note: all local variables must have a statically known size
[INFO] [stdout] 
[INFO] [stdout] 
[INFO] [stdout] error[E0277]: the trait bound `half::bf16: SampleUniform` is not satisfied
[INFO] [stdout]     --> /opt/rustwide/cargo-home/registry/src/index.crates.io-1949cf8c6b5b557f/candle-core-0.4.1/src/cpu_backend.rs:2703:50
[INFO] [stdout]      |
[INFO] [stdout] 2703 |                     data.push(rng.sample::<bf16, _>(uniform))
[INFO] [stdout]      |                                                  ^ the trait `SampleUniform` is not implemented for `half::bf16`
[INFO] [stdout]      |
[INFO] [stdout] note: there are multiple different versions of crate `rand` in the dependency graph
[INFO] [stdout]     --> /opt/rustwide/cargo-home/registry/src/index.crates.io-1949cf8c6b5b557f/rand-0.8.8/src/distributions/uniform.rs:214:1
[INFO] [stdout]      |
[INFO] [stdout]  214 | pub trait SampleUniform: Sized {
[INFO] [stdout]      | ^^^^^^^^^^^^^^^^^^^^^^^^^^^^^^ this is the expected trait
[INFO] [stdout]      |
[INFO] [stdout]     ::: /opt/rustwide/cargo-home/registry/src/index.crates.io-1949cf8c6b5b557f/rand-0.9.5/src/distr/uniform.rs:268:1
[INFO] [stdout]      |
[INFO] [stdout]  268 | pub trait SampleUniform: Sized {
[INFO] [stdout]      | ------------------------------ this is the found trait
[INFO] [stdout]      = help: you can use `cargo tree` to explore your dependency tree
[INFO] [stdout]      = help: the following other types implement trait `SampleUniform`:
[INFO] [stdout]                Duration
[INFO] [stdout]                char
[INFO] [stdout]                f32
[INFO] [stdout]                f64
[INFO] [stdout]                i128
[INFO] [stdout]                i16
[INFO] [stdout]                i32
[INFO] [stdout]                i64
[INFO] [stdout]              and 8 others
[INFO] [stdout] note: required by a bound in `Uniform`
[INFO] [stdout]     --> /opt/rustwide/cargo-home/registry/src/index.crates.io-1949cf8c6b5b557f/rand-0.8.8/src/distributions/uniform.rs:177:23
[INFO] [stdout]      |
[INFO] [stdout]  177 | pub struct Uniform<X: SampleUniform>(X::Sampler);
[INFO] [stdout]      |                       ^^^^^^^^^^^^^ required by this bound in `Uniform`
[INFO] [stdout] 
[INFO] [stdout] 
[INFO] [stdout] error[E0277]: the trait bound `half::f16: SampleBorrow<half::f16>` is not satisfied
[INFO] [stdout]     --> /opt/rustwide/cargo-home/registry/src/index.crates.io-1949cf8c6b5b557f/candle-core-0.4.1/src/cpu_backend.rs:2710:55
[INFO] [stdout]      |
[INFO] [stdout] 2710 |                     rand::distributions::Uniform::new(f16::from_f64(min), f16::from_f64(max));
[INFO] [stdout]      |                     --------------------------------- ^^^^^^^^^^^^^^^^^^ the trait `SampleUniform` is not implemented for `half::f16`
[INFO] [stdout]      |                     |
[INFO] [stdout]      |                     required by a bound introduced by this call
[INFO] [stdout]      |
[INFO] [stdout] note: there are multiple different versions of crate `rand` in the dependency graph
[INFO] [stdout]     --> /opt/rustwide/cargo-home/registry/src/index.crates.io-1949cf8c6b5b557f/rand-0.8.8/src/distributions/uniform.rs:214:1
[INFO] [stdout]      |
[INFO] [stdout]  214 | pub trait SampleUniform: Sized {
[INFO] [stdout]      | ^^^^^^^^^^^^^^^^^^^^^^^^^^^^^^ this is the expected trait
[INFO] [stdout]      |
[INFO] [stdout]     ::: /opt/rustwide/cargo-home/registry/src/index.crates.io-1949cf8c6b5b557f/rand-0.9.5/src/distr/uniform.rs:268:1
[INFO] [stdout]      |
[INFO] [stdout]  268 | pub trait SampleUniform: Sized {
[INFO] [stdout]      | ------------------------------ this is the found trait
[INFO] [stdout]      = help: you can use `cargo tree` to explore your dependency tree
[INFO] [stdout]      = help: the following other types implement trait `SampleUniform`:
[INFO] [stdout]                Duration
[INFO] [stdout]                char
[INFO] [stdout]                f32
[INFO] [stdout]                f64
[INFO] [stdout]                i128
[INFO] [stdout]                i16
[INFO] [stdout]                i32
[INFO] [stdout]                i64
[INFO] [stdout]              and 8 others
[INFO] [stdout]      = note: required for `half::f16` to implement `SampleBorrow<half::f16>`
[INFO] [stdout] note: required by a bound in `Uniform::<X>::new`
[INFO] [stdout]     --> /opt/rustwide/cargo-home/registry/src/index.crates.io-1949cf8c6b5b557f/rand-0.8.8/src/distributions/uniform.rs:184:13
[INFO] [stdout]      |
[INFO] [stdout]  179 | impl<X: SampleUniform> Uniform<X> {
[INFO] [stdout] ...
[INFO] [stdout]  182 |     pub fn new<B1, B2>(low: B1, high: B2) -> Uniform<X>
[INFO] [stdout]  183 |     where
[INFO] [stdout]  184 |         B1: SampleBorrow<X> + Sized,
[INFO] [stdout]      |             ^^^^^^^^^^^^^^^ required by this bound in `Uniform::<X>::new`
[INFO] [stdout] 
[INFO] [stdout] 
[INFO] [stdout] error[E0277]: the trait bound `half::f16: SampleBorrow<half::f16>` is not satisfied
[INFO] [stdout]     --> /opt/rustwide/cargo-home/registry/src/index.crates.io-1949cf8c6b5b557f/candle-core-0.4.1/src/cpu_backend.rs:2710:75
[INFO] [stdout]      |
[INFO] [stdout] 2710 |                     rand::distributions::Uniform::new(f16::from_f64(min), f16::from_f64(max));
[INFO] [stdout]      |                     ---------------------------------                     ^^^^^^^^^^^^^^^^^^ the trait `SampleUniform` is not implemented for `half::f16`
[INFO] [stdout]      |                     |
[INFO] [stdout]      |                     required by a bound introduced by this call
[INFO] [stdout]      |
[INFO] [stdout] note: there are multiple different versions of crate `rand` in the dependency graph
[INFO] [stdout]     --> /opt/rustwide/cargo-home/registry/src/index.crates.io-1949cf8c6b5b557f/rand-0.8.8/src/distributions/uniform.rs:214:1
[INFO] [stdout]      |
[INFO] [stdout]  214 | pub trait SampleUniform: Sized {
[INFO] [stdout]      | ^^^^^^^^^^^^^^^^^^^^^^^^^^^^^^ this is the expected trait
[INFO] [stdout]      |
[INFO] [stdout]     ::: /opt/rustwide/cargo-home/registry/src/index.crates.io-1949cf8c6b5b557f/rand-0.9.5/src/distr/uniform.rs:268:1
[INFO] [stdout]      |
[INFO] [stdout]  268 | pub trait SampleUniform: Sized {
[INFO] [stdout]      | ------------------------------ this is the found trait
[INFO] [stdout]      = help: you can use `cargo tree` to explore your dependency tree
[INFO] [stdout]      = help: the following other types implement trait `SampleUniform`:
[INFO] [stdout]                Duration
[INFO] [stdout]                char
[INFO] [stdout]                f32
[INFO] [stdout]                f64
[INFO] [stdout]                i128
[INFO] [stdout]                i16
[INFO] [stdout]                i32
[INFO] [stdout]                i64
[INFO] [stdout]              and 8 others
[INFO] [stdout]      = note: required for `half::f16` to implement `SampleBorrow<half::f16>`
[INFO] [stdout] note: required by a bound in `Uniform::<X>::new`
[INFO] [stdout]     --> /opt/rustwide/cargo-home/registry/src/index.crates.io-1949cf8c6b5b557f/rand-0.8.8/src/distributions/uniform.rs:185:13
[INFO] [stdout]      |
[INFO] [stdout]  179 | impl<X: SampleUniform> Uniform<X> {
[INFO] [stdout] ...
[INFO] [stdout]  182 |     pub fn new<B1, B2>(low: B1, high: B2) -> Uniform<X>
[INFO] [stdout] ...
[INFO] [stdout]  185 |         B2: SampleBorrow<X> + Sized,
[INFO] [stdout]      |             ^^^^^^^^^^^^^^^ required by this bound in `Uniform::<X>::new`
[INFO] [stdout] 
[INFO] [stdout] 
[INFO] [stdout] error[E0277]: the trait bound `half::f16: SampleUniform` is not satisfied
[INFO] [stdout]     --> /opt/rustwide/cargo-home/registry/src/index.crates.io-1949cf8c6b5b557f/candle-core-0.4.1/src/cpu_backend.rs:2710:21
[INFO] [stdout]      |
[INFO] [stdout] 2710 |                     rand::distributions::Uniform::new(f16::from_f64(min), f16::from_f64(max));
[INFO] [stdout]      |                     ^^^^^^^^^^^^^^^^^^^^^^^^^^^^^^^^^^^^^^^^^^^^^^^^^^^^^^^^^^^^^^^^^^^^^^^^^ the trait `SampleUniform` is not implemented for `half::f16`
[INFO] [stdout]      |
[INFO] [stdout] note: there are multiple different versions of crate `rand` in the dependency graph
[INFO] [stdout]     --> /opt/rustwide/cargo-home/registry/src/index.crates.io-1949cf8c6b5b557f/rand-0.8.8/src/distributions/uniform.rs:214:1
[INFO] [stdout]      |
[INFO] [stdout]  214 | pub trait SampleUniform: Sized {
[INFO] [stdout]      | ^^^^^^^^^^^^^^^^^^^^^^^^^^^^^^ this is the expected trait
[INFO] [stdout]      |
[INFO] [stdout]     ::: /opt/rustwide/cargo-home/registry/src/index.crates.io-1949cf8c6b5b557f/rand-0.9.5/src/distr/uniform.rs:268:1
[INFO] [stdout]      |
[INFO] [stdout]  268 | pub trait SampleUniform: Sized {
[INFO] [stdout]      | ------------------------------ this is the found trait
[INFO] [stdout]      = help: you can use `cargo tree` to explore your dependency tree
[INFO] [stdout]      = help: the following other types implement trait `SampleUniform`:
[INFO] [stdout]                Duration
[INFO] [stdout]                char
[INFO] [stdout]                f32
[INFO] [stdout]                f64
[INFO] [stdout]                i128
[INFO] [stdout]                i16
[INFO] [stdout]                i32
[INFO] [stdout]                i64
[INFO] [stdout]              and 8 others
[INFO] [stdout] note: required by a bound in `Uniform`
[INFO] [stdout]     --> /opt/rustwide/cargo-home/registry/src/index.crates.io-1949cf8c6b5b557f/rand-0.8.8/src/distributions/uniform.rs:177:23
[INFO] [stdout]      |
[INFO] [stdout]  177 | pub struct Uniform<X: SampleUniform>(X::Sampler);
[INFO] [stdout]      |                       ^^^^^^^^^^^^^ required by this bound in `Uniform`
[INFO] [stdout] 
[INFO] [stdout] 
[INFO] [stdout] error[E0277]: the trait bound `half::f16: SampleUniform` is not satisfied in `Uniform<half::f16>`
[INFO] [stdout]     --> /opt/rustwide/cargo-home/registry/src/index.crates.io-1949cf8c6b5b557f/candle-core-0.4.1/src/cpu_backend.rs:2709:21
[INFO] [stdout]      |
[INFO] [stdout] 2709 |                 let uniform =
[INFO] [stdout]      |                     ^^^^^^^ within `Uniform<half::f16>`, the trait `SampleUniform` is not implemented for `half::f16`
[INFO] [stdout]      |
[INFO] [stdout] note: there are multiple different versions of crate `rand` in the dependency graph
[INFO] [stdout]     --> /opt/rustwide/cargo-home/registry/src/index.crates.io-1949cf8c6b5b557f/rand-0.8.8/src/distributions/uniform.rs:214:1
[INFO] [stdout]      |
[INFO] [stdout]  214 | pub trait SampleUniform: Sized {
[INFO] [stdout]      | ^^^^^^^^^^^^^^^^^^^^^^^^^^^^^^ this is the expected trait
[INFO] [stdout]      |
[INFO] [stdout]     ::: /opt/rustwide/cargo-home/registry/src/index.crates.io-1949cf8c6b5b557f/rand-0.9.5/src/distr/uniform.rs:268:1
[INFO] [stdout]      |
[INFO] [stdout]  268 | pub trait SampleUniform: Sized {
[INFO] [stdout]      | ------------------------------ this is the found trait
[INFO] [stdout]      = help: you can use `cargo tree` to explore your dependency tree
[INFO] [stdout]      = help: the following other types implement trait `SampleUniform`:
[INFO] [stdout]                Duration
[INFO] [stdout]                char
[INFO] [stdout]                f32
[INFO] [stdout]                f64
[INFO] [stdout]                i128
[INFO] [stdout]                i16
[INFO] [stdout]                i32
[INFO] [stdout]                i64
[INFO] [stdout]              and 8 others
[INFO] [stdout] note: required because it appears within the type `Uniform<half::f16>`
[INFO] [stdout]     --> /opt/rustwide/cargo-home/registry/src/index.crates.io-1949cf8c6b5b557f/rand-0.8.8/src/distributions/uniform.rs:177:12
[INFO] [stdout]      |
[INFO] [stdout]  177 | pub struct Uniform<X: SampleUniform>(X::Sampler);
[INFO] [stdout]      |            ^^^^^^^
[INFO] [stdout]      = note: all local variables must have a statically known size
[INFO] [stdout] 
[INFO] [stdout] 
[INFO] [stdout] error[E0277]: the trait bound `half::f16: SampleUniform` is not satisfied
[INFO] [stdout]     --> /opt/rustwide/cargo-home/registry/src/index.crates.io-1949cf8c6b5b557f/candle-core-0.4.1/src/cpu_backend.rs:2712:49
[INFO] [stdout]      |
[INFO] [stdout] 2712 |                     data.push(rng.sample::<f16, _>(uniform))
[INFO] [stdout]      |                                                 ^ the trait `SampleUniform` is not implemented for `half::f16`
[INFO] [stdout]      |
[INFO] [stdout] note: there are multiple different versions of crate `rand` in the dependency graph
[INFO] [stdout]     --> /opt/rustwide/cargo-home/registry/src/index.crates.io-1949cf8c6b5b557f/rand-0.8.8/src/distributions/uniform.rs:214:1
[INFO] [stdout]      |
[INFO] [stdout]  214 | pub trait SampleUniform: Sized {
[INFO] [stdout]      | ^^^^^^^^^^^^^^^^^^^^^^^^^^^^^^ this is the expected trait
[INFO] [stdout]      |
[INFO] [stdout]     ::: /opt/rustwide/cargo-home/registry/src/index.crates.io-1949cf8c6b5b557f/rand-0.9.5/src/distr/uniform.rs:268:1
[INFO] [stdout]      |
[INFO] [stdout]  268 | pub trait SampleUniform: Sized {
[INFO] [stdout]      | ------------------------------ this is the found trait
[INFO] [stdout]      = help: you can use `cargo tree` to explore your dependency tree
[INFO] [stdout]      = help: the following other types implement trait `SampleUniform`:
[INFO] [stdout]                Duration
[INFO] [stdout]                char
[INFO] [stdout]                f32
[INFO] [stdout]                f64
[INFO] [stdout]                i128
[INFO] [stdout]                i16
[INFO] [stdout]                i32
[INFO] [stdout]                i64
[INFO] [stdout]              and 8 others
[INFO] [stdout] note: required by a bound in `Uniform`
[INFO] [stdout]     --> /opt/rustwide/cargo-home/registry/src/index.crates.io-1949cf8c6b5b557f/rand-0.8.8/src/distributions/uniform.rs:177:23
[INFO] [stdout]      |
[INFO] [stdout]  177 | pub struct Uniform<X: SampleUniform>(X::Sampler);
[INFO] [stdout]      |                       ^^^^^^^^^^^^^ required by this bound in `Uniform`
[INFO] [stdout] 
[INFO] [stdout] 
[INFO] [stdout] error[E0277]: the trait bound `StandardNormal: rand_distr::Distribution<half::bf16>` is not satisfied
[INFO] [stdout]     --> /opt/rustwide/cargo-home/registry/src/index.crates.io-1949cf8c6b5b557f/candle-core-0.4.1/src/cpu_backend.rs:2746:30
[INFO] [stdout]      |
[INFO] [stdout] 2746 |                 let normal = rand_distr::Normal::new(bf16::from_f64(mean), bf16::from_f64(std))
[INFO] [stdout]      |                              ^^^^^^^^^^^^^^^^^^^^^^^ the trait `rand_distr::Distribution<half::bf16>` is not implemented for `StandardNormal`
[INFO] [stdout]      |
[INFO] [stdout] note: there are multiple different versions of crate `rand` in the dependency graph
[INFO] [stdout]     --> /opt/rustwide/cargo-home/registry/src/index.crates.io-1949cf8c6b5b557f/rand-0.8.8/src/distributions/distribution.rs:35:1
[INFO] [stdout]      |
[INFO] [stdout]   35 | pub trait Distribution<T> {
[INFO] [stdout]      | ^^^^^^^^^^^^^^^^^^^^^^^^^ this is the expected trait
[INFO] [stdout]      |
[INFO] [stdout]     ::: /opt/rustwide/cargo-home/registry/src/index.crates.io-1949cf8c6b5b557f/rand-0.9.5/src/distr/distribution.rs:35:1
[INFO] [stdout]      |
[INFO] [stdout]   35 | pub trait Distribution<T> {
[INFO] [stdout]      | ------------------------- this is the trait that was imported
[INFO] [stdout]      = help: you can use `cargo tree` to explore your dependency tree
[INFO] [stdout] help: `StandardNormal` implements trait `rand_distr::Distribution<T>`
[INFO] [stdout]     --> /opt/rustwide/cargo-home/registry/src/index.crates.io-1949cf8c6b5b557f/rand_distr-0.4.3/src/normal.rs:43:1
[INFO] [stdout]      |
[INFO] [stdout]   43 | impl Distribution<f32> for StandardNormal {
[INFO] [stdout]      | ^^^^^^^^^^^^^^^^^^^^^^^^^^^^^^^^^^^^^^^^^ `rand_distr::Distribution<f32>`
[INFO] [stdout] ...
[INFO] [stdout]   52 | impl Distribution<f64> for StandardNormal {
[INFO] [stdout]      | ^^^^^^^^^^^^^^^^^^^^^^^^^^^^^^^^^^^^^^^^^ `rand_distr::Distribution<f64>`
[INFO] [stdout]      = note: there are multiple different versions of crate `rand_distr` in the dependency graph
[INFO] [stdout]      = help: you can use `cargo tree` to explore your dependency tree
[INFO] [stdout] note: required by a bound in `rand_distr::Normal::<F>::new`
[INFO] [stdout]     --> /opt/rustwide/cargo-home/registry/src/index.crates.io-1949cf8c6b5b557f/rand_distr-0.4.3/src/normal.rs:147:33
[INFO] [stdout]      |
[INFO] [stdout]  146 | impl<F> Normal<F>
[INFO] [stdout]  147 | where F: Float, StandardNormal: Distribution<F>
[INFO] [stdout]      |                                 ^^^^^^^^^^^^^^^ required by this bound in `Normal::<F>::new`
[INFO] [stdout] ...
[INFO] [stdout]  156 |     pub fn new(mean: F, std_dev: F) -> Result<Normal<F>, Error> {
[INFO] [stdout]      |
[INFO] [stdout] 
[INFO] [stdout] 
[INFO] [stdout] error[E0277]: the trait bound `StandardNormal: rand_distr::Distribution<half::bf16>` is not satisfied
[INFO] [stdout]     --> /opt/rustwide/cargo-home/registry/src/index.crates.io-1949cf8c6b5b557f/candle-core-0.4.1/src/cpu_backend.rs:2746:30
[INFO] [stdout]      |
[INFO] [stdout] 2746 |                 let normal = rand_distr::Normal::new(bf16::from_f64(mean), bf16::from_f64(std))
[INFO] [stdout]      |                              ^^^^^^^^^^^^^^^^^^^^^^^^^^^^^^^^^^^^^^^^^^^^^^^^^^^^^^^^^^^^^^^^^^ the trait `rand_distr::Distribution<half::bf16>` is not implemented for `StandardNormal`
[INFO] [stdout]      |
[INFO] [stdout] note: there are multiple different versions of crate `rand` in the dependency graph
[INFO] [stdout]     --> /opt/rustwide/cargo-home/registry/src/index.crates.io-1949cf8c6b5b557f/rand-0.8.8/src/distributions/distribution.rs:35:1
[INFO] [stdout]      |
[INFO] [stdout]   35 | pub trait Distribution<T> {
[INFO] [stdout]      | ^^^^^^^^^^^^^^^^^^^^^^^^^ this is the expected trait
[INFO] [stdout]      |
[INFO] [stdout]     ::: /opt/rustwide/cargo-home/registry/src/index.crates.io-1949cf8c6b5b557f/rand-0.9.5/src/distr/distribution.rs:35:1
[INFO] [stdout]      |
[INFO] [stdout]   35 | pub trait Distribution<T> {
[INFO] [stdout]      | ------------------------- this is the trait that was imported
[INFO] [stdout]      = help: you can use `cargo tree` to explore your dependency tree
[INFO] [stdout] help: `StandardNormal` implements trait `rand_distr::Distribution<T>`
[INFO] [stdout]     --> /opt/rustwide/cargo-home/registry/src/index.crates.io-1949cf8c6b5b557f/rand_distr-0.4.3/src/normal.rs:43:1
[INFO] [stdout]      |
[INFO] [stdout]   43 | impl Distribution<f32> for StandardNormal {
[INFO] [stdout]      | ^^^^^^^^^^^^^^^^^^^^^^^^^^^^^^^^^^^^^^^^^ `rand_distr::Distribution<f32>`
[INFO] [stdout] ...
[INFO] [stdout]   52 | impl Distribution<f64> for StandardNormal {
[INFO] [stdout]      | ^^^^^^^^^^^^^^^^^^^^^^^^^^^^^^^^^^^^^^^^^ `rand_distr::Distribution<f64>`
[INFO] [stdout]      = note: there are multiple different versions of crate `rand_distr` in the dependency graph
[INFO] [stdout]      = help: you can use `cargo tree` to explore your dependency tree
[INFO] [stdout] note: required by a bound in `rand_distr::Normal`
[INFO] [stdout]     --> /opt/rustwide/cargo-home/registry/src/index.crates.io-1949cf8c6b5b557f/rand_distr-0.4.3/src/normal.rs:118:33
[INFO] [stdout]      |
[INFO] [stdout]  117 | pub struct Normal<F>
[INFO] [stdout]  118 | where F: Float, StandardNormal: Distribution<F>
[INFO] [stdout]      |                                 ^^^^^^^^^^^^^^^ required by this bound in `Normal`
[INFO] [stdout] 
[INFO] [stdout] 
[INFO] [stdout] error[E0277]: the trait bound `StandardNormal: rand_distr::Distribution<half::bf16>` is not satisfied
[INFO] [stdout]     --> /opt/rustwide/cargo-home/registry/src/index.crates.io-1949cf8c6b5b557f/candle-core-0.4.1/src/cpu_backend.rs:2746:30
[INFO] [stdout]      |
[INFO] [stdout] 2746 |                   let normal = rand_distr::Normal::new(bf16::from_f64(mean), bf16::from_f64(std))
[INFO] [stdout]      |  ______________________________^
[INFO] [stdout] 2747 | |                     .map_err(Error::wrap)?;
[INFO] [stdout]      | |_________________________________________^ the trait `rand_distr::Distribution<half::bf16>` is not implemented for `StandardNormal`
[INFO] [stdout]      |
[INFO] [stdout] note: there are multiple different versions of crate `rand` in the dependency graph
[INFO] [stdout]     --> /opt/rustwide/cargo-home/registry/src/index.crates.io-1949cf8c6b5b557f/rand-0.8.8/src/distributions/distribution.rs:35:1
[INFO] [stdout]      |
[INFO] [stdout]   35 | pub trait Distribution<T> {
[INFO] [stdout]      | ^^^^^^^^^^^^^^^^^^^^^^^^^ this is the expected trait
[INFO] [stdout]      |
[INFO] [stdout]     ::: /opt/rustwide/cargo-home/registry/src/index.crates.io-1949cf8c6b5b557f/rand-0.9.5/src/distr/distribution.rs:35:1
[INFO] [stdout]      |
[INFO] [stdout]   35 | pub trait Distribution<T> {
[INFO] [stdout]      | ------------------------- this is the trait that was imported
[INFO] [stdout]      = help: you can use `cargo tree` to explore your dependency tree
[INFO] [stdout] help: `StandardNormal` implements trait `rand_distr::Distribution<T>`
[INFO] [stdout]     --> /opt/rustwide/cargo-home/registry/src/index.crates.io-1949cf8c6b5b557f/rand_distr-0.4.3/src/normal.rs:43:1
[INFO] [stdout]      |
[INFO] [stdout]   43 | impl Distribution<f32> for StandardNormal {
[INFO] [stdout]      | ^^^^^^^^^^^^^^^^^^^^^^^^^^^^^^^^^^^^^^^^^ `rand_distr::Distribution<f32>`
[INFO] [stdout] ...
[INFO] [stdout]   52 | impl Distribution<f64> for StandardNormal {
[INFO] [stdout]      | ^^^^^^^^^^^^^^^^^^^^^^^^^^^^^^^^^^^^^^^^^ `rand_distr::Distribution<f64>`
[INFO] [stdout]      = note: there are multiple different versions of crate `rand_distr` in the dependency graph
[INFO] [stdout]      = help: you can use `cargo tree` to explore your dependency tree
[INFO] [stdout] note: required by a bound in `rand_distr::Normal`
[INFO] [stdout]     --> /opt/rustwide/cargo-home/registry/src/index.crates.io-1949cf8c6b5b557f/rand_distr-0.4.3/src/normal.rs:118:33
[INFO] [stdout]      |
[INFO] [stdout]  117 | pub struct Normal<F>
[INFO] [stdout]  118 | where F: Float, StandardNormal: Distribution<F>
[INFO] [stdout]      |                                 ^^^^^^^^^^^^^^^ required by this bound in `Normal`
[INFO] [stdout] 
[INFO] [stdout] 
[INFO] [stdout] error[E0277]: the trait bound `StandardNormal: rand_distr::Distribution<half::bf16>` is not satisfied
[INFO] [stdout]     --> /opt/rustwide/cargo-home/registry/src/index.crates.io-1949cf8c6b5b557f/candle-core-0.4.1/src/cpu_backend.rs:2746:30
[INFO] [stdout]      |
[INFO] [stdout] 2746 |                   let normal = rand_distr::Normal::new(bf16::from_f64(mean), bf16::from_f64(std))
[INFO] [stdout]      |  ______________________________^
[INFO] [stdout] 2747 | |                     .map_err(Error::wrap)?;
[INFO] [stdout]      | |__________________________________________^ the trait `rand_distr::Distribution<half::bf16>` is not implemented for `StandardNormal`
[INFO] [stdout]      |
[INFO] [stdout] note: there are multiple different versions of crate `rand` in the dependency graph
[INFO] [stdout]     --> /opt/rustwide/cargo-home/registry/src/index.crates.io-1949cf8c6b5b557f/rand-0.8.8/src/distributions/distribution.rs:35:1
[INFO] [stdout]      |
[INFO] [stdout]   35 | pub trait Distribution<T> {
[INFO] [stdout]      | ^^^^^^^^^^^^^^^^^^^^^^^^^ this is the expected trait
[INFO] [stdout]      |
[INFO] [stdout]     ::: /opt/rustwide/cargo-home/registry/src/index.crates.io-1949cf8c6b5b557f/rand-0.9.5/src/distr/distribution.rs:35:1
[INFO] [stdout]      |
[INFO] [stdout]   35 | pub trait Distribution<T> {
[INFO] [stdout]      | ------------------------- this is the trait that was imported
[INFO] [stdout]      = help: you can use `cargo tree` to explore your dependency tree
[INFO] [stdout] help: `StandardNormal` implements trait `rand_distr::Distribution<T>`
[INFO] [stdout]     --> /opt/rustwide/cargo-home/registry/src/index.crates.io-1949cf8c6b5b557f/rand_distr-0.4.3/src/normal.rs:43:1
[INFO] [stdout]      |
[INFO] [stdout]   43 | impl Distribution<f32> for StandardNormal {
[INFO] [stdout]      | ^^^^^^^^^^^^^^^^^^^^^^^^^^^^^^^^^^^^^^^^^ `rand_distr::Distribution<f32>`
[INFO] [stdout] ...
[INFO] [stdout]   52 | impl Distribution<f64> for StandardNormal {
[INFO] [stdout]      | ^^^^^^^^^^^^^^^^^^^^^^^^^^^^^^^^^^^^^^^^^ `rand_distr::Distribution<f64>`
[INFO] [stdout]      = note: there are multiple different versions of crate `rand_distr` in the dependency graph
[INFO] [stdout]      = help: you can use `cargo tree` to explore your dependency tree
[INFO] [stdout] note: required by a bound in `rand_distr::Normal`
[INFO] [stdout]     --> /opt/rustwide/cargo-home/registry/src/index.crates.io-1949cf8c6b5b557f/rand_distr-0.4.3/src/normal.rs:118:33
[INFO] [stdout]      |
[INFO] [stdout]  117 | pub struct Normal<F>
[INFO] [stdout]  118 | where F: Float, StandardNormal: Distribution<F>
[INFO] [stdout]      |                                 ^^^^^^^^^^^^^^^ required by this bound in `Normal`
[INFO] [stdout] 
[INFO] [stdout] 
[INFO] [stdout] error[E0599]: the method `sample` exists for struct `rand_distr::Normal<half::bf16>`, but its trait bounds were not satisfied
[INFO] [stdout]     --> /opt/rustwide/cargo-home/registry/src/index.crates.io-1949cf8c6b5b557f/candle-core-0.4.1/src/cpu_backend.rs:2749:38
[INFO] [stdout]      |
[INFO] [stdout] 2749 |                     data.push(normal.sample(&mut rng))
[INFO] [stdout]      |                                      ^^^^^^ method cannot be called on `rand_distr::Normal<half::bf16>` due to unsatisfied trait bounds
[INFO] [stdout]      |
[INFO] [stdout]     ::: /opt/rustwide/cargo-home/registry/src/index.crates.io-1949cf8c6b5b557f/rand_distr-0.4.3/src/normal.rs:41:1
[INFO] [stdout]      |
[INFO] [stdout]   41 | pub struct StandardNormal;
[INFO] [stdout]      | ------------------------- doesn't satisfy `_: Distribution<bf16>`
[INFO] [stdout] ...
[INFO] [stdout]  117 | pub struct Normal<F>
[INFO] [stdout]      | -------------------- doesn't satisfy `_: Distribution<bf16>`, `rand_distr::Normal<half::bf16>: RngCore` or `rand_distr::Normal<half::bf16>: rand::Rng`
[INFO] [stdout]      |
[INFO] [stdout]      = note: the following trait bounds were not satisfied:
[INFO] [stdout]              `StandardNormal: rand_distr::Distribution<half::bf16>`
[INFO] [stdout]              which is required by `rand_distr::Normal<half::bf16>: rand_distr::Distribution<half::bf16>`
[INFO] [stdout]              `rand_distr::Normal<half::bf16>: RngCore`
[INFO] [stdout]              which is required by `rand_distr::Normal<half::bf16>: rand::Rng`
[INFO] [stdout] 
[INFO] [stdout] 
[INFO] [stdout] error[E0277]: the trait bound `StandardNormal: rand_distr::Distribution<half::f16>` is not satisfied
[INFO] [stdout]     --> /opt/rustwide/cargo-home/registry/src/index.crates.io-1949cf8c6b5b557f/candle-core-0.4.1/src/cpu_backend.rs:2755:30
[INFO] [stdout]      |
[INFO] [stdout] 2755 |                 let normal = rand_distr::Normal::new(f16::from_f64(mean), f16::from_f64(std))
[INFO] [stdout]      |                              ^^^^^^^^^^^^^^^^^^^^^^^ the trait `rand_distr::Distribution<half::f16>` is not implemented for `StandardNormal`
[INFO] [stdout]      |
[INFO] [stdout] note: there are multiple different versions of crate `rand` in the dependency graph
[INFO] [stdout]     --> /opt/rustwide/cargo-home/registry/src/index.crates.io-1949cf8c6b5b557f/rand-0.8.8/src/distributions/distribution.rs:35:1
[INFO] [stdout]      |
[INFO] [stdout]   35 | pub trait Distribution<T> {
[INFO] [stdout]      | ^^^^^^^^^^^^^^^^^^^^^^^^^ this is the expected trait
[INFO] [stdout]      |
[INFO] [stdout]     ::: /opt/rustwide/cargo-home/registry/src/index.crates.io-1949cf8c6b5b557f/rand-0.9.5/src/distr/distribution.rs:35:1
[INFO] [stdout]      |
[INFO] [stdout]   35 | pub trait Distribution<T> {
[INFO] [stdout]      | ------------------------- this is the trait that was imported
[INFO] [stdout]      = help: you can use `cargo tree` to explore your dependency tree
[INFO] [stdout] help: `StandardNormal` implements trait `rand_distr::Distribution<T>`
[INFO] [stdout]     --> /opt/rustwide/cargo-home/registry/src/index.crates.io-1949cf8c6b5b557f/rand_distr-0.4.3/src/normal.rs:43:1
[INFO] [stdout]      |
[INFO] [stdout]   43 | impl Distribution<f32> for StandardNormal {
[INFO] [stdout]      | ^^^^^^^^^^^^^^^^^^^^^^^^^^^^^^^^^^^^^^^^^ `rand_distr::Distribution<f32>`
[INFO] [stdout] ...
[INFO] [stdout]   52 | impl Distribution<f64> for StandardNormal {
[INFO] [stdout]      | ^^^^^^^^^^^^^^^^^^^^^^^^^^^^^^^^^^^^^^^^^ `rand_distr::Distribution<f64>`
[INFO] [stdout]      = note: there are multiple different versions of crate `rand_distr` in the dependency graph
[INFO] [stdout]      = help: you can use `cargo tree` to explore your dependency tree
[INFO] [stdout] note: required by a bound in `rand_distr::Normal::<F>::new`
[INFO] [stdout]     --> /opt/rustwide/cargo-home/registry/src/index.crates.io-1949cf8c6b5b557f/rand_distr-0.4.3/src/normal.rs:147:33
[INFO] [stdout]      |
[INFO] [stdout]  146 | impl<F> Normal<F>
[INFO] [stdout]  147 | where F: Float, StandardNormal: Distribution<F>
[INFO] [stdout]      |                                 ^^^^^^^^^^^^^^^ required by this bound in `Normal::<F>::new`
[INFO] [stdout] ...
[INFO] [stdout]  156 |     pub fn new(mean: F, std_dev: F) -> Result<Normal<F>, Error> {
[INFO] [stdout]      |
[INFO] [stdout] 
[INFO] [stdout] 
[INFO] [stdout] error[E0277]: the trait bound `StandardNormal: rand_distr::Distribution<half::f16>` is not satisfied
[INFO] [stdout]     --> /opt/rustwide/cargo-home/registry/src/index.crates.io-1949cf8c6b5b557f/candle-core-0.4.1/src/cpu_backend.rs:2755:30
[INFO] [stdout]      |
[INFO] [stdout] 2755 |                 let normal = rand_distr::Normal::new(f16::from_f64(mean), f16::from_f64(std))
[INFO] [stdout]      |                              ^^^^^^^^^^^^^^^^^^^^^^^^^^^^^^^^^^^^^^^^^^^^^^^^^^^^^^^^^^^^^^^^ the trait `rand_distr::Distribution<half::f16>` is not implemented for `StandardNormal`
[INFO] [stdout]      |
[INFO] [stdout] note: there are multiple different versions of crate `rand` in the dependency graph
[INFO] [stdout]     --> /opt/rustwide/cargo-home/registry/src/index.crates.io-1949cf8c6b5b557f/rand-0.8.8/src/distributions/distribution.rs:35:1
[INFO] [stdout]      |
[INFO] [stdout]   35 | pub trait Distribution<T> {
[INFO] [stdout]      | ^^^^^^^^^^^^^^^^^^^^^^^^^ this is the expected trait
[INFO] [stdout]      |
[INFO] [stdout]     ::: /opt/rustwide/cargo-home/registry/src/index.crates.io-1949cf8c6b5b557f/rand-0.9.5/src/distr/distribution.rs:35:1
[INFO] [stdout]      |
[INFO] [stdout]   35 | pub trait Distribution<T> {
[INFO] [stdout]      | ------------------------- this is the trait that was imported
[INFO] [stdout]      = help: you can use `cargo tree` to explore your dependency tree
[INFO] [stdout] help: `StandardNormal` implements trait `rand_distr::Distribution<T>`
[INFO] [stdout]     --> /opt/rustwide/cargo-home/registry/src/index.crates.io-1949cf8c6b5b557f/rand_distr-0.4.3/src/normal.rs:43:1
[INFO] [stdout]      |
[INFO] [stdout]   43 | impl Distribution<f32> for StandardNormal {
[INFO] [stdout]      | ^^^^^^^^^^^^^^^^^^^^^^^^^^^^^^^^^^^^^^^^^ `rand_distr::Distribution<f32>`
[INFO] [stdout] ...
[INFO] [stdout]   52 | impl Distribution<f64> for StandardNormal {
[INFO] [stdout]      | ^^^^^^^^^^^^^^^^^^^^^^^^^^^^^^^^^^^^^^^^^ `rand_distr::Distribution<f64>`
[INFO] [stdout]      = note: there are multiple different versions of crate `rand_distr` in the dependency graph
[INFO] [stdout]      = help: you can use `cargo tree` to explore your dependency tree
[INFO] [stdout] note: required by a bound in `rand_distr::Normal`
[INFO] [stdout]     --> /opt/rustwide/cargo-home/registry/src/index.crates.io-1949cf8c6b5b557f/rand_distr-0.4.3/src/normal.rs:118:33
[INFO] [stdout]      |
[INFO] [stdout]  117 | pub struct Normal<F>
[INFO] [stdout]  118 | where F: Float, StandardNormal: Distribution<F>
[INFO] [stdout]      |                                 ^^^^^^^^^^^^^^^ required by this bound in `Normal`
[INFO] [stdout] 
[INFO] [stdout] 
[INFO] [stdout] error[E0277]: the trait bound `StandardNormal: rand_distr::Distribution<half::f16>` is not satisfied
[INFO] [stdout]     --> /opt/rustwide/cargo-home/registry/src/index.crates.io-1949cf8c6b5b557f/candle-core-0.4.1/src/cpu_backend.rs:2755:30
[INFO] [stdout]      |
[INFO] [stdout] 2755 |                   let normal = rand_distr::Normal::new(f16::from_f64(mean), f16::from_f64(std))
[INFO] [stdout]      |  ______________________________^
[INFO] [stdout] 2756 | |                     .map_err(Error::wrap)?;
[INFO] [stdout]      | |_________________________________________^ the trait `rand_distr::Distribution<half::f16>` is not implemented for `StandardNormal`
[INFO] [stdout]      |
[INFO] [stdout] note: there are multiple different versions of crate `rand` in the dependency graph
[INFO] [stdout]     --> /opt/rustwide/cargo-home/registry/src/index.crates.io-1949cf8c6b5b557f/rand-0.8.8/src/distributions/distribution.rs:35:1
[INFO] [stdout]      |
[INFO] [stdout]   35 | pub trait Distribution<T> {
[INFO] [stdout]      | ^^^^^^^^^^^^^^^^^^^^^^^^^ this is the expected trait
[INFO] [stdout]      |
[INFO] [stdout]     ::: /opt/rustwide/cargo-home/registry/src/index.crates.io-1949cf8c6b5b557f/rand-0.9.5/src/distr/distribution.rs:35:1
[INFO] [stdout]      |
[INFO] [stdout]   35 | pub trait Distribution<T> {
[INFO] [stdout]      | ------------------------- this is the trait that was imported
[INFO] [stdout]      = help: you can use `cargo tree` to explore your dependency tree
[INFO] [stdout] help: `StandardNormal` implements trait `rand_distr::Distribution<T>`
[INFO] [stdout]     --> /opt/rustwide/cargo-home/registry/src/index.crates.io-1949cf8c6b5b557f/rand_distr-0.4.3/src/normal.rs:43:1
[INFO] [stdout]      |
[INFO] [stdout]   43 | impl Distribution<f32> for StandardNormal {
[INFO] [stdout]      | ^^^^^^^^^^^^^^^^^^^^^^^^^^^^^^^^^^^^^^^^^ `rand_distr::Distribution<f32>`
[INFO] [stdout] ...
[INFO] [stdout]   52 | impl Distribution<f64> for StandardNormal {
[INFO] [stdout]      | ^^^^^^^^^^^^^^^^^^^^^^^^^^^^^^^^^^^^^^^^^ `rand_distr::Distribution<f64>`
[INFO] [stdout]      = note: there are multiple different versions of crate `rand_distr` in the dependency graph
[INFO] [stdout]      = help: you can use `cargo tree` to explore your dependency tree
[INFO] [stdout] note: required by a bound in `rand_distr::Normal`
[INFO] [stdout]     --> /opt/rustwide/cargo-home/registry/src/index.crates.io-1949cf8c6b5b557f/rand_distr-0.4.3/src/normal.rs:118:33
[INFO] [stdout]      |
[INFO] [stdout]  117 | pub struct Normal<F>
[INFO] [stdout]  118 | where F: Float, StandardNormal: Distribution<F>
[INFO] [stdout]      |                                 ^^^^^^^^^^^^^^^ required by this bound in `Normal`
[INFO] [stdout] 
[INFO] [stdout] 
[INFO] [stdout] error[E0277]: the trait bound `StandardNormal: rand_distr::Distribution<half::f16>` is not satisfied
[INFO] [stdout]     --> /opt/rustwide/cargo-home/registry/src/index.crates.io-1949cf8c6b5b557f/candle-core-0.4.1/src/cpu_backend.rs:2755:30
[INFO] [stdout]      |
[INFO] [stdout] 2755 |                   let normal = rand_distr::Normal::new(f16::from_f64(mean), f16::from_f64(std))
[INFO] [stdout]      |  ______________________________^
[INFO] [stdout] 2756 | |                     .map_err(Error::wrap)?;
[INFO] [stdout]      | |__________________________________________^ the trait `rand_distr::Distribution<half::f16>` is not implemented for `StandardNormal`
[INFO] [stdout]      |
[INFO] [stdout] note: there are multiple different versions of crate `rand` in the dependency graph
[INFO] [stdout]     --> /opt/rustwide/cargo-home/registry/src/index.crates.io-1949cf8c6b5b557f/rand-0.8.8/src/distributions/distribution.rs:35:1
[INFO] [stdout]      |
[INFO] [stdout]   35 | pub trait Distribution<T> {
[INFO] [stdout]      | ^^^^^^^^^^^^^^^^^^^^^^^^^ this is the expected trait
[INFO] [stdout]      |
[INFO] [stdout]     ::: /opt/rustwide/cargo-home/registry/src/index.crates.io-1949cf8c6b5b557f/rand-0.9.5/src/distr/distribution.rs:35:1
[INFO] [stdout]      |
[INFO] [stdout]   35 | pub trait Distribution<T> {
[INFO] [stdout]      | ------------------------- this is the trait that was imported
[INFO] [stdout]      = help: you can use `cargo tree` to explore your dependency tree
[INFO] [stdout] help: `StandardNormal` implements trait `rand_distr::Distribution<T>`
[INFO] [stdout]     --> /opt/rustwide/cargo-home/registry/src/index.crates.io-1949cf8c6b5b557f/rand_distr-0.4.3/src/normal.rs:43:1
[INFO] [stdout]      |
[INFO] [stdout]   43 | impl Distribution<f32> for StandardNormal {
[INFO] [stdout]      | ^^^^^^^^^^^^^^^^^^^^^^^^^^^^^^^^^^^^^^^^^ `rand_distr::Distribution<f32>`
[INFO] [stdout] ...
[INFO] [stdout]   52 | impl Distribution<f64> for StandardNormal {
[INFO] [stdout]      | ^^^^^^^^^^^^^^^^^^^^^^^^^^^^^^^^^^^^^^^^^ `rand_distr::Distribution<f64>`
[INFO] [stdout]      = note: there are multiple different versions of crate `rand_distr` in the dependency graph
[INFO] [stdout]      = help: you can use `cargo tree` to explore your dependency tree
[INFO] [stdout] note: required by a bound in `rand_distr::Normal`
[INFO] [stdout]     --> /opt/rustwide/cargo-home/registry/src/index.crates.io-1949cf8c6b5b557f/rand_distr-0.4.3/src/normal.rs:118:33
[INFO] [stdout]      |
[INFO] [stdout]  117 | pub struct Normal<F>
[INFO] [stdout]  118 | where F: Float, StandardNormal: Distribution<F>
[INFO] [stdout]      |                                 ^^^^^^^^^^^^^^^ required by this bound in `Normal`
[INFO] [stdout] 
[INFO] [stdout] 
[INFO] [stdout] error[E0599]: the method `sample` exists for struct `rand_distr::Normal<half::f16>`, but its trait bounds were not satisfied
[INFO] [stdout]     --> /opt/rustwide/cargo-home/registry/src/index.crates.io-1949cf8c6b5b557f/candle-core-0.4.1/src/cpu_backend.rs:2758:38
[INFO] [stdout]      |
[INFO] [stdout] 2758 |                     data.push(normal.sample(&mut rng))
[INFO] [stdout]      |                                      ^^^^^^ method cannot be called on `rand_distr::Normal<half::f16>` due to unsatisfied trait bounds
[INFO] [stdout]      |
[INFO] [stdout]     ::: /opt/rustwide/cargo-home/registry/src/index.crates.io-1949cf8c6b5b557f/rand_distr-0.4.3/src/normal.rs:41:1
[INFO] [stdout]      |
[INFO] [stdout]   41 | pub struct StandardNormal;
[INFO] [stdout]      | ------------------------- doesn't satisfy `_: Distribution<f16>`
[INFO] [stdout] ...
[INFO] [stdout]  117 | pub struct Normal<F>
[INFO] [stdout]      | -------------------- doesn't satisfy `_: Distribution<f16>`, `rand_distr::Normal<half::f16>: RngCore` or `rand_distr::Normal<half::f16>: rand::Rng`
[INFO] [stdout]      |
[INFO] [stdout]      = note: the following trait bounds were not satisfied:
[INFO] [stdout]              `StandardNormal: rand_distr::Distribution<half::f16>`
[INFO] [stdout]              which is required by `rand_distr::Normal<half::f16>: rand_distr::Distribution<half::f16>`
[INFO] [stdout]              `rand_distr::Normal<half::f16>: RngCore`
[INFO] [stdout]              which is required by `rand_distr::Normal<half::f16>: rand::Rng`
[INFO] [stdout] 
[INFO] [stdout] 
[INFO] [stderr]    Compiling ureq v2.12.1
[INFO] [stdout] Some errors have detailed explanations: E0277, E0599.
[INFO] [stdout] 
[INFO] [stdout] For more information about an error, try `rustc --explain E0277`.
[INFO] [stdout] 
[INFO] [stderr] error: could not compile `candle-core` (lib) due to 20 previous errors
[INFO] [stderr] warning: build failed, waiting for other jobs to finish...
[INFO] running `Command { std: "docker" "inspect" "2155a7ba269ffec58c394288c8280b89ce16f14706cd002b077d1b3c1f2d5acd", kill_on_drop: false }`
[INFO] running `Command { std: "docker" "rm" "-f" "2155a7ba269ffec58c394288c8280b89ce16f14706cd002b077d1b3c1f2d5acd", kill_on_drop: false }`
[INFO] [stdout] 2155a7ba269ffec58c394288c8280b89ce16f14706cd002b077d1b3c1f2d5acd
