[INFO] fetching crate raft-seedable 0.7.0...
[INFO] testing raft-seedable-0.7.0 against 1.100.0-beta.1+cargoflags=--release for beta-release-1.100-2
[INFO] extracting crate raft-seedable 0.7.0 into /workspace/builds/worker-7-tc2/source
[INFO] started tweaking crates.io crate raft-seedable 0.7.0
[INFO] removed 0 missing examples
[INFO] finished tweaking crates.io crate raft-seedable 0.7.0
[INFO] tweaked toml for crates.io crate raft-seedable 0.7.0 written to /workspace/builds/worker-7-tc2/source/Cargo.toml
[INFO] validating manifest of crates.io crate raft-seedable 0.7.0 on toolchain 1.100.0-beta.1
[INFO] running `Command { std: CARGO_HOME="/workspace/cargo-home" RUSTUP_HOME="/workspace/rustup-home" "/workspace/cargo-home/bin/cargo" "+1.100.0-beta.1" "metadata" "--manifest-path" "Cargo.toml" "--no-deps", kill_on_drop: false }`
[INFO] crate crates.io crate raft-seedable 0.7.0 already has a lockfile, it will not be regenerated
[INFO] running `Command { std: CARGO_HOME="/workspace/cargo-home" RUSTUP_HOME="/workspace/rustup-home" "/workspace/cargo-home/bin/cargo" "+1.100.0-beta.1" "fetch" "--manifest-path" "Cargo.toml", kill_on_drop: false }`
[INFO] running `Command { std: "docker" "create" "-v" "/var/lib/crater-agent-workspace/builds/worker-7-tc2/source:/opt/rustwide/workdir:ro,Z" "-v" "/var/lib/crater-agent-workspace/builds/worker-7-tc2/target:/opt/rustwide/target:rw,Z" "-v" "/var/lib/crater-agent-workspace/cargo-home:/opt/rustwide/cargo-home:ro,Z" "-v" "/var/lib/crater-agent-workspace/rustup-home:/opt/rustwide/rustup-home:ro,Z" "-m" "1610612736" "--network" "none" "ghcr.io/rust-lang/crates-build-env/linux@sha256:77db811e55d90add9212f6832c23229e3de5f1c1f9905e8cb07319ea15df73ac" "sleep" "infinity", kill_on_drop: false }`
[INFO] [stdout] 50742d1d6f69b262e35b46964704df25e0885e96082fd2bf1ebe349838cc05a5
[INFO] running `Command { std: "docker" "start" "50742d1d6f69b262e35b46964704df25e0885e96082fd2bf1ebe349838cc05a5", kill_on_drop: false }`
[INFO] running `Command { std: "docker" "inspect" "50742d1d6f69b262e35b46964704df25e0885e96082fd2bf1ebe349838cc05a5", kill_on_drop: false }`
[INFO] running `Command { std: "docker" "exec" "-e" "SOURCE_DIR=/opt/rustwide/workdir" "-e" "CARGO_HOME=/opt/rustwide/cargo-home" "-e" "RUSTUP_HOME=/opt/rustwide/rustup-home" "-e" "CARGO_TARGET_DIR=/opt/rustwide/target" "-w" "/opt/rustwide/workdir" "--user" "0:0" "50742d1d6f69b262e35b46964704df25e0885e96082fd2bf1ebe349838cc05a5" "/opt/rustwide/cargo-home/bin/cargo" "+1.100.0-beta.1" "metadata" "--no-deps" "--format-version=1", kill_on_drop: false }`
[INFO] running `Command { std: "docker" "inspect" "50742d1d6f69b262e35b46964704df25e0885e96082fd2bf1ebe349838cc05a5", kill_on_drop: false }`
[INFO] running `Command { std: "docker" "exec" "-e" "SOURCE_DIR=/opt/rustwide/workdir" "-e" "CARGO_HOME=/opt/rustwide/cargo-home" "-e" "RUSTUP_HOME=/opt/rustwide/rustup-home" "-e" "CARGO_TARGET_DIR=/opt/rustwide/target" "-e" "CARGO_INCREMENTAL=0" "-e" "RUST_BACKTRACE=full" "-e" "RUSTFLAGS=--cap-lints=warn" "-e" "RUSTDOCFLAGS=--cap-lints=warn" "-w" "/opt/rustwide/workdir" "--user" "0:0" "50742d1d6f69b262e35b46964704df25e0885e96082fd2bf1ebe349838cc05a5" "/opt/rustwide/cargo-home/bin/cargo" "+1.100.0-beta.1" "build" "--frozen" "--message-format=json" "--release", kill_on_drop: false }`
[INFO] [stderr]    Compiling serde v1.0.229
[INFO] [stderr]    Compiling protobuf v2.28.0
[INFO] [stderr]    Compiling zerocopy v0.8.59
[INFO] [stderr]    Compiling crossbeam-utils v0.8.23
[INFO] [stderr]    Compiling slog v2.8.2
[INFO] [stderr]    Compiling time-macros v0.2.32
[INFO] [stderr]    Compiling getrandom v0.2.17
[INFO] [stderr]    Compiling is-terminal v0.4.17
[INFO] [stderr]    Compiling syn v2.0.119
[INFO] [stderr]    Compiling chrono v0.4.45
[INFO] [stderr]    Compiling term v1.2.1
[INFO] [stderr]    Compiling rand_core v0.6.4
[INFO] [stderr]    Compiling crossbeam-channel v0.5.17
[INFO] [stderr]    Compiling erased-serde v0.3.31
[INFO] [stderr]    Compiling time v0.3.55
[INFO] [stderr]    Compiling thiserror-impl v1.0.69
[INFO] [stderr]    Compiling getset v0.1.7
[INFO] [stderr]    Compiling slog-scope v4.4.1
[INFO] [stderr]    Compiling slog-async v2.8.0
[INFO] [stderr]    Compiling slog-stdlog v4.1.1
[INFO] [stderr]    Compiling thiserror v1.0.69
[INFO] [stderr]    Compiling protobuf-codegen v2.28.0
[INFO] [stderr]    Compiling slog-term v2.9.2
[INFO] [stderr]    Compiling ppv-lite86 v0.2.21
[INFO] [stderr]    Compiling slog-envlogger v2.2.0
[INFO] [stderr]    Compiling protobuf-build v0.14.1
[INFO] [stderr]    Compiling rand_chacha v0.3.1
[INFO] [stderr]    Compiling rand v0.8.8
[INFO] [stderr]    Compiling raft-proto v0.7.0
[INFO] [stderr]    Compiling raft-seedable v0.7.0 (/opt/rustwide/workdir)
[INFO] [stdout] warning: use of deprecated module `std::u64`: all constants in this module replaced by associated constants on the type
[INFO] [stdout]   --> src/quorum/majority.rs:10:23
[INFO] [stdout]    |
[INFO] [stdout] 10 | use std::{cmp, slice, u64};
[INFO] [stdout]    |                       ^^^
[INFO] [stdout]    |
[INFO] [stdout]    = note: `#[warn(deprecated)]` on by default
[INFO] [stdout] 
[INFO] [stdout] 
[INFO] [stdout] warning: use of deprecated constant `std::u64::MAX`: replaced by the `MAX` associated constant on this type
[INFO] [stdout]   --> src/quorum/majority.rs:74:26
[INFO] [stdout]    |
[INFO] [stdout] 74 |             return (u64::MAX, true);
[INFO] [stdout]    |                          ^^^
[INFO] [stdout] 
[INFO] [stdout] 
[INFO] [stdout] warning: use of deprecated module `std::u64`: all constants in this module replaced by associated constants on the type
[INFO] [stdout]  --> src/util.rs:8:10
[INFO] [stdout]   |
[INFO] [stdout] 8 | use std::u64;
[INFO] [stdout]   |          ^^^
[INFO] [stdout] 
[INFO] [stdout] 
[INFO] [stdout] warning: use of deprecated constant `std::u64::MAX`: replaced by the `MAX` associated constant on this type
[INFO] [stdout]   --> src/util.rs:19:32
[INFO] [stdout]    |
[INFO] [stdout] 19 | pub const NO_LIMIT: u64 = u64::MAX;
[INFO] [stdout]    |                                ^^^
[INFO] [stdout] 
[INFO] [stdout] 
[INFO] [stderr]     Finished `release` profile [optimized] target(s) in 39.21s
[INFO] running `Command { std: "docker" "inspect" "50742d1d6f69b262e35b46964704df25e0885e96082fd2bf1ebe349838cc05a5", kill_on_drop: false }`
[INFO] running `Command { std: "docker" "exec" "-e" "SOURCE_DIR=/opt/rustwide/workdir" "-e" "CARGO_HOME=/opt/rustwide/cargo-home" "-e" "RUSTUP_HOME=/opt/rustwide/rustup-home" "-e" "CARGO_TARGET_DIR=/opt/rustwide/target" "-e" "CARGO_INCREMENTAL=0" "-e" "RUST_BACKTRACE=full" "-e" "RUSTFLAGS=--cap-lints=warn" "-e" "RUSTDOCFLAGS=--cap-lints=warn" "-w" "/opt/rustwide/workdir" "--user" "0:0" "50742d1d6f69b262e35b46964704df25e0885e96082fd2bf1ebe349838cc05a5" "/opt/rustwide/cargo-home/bin/cargo" "+1.100.0-beta.1" "test" "--frozen" "--no-run" "--message-format=json" "--release", kill_on_drop: false }`
[INFO] [stderr]    Compiling serde v1.0.229
[INFO] [stderr]    Compiling syn v1.0.109
[INFO] [stderr]    Compiling failure_derive v0.1.8
[INFO] [stderr]    Compiling chrono v0.4.45
[INFO] [stderr]    Compiling object v0.37.3
[INFO] [stderr]    Compiling crossbeam-channel v0.5.17
[INFO] [stderr]    Compiling rustc-demangle v0.1.28
[INFO] [stderr]    Compiling serde_json v1.0.151
[INFO] [stderr]    Compiling itertools v0.10.5
[INFO] [stderr]    Compiling syn v3.0.6
[INFO] [stderr]    Compiling plotters v0.3.7
[INFO] [stderr]    Compiling csv v1.4.0
[INFO] [stderr]    Compiling rayon v1.12.0
[INFO] [stderr]    Compiling atty v0.2.14
[INFO] [stderr]    Compiling erased-serde v0.3.31
[INFO] [stderr]    Compiling serde_cbor v0.11.2
[INFO] [stderr]    Compiling tinytemplate v1.2.1
[INFO] [stderr]    Compiling criterion-plot v0.4.5
[INFO] [stderr]    Compiling slog v2.8.2
[INFO] [stderr]    Compiling slog-scope v4.4.1
[INFO] [stderr]    Compiling slog-term v2.9.2
[INFO] [stderr]    Compiling slog-async v2.8.0
[INFO] [stderr]    Compiling slog-stdlog v4.1.1
[INFO] [stderr]    Compiling serde_derive v1.0.229
[INFO] [stderr]    Compiling slog-envlogger v2.2.0
[INFO] [stderr]    Compiling synstructure v0.12.6
[INFO] [stderr]    Compiling raft-seedable v0.7.0 (/opt/rustwide/workdir)
[INFO] [stdout] warning: use of deprecated module `std::u64`: all constants in this module replaced by associated constants on the type
[INFO] [stdout]   --> src/quorum/majority.rs:10:23
[INFO] [stdout]    |
[INFO] [stdout] 10 | use std::{cmp, slice, u64};
[INFO] [stdout]    |                       ^^^
[INFO] [stdout]    |
[INFO] [stdout]    = note: `#[warn(deprecated)]` on by default
[INFO] [stdout] 
[INFO] [stdout] 
[INFO] [stdout] warning: use of deprecated constant `std::u64::MAX`: replaced by the `MAX` associated constant on this type
[INFO] [stdout]   --> src/quorum/majority.rs:74:26
[INFO] [stdout]    |
[INFO] [stdout] 74 |             return (u64::MAX, true);
[INFO] [stdout]    |                          ^^^
[INFO] [stdout] 
[INFO] [stdout] 
[INFO] [stdout] warning: use of deprecated module `std::u64`: all constants in this module replaced by associated constants on the type
[INFO] [stdout]  --> src/util.rs:8:10
[INFO] [stdout]   |
[INFO] [stdout] 8 | use std::u64;
[INFO] [stdout]   |          ^^^
[INFO] [stdout] 
[INFO] [stdout] 
[INFO] [stdout] warning: use of deprecated constant `std::u64::MAX`: replaced by the `MAX` associated constant on this type
[INFO] [stdout]   --> src/util.rs:19:32
[INFO] [stdout]    |
[INFO] [stdout] 19 | pub const NO_LIMIT: u64 = u64::MAX;
[INFO] [stdout]    |                                ^^^
[INFO] [stdout] 
[INFO] [stdout] 
[INFO] [stderr]    Compiling backtrace v0.3.76
[INFO] [stderr]    Compiling criterion v0.3.6
[INFO] [stderr]    Compiling failure v0.1.8
[INFO] [stderr]    Compiling datadriven v0.1.0
[INFO] [stdout] error[E0433]: cannot find module or crate `raft` in this scope
[INFO] [stdout]   --> examples/single_mem_node/main.rs:10:5
[INFO] [stdout]    |
[INFO] [stdout] 10 | use raft::prelude::*;
[INFO] [stdout]    |     ^^^^ use of unresolved module or unlinked crate `raft`
[INFO] [stdout]    |
[INFO] [stdout]    = help: if you wanted to use a crate named `raft`, use `cargo add raft` to add it to your `Cargo.toml`
[INFO] [stdout] 
[INFO] [stdout] 
[INFO] [stdout] error[E0433]: cannot find module or crate `raft` in this scope
[INFO] [stdout]  --> examples/single_mem_node/main.rs:9:5
[INFO] [stdout]   |
[INFO] [stdout] 9 | use raft::eraftpb::ConfState;
[INFO] [stdout]   |     ^^^^ use of unresolved module or unlinked crate `raft`
[INFO] [stdout]   |
[INFO] [stdout]   = help: if you wanted to use a crate named `raft`, use `cargo add raft` to add it to your `Cargo.toml`
[INFO] [stdout] 
[INFO] [stdout] 
[INFO] [stdout] error[E0433]: cannot find module or crate `raft` in this scope
[INFO] [stdout]   --> examples/single_mem_node/main.rs:11:5
[INFO] [stdout]    |
[INFO] [stdout] 11 | use raft::storage::MemStorage;
[INFO] [stdout]    |     ^^^^ use of unresolved module or unlinked crate `raft`
[INFO] [stdout]    |
[INFO] [stdout]    = help: if you wanted to use a crate named `raft`, use `cargo add raft` to add it to your `Cargo.toml`
[INFO] [stdout] 
[INFO] [stdout] 
[INFO] [stdout] error[E0432]: unresolved imports `raft::eraftpb::ConfState`, `raft::storage::MemStorage`
[INFO] [stdout]   --> examples/single_mem_node/main.rs:9:5
[INFO] [stdout]    |
[INFO] [stdout]  9 | use raft::eraftpb::ConfState;
[INFO] [stdout]    |     ^^^^^^^^^^^^^^^^^^^^^^^^
[INFO] [stdout] 10 | use raft::prelude::*;
[INFO] [stdout] 11 | use raft::storage::MemStorage;
[INFO] [stdout]    |     ^^^^^^^^^^^^^^^^^^^^^^^^^
[INFO] [stdout] 
[INFO] [stdout] 
[INFO] [stdout] error[E0433]: cannot find module or crate `raft` in this scope
[INFO] [stdout]   --> examples/five_mem_node/main.rs:16:5
[INFO] [stdout]    |
[INFO] [stdout] 16 | use raft::{prelude::*, StateRole};
[INFO] [stdout]    |     ^^^^ use of unresolved module or unlinked crate `raft`
[INFO] [stdout]    |
[INFO] [stdout]    = help: if you wanted to use a crate named `raft`, use `cargo add raft` to add it to your `Cargo.toml`
[INFO] [stdout] 
[INFO] [stdout] 
[INFO] [stdout] error[E0433]: cannot find module or crate `raft` in this scope
[INFO] [stdout]   --> examples/five_mem_node/main.rs:15:5
[INFO] [stdout]    |
[INFO] [stdout] 15 | use raft::storage::MemStorage;
[INFO] [stdout]    |     ^^^^ use of unresolved module or unlinked crate `raft`
[INFO] [stdout]    |
[INFO] [stdout]    = help: if you wanted to use a crate named `raft`, use `cargo add raft` to add it to your `Cargo.toml`
[INFO] [stdout] 
[INFO] [stdout] 
[INFO] [stdout] error[E0432]: unresolved import `raft`
[INFO] [stdout]   --> examples/five_mem_node/main.rs:16:5
[INFO] [stdout]    |
[INFO] [stdout] 16 | use raft::{prelude::*, StateRole};
[INFO] [stdout]    |     ^^^^ use of unresolved module or unlinked crate `raft`
[INFO] [stdout]    |
[INFO] [stdout]    = help: if you wanted to use a crate named `raft`, use `cargo add raft` to add it to your `Cargo.toml`
[INFO] [stdout] 
[INFO] [stdout] 
[INFO] [stdout] error[E0425]: cannot find type `Message` in this scope
[INFO] [stdout]   --> examples/single_mem_node/main.rs:25:10
[INFO] [stdout]    |
[INFO] [stdout] 25 |     Raft(Message),
[INFO] [stdout]    |          ^^^^^^^ not found in this scope
[INFO] [stdout] 
[INFO] [stdout] 
[INFO] [stdout] error[E0422]: cannot find struct, variant or union type `Config` in this scope
[INFO] [stdout]   --> examples/single_mem_node/main.rs:45:15
[INFO] [stdout]    |
[INFO] [stdout] 45 |     let cfg = Config {
[INFO] [stdout]    |               ^^^^^^ not found in this scope
[INFO] [stdout] 
[INFO] [stdout] 
[INFO] [stdout] error[E0425]: cannot find type `RawNode` in this scope
[INFO] [stdout]    --> examples/single_mem_node/main.rs:104:30
[INFO] [stdout]     |
[INFO] [stdout] 104 | fn on_ready(raft_group: &mut RawNode<MemStorage>, cbs: &mut HashMap<u8, ProposeCallback>) {
[INFO] [stdout]     |                              ^^^^^^^ not found in this scope
[INFO] [stdout] 
[INFO] [stdout] 
[INFO] [stdout] error[E0425]: cannot find type `Message` in this scope
[INFO] [stdout]    --> examples/single_mem_node/main.rs:113:38
[INFO] [stdout]     |
[INFO] [stdout] 113 |     let handle_messages = |msgs: Vec<Message>| {
[INFO] [stdout]     |                                      ^^^^^^^ not found in this scope
[INFO] [stdout]     |
[INFO] [stdout] help: you might be missing a type parameter
[INFO] [stdout]     |
[INFO] [stdout] 104 | fn on_ready<Message>(raft_group: &mut RawNode<MemStorage>, cbs: &mut HashMap<u8, ProposeCallback>) {
[INFO] [stdout]     |            +++++++++
[INFO] [stdout] 
[INFO] [stdout] 
[INFO] [stdout] error[E0425]: cannot find type `Entry` in this scope
[INFO] [stdout]    --> examples/single_mem_node/main.rs:130:64
[INFO] [stdout]     |
[INFO] [stdout] 130 |     let mut handle_committed_entries = |committed_entries: Vec<Entry>| {
[INFO] [stdout]     |                                                                ^^^^^ not found in this scope
[INFO] [stdout]     |
[INFO] [stdout] help: consider importing one of these enums
[INFO] [stdout]     |
[INFO] [stdout]   3 + use std::collections::btree_map::Entry;
[INFO] [stdout]     |
[INFO] [stdout]   3 + use std::collections::hash_map::Entry;
[INFO] [stdout]     |
[INFO] [stdout] 
[INFO] [stdout] 
[INFO] [stdout] error[E0433]: cannot find type `RawNode` in this scope
[INFO] [stdout]   --> examples/single_mem_node/main.rs:66:17
[INFO] [stdout]    |
[INFO] [stdout] 66 |     let mut r = RawNode::new(&cfg, storage, &logger).unwrap();
[INFO] [stdout]    |                 ^^^^^^^ use of undeclared type `RawNode`
[INFO] [stdout] 
[INFO] [stdout] 
[INFO] [stdout] error[E0433]: cannot find type `EntryType` in this scope
[INFO] [stdout]    --> examples/single_mem_node/main.rs:141:42
[INFO] [stdout]     |
[INFO] [stdout] 141 |             if entry.get_entry_type() == EntryType::EntryNormal {
[INFO] [stdout]     |                                          ^^^^^^^^^ use of undeclared type `EntryType`
[INFO] [stdout] 
[INFO] [stdout] 
[INFO] [stdout] Some errors have detailed explanations: E0422, E0425, E0432, E0433.
[INFO] [stdout] 
[INFO] [stdout] For more information about an error, try `rustc --explain E0422`.
[INFO] [stdout] 
[INFO] [stderr] error: could not compile `raft-seedable` (example "single_mem_node") due to 11 previous errors
[INFO] [stderr] warning: build failed, waiting for other jobs to finish...
[INFO] [stdout] error[E0432]: unresolved import `datadriven::run_test`
[INFO] [stdout]  --> src/confchange/datadriven_test.rs:4:18
[INFO] [stdout]   |
[INFO] [stdout] 4 | use datadriven::{run_test, walk};
[INFO] [stdout]   |                  ^^^^^^^^ no `run_test` in the root
[INFO] [stdout] 
[INFO] [stdout] 
[INFO] [stdout] error[E0432]: unresolved imports `datadriven::run_test`, `datadriven::TestData`
[INFO] [stdout]  --> src/quorum/datadriven_test.rs:3:18
[INFO] [stdout]   |
[INFO] [stdout] 3 | use datadriven::{run_test, TestData};
[INFO] [stdout]   |                  ^^^^^^^^  ^^^^^^^^ no `TestData` in the root
[INFO] [stdout]   |                  |
[INFO] [stdout]   |                  no `run_test` in the root
[INFO] [stdout] 
[INFO] [stdout] 
[INFO] [stdout] warning: use of deprecated module `std::u64`: all constants in this module replaced by associated constants on the type
[INFO] [stdout]   --> src/quorum/majority.rs:10:23
[INFO] [stdout]    |
[INFO] [stdout] 10 | use std::{cmp, slice, u64};
[INFO] [stdout]    |                       ^^^
[INFO] [stdout]    |
[INFO] [stdout]    = note: `#[warn(deprecated)]` on by default
[INFO] [stdout] 
[INFO] [stdout] 
[INFO] [stdout] warning: use of deprecated constant `std::u64::MAX`: replaced by the `MAX` associated constant on this type
[INFO] [stdout]   --> src/quorum/majority.rs:74:26
[INFO] [stdout]    |
[INFO] [stdout] 74 |             return (u64::MAX, true);
[INFO] [stdout]    |                          ^^^
[INFO] [stdout] 
[INFO] [stdout] 
[INFO] [stdout] warning: use of deprecated module `std::u64`: all constants in this module replaced by associated constants on the type
[INFO] [stdout]  --> src/util.rs:8:10
[INFO] [stdout]   |
[INFO] [stdout] 8 | use std::u64;
[INFO] [stdout]   |          ^^^
[INFO] [stdout] 
[INFO] [stdout] 
[INFO] [stdout] warning: use of deprecated constant `std::u64::MAX`: replaced by the `MAX` associated constant on this type
[INFO] [stdout]   --> src/util.rs:19:32
[INFO] [stdout]    |
[INFO] [stdout] 19 | pub const NO_LIMIT: u64 = u64::MAX;
[INFO] [stdout]    |                                ^^^
[INFO] [stdout] 
[INFO] [stdout] 
[INFO] [stdout] error[E0425]: cannot find type `RawNode` in this scope
[INFO] [stdout]    --> examples/five_mem_node/main.rs:161:24
[INFO] [stdout]     |
[INFO] [stdout] 161 |     raft_group: Option<RawNode<MemStorage>>,
[INFO] [stdout]     |                        ^^^^^^^ not found in this scope
[INFO] [stdout] 
[INFO] [stdout] 
[INFO] [stdout] error[E0425]: cannot find type `Message` in this scope
[INFO] [stdout]    --> examples/five_mem_node/main.rs:162:26
[INFO] [stdout]     |
[INFO] [stdout] 162 |     my_mailbox: Receiver<Message>,
[INFO] [stdout]     |                          ^^^^^^^ not found in this scope
[INFO] [stdout]     |
[INFO] [stdout] note: similarly named trait `PbMessage` defined here
[INFO] [stdout]    --> /opt/rustwide/cargo-home/registry/src/index.crates.io-1949cf8c6b5b557f/protobuf-2.28.0/src/message.rs:24:1
[INFO] [stdout]     |
[INFO] [stdout]  24 | pub trait Message: fmt::Debug + Clear + Any + Send + Sync {
[INFO] [stdout]     | ^^^^^^^^^^^^^^^^^^^^^^^^^^^^^^^^^^^^^^^^^^^^^^^^^^^^^^^^^
[INFO] [stdout] help: a trait with a similar name exists
[INFO] [stdout]     |
[INFO] [stdout] 162 |     my_mailbox: Receiver<PbMessage>,
[INFO] [stdout]     |                          ++
[INFO] [stdout] help: you might be missing a type parameter
[INFO] [stdout]     |
[INFO] [stdout] 159 | struct Node<Message> {
[INFO] [stdout]     |            +++++++++
[INFO] [stdout] 
[INFO] [stdout] 
[INFO] [stdout] error[E0425]: cannot find type `Message` in this scope
[INFO] [stdout]    --> examples/five_mem_node/main.rs:163:36
[INFO] [stdout]     |
[INFO] [stdout] 163 |     mailboxes: HashMap<u64, Sender<Message>>,
[INFO] [stdout]     |                                    ^^^^^^^ not found in this scope
[INFO] [stdout]     |
[INFO] [stdout] note: similarly named trait `PbMessage` defined here
[INFO] [stdout]    --> /opt/rustwide/cargo-home/registry/src/index.crates.io-1949cf8c6b5b557f/protobuf-2.28.0/src/message.rs:24:1
[INFO] [stdout]     |
[INFO] [stdout]  24 | pub trait Message: fmt::Debug + Clear + Any + Send + Sync {
[INFO] [stdout]     | ^^^^^^^^^^^^^^^^^^^^^^^^^^^^^^^^^^^^^^^^^^^^^^^^^^^^^^^^^
[INFO] [stdout] help: a trait with a similar name exists
[INFO] [stdout]     |
[INFO] [stdout] 163 |     mailboxes: HashMap<u64, Sender<PbMessage>>,
[INFO] [stdout]     |                                    ++
[INFO] [stdout] help: you might be missing a type parameter
[INFO] [stdout]     |
[INFO] [stdout] 159 | struct Node<Message> {
[INFO] [stdout]     |            +++++++++
[INFO] [stdout] 
[INFO] [stdout] 
[INFO] [stdout] error[E0425]: cannot find type `Message` in this scope
[INFO] [stdout]    --> examples/five_mem_node/main.rs:173:30
[INFO] [stdout]     |
[INFO] [stdout] 173 |         my_mailbox: Receiver<Message>,
[INFO] [stdout]     |                              ^^^^^^^ not found in this scope
[INFO] [stdout]     |
[INFO] [stdout] note: similarly named trait `PbMessage` defined here
[INFO] [stdout]    --> /opt/rustwide/cargo-home/registry/src/index.crates.io-1949cf8c6b5b557f/protobuf-2.28.0/src/message.rs:24:1
[INFO] [stdout]     |
[INFO] [stdout]  24 | pub trait Message: fmt::Debug + Clear + Any + Send + Sync {
[INFO] [stdout]     | ^^^^^^^^^^^^^^^^^^^^^^^^^^^^^^^^^^^^^^^^^^^^^^^^^^^^^^^^^
[INFO] [stdout] help: a trait with a similar name exists
[INFO] [stdout]     |
[INFO] [stdout] 173 |         my_mailbox: Receiver<PbMessage>,
[INFO] [stdout]     |                              ++
[INFO] [stdout] help: you might be missing a type parameter
[INFO] [stdout]     |
[INFO] [stdout] 169 | impl<Message> Node {
[INFO] [stdout]     |     +++++++++
[INFO] [stdout] 
[INFO] [stdout] 
[INFO] [stdout] error[E0425]: cannot find type `Message` in this scope
[INFO] [stdout]    --> examples/five_mem_node/main.rs:174:40
[INFO] [stdout]     |
[INFO] [stdout] 174 |         mailboxes: HashMap<u64, Sender<Message>>,
[INFO] [stdout]     |                                        ^^^^^^^ not found in this scope
[INFO] [stdout]     |
[INFO] [stdout] note: similarly named trait `PbMessage` defined here
[INFO] [stdout]    --> /opt/rustwide/cargo-home/registry/src/index.crates.io-1949cf8c6b5b557f/protobuf-2.28.0/src/message.rs:24:1
[INFO] [stdout]     |
[INFO] [stdout]  24 | pub trait Message: fmt::Debug + Clear + Any + Send + Sync {
[INFO] [stdout]     | ^^^^^^^^^^^^^^^^^^^^^^^^^^^^^^^^^^^^^^^^^^^^^^^^^^^^^^^^^
[INFO] [stdout] help: a trait with a similar name exists
[INFO] [stdout]     |
[INFO] [stdout] 174 |         mailboxes: HashMap<u64, Sender<PbMessage>>,
[INFO] [stdout]     |                                        ++
[INFO] [stdout] help: you might be missing a type parameter
[INFO] [stdout]     |
[INFO] [stdout] 169 | impl<Message> Node {
[INFO] [stdout]     |     +++++++++
[INFO] [stdout] 
[INFO] [stdout] 
[INFO] [stdout] error[E0425]: cannot find type `Message` in this scope
[INFO] [stdout]    --> examples/five_mem_node/main.rs:200:30
[INFO] [stdout]     |
[INFO] [stdout] 200 |         my_mailbox: Receiver<Message>,
[INFO] [stdout]     |                              ^^^^^^^ not found in this scope
[INFO] [stdout]     |
[INFO] [stdout] note: similarly named trait `PbMessage` defined here
[INFO] [stdout]    --> /opt/rustwide/cargo-home/registry/src/index.crates.io-1949cf8c6b5b557f/protobuf-2.28.0/src/message.rs:24:1
[INFO] [stdout]     |
[INFO] [stdout]  24 | pub trait Message: fmt::Debug + Clear + Any + Send + Sync {
[INFO] [stdout]     | ^^^^^^^^^^^^^^^^^^^^^^^^^^^^^^^^^^^^^^^^^^^^^^^^^^^^^^^^^
[INFO] [stdout] help: a trait with a similar name exists
[INFO] [stdout]     |
[INFO] [stdout] 200 |         my_mailbox: Receiver<PbMessage>,
[INFO] [stdout]     |                              ++
[INFO] [stdout] help: you might be missing a type parameter
[INFO] [stdout]     |
[INFO] [stdout] 169 | impl<Message> Node {
[INFO] [stdout]     |     +++++++++
[INFO] [stdout] 
[INFO] [stdout] 
[INFO] [stdout] error[E0425]: cannot find type `Message` in this scope
[INFO] [stdout]    --> examples/five_mem_node/main.rs:201:40
[INFO] [stdout]     |
[INFO] [stdout] 201 |         mailboxes: HashMap<u64, Sender<Message>>,
[INFO] [stdout]     |                                        ^^^^^^^ not found in this scope
[INFO] [stdout]     |
[INFO] [stdout] note: similarly named trait `PbMessage` defined here
[INFO] [stdout]    --> /opt/rustwide/cargo-home/registry/src/index.crates.io-1949cf8c6b5b557f/protobuf-2.28.0/src/message.rs:24:1
[INFO] [stdout]     |
[INFO] [stdout]  24 | pub trait Message: fmt::Debug + Clear + Any + Send + Sync {
[INFO] [stdout]     | ^^^^^^^^^^^^^^^^^^^^^^^^^^^^^^^^^^^^^^^^^^^^^^^^^^^^^^^^^
[INFO] [stdout] help: a trait with a similar name exists
[INFO] [stdout]     |
[INFO] [stdout] 201 |         mailboxes: HashMap<u64, Sender<PbMessage>>,
[INFO] [stdout]     |                                        ++
[INFO] [stdout] help: you might be missing a type parameter
[INFO] [stdout]     |
[INFO] [stdout] 169 | impl<Message> Node {
[INFO] [stdout]     |     +++++++++
[INFO] [stdout] 
[INFO] [stdout] 
[INFO] [stdout] error[E0425]: cannot find type `Message` in this scope
[INFO] [stdout]    --> examples/five_mem_node/main.rs:212:54
[INFO] [stdout]     |
[INFO] [stdout] 212 |     fn initialize_raft_from_message(&mut self, msg: &Message, logger: &slog::Logger) {
[INFO] [stdout]     |                                                      ^^^^^^^ not found in this scope
[INFO] [stdout]     |
[INFO] [stdout] note: similarly named trait `PbMessage` defined here
[INFO] [stdout]    --> /opt/rustwide/cargo-home/registry/src/index.crates.io-1949cf8c6b5b557f/protobuf-2.28.0/src/message.rs:24:1
[INFO] [stdout]     |
[INFO] [stdout]  24 | pub trait Message: fmt::Debug + Clear + Any + Send + Sync {
[INFO] [stdout]     | ^^^^^^^^^^^^^^^^^^^^^^^^^^^^^^^^^^^^^^^^^^^^^^^^^^^^^^^^^
[INFO] [stdout] help: a trait with a similar name exists
[INFO] [stdout]     |
[INFO] [stdout] 212 |     fn initialize_raft_from_message(&mut self, msg: &PbMessage, logger: &slog::Logger) {
[INFO] [stdout]     |                                                      ++
[INFO] [stdout] 
[INFO] [stdout] 
[INFO] [stdout] error[E0425]: cannot find type `Message` in this scope
[INFO] [stdout]    --> examples/five_mem_node/main.rs:224:29
[INFO] [stdout]     |
[INFO] [stdout] 224 |     fn step(&mut self, msg: Message, logger: &slog::Logger) {
[INFO] [stdout]     |                             ^^^^^^^ not found in this scope
[INFO] [stdout]     |
[INFO] [stdout] note: similarly named trait `PbMessage` defined here
[INFO] [stdout]    --> /opt/rustwide/cargo-home/registry/src/index.crates.io-1949cf8c6b5b557f/protobuf-2.28.0/src/message.rs:24:1
[INFO] [stdout]     |
[INFO] [stdout]  24 | pub trait Message: fmt::Debug + Clear + Any + Send + Sync {
[INFO] [stdout]     | ^^^^^^^^^^^^^^^^^^^^^^^^^^^^^^^^^^^^^^^^^^^^^^^^^^^^^^^^^
[INFO] [stdout] help: a trait with a similar name exists
[INFO] [stdout]     |
[INFO] [stdout] 224 |     fn step(&mut self, msg: PbMessage, logger: &slog::Logger) {
[INFO] [stdout]     |                             ++
[INFO] [stdout] 
[INFO] [stdout] 
[INFO] [stdout] error[E0425]: cannot find type `RawNode` in this scope
[INFO] [stdout]    --> examples/five_mem_node/main.rs:238:22
[INFO] [stdout]     |
[INFO] [stdout] 238 |     raft_group: &mut RawNode<MemStorage>,
[INFO] [stdout]     |                      ^^^^^^^ not found in this scope
[INFO] [stdout] 
[INFO] [stdout] 
[INFO] [stdout] error[E0425]: cannot find type `Message` in this scope
[INFO] [stdout]    --> examples/five_mem_node/main.rs:240:37
[INFO] [stdout]     |
[INFO] [stdout] 240 |     mailboxes: &HashMap<u64, Sender<Message>>,
[INFO] [stdout]     |                                     ^^^^^^^ not found in this scope
[INFO] [stdout]     |
[INFO] [stdout] note: similarly named trait `PbMessage` defined here
[INFO] [stdout]    --> /opt/rustwide/cargo-home/registry/src/index.crates.io-1949cf8c6b5b557f/protobuf-2.28.0/src/message.rs:24:1
[INFO] [stdout]     |
[INFO] [stdout]  24 | pub trait Message: fmt::Debug + Clear + Any + Send + Sync {
[INFO] [stdout]     | ^^^^^^^^^^^^^^^^^^^^^^^^^^^^^^^^^^^^^^^^^^^^^^^^^^^^^^^^^
[INFO] [stdout] help: a trait with a similar name exists
[INFO] [stdout]     |
[INFO] [stdout] 240 |     mailboxes: &HashMap<u64, Sender<PbMessage>>,
[INFO] [stdout]     |                                     ++
[INFO] [stdout] help: you might be missing a type parameter
[INFO] [stdout]     |
[INFO] [stdout] 237 | fn on_ready<Message>(
[INFO] [stdout]     |            +++++++++
[INFO] [stdout] 
[INFO] [stdout] 
[INFO] [stdout] error[E0425]: cannot find type `Message` in this scope
[INFO] [stdout]    --> examples/five_mem_node/main.rs:252:38
[INFO] [stdout]     |
[INFO] [stdout] 252 |     let handle_messages = |msgs: Vec<Message>| {
[INFO] [stdout]     |                                      ^^^^^^^ not found in this scope
[INFO] [stdout]     |
[INFO] [stdout] note: similarly named trait `PbMessage` defined here
[INFO] [stdout]    --> /opt/rustwide/cargo-home/registry/src/index.crates.io-1949cf8c6b5b557f/protobuf-2.28.0/src/message.rs:24:1
[INFO] [stdout]     |
[INFO] [stdout]  24 | pub trait Message: fmt::Debug + Clear + Any + Send + Sync {
[INFO] [stdout]     | ^^^^^^^^^^^^^^^^^^^^^^^^^^^^^^^^^^^^^^^^^^^^^^^^^^^^^^^^^
[INFO] [stdout] help: a trait with a similar name exists
[INFO] [stdout]     |
[INFO] [stdout] 252 |     let handle_messages = |msgs: Vec<PbMessage>| {
[INFO] [stdout]     |                                      ++
[INFO] [stdout] help: you might be missing a type parameter
[INFO] [stdout]     |
[INFO] [stdout] 237 | fn on_ready<Message>(
[INFO] [stdout]     |            +++++++++
[INFO] [stdout] 
[INFO] [stdout] 
[INFO] [stdout] error[E0425]: cannot find type `RawNode` in this scope
[INFO] [stdout]    --> examples/five_mem_node/main.rs:282:19
[INFO] [stdout]     |
[INFO] [stdout] 282 |         |rn: &mut RawNode<MemStorage>, committed_entries: Vec<Entry>| {
[INFO] [stdout]     |                   ^^^^^^^ not found in this scope
[INFO] [stdout] 
[INFO] [stdout] 
[INFO] [stdout] error[E0425]: cannot find type `Entry` in this scope
[INFO] [stdout]    --> examples/five_mem_node/main.rs:282:63
[INFO] [stdout]     |
[INFO] [stdout] 282 |         |rn: &mut RawNode<MemStorage>, committed_entries: Vec<Entry>| {
[INFO] [stdout]     |                                                               ^^^^^ not found in this scope
[INFO] [stdout]     |
[INFO] [stdout] help: consider importing one of these enums
[INFO] [stdout]     |
[INFO] [stdout]   7 + use std::collections::btree_map::Entry;
[INFO] [stdout]     |
[INFO] [stdout]   7 + use std::collections::hash_map::Entry;
[INFO] [stdout]     |
[INFO] [stdout] 
[INFO] [stdout] 
[INFO] [stdout] error[E0425]: cannot find type `Config` in this scope
[INFO] [stdout]    --> examples/five_mem_node/main.rs:348:24
[INFO] [stdout]     |
[INFO] [stdout] 348 | fn example_config() -> Config {
[INFO] [stdout]     |                        ^^^^^^ not found in this scope
[INFO] [stdout] 
[INFO] [stdout] 
[INFO] [stdout] error[E0422]: cannot find struct, variant or union type `Config` in this scope
[INFO] [stdout]    --> examples/five_mem_node/main.rs:349:5
[INFO] [stdout]     |
[INFO] [stdout] 349 |     Config {
[INFO] [stdout]     |     ^^^^^^ not found in this scope
[INFO] [stdout] 
[INFO] [stdout] 
[INFO] [stdout] error[E0425]: cannot find type `Message` in this scope
[INFO] [stdout]    --> examples/five_mem_node/main.rs:357:25
[INFO] [stdout]     |
[INFO] [stdout] 357 | fn is_initial_msg(msg: &Message) -> bool {
[INFO] [stdout]     |                         ^^^^^^^ not found in this scope
[INFO] [stdout]     |
[INFO] [stdout] note: similarly named trait `PbMessage` defined here
[INFO] [stdout]    --> /opt/rustwide/cargo-home/registry/src/index.crates.io-1949cf8c6b5b557f/protobuf-2.28.0/src/message.rs:24:1
[INFO] [stdout]     |
[INFO] [stdout]  24 | pub trait Message: fmt::Debug + Clear + Any + Send + Sync {
[INFO] [stdout]     | ^^^^^^^^^^^^^^^^^^^^^^^^^^^^^^^^^^^^^^^^^^^^^^^^^^^^^^^^^
[INFO] [stdout] help: a trait with a similar name exists
[INFO] [stdout]     |
[INFO] [stdout] 357 | fn is_initial_msg(msg: &PbMessage) -> bool {
[INFO] [stdout]     |                         ++
[INFO] [stdout] 
[INFO] [stdout] 
[INFO] [stdout] error[E0425]: cannot find type `ConfChange` in this scope
[INFO] [stdout]    --> examples/five_mem_node/main.rs:366:25
[INFO] [stdout]     |
[INFO] [stdout] 366 |     conf_change: Option<ConfChange>, // conf change.
[INFO] [stdout]     |                         ^^^^^^^^^^ not found in this scope
[INFO] [stdout]     |
[INFO] [stdout] help: you might be missing a type parameter
[INFO] [stdout]     |
[INFO] [stdout] 364 | struct Proposal<ConfChange> {
[INFO] [stdout]     |                ++++++++++++
[INFO] [stdout] 
[INFO] [stdout] 
[INFO] [stdout] error[E0425]: cannot find type `ConfChange` in this scope
[INFO] [stdout]    --> examples/five_mem_node/main.rs:374:25
[INFO] [stdout]     |
[INFO] [stdout] 374 |     fn conf_change(cc: &ConfChange) -> (Self, Receiver<bool>) {
[INFO] [stdout]     |                         ^^^^^^^^^^ not found in this scope
[INFO] [stdout] 
[INFO] [stdout] 
[INFO] [stdout] error[E0425]: cannot find type `RawNode` in this scope
[INFO] [stdout]    --> examples/five_mem_node/main.rs:399:29
[INFO] [stdout]     |
[INFO] [stdout] 399 | fn propose(raft_group: &mut RawNode<MemStorage>, proposal: &mut Proposal) {
[INFO] [stdout]     |                             ^^^^^^^ not found in this scope
[INFO] [stdout] 
[INFO] [stdout] 
[INFO] [stdout] error[E0308]: mismatched types
[INFO] [stdout]   --> src/confchange/datadriven_test.rs:10:5
[INFO] [stdout]    |
[INFO] [stdout]  9 |   fn test_conf_change_data_driven() -> anyhow::Result<()> {
[INFO] [stdout]    |                                        ------------------ expected `std::result::Result<(), anyhow::Error>` because of return type
[INFO] [stdout] 10 | /     walk("src/confchange/testdata", |path| -> anyhow::Result<()> {
[INFO] [stdout] 11 | |         let logger = default_logger();
[INFO] [stdout] 12 | |
[INFO] [stdout] 13 | |         let mut tr = ProgressTracker::new(10);
[INFO] [stdout] ...  |
[INFO] [stdout] 85 | |     })
[INFO] [stdout]    | |______^ expected `Result<(), Error>`, found `()`
[INFO] [stdout]    |
[INFO] [stdout]    = note:   expected enum `std::result::Result<(), anyhow::Error>`
[INFO] [stdout]            found unit type `()`
[INFO] [stdout] help: try adding an expression at the end of the block
[INFO] [stdout]    |
[INFO] [stdout] 85 ~     });
[INFO] [stdout] 86 +     Ok(())
[INFO] [stdout]    |
[INFO] [stdout] 
[INFO] [stdout] 
[INFO] [stdout] error[E0433]: cannot find type `Snapshot` in this scope
[INFO] [stdout]    --> examples/five_mem_node/main.rs:180:21
[INFO] [stdout]     |
[INFO] [stdout] 180 |         let mut s = Snapshot::default();
[INFO] [stdout]     |                     ^^^^^^^^ use of undeclared type `Snapshot`
[INFO] [stdout] 
[INFO] [stdout] 
[INFO] [stdout] error[E0433]: cannot find type `RawNode` in this scope
[INFO] [stdout]    --> examples/five_mem_node/main.rs:189:31
[INFO] [stdout]     |
[INFO] [stdout] 189 |         let raft_group = Some(RawNode::new(&cfg, storage, &logger).unwrap());
[INFO] [stdout]     |                               ^^^^^^^ use of undeclared type `RawNode`
[INFO] [stdout] 
[INFO] [stdout] 
[INFO] [stdout] error[E0433]: cannot find type `RawNode` in this scope
[INFO] [stdout]    --> examples/five_mem_node/main.rs:220:32
[INFO] [stdout]     |
[INFO] [stdout] 220 |         self.raft_group = Some(RawNode::new(&cfg, storage, &logger).unwrap());
[INFO] [stdout]     |                                ^^^^^^^ use of undeclared type `RawNode`
[INFO] [stdout] 
[INFO] [stdout] 
[INFO] [stdout] error[E0433]: cannot find type `Snapshot` in this scope
[INFO] [stdout]    --> examples/five_mem_node/main.rs:270:29
[INFO] [stdout]     |
[INFO] [stdout] 270 |     if *ready.snapshot() != Snapshot::default() {
[INFO] [stdout]     |                             ^^^^^^^^ use of undeclared type `Snapshot`
[INFO] [stdout] 
[INFO] [stdout] 
[INFO] [stdout] error[E0433]: cannot find type `ConfChange` in this scope
[INFO] [stdout]    --> examples/five_mem_node/main.rs:290:34
[INFO] [stdout]     |
[INFO] [stdout] 290 |                     let mut cc = ConfChange::default();
[INFO] [stdout]     |                                  ^^^^^^^^^^ use of undeclared type `ConfChange`
[INFO] [stdout] 
[INFO] [stdout] 
[INFO] [stdout] error[E0433]: cannot find type `MessageType` in this scope
[INFO] [stdout]    --> examples/five_mem_node/main.rs:359:17
[INFO] [stdout]     |
[INFO] [stdout] 359 |     msg_type == MessageType::MsgRequestVote
[INFO] [stdout]     |                 ^^^^^^^^^^^ use of undeclared type `MessageType`
[INFO] [stdout] 
[INFO] [stdout] 
[INFO] [stdout] error[E0433]: cannot find type `MessageType` in this scope
[INFO] [stdout]    --> examples/five_mem_node/main.rs:360:24
[INFO] [stdout]     |
[INFO] [stdout] 360 |         || msg_type == MessageType::MsgRequestPreVote
[INFO] [stdout]     |                        ^^^^^^^^^^^ use of undeclared type `MessageType`
[INFO] [stdout] 
[INFO] [stdout] 
[INFO] [stdout] error[E0433]: cannot find type `MessageType` in this scope
[INFO] [stdout]    --> examples/five_mem_node/main.rs:361:25
[INFO] [stdout]     |
[INFO] [stdout] 361 |         || (msg_type == MessageType::MsgHeartbeat && msg.commit == 0)
[INFO] [stdout]     |                         ^^^^^^^^^^^ use of undeclared type `MessageType`
[INFO] [stdout] 
[INFO] [stdout] 
[INFO] [stdout] error[E0433]: cannot find type `ConfChange` in this scope
[INFO] [stdout]    --> examples/five_mem_node/main.rs:423:31
[INFO] [stdout]     |
[INFO] [stdout] 423 |         let mut conf_change = ConfChange::default();
[INFO] [stdout]     |                               ^^^^^^^^^^ use of undeclared type `ConfChange`
[INFO] [stdout] 
[INFO] [stdout] 
[INFO] [stdout] error[E0433]: cannot find type `ConfChangeType` in this scope
[INFO] [stdout]    --> examples/five_mem_node/main.rs:425:37
[INFO] [stdout]     |
[INFO] [stdout] 425 |         conf_change.set_change_type(ConfChangeType::AddNode);
[INFO] [stdout]     |                                     ^^^^^^^^^^^^^^ use of undeclared type `ConfChangeType`
[INFO] [stdout] 
[INFO] [stdout] 
[INFO] [stdout] error[E0433]: cannot find type `EntryType` in this scope
[INFO] [stdout]    --> examples/five_mem_node/main.rs:288:24
[INFO] [stdout]     |
[INFO] [stdout] 288 |                 if let EntryType::EntryConfChange = entry.get_entry_type() {
[INFO] [stdout]     |                        ^^^^^^^^^ use of undeclared type `EntryType`
[INFO] [stdout] 
[INFO] [stdout] 
[INFO] [stdout] Some errors have detailed explanations: E0422, E0425, E0432, E0433.
[INFO] [stdout] 
[INFO] [stdout] For more information about an error, try `rustc --explain E0422`.
[INFO] [stdout] 
[INFO] [stderr] error: could not compile `raft-seedable` (example "five_mem_node") due to 34 previous errors
[INFO] [stdout] warning: use of deprecated associated function `core::num::<impl u64>::max_value`: replaced by the `MAX` associated constant on this type
[INFO] [stdout]    --> src/storage.rs:582:28
[INFO] [stdout]     |
[INFO] [stdout] 582 |         let max_u64 = u64::max_value();
[INFO] [stdout]     |                            ^^^^^^^^^
[INFO] [stdout] 
[INFO] [stdout] 
[INFO] [stdout] Some errors have detailed explanations: E0308, E0432.
[INFO] [stdout] 
[INFO] [stdout] For more information about an error, try `rustc --explain E0308`.
[INFO] [stdout] 
[INFO] [stderr] error: could not compile `raft-seedable` (lib test) due to 3 previous errors; 5 warnings emitted
[INFO] running `Command { std: "docker" "inspect" "50742d1d6f69b262e35b46964704df25e0885e96082fd2bf1ebe349838cc05a5", kill_on_drop: false }`
[INFO] running `Command { std: "docker" "rm" "-f" "50742d1d6f69b262e35b46964704df25e0885e96082fd2bf1ebe349838cc05a5", kill_on_drop: false }`
[INFO] [stdout] 50742d1d6f69b262e35b46964704df25e0885e96082fd2bf1ebe349838cc05a5
