[INFO] fetching crate radix-transactions 1.4.0...
[INFO] testing radix-transactions-1.4.0 against 1.100.0-beta.1+cargoflags=--release for beta-release-1.100-2
[INFO] extracting crate radix-transactions 1.4.0 into /workspace/builds/worker-5-tc2/source
[INFO] started tweaking crates.io crate radix-transactions 1.4.0
[INFO] removed 0 missing tests
[INFO] finished tweaking crates.io crate radix-transactions 1.4.0
[INFO] tweaked toml for crates.io crate radix-transactions 1.4.0 written to /workspace/builds/worker-5-tc2/source/Cargo.toml
[INFO] validating manifest of crates.io crate radix-transactions 1.4.0 on toolchain 1.100.0-beta.1
[INFO] running `Command { std: CARGO_HOME="/workspace/cargo-home" RUSTUP_HOME="/workspace/rustup-home" "/workspace/cargo-home/bin/cargo" "+1.100.0-beta.1" "metadata" "--manifest-path" "Cargo.toml" "--no-deps", kill_on_drop: false }`
[INFO] crate crates.io crate radix-transactions 1.4.0 already has a lockfile, it will not be regenerated
[INFO] running `Command { std: CARGO_HOME="/workspace/cargo-home" RUSTUP_HOME="/workspace/rustup-home" "/workspace/cargo-home/bin/cargo" "+1.100.0-beta.1" "fetch" "--manifest-path" "Cargo.toml", kill_on_drop: false }`
[INFO] running `Command { std: "docker" "create" "-v" "/var/lib/crater-agent-workspace/builds/worker-5-tc2/source:/opt/rustwide/workdir:ro,Z" "-v" "/var/lib/crater-agent-workspace/builds/worker-5-tc2/target:/opt/rustwide/target:rw,Z" "-v" "/var/lib/crater-agent-workspace/cargo-home:/opt/rustwide/cargo-home:ro,Z" "-v" "/var/lib/crater-agent-workspace/rustup-home:/opt/rustwide/rustup-home:ro,Z" "-m" "1610612736" "--network" "none" "ghcr.io/rust-lang/crates-build-env/linux@sha256:77db811e55d90add9212f6832c23229e3de5f1c1f9905e8cb07319ea15df73ac" "sleep" "infinity", kill_on_drop: false }`
[INFO] [stdout] fb0105dfd3e08c3cecffe287c6071b91b41e527dea52ac27d498b7d6afaec5ac
[INFO] running `Command { std: "docker" "start" "fb0105dfd3e08c3cecffe287c6071b91b41e527dea52ac27d498b7d6afaec5ac", kill_on_drop: false }`
[INFO] running `Command { std: "docker" "inspect" "fb0105dfd3e08c3cecffe287c6071b91b41e527dea52ac27d498b7d6afaec5ac", kill_on_drop: false }`
[INFO] running `Command { std: "docker" "exec" "-e" "SOURCE_DIR=/opt/rustwide/workdir" "-e" "CARGO_HOME=/opt/rustwide/cargo-home" "-e" "RUSTUP_HOME=/opt/rustwide/rustup-home" "-e" "CARGO_TARGET_DIR=/opt/rustwide/target" "-w" "/opt/rustwide/workdir" "--user" "0:0" "fb0105dfd3e08c3cecffe287c6071b91b41e527dea52ac27d498b7d6afaec5ac" "/opt/rustwide/cargo-home/bin/cargo" "+1.100.0-beta.1" "metadata" "--no-deps" "--format-version=1", kill_on_drop: false }`
[INFO] running `Command { std: "docker" "inspect" "fb0105dfd3e08c3cecffe287c6071b91b41e527dea52ac27d498b7d6afaec5ac", kill_on_drop: false }`
[INFO] running `Command { std: "docker" "exec" "-e" "SOURCE_DIR=/opt/rustwide/workdir" "-e" "CARGO_HOME=/opt/rustwide/cargo-home" "-e" "RUSTUP_HOME=/opt/rustwide/rustup-home" "-e" "CARGO_TARGET_DIR=/opt/rustwide/target" "-e" "CARGO_INCREMENTAL=0" "-e" "RUST_BACKTRACE=full" "-e" "RUSTFLAGS=--cap-lints=warn" "-e" "RUSTDOCFLAGS=--cap-lints=warn" "-w" "/opt/rustwide/workdir" "--user" "0:0" "fb0105dfd3e08c3cecffe287c6071b91b41e527dea52ac27d498b7d6afaec5ac" "/opt/rustwide/cargo-home/bin/cargo" "+1.100.0-beta.1" "build" "--frozen" "--message-format=json" "--release", kill_on_drop: false }`
[INFO] [stderr]    Compiling proc-macro2 v1.0.86
[INFO] [stderr]    Compiling typenum v1.16.0
[INFO] [stderr]    Compiling syn v1.0.109
[INFO] [stderr]    Compiling libc v0.2.158
[INFO] [stderr]    Compiling either v1.9.0
[INFO] [stderr]    Compiling const-sha1 v0.3.0
[INFO] [stderr]    Compiling rustversion v1.0.14
[INFO] [stderr]    Compiling subtle v2.5.0
[INFO] [stderr]    Compiling num-traits v0.2.16
[INFO] [stderr]    Compiling num-integer v0.1.45
[INFO] [stderr]    Compiling rustc_version v0.4.0
[INFO] [stderr]    Compiling indexmap v2.13.0
[INFO] [stderr]    Compiling num-bigint v0.4.3
[INFO] [stderr]    Compiling generic-array v0.14.7
[INFO] [stderr]    Compiling blst v0.3.11
[INFO] [stderr]    Compiling secp256k1-sys v0.9.2
[INFO] [stderr]    Compiling cpufeatures v0.2.9
[INFO] [stderr]    Compiling ed25519 v2.2.3
[INFO] [stderr]    Compiling curve25519-dalek v4.1.3
[INFO] [stderr]    Compiling hex v0.4.3
[INFO] [stderr]    Compiling itertools v0.10.5
[INFO] [stderr]    Compiling lazy_static v1.4.0
[INFO] [stderr]    Compiling bech32 v0.9.1
[INFO] [stderr]    Compiling zmij v1.0.12
[INFO] [stderr]    Compiling keccak v0.1.6
[INFO] [stderr]    Compiling serde_json v1.0.148
[INFO] [stderr]    Compiling quote v1.0.37
[INFO] [stderr]    Compiling num_cpus v1.16.0
[INFO] [stderr]    Compiling regex-syntax v0.7.4
[INFO] [stderr]    Compiling anstyle v1.0.6
[INFO] [stderr]    Compiling syn v2.0.87
[INFO] [stderr]    Compiling threadpool v1.8.1
[INFO] [stderr]    Compiling bnum v0.11.0
[INFO] [stderr]    Compiling block-buffer v0.10.4
[INFO] [stderr]    Compiling crypto-common v0.1.6
[INFO] [stderr]    Compiling unicode-width v0.1.12
[INFO] [stderr]    Compiling annotate-snippets v0.10.2
[INFO] [stderr]    Compiling digest v0.10.7
[INFO] [stderr]    Compiling sha2 v0.10.8
[INFO] [stderr]    Compiling blake2 v0.10.6
[INFO] [stderr]    Compiling sha3 v0.10.8
[INFO] [stderr]    Compiling regex-automata v0.3.6
[INFO] [stderr]    Compiling sbor-derive-common v1.4.0
[INFO] [stderr]    Compiling strum_macros v0.24.3
[INFO] [stderr]    Compiling regex v1.9.3
[INFO] [stderr]    Compiling sbor-derive v1.4.0
[INFO] [stderr]    Compiling radix-sbor-derive v1.4.0
[INFO] [stderr]    Compiling strum v0.24.1
[INFO] [stderr]    Compiling zeroize_derive v1.4.2
[INFO] [stderr]    Compiling preinterpret v0.2.0
[INFO] [stderr]    Compiling curve25519-dalek-derive v0.1.1
[INFO] [stderr]    Compiling radix-rust v1.4.0
[INFO] [stderr]    Compiling zeroize v1.8.1
[INFO] [stderr]    Compiling sbor v1.4.0
[INFO] [stderr]    Compiling ed25519-dalek v2.1.1
[INFO] [stderr]    Compiling secp256k1 v0.28.2
[INFO] [stderr]    Compiling radix-common v1.4.0
[INFO] [stderr]    Compiling radix-common-derive v1.4.0
[INFO] [stderr]    Compiling radix-blueprint-schema-init v1.4.0
[INFO] [stderr]    Compiling radix-substate-store-interface v1.4.0
[INFO] [stderr]    Compiling radix-engine-interface v1.4.0
[INFO] [stderr]    Compiling radix-transactions v1.4.0 (/opt/rustwide/workdir)
[INFO] [stderr]     Finished `release` profile [optimized] target(s) in 2m 40s
[INFO] running `Command { std: "docker" "inspect" "fb0105dfd3e08c3cecffe287c6071b91b41e527dea52ac27d498b7d6afaec5ac", kill_on_drop: false }`
[INFO] running `Command { std: "docker" "exec" "-e" "SOURCE_DIR=/opt/rustwide/workdir" "-e" "CARGO_HOME=/opt/rustwide/cargo-home" "-e" "RUSTUP_HOME=/opt/rustwide/rustup-home" "-e" "CARGO_TARGET_DIR=/opt/rustwide/target" "-e" "CARGO_INCREMENTAL=0" "-e" "RUST_BACKTRACE=full" "-e" "RUSTFLAGS=--cap-lints=warn" "-e" "RUSTDOCFLAGS=--cap-lints=warn" "-w" "/opt/rustwide/workdir" "--user" "0:0" "fb0105dfd3e08c3cecffe287c6071b91b41e527dea52ac27d498b7d6afaec5ac" "/opt/rustwide/cargo-home/bin/cargo" "+1.100.0-beta.1" "test" "--frozen" "--no-run" "--message-format=json" "--release", kill_on_drop: false }`
[INFO] [stderr]    Compiling radix-transactions v1.4.0 (/opt/rustwide/workdir)
[INFO] [stdout] error[E0433]: cannot find module or crate `scrypto` in this scope
[INFO] [stdout]     --> src/manifest/generator.rs:2326:9
[INFO] [stdout]      |
[INFO] [stdout] 2326 |     use scrypto::radix_blueprint_schema_init::BlueprintStateSchemaInit;
[INFO] [stdout]      |         ^^^^^^^ use of unresolved module or unlinked crate `scrypto`
[INFO] [stdout]      |
[INFO] [stdout]      = help: if you wanted to use a crate named `scrypto`, use `cargo add scrypto` to add it to your `Cargo.toml`
[INFO] [stdout] 
[INFO] [stdout] 
[INFO] [stdout] error[E0432]: unresolved import `scrypto_derive`
[INFO] [stdout]    --> src/manifest/e2e.rs:161:9
[INFO] [stdout]     |
[INFO] [stdout] 161 |     use scrypto_derive::NonFungibleData;
[INFO] [stdout]     |         ^^^^^^^^^^^^^^ use of unresolved module or unlinked crate `scrypto_derive`
[INFO] [stdout]     |
[INFO] [stdout]     = help: if you wanted to use a crate named `scrypto_derive`, use `cargo add scrypto_derive` to add it to your `Cargo.toml`
[INFO] [stdout] 
[INFO] [stdout] 
[INFO] [stdout] warning: unused import: `compiler::*`
[INFO] [stdout]    --> src/manifest/e2e.rs:156:9
[INFO] [stdout]     |
[INFO] [stdout] 156 |     use compiler::*;
[INFO] [stdout]     |         ^^^^^^^^^^^
[INFO] [stdout]     |
[INFO] [stdout]     = note: `#[warn(unused_imports)]` (part of `#[warn(unused)]`) on by default
[INFO] [stdout] 
[INFO] [stdout] 
[INFO] [stdout] error[E0277]: the trait bound `EmptyStruct: radix_common::traits::NonFungibleData` is not satisfied
[INFO] [stdout]     --> src/manifest/e2e.rs:1942:14
[INFO] [stdout]      |
[INFO] [stdout] 1942 |             .create_non_fungible_resource(
[INFO] [stdout]      |              ^^^^^^^^^^^^^^^^^^^^^^^^^^^^ unsatisfied trait bound
[INFO] [stdout]      |
[INFO] [stdout] help: the trait `radix_common::traits::NonFungibleData` is not implemented for `EmptyStruct`
[INFO] [stdout]     --> src/manifest/e2e.rs:1964:5
[INFO] [stdout]      |
[INFO] [stdout] 1964 |     struct EmptyStruct {}
[INFO] [stdout]      |     ^^^^^^^^^^^^^^^^^^
[INFO] [stdout] help: the trait `radix_common::traits::NonFungibleData` is implemented for `()`
[INFO] [stdout]     --> /opt/rustwide/cargo-home/registry/src/index.crates.io-1949cf8c6b5b557f/radix-common-1.4.0/src/traits/non_fungible_data.rs:8:1
[INFO] [stdout]      |
[INFO] [stdout]    8 | impl NonFungibleData for () {
[INFO] [stdout]      | ^^^^^^^^^^^^^^^^^^^^^^^^^^^
[INFO] [stdout] note: required by a bound in `manifest_builder::ManifestBuilder::<M>::create_non_fungible_resource`
[INFO] [stdout]     --> src/builder/manifest_builder.rs:782:29
[INFO] [stdout]      |
[INFO] [stdout]  471 | impl<M: BuildableManifest> ManifestBuilder<M>
[INFO] [stdout] ...
[INFO] [stdout]  771 |     pub fn create_non_fungible_resource<T, V>(
[INFO] [stdout] ...
[INFO] [stdout]  782 |         V: ManifestEncode + NonFungibleData,
[INFO] [stdout]      |                             ^^^^^^^^^^^^^^^ required by this bound in `ManifestBuilder::<M>::create_non_fungible_resource`
[INFO] [stdout] 
[INFO] [stdout] 
[INFO] [stdout] Some errors have detailed explanations: E0277, E0432, E0433.
[INFO] [stdout] 
[INFO] [stdout] For more information about an error, try `rustc --explain E0277`.
[INFO] [stdout] 
[INFO] [stderr] error: could not compile `radix-transactions` (lib test) due to 3 previous errors; 1 warning emitted
[INFO] running `Command { std: "docker" "inspect" "fb0105dfd3e08c3cecffe287c6071b91b41e527dea52ac27d498b7d6afaec5ac", kill_on_drop: false }`
[INFO] running `Command { std: "docker" "rm" "-f" "fb0105dfd3e08c3cecffe287c6071b91b41e527dea52ac27d498b7d6afaec5ac", kill_on_drop: false }`
[INFO] [stdout] fb0105dfd3e08c3cecffe287c6071b91b41e527dea52ac27d498b7d6afaec5ac
