[INFO] fetching crate ra_ap_query-group-macro 0.0.343...
[INFO] testing ra_ap_query-group-macro-0.0.343 against 1.100.0-beta.1+cargoflags=--release for beta-release-1.100-2
[INFO] extracting crate ra_ap_query-group-macro 0.0.343 into /workspace/builds/worker-7-tc2/source
[INFO] started tweaking crates.io crate ra_ap_query-group-macro 0.0.343
[INFO] removed 0 missing tests
[INFO] finished tweaking crates.io crate ra_ap_query-group-macro 0.0.343
[INFO] tweaked toml for crates.io crate ra_ap_query-group-macro 0.0.343 written to /workspace/builds/worker-7-tc2/source/Cargo.toml
[INFO] validating manifest of crates.io crate ra_ap_query-group-macro 0.0.343 on toolchain 1.100.0-beta.1
[INFO] running `Command { std: CARGO_HOME="/workspace/cargo-home" RUSTUP_HOME="/workspace/rustup-home" "/workspace/cargo-home/bin/cargo" "+1.100.0-beta.1" "metadata" "--manifest-path" "Cargo.toml" "--no-deps", kill_on_drop: false }`
[INFO] crate crates.io crate ra_ap_query-group-macro 0.0.343 already has a lockfile, it will not be regenerated
[INFO] running `Command { std: CARGO_HOME="/workspace/cargo-home" RUSTUP_HOME="/workspace/rustup-home" "/workspace/cargo-home/bin/cargo" "+1.100.0-beta.1" "fetch" "--manifest-path" "Cargo.toml", kill_on_drop: false }`
[INFO] [stderr]     Blocking waiting for file lock on package cache
[INFO] running `Command { std: "docker" "create" "-v" "/var/lib/crater-agent-workspace/builds/worker-7-tc2/source:/opt/rustwide/workdir:ro,Z" "-v" "/var/lib/crater-agent-workspace/builds/worker-7-tc2/target:/opt/rustwide/target:rw,Z" "-v" "/var/lib/crater-agent-workspace/cargo-home:/opt/rustwide/cargo-home:ro,Z" "-v" "/var/lib/crater-agent-workspace/rustup-home:/opt/rustwide/rustup-home:ro,Z" "-m" "1610612736" "--network" "none" "ghcr.io/rust-lang/crates-build-env/linux@sha256:77db811e55d90add9212f6832c23229e3de5f1c1f9905e8cb07319ea15df73ac" "sleep" "infinity", kill_on_drop: false }`
[INFO] [stdout] f6084c69bc89aa9a92d885acab9dd7f8deae0e810ecaa237dbfdcc38ca01d68e
[INFO] running `Command { std: "docker" "start" "f6084c69bc89aa9a92d885acab9dd7f8deae0e810ecaa237dbfdcc38ca01d68e", kill_on_drop: false }`
[INFO] running `Command { std: "docker" "inspect" "f6084c69bc89aa9a92d885acab9dd7f8deae0e810ecaa237dbfdcc38ca01d68e", kill_on_drop: false }`
[INFO] running `Command { std: "docker" "exec" "-e" "SOURCE_DIR=/opt/rustwide/workdir" "-e" "CARGO_HOME=/opt/rustwide/cargo-home" "-e" "RUSTUP_HOME=/opt/rustwide/rustup-home" "-e" "CARGO_TARGET_DIR=/opt/rustwide/target" "-w" "/opt/rustwide/workdir" "--user" "0:0" "f6084c69bc89aa9a92d885acab9dd7f8deae0e810ecaa237dbfdcc38ca01d68e" "/opt/rustwide/cargo-home/bin/cargo" "+1.100.0-beta.1" "metadata" "--no-deps" "--format-version=1", kill_on_drop: false }`
[INFO] running `Command { std: "docker" "inspect" "f6084c69bc89aa9a92d885acab9dd7f8deae0e810ecaa237dbfdcc38ca01d68e", kill_on_drop: false }`
[INFO] running `Command { std: "docker" "exec" "-e" "SOURCE_DIR=/opt/rustwide/workdir" "-e" "CARGO_HOME=/opt/rustwide/cargo-home" "-e" "RUSTUP_HOME=/opt/rustwide/rustup-home" "-e" "CARGO_TARGET_DIR=/opt/rustwide/target" "-e" "CARGO_INCREMENTAL=0" "-e" "RUST_BACKTRACE=full" "-e" "RUSTFLAGS=--cap-lints=warn" "-e" "RUSTDOCFLAGS=--cap-lints=warn" "-w" "/opt/rustwide/workdir" "--user" "0:0" "f6084c69bc89aa9a92d885acab9dd7f8deae0e810ecaa237dbfdcc38ca01d68e" "/opt/rustwide/cargo-home/bin/cargo" "+1.100.0-beta.1" "build" "--frozen" "--message-format=json" "--release", kill_on_drop: false }`
[INFO] [stderr]    Compiling ra_ap_query-group-macro v0.0.343 (/opt/rustwide/workdir)
[INFO] [stderr]     Finished `release` profile [optimized] target(s) in 5.99s
[INFO] running `Command { std: "docker" "inspect" "f6084c69bc89aa9a92d885acab9dd7f8deae0e810ecaa237dbfdcc38ca01d68e", kill_on_drop: false }`
[INFO] running `Command { std: "docker" "exec" "-e" "SOURCE_DIR=/opt/rustwide/workdir" "-e" "CARGO_HOME=/opt/rustwide/cargo-home" "-e" "RUSTUP_HOME=/opt/rustwide/rustup-home" "-e" "CARGO_TARGET_DIR=/opt/rustwide/target" "-e" "CARGO_INCREMENTAL=0" "-e" "RUST_BACKTRACE=full" "-e" "RUSTFLAGS=--cap-lints=warn" "-e" "RUSTDOCFLAGS=--cap-lints=warn" "-w" "/opt/rustwide/workdir" "--user" "0:0" "f6084c69bc89aa9a92d885acab9dd7f8deae0e810ecaa237dbfdcc38ca01d68e" "/opt/rustwide/cargo-home/bin/cargo" "+1.100.0-beta.1" "test" "--frozen" "--no-run" "--message-format=json" "--release", kill_on_drop: false }`
[INFO] [stderr]    Compiling crossbeam-epoch v0.9.20
[INFO] [stderr]    Compiling crossbeam-deque v0.8.7
[INFO] [stderr]    Compiling proc-macro2 v1.0.107
[INFO] [stderr]    Compiling quote v1.0.47
[INFO] [stderr]    Compiling either v1.16.0
[INFO] [stderr]    Compiling crossbeam-queue v0.3.13
[INFO] [stderr]    Compiling hashlink v0.12.1
[INFO] [stderr]    Compiling crossbeam-utils v0.8.22
[INFO] [stderr]    Compiling dissimilar v1.0.11
[INFO] [stderr]    Compiling syn v2.0.119
[INFO] [stderr]    Compiling salsa-macro-rules v0.27.2
[INFO] [stderr]    Compiling allocator-api2 v0.2.21
[INFO] [stderr]    Compiling foldhash v0.2.0
[INFO] [stderr]    Compiling memoffset v0.9.1
[INFO] [stderr]    Compiling rayon-core v1.13.0
[INFO] [stderr]    Compiling parking_lot_core v0.9.12
[INFO] [stderr]    Compiling smallvec v1.15.2
[INFO] [stderr]    Compiling lock_api v0.4.14
[INFO] [stderr]    Compiling tracing-core v0.1.36
[INFO] [stderr]    Compiling typeid v1.0.3
[INFO] [stderr]    Compiling portable-atomic v1.14.0
[INFO] [stderr]    Compiling pin-project-lite v0.2.17
[INFO] [stderr]    Compiling intrusive-collections v0.10.2
[INFO] [stderr]    Compiling boxcar v0.2.14
[INFO] [stderr]    Compiling thin-vec v0.2.18
[INFO] [stderr]    Compiling inventory v0.3.24
[INFO] [stderr]    Compiling expect-test v1.5.1
[INFO] [stderr]    Compiling parking_lot v0.12.5
[INFO] [stderr]    Compiling hashbrown v0.17.1
[INFO] [stderr]    Compiling tracing v0.1.44
[INFO] [stderr]    Compiling indexmap v2.14.0
[INFO] [stderr]    Compiling rayon v1.12.0
[INFO] [stderr]    Compiling synstructure v0.13.2
[INFO] [stderr]    Compiling salsa-macros v0.27.2
[INFO] [stderr]    Compiling ra_ap_query-group-macro v0.0.343 (/opt/rustwide/workdir)
[INFO] [stderr]    Compiling salsa v0.27.2
[INFO] [stdout] error[E0432]: unresolved import `query_group_macro`
[INFO] [stdout]  --> tests/supertrait.rs:1:5
[INFO] [stdout]   |
[INFO] [stdout] 1 | use query_group_macro::query_group;
[INFO] [stdout]   |     ^^^^^^^^^^^^^^^^^ use of unresolved module or unlinked crate `query_group_macro`
[INFO] [stdout]   |
[INFO] [stdout]   = help: if you wanted to use a crate named `query_group_macro`, use `cargo add query_group_macro` to add it to your `Cargo.toml`
[INFO] [stdout] 
[INFO] [stdout] 
[INFO] [stdout] error[E0433]: cannot find `transparent` in `salsa`
[INFO] [stdout]   --> tests/supertrait.rs:11:14
[INFO] [stdout]    |
[INFO] [stdout] 11 |     #[salsa::transparent]
[INFO] [stdout]    |              ^^^^^^^^^^^ could not find `transparent` in `salsa`
[INFO] [stdout] 
[INFO] [stdout] 
[INFO] [stdout] error[E0432]: unresolved import `query_group_macro`
[INFO] [stdout]  --> tests/multiple_dbs.rs:1:5
[INFO] [stdout]   |
[INFO] [stdout] 1 | use query_group_macro::query_group;
[INFO] [stdout]   |     ^^^^^^^^^^^^^^^^^ use of unresolved module or unlinked crate `query_group_macro`
[INFO] [stdout]   |
[INFO] [stdout]   = help: if you wanted to use a crate named `query_group_macro`, use `cargo add query_group_macro` to add it to your `Cargo.toml`
[INFO] [stdout] 
[INFO] [stdout] 
[INFO] [stdout] error[E0433]: cannot find `transparent` in `salsa`
[INFO] [stdout]   --> tests/multiple_dbs.rs:17:14
[INFO] [stdout]    |
[INFO] [stdout] 17 |     #[salsa::transparent]
[INFO] [stdout]    |              ^^^^^^^^^^^ could not find `transparent` in `salsa`
[INFO] [stdout] 
[INFO] [stdout] 
[INFO] [stdout] error[E0433]: cannot find `transparent` in `salsa`
[INFO] [stdout]   --> tests/multiple_dbs.rs:11:14
[INFO] [stdout]    |
[INFO] [stdout] 11 |     #[salsa::transparent]
[INFO] [stdout]    |              ^^^^^^^^^^^ could not find `transparent` in `salsa`
[INFO] [stdout] 
[INFO] [stdout] 
[INFO] [stdout] error[E0432]: unresolved import `query_group_macro`
[INFO] [stdout]  --> tests/result.rs:5:5
[INFO] [stdout]   |
[INFO] [stdout] 5 | use query_group_macro::query_group;
[INFO] [stdout]   |     ^^^^^^^^^^^^^^^^^ use of unresolved module or unlinked crate `query_group_macro`
[INFO] [stdout]   |
[INFO] [stdout]   = help: if you wanted to use a crate named `query_group_macro`, use `cargo add query_group_macro` to add it to your `Cargo.toml`
[INFO] [stdout] 
[INFO] [stdout] 
[INFO] [stdout] error[E0433]: cannot find `transparent` in `salsa`
[INFO] [stdout]   --> tests/result.rs:17:14
[INFO] [stdout]    |
[INFO] [stdout] 17 |     #[salsa::transparent]
[INFO] [stdout]    |              ^^^^^^^^^^^ could not find `transparent` in `salsa`
[INFO] [stdout] 
[INFO] [stdout] 
[INFO] [stdout] error[E0433]: cannot find `transparent` in `salsa`
[INFO] [stdout]   --> tests/result.rs:20:14
[INFO] [stdout]    |
[INFO] [stdout] 20 |     #[salsa::transparent]
[INFO] [stdout]    |              ^^^^^^^^^^^ could not find `transparent` in `salsa`
[INFO] [stdout] 
[INFO] [stdout] 
[INFO] [stdout] error[E0432]: unresolved import `query_group_macro`
[INFO] [stdout]  --> tests/old_and_new.rs:5:5
[INFO] [stdout]   |
[INFO] [stdout] 5 | use query_group_macro::query_group;
[INFO] [stdout]   |     ^^^^^^^^^^^^^^^^^ use of unresolved module or unlinked crate `query_group_macro`
[INFO] [stdout]   |
[INFO] [stdout]   = help: if you wanted to use a crate named `query_group_macro`, use `cargo add query_group_macro` to add it to your `Cargo.toml`
[INFO] [stdout] 
[INFO] [stdout] 
[INFO] [stdout] Some errors have detailed explanations: E0432, E0433.
[INFO] [stdout] 
[INFO] [stdout] For more information about an error, try `rustc --explain E0432`.
[INFO] [stdout] 
[INFO] [stdout] error[E0433]: cannot find `invoke` in `salsa`
[INFO] [stdout]   --> tests/old_and_new.rs:17:14
[INFO] [stdout]    |
[INFO] [stdout] 17 |     #[salsa::invoke(invoke_length_query_actual)]
[INFO] [stdout]    |              ^^^^^^ could not find `invoke` in `salsa`
[INFO] [stdout] 
[INFO] [stdout] 
[INFO] [stderr] error: could not compile `ra_ap_query-group-macro` (test "supertrait") due to 2 previous errors
[INFO] [stderr] warning: build failed, waiting for other jobs to finish...
[INFO] [stdout] error[E0433]: cannot find `invoke` in `salsa`
[INFO] [stdout]   --> tests/old_and_new.rs:21:14
[INFO] [stdout]    |
[INFO] [stdout] 21 |     #[salsa::invoke(invoke_length_tracked_actual)]
[INFO] [stdout]    |              ^^^^^^ could not find `invoke` in `salsa`
[INFO] [stdout] 
[INFO] [stdout] 
[INFO] [stdout] error[E0576]: cannot find method or associated constant `zalsa_register_downcaster` in trait `PartialMigrationDatabase`
[INFO] [stdout]   --> tests/old_and_new.rs:33:1
[INFO] [stdout]    |
[INFO] [stdout] 33 | #[salsa_macros::tracked]
[INFO] [stdout]    | ^^^^^^^^^^^^^^^^^^^^^^^^ not found in `PartialMigrationDatabase`
[INFO] [stdout]    |
[INFO] [stdout]    = note: this error originates in the macro `salsa::plumbing::setup_tracked_fn` which comes from the expansion of the attribute macro `salsa_macros::tracked` (in Nightly builds, run with -Z macro-backtrace for more info)
[INFO] [stdout] 
[INFO] [stdout] 
[INFO] [stdout] error[E0576]: cannot find method or associated constant `zalsa_register_downcaster` in trait `PartialMigrationDatabase`
[INFO] [stdout]   --> tests/old_and_new.rs:33:1
[INFO] [stdout]    |
[INFO] [stdout] 33 | #[salsa_macros::tracked]
[INFO] [stdout]    | ^^^^^^^^^^^^^^^^^^^^^^^^ not found in `PartialMigrationDatabase`
[INFO] [stdout]    |
[INFO] [stdout]    = note: this error originates in the macro `salsa::plumbing::setup_tracked_fn` which comes from the expansion of the attribute macro `salsa_macros::tracked` (in Nightly builds, run with -Z macro-backtrace for more info)
[INFO] [stdout] 
[INFO] [stdout] 
[INFO] [stdout] error[E0576]: cannot find method or associated constant `zalsa_register_downcaster` in trait `PartialMigrationDatabase`
[INFO] [stdout]   --> tests/old_and_new.rs:95:5
[INFO] [stdout]    |
[INFO] [stdout] 95 |     #[salsa_macros::tracked]
[INFO] [stdout]    |     ^^^^^^^^^^^^^^^^^^^^^^^^ not found in `PartialMigrationDatabase`
[INFO] [stdout]    |
[INFO] [stdout]    = note: this error originates in the macro `salsa::plumbing::setup_tracked_fn` which comes from the expansion of the attribute macro `salsa_macros::tracked` (in Nightly builds, run with -Z macro-backtrace for more info)
[INFO] [stdout] 
[INFO] [stdout] 
[INFO] [stdout] error[E0576]: cannot find method or associated constant `zalsa_register_downcaster` in trait `PartialMigrationDatabase`
[INFO] [stdout]   --> tests/old_and_new.rs:95:5
[INFO] [stdout]    |
[INFO] [stdout] 95 |     #[salsa_macros::tracked]
[INFO] [stdout]    |     ^^^^^^^^^^^^^^^^^^^^^^^^ not found in `PartialMigrationDatabase`
[INFO] [stdout]    |
[INFO] [stdout]    = note: this error originates in the macro `salsa::plumbing::setup_tracked_fn` which comes from the expansion of the attribute macro `salsa_macros::tracked` (in Nightly builds, run with -Z macro-backtrace for more info)
[INFO] [stdout] 
[INFO] [stdout] 
[INFO] [stdout] error[E0432]: unresolved import `query_group_macro`
[INFO] [stdout]  --> tests/tuples.rs:1:5
[INFO] [stdout]   |
[INFO] [stdout] 1 | use query_group_macro::query_group;
[INFO] [stdout]   |     ^^^^^^^^^^^^^^^^^ use of unresolved module or unlinked crate `query_group_macro`
[INFO] [stdout]   |
[INFO] [stdout]   = help: if you wanted to use a crate named `query_group_macro`, use `cargo add query_group_macro` to add it to your `Cargo.toml`
[INFO] [stdout] 
[INFO] [stdout] 
[INFO] [stdout] error[E0433]: cannot find `transparent` in `salsa`
[INFO] [stdout]   --> tests/tuples.rs:14:14
[INFO] [stdout]    |
[INFO] [stdout] 14 |     #[salsa::transparent]
[INFO] [stdout]    |              ^^^^^^^^^^^ could not find `transparent` in `salsa`
[INFO] [stdout] 
[INFO] [stdout] 
[INFO] [stdout] Some errors have detailed explanations: E0432, E0433.
[INFO] [stdout] 
[INFO] [stdout] For more information about an error, try `rustc --explain E0432`.
[INFO] [stdout] 
[INFO] [stderr] error: could not compile `ra_ap_query-group-macro` (test "multiple_dbs") due to 3 previous errors
[INFO] [stdout] error[E0432]: unresolved import `query_group_macro`
[INFO] [stdout]  --> tests/hello_world.rs:2:5
[INFO] [stdout]   |
[INFO] [stdout] 2 | use query_group_macro::query_group;
[INFO] [stdout]   |     ^^^^^^^^^^^^^^^^^ use of unresolved module or unlinked crate `query_group_macro`
[INFO] [stdout]   |
[INFO] [stdout]   = help: if you wanted to use a crate named `query_group_macro`, use `cargo add query_group_macro` to add it to your `Cargo.toml`
[INFO] [stdout] 
[INFO] [stdout] 
[INFO] [stdout] error[E0433]: cannot find `transparent` in `salsa`
[INFO] [stdout]   --> tests/hello_world.rs:18:14
[INFO] [stdout]    |
[INFO] [stdout] 18 |     #[salsa::transparent]
[INFO] [stdout]    |              ^^^^^^^^^^^ could not find `transparent` in `salsa`
[INFO] [stdout] 
[INFO] [stdout] 
[INFO] [stdout] error[E0599]: no method named `length` found for struct `LoggerDb` in the current scope
[INFO] [stdout]   --> tests/result.rs:37:19
[INFO] [stdout]    |
[INFO] [stdout] 37 |     assert_eq!(db.length(()), Ok(input.len()));
[INFO] [stdout]    |                   ^^^^^^ method not found in `LoggerDb`
[INFO] [stdout]    |
[INFO] [stdout]   ::: tests/logger_db.rs:5:1
[INFO] [stdout]    |
[INFO] [stdout]  5 | pub(crate) struct LoggerDb {
[INFO] [stdout]    | -------------------------- method `length` not found for this struct
[INFO] [stdout]    |
[INFO] [stdout]    = help: items from traits can only be used if the trait is implemented and in scope
[INFO] [stdout] note: `ResultDatabase` defines an item `length`, perhaps you need to implement it
[INFO] [stdout]   --> tests/result.rs:16:1
[INFO] [stdout]    |
[INFO] [stdout] 16 | pub trait ResultDatabase: salsa::Database {
[INFO] [stdout]    | ^^^^^^^^^^^^^^^^^^^^^^^^^^^^^^^^^^^^^^^^^
[INFO] [stdout] 
[INFO] [stdout] 
[INFO] [stdout] error[E0599]: no method named `length2` found for struct `LoggerDb` in the current scope
[INFO] [stdout]   --> tests/result.rs:38:19
[INFO] [stdout]    |
[INFO] [stdout] 38 |     assert_eq!(db.length2(()), Ok(input.len()));
[INFO] [stdout]    |                   ^^^^^^^ method not found in `LoggerDb`
[INFO] [stdout]    |
[INFO] [stdout]   ::: tests/logger_db.rs:5:1
[INFO] [stdout]    |
[INFO] [stdout]  5 | pub(crate) struct LoggerDb {
[INFO] [stdout]    | -------------------------- method `length2` not found for this struct
[INFO] [stdout]    |
[INFO] [stdout]    = help: items from traits can only be used if the trait is implemented and in scope
[INFO] [stdout] note: `ResultDatabase` defines an item `length2`, perhaps you need to implement it
[INFO] [stdout]   --> tests/result.rs:16:1
[INFO] [stdout]    |
[INFO] [stdout] 16 | pub trait ResultDatabase: salsa::Database {
[INFO] [stdout]    | ^^^^^^^^^^^^^^^^^^^^^^^^^^^^^^^^^^^^^^^^^
[INFO] [stdout] 
[INFO] [stdout] 
[INFO] [stdout] Some errors have detailed explanations: E0432, E0433, E0599.
[INFO] [stdout] 
[INFO] [stdout] For more information about an error, try `rustc --explain E0432`.
[INFO] [stdout] 
[INFO] [stderr] error: could not compile `ra_ap_query-group-macro` (test "result") due to 5 previous errors
[INFO] [stdout] error[E0599]: no method named `length_query` found for struct `LoggerDb` in the current scope
[INFO] [stdout]   --> tests/old_and_new.rs:43:18
[INFO] [stdout]    |
[INFO] [stdout] 43 |     let len = db.length_query(input);
[INFO] [stdout]    |                  ^^^^^^^^^^^^ method not found in `LoggerDb`
[INFO] [stdout]    |
[INFO] [stdout]   ::: tests/logger_db.rs:5:1
[INFO] [stdout]    |
[INFO] [stdout]  5 | pub(crate) struct LoggerDb {
[INFO] [stdout]    | -------------------------- method `length_query` not found for this struct
[INFO] [stdout]    |
[INFO] [stdout]    = help: items from traits can only be used if the trait is implemented and in scope
[INFO] [stdout] note: `PartialMigrationDatabase` defines an item `length_query`, perhaps you need to implement it
[INFO] [stdout]   --> tests/old_and_new.rs:13:1
[INFO] [stdout]    |
[INFO] [stdout] 13 | trait PartialMigrationDatabase: salsa::Database {
[INFO] [stdout]    | ^^^^^^^^^^^^^^^^^^^^^^^^^^^^^^^^^^^^^^^^^^^^^^^
[INFO] [stdout] 
[INFO] [stdout] 
[INFO] [stdout] error[E0599]: no method named `invoke_length_query` found for struct `LoggerDb` in the current scope
[INFO] [stdout]   --> tests/old_and_new.rs:58:18
[INFO] [stdout]    |
[INFO] [stdout] 58 |     let len = db.invoke_length_query(input);
[INFO] [stdout]    |                  ^^^^^^^^^^^^^^^^^^^
[INFO] [stdout]    |
[INFO] [stdout]   ::: tests/logger_db.rs:5:1
[INFO] [stdout]    |
[INFO] [stdout]  5 | pub(crate) struct LoggerDb {
[INFO] [stdout]    | -------------------------- method `invoke_length_query` not found for this struct
[INFO] [stdout]    |
[INFO] [stdout]    = help: items from traits can only be used if the trait is implemented and in scope
[INFO] [stdout] note: `PartialMigrationDatabase` defines an item `invoke_length_query`, perhaps you need to implement it
[INFO] [stdout]   --> tests/old_and_new.rs:13:1
[INFO] [stdout]    |
[INFO] [stdout] 13 | trait PartialMigrationDatabase: salsa::Database {
[INFO] [stdout]    | ^^^^^^^^^^^^^^^^^^^^^^^^^^^^^^^^^^^^^^^^^^^^^^^
[INFO] [stdout] help: there is a method `into_either` with a similar name
[INFO] [stdout]    |
[INFO] [stdout] 58 -     let len = db.invoke_length_query(input);
[INFO] [stdout] 58 +     let len = db.into_either(input);
[INFO] [stdout]    |
[INFO] [stdout] 
[INFO] [stdout] 
[INFO] [stdout] error[E0599]: no method named `invoke_length_tracked` found for struct `LoggerDb` in the current scope
[INFO] [stdout]   --> tests/old_and_new.rs:74:18
[INFO] [stdout]    |
[INFO] [stdout] 74 |     let len = db.invoke_length_tracked(input);
[INFO] [stdout]    |                  ^^^^^^^^^^^^^^^^^^^^^ method not found in `LoggerDb`
[INFO] [stdout]    |
[INFO] [stdout]   ::: tests/logger_db.rs:5:1
[INFO] [stdout]    |
[INFO] [stdout]  5 | pub(crate) struct LoggerDb {
[INFO] [stdout]    | -------------------------- method `invoke_length_tracked` not found for this struct
[INFO] [stdout]    |
[INFO] [stdout]    = help: items from traits can only be used if the trait is implemented and in scope
[INFO] [stdout] note: `PartialMigrationDatabase` defines an item `invoke_length_tracked`, perhaps you need to implement it
[INFO] [stdout]   --> tests/old_and_new.rs:13:1
[INFO] [stdout]    |
[INFO] [stdout] 13 | trait PartialMigrationDatabase: salsa::Database {
[INFO] [stdout]    | ^^^^^^^^^^^^^^^^^^^^^^^^^^^^^^^^^^^^^^^^^^^^^^^
[INFO] [stdout] 
[INFO] [stdout] 
[INFO] [stdout] error[E0277]: the trait bound `LoggerDb: PartialMigrationDatabase` is not satisfied
[INFO] [stdout]    --> tests/old_and_new.rs:101:38
[INFO] [stdout]     |
[INFO] [stdout] 101 |     let len = new_salsa_length_query(&db, input);
[INFO] [stdout]     |                                      ^^^ unsatisfied trait bound
[INFO] [stdout]     |
[INFO] [stdout] help: the trait `PartialMigrationDatabase` is not implemented for `LoggerDb`
[INFO] [stdout]    --> tests/logger_db.rs:5:1
[INFO] [stdout]     |
[INFO] [stdout]   5 | pub(crate) struct LoggerDb {
[INFO] [stdout]     | ^^^^^^^^^^^^^^^^^^^^^^^^^^
[INFO] [stdout] help: this trait has no implementations, consider adding one
[INFO] [stdout]    --> tests/old_and_new.rs:13:1
[INFO] [stdout]     |
[INFO] [stdout]  13 | trait PartialMigrationDatabase: salsa::Database {
[INFO] [stdout]     | ^^^^^^^^^^^^^^^^^^^^^^^^^^^^^^^^^^^^^^^^^^^^^^^
[INFO] [stdout]     = note: required for the cast from `&LoggerDb` to `&(dyn PartialMigrationDatabase + 'static)`
[INFO] [stdout] 
[INFO] [stdout] 
[INFO] [stdout] error[E0599]: no method named `length_query_with_no_params` found for struct `LoggerDb` in the current scope
[INFO] [stdout]   --> tests/hello_world.rs:35:18
[INFO] [stdout]    |
[INFO] [stdout] 35 |     let len = db.length_query_with_no_params();
[INFO] [stdout]    |                  ^^^^^^^^^^^^^^^^^^^^^^^^^^^ method not found in `LoggerDb`
[INFO] [stdout]    |
[INFO] [stdout]   ::: tests/logger_db.rs:5:1
[INFO] [stdout]    |
[INFO] [stdout]  5 | pub(crate) struct LoggerDb {
[INFO] [stdout]    | -------------------------- method `length_query_with_no_params` not found for this struct
[INFO] [stdout]    |
[INFO] [stdout]    = help: items from traits can only be used if the trait is implemented and in scope
[INFO] [stdout] note: `HelloWorldDatabase` defines an item `length_query_with_no_params`, perhaps you need to implement it
[INFO] [stdout]   --> tests/hello_world.rs:13:1
[INFO] [stdout]    |
[INFO] [stdout] 13 | pub trait HelloWorldDatabase: salsa::Database {
[INFO] [stdout]    | ^^^^^^^^^^^^^^^^^^^^^^^^^^^^^^^^^^^^^^^^^^^^^
[INFO] [stdout] 
[INFO] [stdout] 
[INFO] [stdout] error[E0599]: no method named `length_query` found for struct `LoggerDb` in the current scope
[INFO] [stdout]   --> tests/tuples.rs:28:18
[INFO] [stdout]    |
[INFO] [stdout] 28 |     let len = db.length_query(());
[INFO] [stdout]    |                  ^^^^^^^^^^^^ method not found in `LoggerDb`
[INFO] [stdout]    |
[INFO] [stdout]   ::: tests/logger_db.rs:5:1
[INFO] [stdout]    |
[INFO] [stdout]  5 | pub(crate) struct LoggerDb {
[INFO] [stdout]    | -------------------------- method `length_query` not found for this struct
[INFO] [stdout]    |
[INFO] [stdout]    = help: items from traits can only be used if the trait is implemented and in scope
[INFO] [stdout] note: `HelloWorldDatabase` defines an item `length_query`, perhaps you need to implement it
[INFO] [stdout]   --> tests/tuples.rs:13:1
[INFO] [stdout]    |
[INFO] [stdout] 13 | pub trait HelloWorldDatabase: salsa::Database {
[INFO] [stdout]    | ^^^^^^^^^^^^^^^^^^^^^^^^^^^^^^^^^^^^^^^^^^^^^
[INFO] [stdout] 
[INFO] [stdout] 
[INFO] [stdout] error[E0599]: no method named `transparent_length` found for struct `LoggerDb` in the current scope
[INFO] [stdout]   --> tests/hello_world.rs:50:18
[INFO] [stdout]    |
[INFO] [stdout] 50 |     let len = db.transparent_length(());
[INFO] [stdout]    |                  ^^^^^^^^^^^^^^^^^^ method not found in `LoggerDb`
[INFO] [stdout]    |
[INFO] [stdout]   ::: tests/logger_db.rs:5:1
[INFO] [stdout]    |
[INFO] [stdout]  5 | pub(crate) struct LoggerDb {
[INFO] [stdout]    | -------------------------- method `transparent_length` not found for this struct
[INFO] [stdout]    |
[INFO] [stdout]    = help: items from traits can only be used if the trait is implemented and in scope
[INFO] [stdout] note: `HelloWorldDatabase` defines an item `transparent_length`, perhaps you need to implement it
[INFO] [stdout]   --> tests/hello_world.rs:13:1
[INFO] [stdout]    |
[INFO] [stdout] 13 | pub trait HelloWorldDatabase: salsa::Database {
[INFO] [stdout]    | ^^^^^^^^^^^^^^^^^^^^^^^^^^^^^^^^^^^^^^^^^^^^^
[INFO] [stdout] 
[INFO] [stdout] 
[INFO] [stdout] Some errors have detailed explanations: E0277, E0432, E0433, E0576, E0599.
[INFO] [stdout] 
[INFO] [stdout] For more information about an error, try `rustc --explain E0277`.
[INFO] [stdout] 
[INFO] [stderr] error: could not compile `ra_ap_query-group-macro` (test "old_and_new") due to 11 previous errors
[INFO] [stdout] Some errors have detailed explanations: E0432, E0433, E0599.
[INFO] [stdout] 
[INFO] [stdout] For more information about an error, try `rustc --explain E0432`.
[INFO] [stdout] 
[INFO] [stderr] error: could not compile `ra_ap_query-group-macro` (test "hello_world") due to 4 previous errors
[INFO] [stdout] Some errors have detailed explanations: E0432, E0433, E0599.
[INFO] [stdout] 
[INFO] [stdout] For more information about an error, try `rustc --explain E0432`.
[INFO] [stdout] 
[INFO] [stderr] error: could not compile `ra_ap_query-group-macro` (test "tuples") due to 3 previous errors
[INFO] running `Command { std: "docker" "inspect" "f6084c69bc89aa9a92d885acab9dd7f8deae0e810ecaa237dbfdcc38ca01d68e", kill_on_drop: false }`
[INFO] running `Command { std: "docker" "rm" "-f" "f6084c69bc89aa9a92d885acab9dd7f8deae0e810ecaa237dbfdcc38ca01d68e", kill_on_drop: false }`
[INFO] [stdout] f6084c69bc89aa9a92d885acab9dd7f8deae0e810ecaa237dbfdcc38ca01d68e
