[INFO] fetching crate r3bl_test_fixtures 0.2.0...
[INFO] testing r3bl_test_fixtures-0.2.0 against 1.100.0-beta.1+cargoflags=--release for beta-release-1.100-2
[INFO] extracting crate r3bl_test_fixtures 0.2.0 into /workspace/builds/worker-6-tc2/source
[INFO] started tweaking crates.io crate r3bl_test_fixtures 0.2.0
[INFO] finished tweaking crates.io crate r3bl_test_fixtures 0.2.0
[INFO] tweaked toml for crates.io crate r3bl_test_fixtures 0.2.0 written to /workspace/builds/worker-6-tc2/source/Cargo.toml
[INFO] validating manifest of crates.io crate r3bl_test_fixtures 0.2.0 on toolchain 1.100.0-beta.1
[INFO] running `Command { std: CARGO_HOME="/workspace/cargo-home" RUSTUP_HOME="/workspace/rustup-home" "/workspace/cargo-home/bin/cargo" "+1.100.0-beta.1" "metadata" "--manifest-path" "Cargo.toml" "--no-deps", kill_on_drop: false }`
[INFO] crate crates.io crate r3bl_test_fixtures 0.2.0 already has a lockfile, it will not be regenerated
[INFO] running `Command { std: CARGO_HOME="/workspace/cargo-home" RUSTUP_HOME="/workspace/rustup-home" "/workspace/cargo-home/bin/cargo" "+1.100.0-beta.1" "fetch" "--manifest-path" "Cargo.toml", kill_on_drop: false }`
[INFO] running `Command { std: "docker" "create" "-v" "/var/lib/crater-agent-workspace/builds/worker-6-tc2/source:/opt/rustwide/workdir:ro,Z" "-v" "/var/lib/crater-agent-workspace/builds/worker-6-tc2/target:/opt/rustwide/target:rw,Z" "-v" "/var/lib/crater-agent-workspace/cargo-home:/opt/rustwide/cargo-home:ro,Z" "-v" "/var/lib/crater-agent-workspace/rustup-home:/opt/rustwide/rustup-home:ro,Z" "-m" "1610612736" "--network" "none" "ghcr.io/rust-lang/crates-build-env/linux@sha256:77db811e55d90add9212f6832c23229e3de5f1c1f9905e8cb07319ea15df73ac" "sleep" "infinity", kill_on_drop: false }`
[INFO] [stdout] 875f3e4765de6f8ee57f277d036effa8fc501d635a4dc3b463fe60270737d20b
[INFO] running `Command { std: "docker" "start" "875f3e4765de6f8ee57f277d036effa8fc501d635a4dc3b463fe60270737d20b", kill_on_drop: false }`
[INFO] running `Command { std: "docker" "inspect" "875f3e4765de6f8ee57f277d036effa8fc501d635a4dc3b463fe60270737d20b", kill_on_drop: false }`
[INFO] running `Command { std: "docker" "exec" "-e" "SOURCE_DIR=/opt/rustwide/workdir" "-e" "CARGO_HOME=/opt/rustwide/cargo-home" "-e" "RUSTUP_HOME=/opt/rustwide/rustup-home" "-e" "CARGO_TARGET_DIR=/opt/rustwide/target" "-w" "/opt/rustwide/workdir" "--user" "0:0" "875f3e4765de6f8ee57f277d036effa8fc501d635a4dc3b463fe60270737d20b" "/opt/rustwide/cargo-home/bin/cargo" "+1.100.0-beta.1" "metadata" "--no-deps" "--format-version=1", kill_on_drop: false }`
[INFO] running `Command { std: "docker" "inspect" "875f3e4765de6f8ee57f277d036effa8fc501d635a4dc3b463fe60270737d20b", kill_on_drop: false }`
[INFO] running `Command { std: "docker" "exec" "-e" "SOURCE_DIR=/opt/rustwide/workdir" "-e" "CARGO_HOME=/opt/rustwide/cargo-home" "-e" "RUSTUP_HOME=/opt/rustwide/rustup-home" "-e" "CARGO_TARGET_DIR=/opt/rustwide/target" "-e" "CARGO_INCREMENTAL=0" "-e" "RUST_BACKTRACE=full" "-e" "RUSTFLAGS=--cap-lints=warn" "-e" "RUSTDOCFLAGS=--cap-lints=warn" "-w" "/opt/rustwide/workdir" "--user" "0:0" "875f3e4765de6f8ee57f277d036effa8fc501d635a4dc3b463fe60270737d20b" "/opt/rustwide/cargo-home/bin/cargo" "+1.100.0-beta.1" "build" "--frozen" "--message-format=json" "--release", kill_on_drop: false }`
[INFO] [stderr]    Compiling proc-macro2 v1.0.103
[INFO] [stderr]    Compiling quote v1.0.42
[INFO] [stderr]    Compiling unicode-ident v1.0.22
[INFO] [stderr]    Compiling libc v0.2.178
[INFO] [stderr]    Compiling memchr v2.7.6
[INFO] [stderr]    Compiling smallvec v1.15.1
[INFO] [stderr]    Compiling log v0.4.29
[INFO] [stderr]    Compiling typenum v1.19.0
[INFO] [stderr]    Compiling rand_core v0.6.4
[INFO] [stderr]    Compiling bitflags v2.10.0
[INFO] [stderr]    Compiling phf_shared v0.11.3
[INFO] [stderr]    Compiling parking_lot_core v0.8.6
[INFO] [stderr]    Compiling zerocopy v0.8.31
[INFO] [stderr]    Compiling object v0.37.3
[INFO] [stderr]    Compiling tracing-core v0.1.35
[INFO] [stderr]    Compiling instant v0.1.13
[INFO] [stderr]    Compiling regex-syntax v0.8.8
[INFO] [stderr]    Compiling gimli v0.32.3
[INFO] [stderr]    Compiling crc32fast v1.5.0
[INFO] [stderr]    Compiling rand v0.8.5
[INFO] [stderr]    Compiling syn v1.0.109
[INFO] [stderr]    Compiling siphasher v1.0.1
[INFO] [stderr]    Compiling rustix v1.1.2
[INFO] [stderr]    Compiling num-traits v0.2.19
[INFO] [stderr]    Compiling miniz_oxide v0.8.9
[INFO] [stderr]    Compiling owo-colors v4.2.3
[INFO] [stderr]    Compiling serde_json v1.0.145
[INFO] [stderr]    Compiling rustc-demangle v0.1.26
[INFO] [stderr]    Compiling is_ci v1.2.0
[INFO] [stderr]    Compiling rustversion v1.0.22
[INFO] [stderr]    Compiling aho-corasick v1.1.4
[INFO] [stderr]    Compiling phf_generator v0.11.3
[INFO] [stderr]    Compiling thiserror v2.0.17
[INFO] [stderr]    Compiling linux-raw-sys v0.11.0
[INFO] [stderr]    Compiling rustix v0.38.44
[INFO] [stderr]    Compiling tracing-log v0.2.0
[INFO] [stderr]    Compiling fxhash v0.2.1
[INFO] [stderr]    Compiling syn v2.0.111
[INFO] [stderr]    Compiling deranged v0.5.5
[INFO] [stderr]    Compiling thread_local v1.1.9
[INFO] [stderr]    Compiling generic-array v0.14.7
[INFO] [stderr]    Compiling linux-raw-sys v0.4.15
[INFO] [stderr]    Compiling unicode-linebreak v0.1.5
[INFO] [stderr]    Compiling nu-ansi-term v0.50.3
[INFO] [stderr]    Compiling time-core v0.1.6
[INFO] [stderr]    Compiling textwrap v0.16.2
[INFO] [stderr]    Compiling signal-hook-registry v1.4.7
[INFO] [stderr]    Compiling getrandom v0.2.16
[INFO] [stderr]    Compiling mio v1.1.1
[INFO] [stderr]    Compiling parking_lot_core v0.9.12
[INFO] [stderr]    Compiling ppv-lite86 v0.2.21
[INFO] [stderr]    Compiling parking_lot v0.11.2
[INFO] [stderr]    Compiling signal-hook v0.3.18
[INFO] [stderr]    Compiling block-buffer v0.10.4
[INFO] [stderr]    Compiling crypto-common v0.1.7
[INFO] [stderr]    Compiling parking_lot v0.12.5
[INFO] [stderr]    Compiling fs2 v0.4.3
[INFO] [stderr]    Compiling rand_chacha v0.3.1
[INFO] [stderr]    Compiling signal-hook-mio v0.2.5
[INFO] [stderr]    Compiling sled v0.34.7
[INFO] [stderr]    Compiling digest v0.10.7
[INFO] [stderr]    Compiling regex-automata v0.4.13
[INFO] [stderr]    Compiling terminal_size v0.4.3
[INFO] [stderr]    Compiling tracing-subscriber v0.3.22
[INFO] [stderr]    Compiling socket2 v0.6.1
[INFO] [stderr]    Compiling time v0.3.44
[INFO] [stderr]    Compiling size-of-derive v0.1.2
[INFO] [stderr]    Compiling addr2line v0.25.1
[INFO] [stderr]    Compiling supports-color v3.0.2
[INFO] [stderr]    Compiling crossbeam-channel v0.5.15
[INFO] [stderr]    Compiling supports-hyperlinks v3.1.0
[INFO] [stderr]    Compiling supports-unicode v3.0.0
[INFO] [stderr]    Compiling iana-time-zone v0.1.64
[INFO] [stderr]    Compiling diff v0.1.13
[INFO] [stderr]    Compiling bytes v1.11.0
[INFO] [stderr]    Compiling yansi v1.0.1
[INFO] [stderr]    Compiling nom v7.1.3
[INFO] [stderr]    Compiling chrono v0.4.42
[INFO] [stderr]    Compiling sha2 v0.10.9
[INFO] [stderr]    Compiling pretty_assertions v1.4.1
[INFO] [stderr]    Compiling crossterm v0.28.1
[INFO] [stderr]    Compiling size-of v0.1.5
[INFO] [stdout] error[E0570]: "aapcs" is not a supported ABI for the current target
[INFO] [stdout]    --> /opt/rustwide/cargo-home/registry/src/index.crates.io-1949cf8c6b5b557f/size-of-0.1.5/src/macros.rs:66:56
[INFO] [stdout]     |
[INFO] [stdout]  35 |   macro_rules! impl_function_ptrs {
[INFO] [stdout] ...
[INFO] [stdout]  66 |               impl<$($ty,)* U> $crate::SizeOf for extern $cconv fn($($ty),*) -> U {
[INFO] [stdout]     |                                                          ^^^^^^
[INFO] [stdout]     |
[INFO] [stdout]    ::: /opt/rustwide/cargo-home/registry/src/index.crates.io-1949cf8c6b5b557f/size-of-0.1.5/src/core_impls.rs:294:1
[INFO] [stdout]     |
[INFO] [stdout] 294 | / impl_function_ptrs! {
[INFO] [stdout] 295 | |     "C",
[INFO] [stdout] 296 | |     "Rust",
[INFO] [stdout] 297 | |     "aapcs",
[INFO] [stdout] ...   |
[INFO] [stdout] 303 | |     "fastcall",
[INFO] [stdout] 304 | | }
[INFO] [stdout]     | |_- in this macro invocation
[INFO] [stdout] 
[INFO] [stdout] 
[INFO] [stdout] error[E0570]: "stdcall" is not a supported ABI for the current target
[INFO] [stdout]    --> /opt/rustwide/cargo-home/registry/src/index.crates.io-1949cf8c6b5b557f/size-of-0.1.5/src/macros.rs:66:56
[INFO] [stdout]     |
[INFO] [stdout]  35 |   macro_rules! impl_function_ptrs {
[INFO] [stdout] ...
[INFO] [stdout]  66 |               impl<$($ty,)* U> $crate::SizeOf for extern $cconv fn($($ty),*) -> U {
[INFO] [stdout]     |                                                          ^^^^^^
[INFO] [stdout]     |
[INFO] [stdout]    ::: /opt/rustwide/cargo-home/registry/src/index.crates.io-1949cf8c6b5b557f/size-of-0.1.5/src/core_impls.rs:294:1
[INFO] [stdout]     |
[INFO] [stdout] 294 | / impl_function_ptrs! {
[INFO] [stdout] 295 | |     "C",
[INFO] [stdout] 296 | |     "Rust",
[INFO] [stdout] 297 | |     "aapcs",
[INFO] [stdout] ...   |
[INFO] [stdout] 303 | |     "fastcall",
[INFO] [stdout] 304 | | }
[INFO] [stdout]     | |_- in this macro invocation
[INFO] [stdout]     |
[INFO] [stdout]     = help: if you need `extern "stdcall"` on win32 and `extern "C"` everywhere else, use `extern "system"`
[INFO] [stdout] 
[INFO] [stdout] 
[INFO] [stdout] error[E0570]: "fastcall" is not a supported ABI for the current target
[INFO] [stdout]    --> /opt/rustwide/cargo-home/registry/src/index.crates.io-1949cf8c6b5b557f/size-of-0.1.5/src/macros.rs:66:56
[INFO] [stdout]     |
[INFO] [stdout]  35 |   macro_rules! impl_function_ptrs {
[INFO] [stdout] ...
[INFO] [stdout]  66 |               impl<$($ty,)* U> $crate::SizeOf for extern $cconv fn($($ty),*) -> U {
[INFO] [stdout]     |                                                          ^^^^^^
[INFO] [stdout]     |
[INFO] [stdout]    ::: /opt/rustwide/cargo-home/registry/src/index.crates.io-1949cf8c6b5b557f/size-of-0.1.5/src/core_impls.rs:294:1
[INFO] [stdout]     |
[INFO] [stdout] 294 | / impl_function_ptrs! {
[INFO] [stdout] 295 | |     "C",
[INFO] [stdout] 296 | |     "Rust",
[INFO] [stdout] 297 | |     "aapcs",
[INFO] [stdout] ...   |
[INFO] [stdout] 303 | |     "fastcall",
[INFO] [stdout] 304 | | }
[INFO] [stdout]     | |_- in this macro invocation
[INFO] [stdout] 
[INFO] [stdout] 
[INFO] [stdout] For more information about this error, try `rustc --explain E0570`.
[INFO] [stdout] 
[INFO] [stderr] error: could not compile `size-of` (lib) due to 3 previous errors
[INFO] [stderr] warning: build failed, waiting for other jobs to finish...
[INFO] [stderr] error: could not compile `syn` (lib)
[INFO] [stderr] 
[INFO] [stderr] Caused by:
[INFO] [stderr]   process didn't exit successfully: `/opt/rustwide/rustup-home/toolchains/1.100.0-beta.1-x86_64-unknown-linux-gnu/bin/rustc --crate-name syn --edition=2021 /opt/rustwide/cargo-home/registry/src/index.crates.io-1949cf8c6b5b557f/syn-2.0.111/src/lib.rs --error-format=json --json=diagnostic-rendered-ansi,artifacts,future-incompat,unused-externs-silent --crate-type lib --emit=dep-info,metadata,link -C embed-bitcode=no -C debug-assertions=off --cfg 'feature="clone-impls"' --cfg 'feature="default"' --cfg 'feature="derive"' --cfg 'feature="extra-traits"' --cfg 'feature="full"' --cfg 'feature="parsing"' --cfg 'feature="printing"' --cfg 'feature="proc-macro"' --cfg 'feature="visit-mut"' --check-cfg 'cfg(docsrs,test)' --check-cfg 'cfg(feature, values("clone-impls", "default", "derive", "extra-traits", "fold", "full", "parsing", "printing", "proc-macro", "test", "visit", "visit-mut"))' -C metadata=3641552164cbcc07 -C extra-filename=-91635337dd7c959f --out-dir /opt/rustwide/target/release/build/syn/91635337dd7c959f/out -C strip=debuginfo -L dependency=/opt/rustwide/target/release/build/proc-macro2/65328d7212518a11/out -L dependency=/opt/rustwide/target/release/build/unicode-ident/c79326c9fe5e1db9/out --extern proc_macro2=/opt/rustwide/target/release/build/proc-macro2/65328d7212518a11/out/libproc_macro2-65328d7212518a11.rmeta --extern quote=/opt/rustwide/target/release/build/quote/c053c075a4c1a1d3/out/libquote-c053c075a4c1a1d3.rmeta --extern unicode_ident=/opt/rustwide/target/release/build/unicode-ident/c79326c9fe5e1db9/out/libunicode_ident-c79326c9fe5e1db9.rmeta --cap-lints allow --cap-lints=warn --force-warn=unused_crate_dependencies` (signal: 9, SIGKILL: kill)
[INFO] [stderr] error: could not compile `object` (lib)
[INFO] [stderr] 
[INFO] [stderr] Caused by:
[INFO] [stderr]   process didn't exit successfully: `/opt/rustwide/rustup-home/toolchains/1.100.0-beta.1-x86_64-unknown-linux-gnu/bin/rustc --crate-name object --edition=2018 /opt/rustwide/cargo-home/registry/src/index.crates.io-1949cf8c6b5b557f/object-0.37.3/src/lib.rs --error-format=json --json=diagnostic-rendered-ansi,artifacts,future-incompat,unused-externs-silent --crate-type lib --emit=dep-info,metadata,link -C opt-level=3 -C embed-bitcode=no --cfg 'feature="archive"' --cfg 'feature="coff"' --cfg 'feature="elf"' --cfg 'feature="macho"' --cfg 'feature="pe"' --cfg 'feature="read_core"' --cfg 'feature="unaligned"' --cfg 'feature="xcoff"' --check-cfg 'cfg(docsrs,test)' --check-cfg 'cfg(feature, values("all", "alloc", "archive", "build", "build_core", "cargo-all", "coff", "compression", "core", "default", "doc", "elf", "macho", "pe", "read", "read_core", "rustc-dep-of-std", "std", "unaligned", "unstable", "unstable-all", "wasm", "write", "write_core", "write_std", "xcoff"))' -C metadata=630c6caf9c6f20e0 -C extra-filename=-6315616637ba05ae --out-dir /opt/rustwide/target/release/build/object/6315616637ba05ae/out -C strip=debuginfo --extern memchr=/opt/rustwide/target/release/build/memchr/f5475d219327462e/out/libmemchr-f5475d219327462e.rmeta --cap-lints allow --cap-lints=warn --force-warn=unused_crate_dependencies --cfg core_error --check-cfg 'cfg(core_error)'` (signal: 9, SIGKILL: kill)
[INFO] running `Command { std: "docker" "inspect" "875f3e4765de6f8ee57f277d036effa8fc501d635a4dc3b463fe60270737d20b", kill_on_drop: false }`
[INFO] running `Command { std: "docker" "rm" "-f" "875f3e4765de6f8ee57f277d036effa8fc501d635a4dc3b463fe60270737d20b", kill_on_drop: false }`
[INFO] [stdout] 875f3e4765de6f8ee57f277d036effa8fc501d635a4dc3b463fe60270737d20b
