[INFO] fetching crate r2d2_odbc_api 0.2.0...
[INFO] testing r2d2_odbc_api-0.2.0 against 1.99.0-beta.8+cargoflags=--release for beta-release-1.100-2
[INFO] extracting crate r2d2_odbc_api 0.2.0 into /workspace/builds/worker-7-tc1/source
[INFO] started tweaking crates.io crate r2d2_odbc_api 0.2.0
[INFO] removed 0 missing tests
[INFO] finished tweaking crates.io crate r2d2_odbc_api 0.2.0
[INFO] tweaked toml for crates.io crate r2d2_odbc_api 0.2.0 written to /workspace/builds/worker-7-tc1/source/Cargo.toml
[INFO] validating manifest of crates.io crate r2d2_odbc_api 0.2.0 on toolchain 1.99.0-beta.8
[INFO] running `Command { std: CARGO_HOME="/workspace/cargo-home" RUSTUP_HOME="/workspace/rustup-home" "/workspace/cargo-home/bin/cargo" "+1.99.0-beta.8" "metadata" "--manifest-path" "Cargo.toml" "--no-deps", kill_on_drop: false }`
[INFO] crate crates.io crate r2d2_odbc_api 0.2.0 already has a lockfile, it will not be regenerated
[INFO] running `Command { std: CARGO_HOME="/workspace/cargo-home" RUSTUP_HOME="/workspace/rustup-home" "/workspace/cargo-home/bin/cargo" "+1.99.0-beta.8" "fetch" "--manifest-path" "Cargo.toml", kill_on_drop: false }`
[INFO] [stderr] warning: Cargo.toml: `package.edition` is unspecified, defaulting to `2015` while the latest is `2024`
[INFO] [stderr] warning: `r2d2_odbc_api` (manifest) generated 1 warning
[INFO] [stderr]     Updating crates.io index
[INFO] [stderr]  Downloading crates ...
[INFO] [stderr]   Downloaded quote v1.0.18
[INFO] [stderr]   Downloaded proc-macro2 v1.0.39
[INFO] [stderr]   Downloaded rocket_sync_db_pools v0.1.0-rc.2
[INFO] [stderr]   Downloaded ref-cast v1.0.7
[INFO] [stderr]   Downloaded unicode-ident v1.0.0
[INFO] [stderr]   Downloaded uncased v0.9.7
[INFO] [stderr]   Downloaded devise_core v0.3.1
[INFO] [stderr]   Downloaded ref-cast-impl v1.0.7
[INFO] [stderr]   Downloaded ubyte v0.10.2
[INFO] [stderr]   Downloaded wasm-bindgen-shared v0.2.80
[INFO] [stderr]   Downloaded pear_codegen v0.2.3
[INFO] [stderr]   Downloaded rocket_sync_db_pools_codegen v0.1.0-rc.2
[INFO] [stderr]   Downloaded devise_codegen v0.3.1
[INFO] [stderr]   Downloaded pear v0.2.3
[INFO] [stderr]   Downloaded wasm-bindgen-macro v0.2.80
[INFO] [stderr]   Downloaded devise v0.3.1
[INFO] [stderr]   Downloaded dlib v0.5.0
[INFO] [stderr]   Downloaded wayland-cursor v0.29.4
[INFO] [stderr]   Downloaded atomic v0.5.1
[INFO] [stderr]   Downloaded unicode-xid v0.2.3
[INFO] [stderr]   Downloaded downcast-rs v1.2.0
[INFO] [stderr]   Downloaded async-stream-impl v0.3.3
[INFO] [stderr]   Downloaded scheduled-thread-pool v0.2.5
[INFO] [stderr]   Downloaded wayland-sys v0.29.4
[INFO] [stderr]   Downloaded xcursor v0.3.4
[INFO] [stderr]   Downloaded time-macros v0.2.4
[INFO] [stderr]   Downloaded state v0.5.3
[INFO] [stderr]   Downloaded tokio-stream v0.1.8
[INFO] [stderr]   Downloaded foreign-types-macros v0.2.2
[INFO] [stderr]   Downloaded wasm-bindgen-backend v0.2.80
[INFO] [stderr]   Downloaded once_cell v1.15.0
[INFO] [stderr]   Downloaded wayland-scanner v0.29.4
[INFO] [stderr]   Downloaded cocoa-foundation v0.1.0
[INFO] [stderr]   Downloaded raw-window-handle v0.5.0
[INFO] [stderr]   Downloaded cty v0.2.2
[INFO] [stderr]   Downloaded raw-window-handle v0.4.3
[INFO] [stderr]   Downloaded ndk-glue v0.7.0
[INFO] [stderr]   Downloaded ndk-macro v0.3.0
[INFO] [stderr]   Downloaded syn v1.0.95
[INFO] [stderr]   Downloaded wasm-bindgen-macro-support v0.2.80
[INFO] [stderr]   Downloaded generator v0.7.0
[INFO] [stderr]   Downloaded multer v2.0.2
[INFO] [stderr]   Downloaded spin v0.9.3
[INFO] [stderr]   Downloaded wayland-commons v0.29.4
[INFO] [stderr]   Downloaded memmap2 v0.5.7
[INFO] [stderr]   Downloaded sctk-adwaita v0.4.2
[INFO] [stderr]   Downloaded crossfont v0.5.0
[INFO] [stderr]   Downloaded force-send-sync v1.0.0
[INFO] [stderr]   Downloaded crossbeam-queue v0.3.6
[INFO] [stderr]   Downloaded tracing-attributes v0.1.21
[INFO] [stderr]   Downloaded indexmap v1.8.1
[INFO] [stderr]   Downloaded cookie v0.16.0
[INFO] [stderr]   Downloaded parking_lot v0.12.0
[INFO] [stderr]   Downloaded async-trait v0.1.53
[INFO] [stderr]   Downloaded async-stream v0.3.3
[INFO] [stderr]   Downloaded tiny-skia-path v0.7.0
[INFO] [stderr]   Downloaded bytemuck v1.12.1
[INFO] [stderr]   Downloaded odbc-sys v0.21.2
[INFO] [stderr]   Downloaded serde_derive v1.0.137
[INFO] [stderr]   Downloaded tracing-core v0.1.26
[INFO] [stderr]   Downloaded time v0.3.9
[INFO] [stderr]   Downloaded x11-dl v2.19.1
[INFO] [stderr]   Downloaded xml-rs v0.8.4
[INFO] [stderr]   Downloaded calloop v0.10.1
[INFO] [stderr]   Downloaded slotmap v1.0.6
[INFO] [stderr]   Downloaded safe_arch v0.5.2
[INFO] [stderr]   Downloaded cocoa v0.24.0
[INFO] [stderr]   Downloaded serde v1.0.137
[INFO] [stderr]   Downloaded tokio-util v0.7.2
[INFO] [stderr]   Downloaded rocket_http v0.5.0-rc.2
[INFO] [stderr]   Downloaded figment v0.10.6
[INFO] [stderr]   Downloaded wayland-client v0.29.4
[INFO] [stderr]   Downloaded png v0.17.6
[INFO] [stderr]   Downloaded ndk v0.7.0
[INFO] [stderr]   Downloaded mio v0.8.3
[INFO] [stderr]   Downloaded tracing v0.1.34
[INFO] [stderr]   Downloaded js-sys v0.3.57
[INFO] [stderr]   Downloaded freetype-rs v0.26.0
[INFO] [stderr]   Downloaded widestring v1.0.2
[INFO] [stderr]   Downloaded http v0.2.7
[INFO] [stderr]   Downloaded smithay-client-toolkit v0.16.0
[INFO] [stderr]   Downloaded nom v7.1.1
[INFO] [stderr]   Downloaded serde_json v1.0.81
[INFO] [stderr]   Downloaded rocket_codegen v0.5.0-rc.2
[INFO] [stderr]   Downloaded wayland-protocols v0.29.4
[INFO] [stderr]   Downloaded wasm-bindgen v0.2.80
[INFO] [stderr]   Downloaded tracing-subscriber v0.3.11
[INFO] [stderr]   Downloaded odbc-api v0.50.0
[INFO] [stderr]   Downloaded hyper v0.14.18
[INFO] [stderr]   Downloaded hkdf v0.12.3
[INFO] [stderr]   Downloaded tiny-skia v0.7.0
[INFO] [stderr]   Downloaded nix v0.22.3
[INFO] [stderr]   Downloaded rocket v0.5.0-rc.2
[INFO] [stderr]   Downloaded nix v0.24.2
[INFO] [stderr]   Downloaded ndk-sys v0.4.0
[INFO] [stderr]   Downloaded winit v0.27.4
[INFO] [stderr]   Downloaded tokio v1.18.2
[INFO] [stderr]   Downloaded web-sys v0.3.57
[INFO] running `Command { std: "docker" "create" "-v" "/var/lib/crater-agent-workspace/builds/worker-7-tc1/source:/opt/rustwide/workdir:ro,Z" "-v" "/var/lib/crater-agent-workspace/builds/worker-7-tc1/target:/opt/rustwide/target:rw,Z" "-v" "/var/lib/crater-agent-workspace/cargo-home:/opt/rustwide/cargo-home:ro,Z" "-v" "/var/lib/crater-agent-workspace/rustup-home:/opt/rustwide/rustup-home:ro,Z" "-m" "1610612736" "--network" "none" "ghcr.io/rust-lang/crates-build-env/linux@sha256:77db811e55d90add9212f6832c23229e3de5f1c1f9905e8cb07319ea15df73ac" "sleep" "infinity", kill_on_drop: false }`
[INFO] [stdout] da3ee23bdf0f1ca4fbfaa7c7ce288348050f284d0181495aa1028d90ff8557b5
[INFO] running `Command { std: "docker" "start" "da3ee23bdf0f1ca4fbfaa7c7ce288348050f284d0181495aa1028d90ff8557b5", kill_on_drop: false }`
[INFO] running `Command { std: "docker" "inspect" "da3ee23bdf0f1ca4fbfaa7c7ce288348050f284d0181495aa1028d90ff8557b5", kill_on_drop: false }`
[INFO] running `Command { std: "docker" "exec" "-e" "SOURCE_DIR=/opt/rustwide/workdir" "-e" "CARGO_HOME=/opt/rustwide/cargo-home" "-e" "RUSTUP_HOME=/opt/rustwide/rustup-home" "-e" "CARGO_TARGET_DIR=/opt/rustwide/target" "-w" "/opt/rustwide/workdir" "--user" "0:0" "da3ee23bdf0f1ca4fbfaa7c7ce288348050f284d0181495aa1028d90ff8557b5" "/opt/rustwide/cargo-home/bin/cargo" "+1.99.0-beta.8" "metadata" "--no-deps" "--format-version=1", kill_on_drop: false }`
[INFO] running `Command { std: "docker" "inspect" "da3ee23bdf0f1ca4fbfaa7c7ce288348050f284d0181495aa1028d90ff8557b5", kill_on_drop: false }`
[INFO] running `Command { std: "docker" "exec" "-e" "SOURCE_DIR=/opt/rustwide/workdir" "-e" "CARGO_HOME=/opt/rustwide/cargo-home" "-e" "RUSTUP_HOME=/opt/rustwide/rustup-home" "-e" "CARGO_TARGET_DIR=/opt/rustwide/target" "-e" "CARGO_INCREMENTAL=0" "-e" "RUST_BACKTRACE=full" "-e" "RUSTFLAGS=--cap-lints=warn" "-e" "RUSTDOCFLAGS=--cap-lints=warn" "-w" "/opt/rustwide/workdir" "--user" "0:0" "da3ee23bdf0f1ca4fbfaa7c7ce288348050f284d0181495aa1028d90ff8557b5" "/opt/rustwide/cargo-home/bin/cargo" "+1.99.0-beta.8" "build" "--frozen" "--message-format=json" "--release", kill_on_drop: false }`
[INFO] [stderr] warning: Cargo.toml: `package.edition` is unspecified, defaulting to `2015` while the latest is `2024`
[INFO] [stderr] warning: `r2d2_odbc_api` (manifest) generated 1 warning
[INFO] [stderr]    Compiling version_check v0.9.4
[INFO] [stderr]    Compiling proc-macro2 v1.0.39
[INFO] [stderr]    Compiling unicode-ident v1.0.0
[INFO] [stderr]    Compiling syn v1.0.95
[INFO] [stderr]    Compiling libc v0.2.126
[INFO] [stderr]    Compiling typenum v1.15.0
[INFO] [stderr]    Compiling log v0.4.17
[INFO] [stderr]    Compiling memchr v2.5.0
[INFO] [stderr]    Compiling futures-core v0.3.21
[INFO] [stderr]    Compiling serde v1.0.137
[INFO] [stderr]    Compiling serde_derive v1.0.137
[INFO] [stderr]    Compiling futures-channel v0.3.21
[INFO] [stderr]    Compiling futures-task v0.3.21
[INFO] [stderr]    Compiling futures-util v0.3.21
[INFO] [stderr]    Compiling generic-array v0.14.5
[INFO] [stderr]    Compiling proc-macro2-diagnostics v0.9.1
[INFO] [stderr]    Compiling pin-project-lite v0.2.9
[INFO] [stderr]    Compiling yansi v0.5.1
[INFO] [stderr]    Compiling indexmap v1.8.1
[INFO] [stderr]    Compiling subtle v2.4.1
[INFO] [stderr]    Compiling httparse v1.7.1
[INFO] [stderr]    Compiling quote v1.0.18
[INFO] [stderr]    Compiling bytes v1.1.0
[INFO] [stderr]    Compiling futures-sink v0.3.21
[INFO] [stderr]    Compiling socket2 v0.4.4
[INFO] [stderr]    Compiling num_cpus v1.13.1
[INFO] [stderr]    Compiling signal-hook-registry v1.4.0
[INFO] [stderr]    Compiling mio v0.8.3
[INFO] [stderr]    Compiling uncased v0.9.7
[INFO] [stderr]    Compiling cpufeatures v0.2.2
[INFO] [stderr]    Compiling itoa v1.0.2
[INFO] [stderr]    Compiling once_cell v1.15.0
[INFO] [stderr]    Compiling block-buffer v0.10.2
[INFO] [stderr]    Compiling crypto-common v0.1.3
[INFO] [stderr]    Compiling cookie v0.16.0
[INFO] [stderr]    Compiling smallvec v1.8.0
[INFO] [stderr]    Compiling time-macros v0.2.4
[INFO] [stderr]    Compiling lazy_static v1.4.0
[INFO] [stderr]    Compiling opaque-debug v0.3.0
[INFO] [stderr]    Compiling ref-cast v1.0.7
[INFO] [stderr]    Compiling tracing-core v0.1.26
[INFO] [stderr]    Compiling digest v0.10.3
[INFO] [stderr]    Compiling universal-hash v0.4.1
[INFO] [stderr]    Compiling cipher v0.3.0
[INFO] [stderr]    Compiling getrandom v0.2.6
[INFO] [stderr]    Compiling lock_api v0.4.7
[INFO] [stderr]    Compiling futures-io v0.3.21
[INFO] [stderr]    Compiling slab v0.4.6
[INFO] [stderr]    Compiling pin-utils v0.1.0
[INFO] [stderr]    Compiling http v0.2.7
[INFO] [stderr]    Compiling rand_core v0.6.3
[INFO] [stderr]    Compiling polyval v0.5.3
[INFO] [stderr]    Compiling hashbrown v0.11.2
[INFO] [stderr]    Compiling ppv-lite86 v0.2.16
[INFO] [stderr]    Compiling rand_chacha v0.3.1
[INFO] [stderr]    Compiling ghash v0.4.4
[INFO] [stderr]    Compiling ctr v0.8.0
[INFO] [stderr]    Compiling aes v0.7.5
[INFO] [stderr]    Compiling hmac v0.12.1
[INFO] [stderr]    Compiling aead v0.4.3
[INFO] [stderr]    Compiling try-lock v0.2.3
[INFO] [stderr]    Compiling parking_lot_core v0.9.3
[INFO] [stderr]    Compiling parking_lot_core v0.8.5
[INFO] [stderr]    Compiling num_threads v0.1.6
[INFO] [stderr]    Compiling aes-gcm v0.9.4
[INFO] [stderr]    Compiling time v0.3.9
[INFO] [stderr]    Compiling want v0.3.0
[INFO] [stderr]    Compiling rand v0.8.5
[INFO] [stderr]    Compiling devise_core v0.3.1
[INFO] [stderr]    Compiling hkdf v0.12.3
[INFO] [stderr]    Compiling http-body v0.4.4
[INFO] [stderr]    Compiling sha2 v0.10.2
[INFO] [stderr]    Compiling instant v0.1.12
[INFO] [stderr]    Compiling percent-encoding v2.1.0
[INFO] [stderr]    Compiling base64 v0.13.0
[INFO] [stderr]    Compiling encoding_rs v0.8.31
[INFO] [stderr]    Compiling httpdate v1.0.2
[INFO] [stderr]    Compiling tower-service v0.3.1
[INFO] [stderr]    Compiling inlinable_string v0.1.15
[INFO] [stderr]    Compiling futures v0.3.21
[INFO] [stderr]    Compiling stable-pattern v0.1.0
[INFO] [stderr]    Compiling multer v2.0.2
[INFO] [stderr]    Compiling figment v0.10.6
[INFO] [stderr]    Compiling atomic v0.5.1
[INFO] [stderr]    Compiling state v0.5.3
[INFO] [stderr]    Compiling tokio-macros v1.7.0
[INFO] [stderr]    Compiling tracing-attributes v0.1.21
[INFO] [stderr]    Compiling pear_codegen v0.2.3
[INFO] [stderr]    Compiling ref-cast-impl v1.0.7
[INFO] [stderr]    Compiling tokio v1.18.2
[INFO] [stderr]    Compiling devise_codegen v0.3.1
[INFO] [stderr]    Compiling pear v0.2.3
[INFO] [stderr]    Compiling devise v0.3.1
[INFO] [stderr]    Compiling tracing v0.1.34
[INFO] [stderr]    Compiling either v1.6.1
[INFO] [stderr]    Compiling async-trait v0.1.53
[INFO] [stderr]    Compiling async-stream-impl v0.3.3
[INFO] [stderr]    Compiling parking_lot v0.12.0
[INFO] [stderr]    Compiling parking_lot v0.11.2
[INFO] [stderr]    Compiling rocket v0.5.0-rc.2
[INFO] [stderr]    Compiling odbc-sys v0.21.2
[INFO] [stderr]    Compiling fastrand v1.7.0
[INFO] [stderr]    Compiling unicode-xid v0.2.3
[INFO] [stderr]    Compiling remove_dir_all v0.5.3
[INFO] [stderr]    Compiling glob v0.3.0
[INFO] [stderr]    Compiling thiserror v1.0.37
[INFO] [stderr]    Compiling crossbeam-utils v0.8.12
[INFO] [stderr]    Compiling mime v0.3.16
[INFO] [stderr]    Compiling spin v0.9.3
[INFO] [stderr]    Compiling tempfile v3.3.0
[INFO] [stderr]    Compiling scheduled-thread-pool v0.2.5
[INFO] [stderr]    Compiling async-stream v0.3.3
[INFO] [stderr]    Compiling thiserror-impl v1.0.37
[INFO] [stderr]    Compiling atty v0.2.14
[INFO] [stderr]    Compiling binascii v0.1.4
[INFO] [stderr]    Compiling crossbeam-queue v0.3.6
[INFO] [stderr]    Compiling tokio-util v0.7.2
[INFO] [stderr]    Compiling r2d2 v0.8.10
[INFO] [stderr]    Compiling rocket_sync_db_pools_codegen v0.1.0-rc.2
[INFO] [stderr]    Compiling widestring v1.0.2
[INFO] [stderr]    Compiling tokio-util v0.6.10
[INFO] [stderr]    Compiling tokio-stream v0.1.8
[INFO] [stderr]    Compiling force-send-sync v1.0.0
[INFO] [stderr]    Compiling odbc-api v0.50.0
[INFO] [stderr]    Compiling h2 v0.3.13
[INFO] [stderr]    Compiling toml v0.5.9
[INFO] [stderr]    Compiling ubyte v0.10.2
[INFO] [stderr]    Compiling hyper v0.14.18
[INFO] [stderr]    Compiling rocket_http v0.5.0-rc.2
[INFO] [stderr]    Compiling rocket_codegen v0.5.0-rc.2
[INFO] [stderr]    Compiling rocket_sync_db_pools v0.1.0-rc.2
[INFO] [stderr]    Compiling r2d2_odbc_api v0.2.0 (/opt/rustwide/workdir)
[INFO] [stdout] warning: private item shadows public glob re-export
[INFO] [stdout]   --> src/lib.rs:3:5
[INFO] [stdout]    |
[INFO] [stdout]  3 | use odbc_api::Environment;
[INFO] [stdout]    |     ^^^^^^^^^^^^^^^^^^^^^
[INFO] [stdout]    |
[INFO] [stdout] note: the name `Environment` in the type namespace is supposed to be publicly re-exported here
[INFO] [stdout]   --> src/lib.rs:11:9
[INFO] [stdout]    |
[INFO] [stdout] 11 | pub use odbc_api::*;
[INFO] [stdout]    |         ^^^^^^^^^^^
[INFO] [stdout] note: but the private item here shadows it
[INFO] [stdout]   --> src/lib.rs:3:5
[INFO] [stdout]    |
[INFO] [stdout]  3 | use odbc_api::Environment;
[INFO] [stdout]    |     ^^^^^^^^^^^^^^^^^^^^^
[INFO] [stdout]    = note: `#[warn(hidden_glob_reexports)]` on by default
[INFO] [stdout] 
[INFO] [stdout] 
[INFO] [stdout] warning: trait `AttachODBC` is never used
[INFO] [stdout]   --> src/pool/connection.rs:73:11
[INFO] [stdout]    |
[INFO] [stdout] 73 | pub trait AttachODBC {
[INFO] [stdout]    |           ^^^^^^^^^^
[INFO] [stdout]    |
[INFO] [stdout]    = note: `#[warn(dead_code)]` (part of `#[warn(unused)]`) on by default
[INFO] [stdout] 
[INFO] [stdout] 
[INFO] [stderr]     Finished `release` profile [optimized] target(s) in 3m 17s
[INFO] running `Command { std: "docker" "inspect" "da3ee23bdf0f1ca4fbfaa7c7ce288348050f284d0181495aa1028d90ff8557b5", kill_on_drop: false }`
[INFO] running `Command { std: "docker" "exec" "-e" "SOURCE_DIR=/opt/rustwide/workdir" "-e" "CARGO_HOME=/opt/rustwide/cargo-home" "-e" "RUSTUP_HOME=/opt/rustwide/rustup-home" "-e" "CARGO_TARGET_DIR=/opt/rustwide/target" "-e" "CARGO_INCREMENTAL=0" "-e" "RUST_BACKTRACE=full" "-e" "RUSTFLAGS=--cap-lints=warn" "-e" "RUSTDOCFLAGS=--cap-lints=warn" "-w" "/opt/rustwide/workdir" "--user" "0:0" "da3ee23bdf0f1ca4fbfaa7c7ce288348050f284d0181495aa1028d90ff8557b5" "/opt/rustwide/cargo-home/bin/cargo" "+1.99.0-beta.8" "test" "--frozen" "--no-run" "--message-format=json" "--release", kill_on_drop: false }`
[INFO] [stderr] warning: Cargo.toml: `package.edition` is unspecified, defaulting to `2015` while the latest is `2024`
[INFO] [stderr] warning: `r2d2_odbc_api` (manifest) generated 1 warning
[INFO] [stderr]    Compiling anyhow v1.0.65
[INFO] [stdout] warning: private item shadows public glob re-export
[INFO] [stdout]   --> src/lib.rs:3:5
[INFO] [stdout]    |
[INFO] [stdout]  3 | use odbc_api::Environment;
[INFO] [stdout]    |     ^^^^^^^^^^^^^^^^^^^^^
[INFO] [stdout]    |
[INFO] [stdout] note: the name `Environment` in the type namespace is supposed to be publicly re-exported here
[INFO] [stdout]   --> src/lib.rs:11:9
[INFO] [stdout]    |
[INFO] [stdout] 11 | pub use odbc_api::*;
[INFO] [stdout]    |         ^^^^^^^^^^^
[INFO] [stdout] note: but the private item here shadows it
[INFO] [stdout]   --> src/lib.rs:3:5
[INFO] [stdout]    |
[INFO] [stdout]  3 | use odbc_api::Environment;
[INFO] [stdout]    |     ^^^^^^^^^^^^^^^^^^^^^
[INFO] [stdout]    = note: `#[warn(hidden_glob_reexports)]` on by default
[INFO] [stdout] 
[INFO] [stdout] 
[INFO] [stdout] warning: trait `AttachODBC` is never used
[INFO] [stdout]   --> src/pool/connection.rs:73:11
[INFO] [stdout]    |
[INFO] [stdout] 73 | pub trait AttachODBC {
[INFO] [stdout]    |           ^^^^^^^^^^
[INFO] [stdout]    |
[INFO] [stdout]    = note: `#[warn(dead_code)]` (part of `#[warn(unused)]`) on by default
[INFO] [stdout] 
[INFO] [stdout] 
[INFO] [stderr]    Compiling r2d2_odbc_api v0.2.0 (/opt/rustwide/workdir)
[INFO] [stderr] error: could not compile `r2d2_odbc_api` (example "connect") due to 1 previous error
[INFO] [stdout] error: linking with `cc` failed: exit status: 1
[INFO] [stdout]   |
[INFO] [stdout]   = note:  "cc" "-m64" "/opt/rustwide/target/release/examples/rustcC9XnTH/symbols.o" "<6 object files omitted>" "-Wl,--as-needed" "-Wl,-Bstatic" "/opt/rustwide/target/release/deps/{libr2d2_odbc_api-71490bd72a0014ce,librocket_sync_db_pools-6a800f6f5883b14b,librocket-7a5e129e9ba02f3d,libatty-305035b410f05aab,libtempfile-706f039c3b2ae60d,libfastrand-8cbc67af14a20b30,libremove_dir_all-27862dcbd8bdc902,librocket_http-e96a6c21cae2d380,libcookie-bfc027c7d5eeffc0,libhkdf-243a701cf9cbf871,libhmac-180bac89f1dea7ad,libsha2-cc96924cc2695b85,libdigest-27f51c38c08a3f11,libblock_buffer-06066eeb9de82402,libcrypto_common-addcd714d63668af,libaes_gcm-fc0303d5a4cb293a,libghash-c39a4d55b6cfc394,libpolyval-4638d279192291f1,libuniversal_hash-c8a288ed41b0a64b,libsubtle-cb0fd7a90ab4c7db,libctr-f599a78930811efc,libaes-39b402ad03bd3a95,libcpufeatures-0a83267d20bd04a9,libopaque_debug-3c7f88476b12ca94,libcipher-b14315add4a4a73b,libaead-1d8590c80c04fe91,libgeneric_array-56afa7477ab1f07c,libtypenum-15320cb8a9930e74,libbase64-41ed288cdd36b78f,librand-e3f1d830d78edcb4,librand_chacha-46e5e0211895bde5,libppv_lite86-64c908eba0dc0fb7,librand_core-0e3883a42336c231,libgetrandom-e16d43b7bfc4cfa9,libstable_pattern-dae5f5ef700225b4,libref_cast-24c53e747735015a,libpercent_encoding-cbf7f86b9de6ccaf,libhyper-7c370e0eb0f789e4,libh2-c8a41706fc6b5404,libtokio_util-a3523f563ee45be2,libtower_service-3ddf59ec5fca602c,libtracing-217c1bfb3a759626,libtracing_core-1a9b271d2731ae32,libhttp_body-ffc741247d085aa0,libhttpdate-71b3a5e96884dd57,libmulter-3731fc958aaf8e08,libmime-0164050ef1dc2451,libtokio_util-9bbec933eabd63f4,libhttparse-5297da61f13fb501,libspin-b2cbed3c72cf0b34,libencoding_rs-aa5fa18c3fccc7ca,libhttp-cb0647b40bafc912,libfnv-98df728fc8020158,libindexmap-c92570bf8cad6aa9,libhashbrown-2c516be90586790d,libeither-f9fa016b7f109794,libtokio_stream-febb045ce4cdbe49,libatomic-da0417aecaa0e26d,libstate-3d17d7b64efacaad,libubyte-88e22adf40496882,libtime-5c7f560875667171,libitoa-332a70cac1aaa36b,libfigment-6a902492a58304e2,libtoml-3eb833eafd239e81,libuncased-fb7bfe742cc39ee7,libpear-37ac8d3e8ec1314b,libinlinable_string-90572a76d0d7e374,libserde-784717c9d20be2ff,libtokio-9fa99045ac6cceb1,libsignal_hook_registry-d103eabe64c146a6,libnum_cpus-5d8afd43452b74a6,libsocket2-fbcc349c3af2b65c,libonce_cell-483e787f49cdcd64,libbytes-b6d154c3fb16e0fb,libmio-f1a0c972b915343c,libfutures-759893e697affca0,libfutures_util-eca455058df3d9d6,libmemchr-4c2333bb57774a0f,libfutures_io-5c316b07c8196c71,libslab-b0fd4cb59c61f0be,libfutures_channel-83371b79766b5f68,libpin_project_lite-5d685072b05426e1,libfutures_sink-8c0fc8966064e373,libfutures_task-bdadee51ab3cbfa7,libpin_utils-bd5b26767cd4a338,libasync_stream-dc62dabba8211cfe,libfutures_core-9955b4b881030e66,libyansi-2064e1635530fcf9,libcrossbeam_queue-e181901a26262178,libcrossbeam_utils-f2a2a22b660d188d,liblazy_static-480433dca0d17907,libr2d2-c0b0edfae4973de5,libscheduled_thread_pool-318a4d9984a011ca,libparking_lot-d00bf0d73990a8b8,libparking_lot_core-99fc0de581c921d5,libinstant-34f2a6bf12506337,libparking_lot-92408d93d43c031a,libparking_lot_core-a9ae1cc813571a19,liblibc-3a6e9220a719be09,libsmallvec-87e1a5b4d62eea6e,liblock_api-f70d8406f046c2aa,libscopeguard-d6f31e6f1ec771b5,libodbc_api-ccfd3d8bcf1152ba,libforce_send_sync-20479b7aa3444b7d,libwidestring-15e63ae38c888216,libthiserror-adaae5f0c714055b,liblog-ee0e8637efac62e7,libcfg_if-193575a6b29a3ab9,libodbc_sys-26c7fb5bc403081c,libanyhow-f6cb15bc4a031a69}.rlib" "<sysroot>/lib/rustlib/x86_64-unknown-linux-gnu/lib/{libstd-*,libpanic_unwind-*,libobject-*,libmemchr-*,libaddr2line-*,libgimli-*,libcfg_if-*,librustc_demangle-*,libstd_detect-*,libhashbrown-*,librustc_std_workspace_alloc-*,libminiz_oxide-*,libadler2-*,libunwind-*,liblibc-*,librustc_std_workspace_core-*,liballoc-*,libcore-*,libcompiler_builtins-*}.rlib" "-Wl,-Bdynamic" "-lodbc" "-lgcc_s" "-lutil" "-lrt" "-lpthread" "-lm" "-ldl" "-lc" "-L" "/opt/rustwide/target/release/examples/rustcC9XnTH/raw-dylibs" "-B<sysroot>/lib/rustlib/x86_64-unknown-linux-gnu/bin/gcc-ld" "-fuse-ld=lld" "-Wl,--eh-frame-hdr" "-Wl,-z,noexecstack" "-L" "<sysroot>/lib/rustlib/x86_64-unknown-linux-gnu/lib" "-o" "/opt/rustwide/target/release/examples/connect-aeab9bfa094cb547" "-Wl,--gc-sections" "-pie" "-Wl,-z,relro,-z,now" "-Wl,-O1" "-Wl,--strip-debug" "-nodefaultlibs"
[INFO] [stdout]   = note: some arguments are omitted. use `--verbose` to show all linker arguments
[INFO] [stdout]   = note: rust-lld: error: unable to find library -lodbc
[INFO] [stdout]           collect2: error: ld returned 1 exit status
[INFO] [stdout]           
[INFO] [stdout] 
[INFO] [stdout] 
[INFO] [stderr] warning: build failed, waiting for other jobs to finish...
[INFO] [stdout] error: linking with `cc` failed: exit status: 1
[INFO] [stdout]   |
[INFO] [stdout]   = note:  "cc" "-m64" "/opt/rustwide/target/release/deps/rustcb1BZ7a/symbols.o" "<8 object files omitted>" "-Wl,--as-needed" "-Wl,-Bstatic" "<sysroot>/lib/rustlib/x86_64-unknown-linux-gnu/lib/{libtest-*,libgetopts-*,librustc_std_workspace_std-*}.rlib" "/opt/rustwide/target/release/deps/{libr2d2_odbc_api-71490bd72a0014ce,librocket_sync_db_pools-6a800f6f5883b14b,librocket-7a5e129e9ba02f3d,libatty-305035b410f05aab,libtempfile-706f039c3b2ae60d,libfastrand-8cbc67af14a20b30,libremove_dir_all-27862dcbd8bdc902,librocket_http-e96a6c21cae2d380,libcookie-bfc027c7d5eeffc0,libhkdf-243a701cf9cbf871,libhmac-180bac89f1dea7ad,libsha2-cc96924cc2695b85,libdigest-27f51c38c08a3f11,libblock_buffer-06066eeb9de82402,libcrypto_common-addcd714d63668af,libaes_gcm-fc0303d5a4cb293a,libghash-c39a4d55b6cfc394,libpolyval-4638d279192291f1,libuniversal_hash-c8a288ed41b0a64b,libsubtle-cb0fd7a90ab4c7db,libctr-f599a78930811efc,libaes-39b402ad03bd3a95,libcpufeatures-0a83267d20bd04a9,libopaque_debug-3c7f88476b12ca94,libcipher-b14315add4a4a73b,libaead-1d8590c80c04fe91,libgeneric_array-56afa7477ab1f07c,libtypenum-15320cb8a9930e74,libbase64-41ed288cdd36b78f,librand-e3f1d830d78edcb4,librand_chacha-46e5e0211895bde5,libppv_lite86-64c908eba0dc0fb7,librand_core-0e3883a42336c231,libgetrandom-e16d43b7bfc4cfa9,libstable_pattern-dae5f5ef700225b4,libref_cast-24c53e747735015a,libpercent_encoding-cbf7f86b9de6ccaf,libhyper-7c370e0eb0f789e4,libh2-c8a41706fc6b5404,libtokio_util-a3523f563ee45be2,libtower_service-3ddf59ec5fca602c,libtracing-217c1bfb3a759626,libtracing_core-1a9b271d2731ae32,libhttp_body-ffc741247d085aa0,libhttpdate-71b3a5e96884dd57,libmulter-3731fc958aaf8e08,libmime-0164050ef1dc2451,libtokio_util-9bbec933eabd63f4,libhttparse-5297da61f13fb501,libspin-b2cbed3c72cf0b34,libencoding_rs-aa5fa18c3fccc7ca,libhttp-cb0647b40bafc912,libfnv-98df728fc8020158,libindexmap-c92570bf8cad6aa9,libhashbrown-2c516be90586790d,libeither-f9fa016b7f109794,libtokio_stream-febb045ce4cdbe49,libatomic-da0417aecaa0e26d,libstate-3d17d7b64efacaad,libubyte-88e22adf40496882,libtime-5c7f560875667171,libitoa-332a70cac1aaa36b,libfigment-6a902492a58304e2,libtoml-3eb833eafd239e81,libuncased-fb7bfe742cc39ee7,libpear-37ac8d3e8ec1314b,libinlinable_string-90572a76d0d7e374,libserde-784717c9d20be2ff,libtokio-9fa99045ac6cceb1,libsignal_hook_registry-d103eabe64c146a6,libnum_cpus-5d8afd43452b74a6,libsocket2-fbcc349c3af2b65c,libonce_cell-483e787f49cdcd64,libbytes-b6d154c3fb16e0fb,libmio-f1a0c972b915343c,libfutures-759893e697affca0,libfutures_util-eca455058df3d9d6,libmemchr-4c2333bb57774a0f,libfutures_io-5c316b07c8196c71,libslab-b0fd4cb59c61f0be,libfutures_channel-83371b79766b5f68,libpin_project_lite-5d685072b05426e1,libfutures_sink-8c0fc8966064e373,libfutures_task-bdadee51ab3cbfa7,libpin_utils-bd5b26767cd4a338,libasync_stream-dc62dabba8211cfe,libfutures_core-9955b4b881030e66,libyansi-2064e1635530fcf9,libcrossbeam_queue-e181901a26262178,libcrossbeam_utils-f2a2a22b660d188d,liblazy_static-480433dca0d17907,libr2d2-c0b0edfae4973de5,libscheduled_thread_pool-318a4d9984a011ca,libparking_lot-d00bf0d73990a8b8,libparking_lot_core-99fc0de581c921d5,libinstant-34f2a6bf12506337,libparking_lot-92408d93d43c031a,libparking_lot_core-a9ae1cc813571a19,liblibc-3a6e9220a719be09,libsmallvec-87e1a5b4d62eea6e,liblock_api-f70d8406f046c2aa,libscopeguard-d6f31e6f1ec771b5,libodbc_api-ccfd3d8bcf1152ba,libforce_send_sync-20479b7aa3444b7d,libwidestring-15e63ae38c888216,libthiserror-adaae5f0c714055b,liblog-ee0e8637efac62e7,libcfg_if-193575a6b29a3ab9,libodbc_sys-26c7fb5bc403081c}.rlib" "<sysroot>/lib/rustlib/x86_64-unknown-linux-gnu/lib/{libstd-*,libpanic_unwind-*,libobject-*,libmemchr-*,libaddr2line-*,libgimli-*,libcfg_if-*,librustc_demangle-*,libstd_detect-*,libhashbrown-*,librustc_std_workspace_alloc-*,libminiz_oxide-*,libadler2-*,libunwind-*,liblibc-*,librustc_std_workspace_core-*,liballoc-*,libcore-*,libcompiler_builtins-*}.rlib" "-Wl,-Bdynamic" "-lodbc" "-lgcc_s" "-lutil" "-lrt" "-lpthread" "-lm" "-ldl" "-lc" "-L" "/opt/rustwide/target/release/deps/rustcb1BZ7a/raw-dylibs" "-B<sysroot>/lib/rustlib/x86_64-unknown-linux-gnu/bin/gcc-ld" "-fuse-ld=lld" "-Wl,--eh-frame-hdr" "-Wl,-z,noexecstack" "-L" "<sysroot>/lib/rustlib/x86_64-unknown-linux-gnu/lib" "-o" "/opt/rustwide/target/release/deps/test-15046f07aaaf3d36" "-Wl,--gc-sections" "-pie" "-Wl,-z,relro,-z,now" "-Wl,-O1" "-Wl,--strip-debug" "-nodefaultlibs"
[INFO] [stdout]   = note: some arguments are omitted. use `--verbose` to show all linker arguments
[INFO] [stdout]   = note: rust-lld: error: unable to find library -lodbc
[INFO] [stdout]           collect2: error: ld returned 1 exit status
[INFO] [stdout]           
[INFO] [stdout] 
[INFO] [stdout] 
[INFO] [stderr] error: could not compile `r2d2_odbc_api` (test "test") due to 1 previous error
[INFO] running `Command { std: "docker" "inspect" "da3ee23bdf0f1ca4fbfaa7c7ce288348050f284d0181495aa1028d90ff8557b5", kill_on_drop: false }`
[INFO] running `Command { std: "docker" "rm" "-f" "da3ee23bdf0f1ca4fbfaa7c7ce288348050f284d0181495aa1028d90ff8557b5", kill_on_drop: false }`
[INFO] [stdout] da3ee23bdf0f1ca4fbfaa7c7ce288348050f284d0181495aa1028d90ff8557b5
