[INFO] fetching crate quiver-h3 0.1.0...
[INFO] testing quiver-h3-0.1.0 against 1.100.0-beta.1+cargoflags=--release for beta-release-1.100-2
[INFO] extracting crate quiver-h3 0.1.0 into /workspace/builds/worker-0-tc2/source
[INFO] started tweaking crates.io crate quiver-h3 0.1.0
[INFO] finished tweaking crates.io crate quiver-h3 0.1.0
[INFO] tweaked toml for crates.io crate quiver-h3 0.1.0 written to /workspace/builds/worker-0-tc2/source/Cargo.toml
[INFO] validating manifest of crates.io crate quiver-h3 0.1.0 on toolchain 1.100.0-beta.1
[INFO] running `Command { std: CARGO_HOME="/workspace/cargo-home" RUSTUP_HOME="/workspace/rustup-home" "/workspace/cargo-home/bin/cargo" "+1.100.0-beta.1" "metadata" "--manifest-path" "Cargo.toml" "--no-deps", kill_on_drop: false }`
[INFO] running `Command { std: CARGO_HOME="/workspace/cargo-home" RUSTUP_HOME="/workspace/rustup-home" "/workspace/cargo-home/bin/cargo" "+1.100.0-beta.1" "generate-lockfile" "--manifest-path" "Cargo.toml", kill_on_drop: false }`
[INFO] [stderr]     Updating crates.io index
[INFO] [stderr]      Locking 84 packages to highest compatible versions
[INFO] [stderr]       Adding bitstream-io v1.10.0 (available: v4.10.0)
[INFO] running `Command { std: CARGO_HOME="/workspace/cargo-home" RUSTUP_HOME="/workspace/rustup-home" "/workspace/cargo-home/bin/cargo" "+1.100.0-beta.1" "fetch" "--manifest-path" "Cargo.toml", kill_on_drop: false }`
[INFO] running `Command { std: "docker" "create" "-v" "/var/lib/crater-agent-workspace/builds/worker-0-tc2/source:/opt/rustwide/workdir:ro,Z" "-v" "/var/lib/crater-agent-workspace/builds/worker-0-tc2/target:/opt/rustwide/target:rw,Z" "-v" "/var/lib/crater-agent-workspace/cargo-home:/opt/rustwide/cargo-home:ro,Z" "-v" "/var/lib/crater-agent-workspace/rustup-home:/opt/rustwide/rustup-home:ro,Z" "-m" "1610612736" "--network" "none" "ghcr.io/rust-lang/crates-build-env/linux@sha256:77db811e55d90add9212f6832c23229e3de5f1c1f9905e8cb07319ea15df73ac" "sleep" "infinity", kill_on_drop: false }`
[INFO] [stdout] 16331469b7b6a1176087394005c8fb9c8f519a1ce8762ea72ddc927c1c7ae560
[INFO] running `Command { std: "docker" "start" "16331469b7b6a1176087394005c8fb9c8f519a1ce8762ea72ddc927c1c7ae560", kill_on_drop: false }`
[INFO] running `Command { std: "docker" "inspect" "16331469b7b6a1176087394005c8fb9c8f519a1ce8762ea72ddc927c1c7ae560", kill_on_drop: false }`
[INFO] running `Command { std: "docker" "exec" "-e" "SOURCE_DIR=/opt/rustwide/workdir" "-e" "CARGO_HOME=/opt/rustwide/cargo-home" "-e" "RUSTUP_HOME=/opt/rustwide/rustup-home" "-e" "CARGO_TARGET_DIR=/opt/rustwide/target" "-w" "/opt/rustwide/workdir" "--user" "0:0" "16331469b7b6a1176087394005c8fb9c8f519a1ce8762ea72ddc927c1c7ae560" "/opt/rustwide/cargo-home/bin/cargo" "+1.100.0-beta.1" "metadata" "--no-deps" "--format-version=1", kill_on_drop: false }`
[INFO] running `Command { std: "docker" "inspect" "16331469b7b6a1176087394005c8fb9c8f519a1ce8762ea72ddc927c1c7ae560", kill_on_drop: false }`
[INFO] running `Command { std: "docker" "exec" "-e" "SOURCE_DIR=/opt/rustwide/workdir" "-e" "CARGO_HOME=/opt/rustwide/cargo-home" "-e" "RUSTUP_HOME=/opt/rustwide/rustup-home" "-e" "CARGO_TARGET_DIR=/opt/rustwide/target" "-e" "CARGO_INCREMENTAL=0" "-e" "RUST_BACKTRACE=full" "-e" "RUSTFLAGS=--cap-lints=warn" "-e" "RUSTDOCFLAGS=--cap-lints=warn" "-w" "/opt/rustwide/workdir" "--user" "0:0" "16331469b7b6a1176087394005c8fb9c8f519a1ce8762ea72ddc927c1c7ae560" "/opt/rustwide/cargo-home/bin/cargo" "+1.100.0-beta.1" "build" "--frozen" "--message-format=json" "--release", kill_on_drop: false }`
[INFO] [stderr]    Compiling libc v0.2.191
[INFO] [stderr]    Compiling syn v1.0.109
[INFO] [stderr]    Compiling find-msvc-tools v0.1.14
[INFO] [stderr]    Compiling serde_core v1.0.229
[INFO] [stderr]    Compiling strsim v0.10.0
[INFO] [stderr]    Compiling ident_case v1.0.1
[INFO] [stderr]    Compiling siphasher v1.0.4
[INFO] [stderr]    Compiling serde v1.0.229
[INFO] [stderr]    Compiling rand_core v0.6.4
[INFO] [stderr]    Compiling zerocopy v0.8.63
[INFO] [stderr]    Compiling memoffset v0.9.1
[INFO] [stderr]    Compiling equivalent v1.0.3
[INFO] [stderr]    Compiling zmij v1.0.23
[INFO] [stderr]    Compiling serde_json v1.0.154
[INFO] [stderr]    Compiling hashbrown v0.17.1
[INFO] [stderr]    Compiling syn v3.0.9
[INFO] [stderr]    Compiling bytes v1.12.1
[INFO] [stderr]    Compiling cc v1.8.0
[INFO] [stderr]    Compiling phf_shared v0.11.3
[INFO] [stderr]    Compiling rand v0.8.8
[INFO] [stderr]    Compiling libm v0.2.16
[INFO] [stderr]    Compiling memchr v2.8.3
[INFO] [stderr]    Compiling phf v0.11.3
[INFO] [stderr]    Compiling untrusted v0.7.1
[INFO] [stderr]    Compiling spin v0.5.2
[INFO] [stderr]    Compiling intrusive-collections v0.9.7
[INFO] [stderr]    Compiling either v1.19.0
[INFO] [stderr]    Compiling octets v0.2.0
[INFO] [stderr]    Compiling log v0.4.34
[INFO] [stderr]    Compiling slab v0.4.12
[INFO] [stderr]    Compiling bitstream-io v1.10.0
[INFO] [stderr]    Compiling phf_generator v0.11.3
[INFO] [stderr]    Compiling phf_codegen v0.11.3
[INFO] [stderr]    Compiling quiver-qpack v0.1.1
[INFO] [stderr]    Compiling socket2 v0.6.5
[INFO] [stderr]    Compiling mio v1.2.4
[INFO] [stderr]    Compiling getrandom v0.2.17
[INFO] [stderr]    Compiling indexmap v2.14.2
[INFO] [stderr]    Compiling cmake v0.1.58
[INFO] [stderr]    Compiling ring v0.16.20
[INFO] [stderr]    Compiling quiche v0.18.0
[INFO] [stderr]    Compiling darling_core v0.13.4
[INFO] [stderr]    Compiling serde_derive v1.0.229
[INFO] [stderr]    Compiling tokio-macros v2.7.2
[INFO] [stderr]    Compiling async-trait v0.1.92
[INFO] [stderr]    Compiling tokio v1.53.3
[INFO] [stderr]    Compiling darling_macro v0.13.4
[INFO] [stderr]    Compiling darling v0.13.4
[INFO] [stderr]    Compiling serde_with_macros v1.5.2
[INFO] [stderr]    Compiling ppv-lite86 v0.2.21
[INFO] [stderr]    Compiling rand_chacha v0.3.1
[INFO] [stderr]    Compiling smallvec v1.16.3
[INFO] [stderr]    Compiling serde_with v1.14.0
[INFO] [stderr]    Compiling qlog v0.9.0
[INFO] [stderr]    Compiling tokio-bitstream-io v0.0.7
[INFO] [stdout] error[E0554]: `#![feature]` may not be used on the beta release channel
[INFO] [stdout]  --> /opt/rustwide/cargo-home/registry/src/index.crates.io-1949cf8c6b5b557f/quiver-qpack-0.1.1/src/lib.rs:1:1
[INFO] [stdout]   |
[INFO] [stdout] 1 | #![feature(extract_if)]
[INFO] [stdout]   | ^^^^^^^^^^^^^^^^^^^^^^^
[INFO] [stdout] 
[INFO] [stdout] 
[INFO] [stdout] error[E0282]: type annotations needed for `(_, _)`
[INFO] [stdout]   --> /opt/rustwide/cargo-home/registry/src/index.crates.io-1949cf8c6b5b557f/quiver-qpack-0.1.1/src/decoder.rs:68:26
[INFO] [stdout]    |
[INFO] [stdout] 68 |             .extract_if(|(riq, _)| *riq >= insert_count)
[INFO] [stdout]    |                          ^^^^^^^^  ---- type must be known at this point
[INFO] [stdout]    |
[INFO] [stdout] help: consider giving this closure parameter an explicit type, where the placeholders `_` are specified
[INFO] [stdout]    |
[INFO] [stdout] 68 |             .extract_if(|(riq, _): (_, _)| *riq >= insert_count)
[INFO] [stdout]    |                                  ++++++++
[INFO] [stdout] 
[INFO] [stdout] 
[INFO] [stdout] error[E0061]: this method takes 2 arguments but 1 argument was supplied
[INFO] [stdout]   --> /opt/rustwide/cargo-home/registry/src/index.crates.io-1949cf8c6b5b557f/quiver-qpack-0.1.1/src/decoder.rs:68:14
[INFO] [stdout]    |
[INFO] [stdout] 68 |             .extract_if(|(riq, _)| *riq >= insert_count)
[INFO] [stdout]    |              ^^^^^^^^^^--------------------------------- argument #2 is missing
[INFO] [stdout]    |
[INFO] [stdout] note: method defined here
[INFO] [stdout]   --> /rustc/e3feeb59cd1bdd011a2bfcc0747b55125d9b8527/library/alloc/src/vec/mod.rs:4318:11
[INFO] [stdout] help: provide the argument
[INFO] [stdout]    |
[INFO] [stdout] 68 |             .extract_if(|(riq, _)| *riq >= insert_count, /* filter */)
[INFO] [stdout]    |                                                        ++++++++++++++
[INFO] [stdout] 
[INFO] [stdout] 
[INFO] [stdout] Some errors have detailed explanations: E0061, E0282, E0554.
[INFO] [stdout] 
[INFO] [stdout] For more information about an error, try `rustc --explain E0061`.
[INFO] [stdout] 
[INFO] [stderr] error: could not compile `quiver-qpack` (lib) due to 3 previous errors
[INFO] [stderr] warning: build failed, waiting for other jobs to finish...
[INFO] running `Command { std: "docker" "inspect" "16331469b7b6a1176087394005c8fb9c8f519a1ce8762ea72ddc927c1c7ae560", kill_on_drop: false }`
[INFO] running `Command { std: "docker" "rm" "-f" "16331469b7b6a1176087394005c8fb9c8f519a1ce8762ea72ddc927c1c7ae560", kill_on_drop: false }`
[INFO] [stdout] 16331469b7b6a1176087394005c8fb9c8f519a1ce8762ea72ddc927c1c7ae560
