[INFO] fetching crate quickfix 0.2.2...
[INFO] testing quickfix-0.2.2 against 1.100.0-beta.1+cargoflags=--release for beta-release-1.100-2
[INFO] extracting crate quickfix 0.2.2 into /workspace/builds/worker-2-tc2/source
[INFO] started tweaking crates.io crate quickfix 0.2.2
[INFO] removed 0 missing examples
[INFO] removed 0 missing tests
[INFO] finished tweaking crates.io crate quickfix 0.2.2
[INFO] tweaked toml for crates.io crate quickfix 0.2.2 written to /workspace/builds/worker-2-tc2/source/Cargo.toml
[INFO] validating manifest of crates.io crate quickfix 0.2.2 on toolchain 1.100.0-beta.1
[INFO] running `Command { std: CARGO_HOME="/workspace/cargo-home" RUSTUP_HOME="/workspace/rustup-home" "/workspace/cargo-home/bin/cargo" "+1.100.0-beta.1" "metadata" "--manifest-path" "Cargo.toml" "--no-deps", kill_on_drop: false }`
[INFO] crate crates.io crate quickfix 0.2.2 already has a lockfile, it will not be regenerated
[INFO] running `Command { std: CARGO_HOME="/workspace/cargo-home" RUSTUP_HOME="/workspace/rustup-home" "/workspace/cargo-home/bin/cargo" "+1.100.0-beta.1" "fetch" "--manifest-path" "Cargo.toml", kill_on_drop: false }`
[INFO] running `Command { std: "docker" "create" "-v" "/var/lib/crater-agent-workspace/builds/worker-2-tc2/source:/opt/rustwide/workdir:ro,Z" "-v" "/var/lib/crater-agent-workspace/builds/worker-2-tc2/target:/opt/rustwide/target:rw,Z" "-v" "/var/lib/crater-agent-workspace/cargo-home:/opt/rustwide/cargo-home:ro,Z" "-v" "/var/lib/crater-agent-workspace/rustup-home:/opt/rustwide/rustup-home:ro,Z" "-m" "1610612736" "--network" "none" "ghcr.io/rust-lang/crates-build-env/linux@sha256:77db811e55d90add9212f6832c23229e3de5f1c1f9905e8cb07319ea15df73ac" "sleep" "infinity", kill_on_drop: false }`
[INFO] [stdout] a9fb5a0a40440a3f193bb080f84a55965684da60eb3cfd534bd557152d330787
[INFO] running `Command { std: "docker" "start" "a9fb5a0a40440a3f193bb080f84a55965684da60eb3cfd534bd557152d330787", kill_on_drop: false }`
[INFO] running `Command { std: "docker" "inspect" "a9fb5a0a40440a3f193bb080f84a55965684da60eb3cfd534bd557152d330787", kill_on_drop: false }`
[INFO] running `Command { std: "docker" "exec" "-e" "SOURCE_DIR=/opt/rustwide/workdir" "-e" "CARGO_HOME=/opt/rustwide/cargo-home" "-e" "RUSTUP_HOME=/opt/rustwide/rustup-home" "-e" "CARGO_TARGET_DIR=/opt/rustwide/target" "-w" "/opt/rustwide/workdir" "--user" "0:0" "a9fb5a0a40440a3f193bb080f84a55965684da60eb3cfd534bd557152d330787" "/opt/rustwide/cargo-home/bin/cargo" "+1.100.0-beta.1" "metadata" "--no-deps" "--format-version=1", kill_on_drop: false }`
[INFO] running `Command { std: "docker" "inspect" "a9fb5a0a40440a3f193bb080f84a55965684da60eb3cfd534bd557152d330787", kill_on_drop: false }`
[INFO] running `Command { std: "docker" "exec" "-e" "SOURCE_DIR=/opt/rustwide/workdir" "-e" "CARGO_HOME=/opt/rustwide/cargo-home" "-e" "RUSTUP_HOME=/opt/rustwide/rustup-home" "-e" "CARGO_TARGET_DIR=/opt/rustwide/target" "-e" "CARGO_INCREMENTAL=0" "-e" "RUST_BACKTRACE=full" "-e" "RUSTFLAGS=--cap-lints=warn" "-e" "RUSTDOCFLAGS=--cap-lints=warn" "-w" "/opt/rustwide/workdir" "--user" "0:0" "a9fb5a0a40440a3f193bb080f84a55965684da60eb3cfd534bd557152d330787" "/opt/rustwide/cargo-home/bin/cargo" "+1.100.0-beta.1" "build" "--frozen" "--message-format=json" "--release", kill_on_drop: false }`
[INFO] [stderr]    Compiling cc v1.5.1
[INFO] [stderr]    Compiling syn v3.0.6
[INFO] [stderr]    Compiling cmake v0.1.58
[INFO] [stderr]    Compiling quickfix-ffi v0.2.2
[INFO] [stderr]    Compiling thiserror-impl v2.0.21
[INFO] [stderr]    Compiling thiserror v2.0.21
[INFO] [stderr] error: failed to run custom build command for `quickfix-ffi v0.2.2`
[INFO] [stderr] note: To improve backtraces for build dependencies, set the CARGO_PROFILE_RELEASE_BUILD_OVERRIDE_DEBUG=true environment variable to enable debug information generation.
[INFO] [stderr] 
[INFO] [stderr] Caused by:
[INFO] [stderr]   process didn't exit successfully: `/opt/rustwide/target/release/build/quickfix-ffi/36b7455eed3895bc/out/build_script_build` (exit status: 101)
[INFO] [stderr]   --- stdout
[INFO] [stderr]   cargo:rerun-if-changed=./CMakeLists.txt
[INFO] [stderr]   cargo:rerun-if-changed=./libquickfix
[INFO] [stderr]   cargo:rerun-if-changed=./quickfix-bind
[INFO] [stderr]   CMAKE_TOOLCHAIN_FILE_x86_64-unknown-linux-gnu = None
[INFO] [stderr]   CMAKE_TOOLCHAIN_FILE_x86_64_unknown_linux_gnu = None
[INFO] [stderr]   HOST_CMAKE_TOOLCHAIN_FILE = None
[INFO] [stderr]   CMAKE_TOOLCHAIN_FILE = None
[INFO] [stderr]   CMAKE_GENERATOR_x86_64-unknown-linux-gnu = None
[INFO] [stderr]   CMAKE_GENERATOR_x86_64_unknown_linux_gnu = None
[INFO] [stderr]   HOST_CMAKE_GENERATOR = None
[INFO] [stderr]   CMAKE_GENERATOR = None
[INFO] [stderr]   CMAKE_PREFIX_PATH_x86_64-unknown-linux-gnu = None
[INFO] [stderr]   CMAKE_PREFIX_PATH_x86_64_unknown_linux_gnu = None
[INFO] [stderr]   HOST_CMAKE_PREFIX_PATH = None
[INFO] [stderr]   CMAKE_PREFIX_PATH = None
[INFO] [stderr]   CMAKE_x86_64-unknown-linux-gnu = None
[INFO] [stderr]   CMAKE_x86_64_unknown_linux_gnu = None
[INFO] [stderr]   HOST_CMAKE = None
[INFO] [stderr]   CMAKE = None
[INFO] [stderr]   -- The CXX compiler identification is GNU 15.2.0
[INFO] [stderr]   -- The C compiler identification is GNU 15.2.0
[INFO] [stderr]   -- Detecting CXX compiler ABI info
[INFO] [stderr]   -- Detecting CXX compiler ABI info - done
[INFO] [stderr]   -- Check for working CXX compiler: /usr/bin/c++ - skipped
[INFO] [stderr]   -- Detecting CXX compile features
[INFO] [stderr]   -- Detecting CXX compile features - done
[INFO] [stderr]   -- Detecting C compiler ABI info
[INFO] [stderr]   -- Detecting C compiler ABI info - done
[INFO] [stderr]   -- Check for working C compiler: /usr/bin/cc - skipped
[INFO] [stderr]   -- Detecting C compile features
[INFO] [stderr]   -- Detecting C compile features - done
[INFO] [stderr]   -- Looking for include file dlfcn.h
[INFO] [stderr]   -- Looking for include file dlfcn.h - found
[INFO] [stderr]   -- Looking for include file inttypes.h
[INFO] [stderr]   -- Looking for include file inttypes.h - found
[INFO] [stderr]   -- Looking for include file stdint.h
[INFO] [stderr]   -- Looking for include file stdint.h - found
[INFO] [stderr]   -- Looking for include file stdio.h
[INFO] [stderr]   -- Looking for include file stdio.h - found
[INFO] [stderr]   -- Looking for include file stdlib.h
[INFO] [stderr]   -- Looking for include file stdlib.h - found
[INFO] [stderr]   -- Looking for include file strings.h
[INFO] [stderr]   -- Looking for include file strings.h - found
[INFO] [stderr]   -- Looking for include file string.h
[INFO] [stderr]   -- Looking for include file string.h - found
[INFO] [stderr]   -- Looking for include file sys/stat.h
[INFO] [stderr]   -- Looking for include file sys/stat.h - found
[INFO] [stderr]   -- Looking for include file sys/types.h
[INFO] [stderr]   -- Looking for include file sys/types.h - found
[INFO] [stderr]   -- Looking for include file unistd.h
[INFO] [stderr]   -- Looking for include file unistd.h - found
[INFO] [stderr]   -- Looking for gettimeofday
[INFO] [stderr]   -- Looking for gettimeofday - found
[INFO] [stderr]   -- Looking for gethostbyname_r
[INFO] [stderr]   -- Looking for gethostbyname_r - found
[INFO] [stderr]   -- Checking prototype gethostbyname_r for HAVE_GETHOSTBYNAME_R_3_ARG
[INFO] [stderr]   -- Checking prototype gethostbyname_r for HAVE_GETHOSTBYNAME_R_3_ARG - False
[INFO] [stderr]   -- Checking prototype gethostbyname_r for HAVE_GETHOSTBYNAME_R_5_ARG
[INFO] [stderr]   -- Checking prototype gethostbyname_r for HAVE_GETHOSTBYNAME_R_5_ARG - False
[INFO] [stderr]   -- Checking prototype gethostbyname_r for HAVE_GETHOSTBYNAME_R_6_ARG
[INFO] [stderr]   -- Checking prototype gethostbyname_r for HAVE_GETHOSTBYNAME_R_6_ARG - True
[INFO] [stderr]   -- Looking for ftime
[INFO] [stderr]   -- Looking for ftime - found
[INFO] [stderr]   -- Configuring done (4.7s)
[INFO] [stderr]   -- Generating done (0.0s)
[INFO] [stderr]   -- Build files have been written to: /opt/rustwide/target/release/build/quickfix-ffi/e12b03c6292476df/out/build
[INFO] [stderr]   [  2%] Building CXX object src/C++/CMakeFiles/quickfix.dir/DataDictionary.cpp.o
[INFO] [stderr]   [  4%] Building CXX object src/C++/CMakeFiles/quickfix.dir/FieldTypes.cpp.o
[INFO] [stderr]   [  6%] Building CXX object src/C++/CMakeFiles/quickfix.dir/HostDetailsProvider.cpp.o
[INFO] [stderr]   [  8%] Building CXX object src/C++/CMakeFiles/quickfix.dir/FileStore.cpp.o
[INFO] [stderr]   [ 10%] Building CXX object src/C++/CMakeFiles/quickfix.dir/FieldConvertors.cpp.o
[INFO] [stderr]   [ 12%] Building CXX object src/C++/CMakeFiles/quickfix.dir/Dictionary.cpp.o
[INFO] [stderr]   [ 14%] Building CXX object src/C++/CMakeFiles/quickfix.dir/FileLog.cpp.o
[INFO] [stderr]   [ 17%] Building CXX object src/C++/CMakeFiles/quickfix.dir/HttpConnection.cpp.o
[INFO] [stderr]   [ 19%] Building CXX object src/C++/CMakeFiles/quickfix.dir/HttpMessage.cpp.o
[INFO] [stderr]   [ 21%] Building CXX object src/C++/CMakeFiles/quickfix.dir/Group.cpp.o
[INFO] [stderr]   [ 21%] Built target QUICKFIX_ALLOCATOR_HEADERS_COPY
[INFO] [stderr]   [ 23%] Building CXX object src/C++/CMakeFiles/quickfix.dir/DataDictionaryProvider.cpp.o
[INFO] [stderr]   [ 25%] Building CXX object src/C++/CMakeFiles/quickfix.dir/HttpParser.cpp.o
[INFO] [stderr]   [ 29%] Building CXX object src/C++/CMakeFiles/quickfix.dir/FieldMap.cpp.o
[INFO] [stderr]   [ 29%] Building CXX object src/C++/CMakeFiles/quickfix.dir/Acceptor.cpp.o
[INFO] [stderr]   [ 31%] Building CXX object src/C++/CMakeFiles/quickfix.dir/HttpServer.cpp.o
[INFO] [stderr]   [ 34%] Building CXX object src/C++/CMakeFiles/quickfix.dir/Initiator.cpp.o
[INFO] [stderr]   [ 34%] Built target QUICKFIX_HEADERS_COPY
[INFO] [stderr] 
[INFO] [stderr]   --- stderr
[INFO] [stderr]   running: cd "/opt/rustwide/target/release/build/quickfix-ffi/e12b03c6292476df/out/build" && CMAKE_PREFIX_PATH="" LC_ALL="C" "cmake" "/opt/rustwide/target/release/build/quickfix-ffi/e12b03c6292476df/out/libquickfix" "-B" "/opt/rustwide/target/release/build/quickfix-ffi/e12b03c6292476df/out/build" "-DCMAKE_POLICY_VERSION_MINIMUM=3.10" "-DHAVE_SSL=OFF" "-DHAVE_MYSQL=OFF" "-DHAVE_POSTGRESQL=OFF" "-DHAVE_PYTHON=OFF" "-DHAVE_PYTHON3=OFF" "-DQUICKFIX_SHARED_LIBS=OFF" "-DQUICKFIX_EXAMPLES=OFF" "-DQUICKFIX_TESTS=OFF" "-DCMAKE_INSTALL_PREFIX=/opt/rustwide/target/release/build/quickfix-ffi/e12b03c6292476df/out" "-DCMAKE_C_FLAGS= -ffunction-sections -fdata-sections -fPIC -m64 -w" "-DCMAKE_C_COMPILER=/usr/bin/cc" "-DCMAKE_CXX_FLAGS= -ffunction-sections -fdata-sections -fPIC -m64 -w" "-DCMAKE_CXX_COMPILER=/usr/bin/c++" "-DCMAKE_ASM_FLAGS= -ffunction-sections -fdata-sections -fPIC -m64 -w" "-DCMAKE_ASM_COMPILER=/usr/bin/cc" "-DCMAKE_BUILD_TYPE=RelWithDebInfo"
[INFO] [stderr]   -- Project name quickfix
[INFO] [stderr]   -- Generating empty Allocator.h
[INFO] [stderr]   -- Generating empty config.h
[INFO] [stderr]   CMake Warning:
[INFO] [stderr]     Manually-specified variables were not used by the project:
[INFO] [stderr] 
[INFO] [stderr]       CMAKE_ASM_COMPILER
[INFO] [stderr]       CMAKE_ASM_FLAGS
[INFO] [stderr]       HAVE_PYTHON
[INFO] [stderr] 
[INFO] [stderr] 
[INFO] [stderr]   running: cd "/opt/rustwide/target/release/build/quickfix-ffi/e12b03c6292476df/out/build" && LC_ALL="C" MAKEFLAGS="-j --jobserver-fds=4,5 --jobserver-auth=4,5" "cmake" "--build" "/opt/rustwide/target/release/build/quickfix-ffi/e12b03c6292476df/out/build" "--target" "install" "--config" "RelWithDebInfo"
[INFO] [stderr]   c++: fatal error: Killed signal terminated program cc1plus
[INFO] [stderr]   compilation terminated.
[INFO] [stderr]   gmake[2]: *** [src/C++/CMakeFiles/quickfix.dir/build.make:79: src/C++/CMakeFiles/quickfix.dir/Acceptor.cpp.o] Error 1
[INFO] [stderr]   gmake[2]: *** Waiting for unfinished jobs....
[INFO] [stderr]   c++: fatal error: Killed signal terminated program cc1plus
[INFO] [stderr]   compilation terminated.
[INFO] [stderr]   gmake[2]: *** [src/C++/CMakeFiles/quickfix.dir/build.make:191: src/C++/CMakeFiles/quickfix.dir/FileStore.cpp.o] Error 1
[INFO] [stderr]   c++: fatal error: Killed signal terminated program cc1plus
[INFO] [stderr]   compilation terminated.
[INFO] [stderr]   gmake[2]: *** [src/C++/CMakeFiles/quickfix.dir/build.make:177: src/C++/CMakeFiles/quickfix.dir/FileLog.cpp.o] Error 1
[INFO] [stderr]   c++: fatal error: Killed signal terminated program cc1plus
[INFO] [stderr]   compilation terminated.
[INFO] [stderr]   gmake[2]: *** [src/C++/CMakeFiles/quickfix.dir/build.make:205: src/C++/CMakeFiles/quickfix.dir/Group.cpp.o] Error 1
[INFO] [stderr]   c++: fatal error: Killed signal terminated program cc1plus
[INFO] [stderr]   compilation terminated.
[INFO] [stderr]   gmake[2]: *** [src/C++/CMakeFiles/quickfix.dir/build.make:107: src/C++/CMakeFiles/quickfix.dir/DataDictionaryProvider.cpp.o] Error 1
[INFO] [stderr]   c++: fatal error: Killed signal terminated program cc1plus
[INFO] [stderr]   compilation terminated.
[INFO] [stderr]   gmake[2]: *** [src/C++/CMakeFiles/quickfix.dir/build.make:219: src/C++/CMakeFiles/quickfix.dir/HostDetailsProvider.cpp.o] Error 1
[INFO] [stderr]   c++: fatal error: Killed signal terminated program cc1plus
[INFO] [stderr]   compilation terminated.
[INFO] [stderr]   gmake[2]: *** [src/C++/CMakeFiles/quickfix.dir/build.make:289: src/C++/CMakeFiles/quickfix.dir/Initiator.cpp.o] Error 1
[INFO] [stderr]   c++: fatal error: Killed signal terminated program cc1plus
[INFO] [stderr]   compilation terminated.
[INFO] [stderr]   gmake[2]: *** [src/C++/CMakeFiles/quickfix.dir/build.make:93: src/C++/CMakeFiles/quickfix.dir/DataDictionary.cpp.o] Error 1
[INFO] [stderr]   gmake[1]: *** [CMakeFiles/Makefile2:217: src/C++/CMakeFiles/quickfix.dir/all] Error 2
[INFO] [stderr]   gmake: *** [Makefile:136: all] Error 2
[INFO] [stderr] 
[INFO] [stderr]   thread 'main' (118) panicked at /opt/rustwide/cargo-home/registry/src/index.crates.io-1949cf8c6b5b557f/cmake-0.1.58/src/lib.rs:1132:5:
[INFO] [stderr] 
[INFO] [stderr]   command did not execute successfully, got: exit status: 2
[INFO] [stderr] 
[INFO] [stderr]   build script failed, must exit now
[INFO] [stderr]   stack backtrace:
[INFO] [stderr]      0:     0x60acba2cc711 - <<std[617be2ca0a6fd877]::sys::backtrace::BacktraceLock>::print::DisplayBacktrace as core[a373ad73a504971]::fmt::Display>::fmt
[INFO] [stderr]      1:     0x60acba2e066a - core[a373ad73a504971]::fmt::write
[INFO] [stderr]      2:     0x60acba2d1ebc - <std[617be2ca0a6fd877]::sys::stdio::unix::Stderr as core[a373ad73a504971]::io::write::Write>::write_fmt
[INFO] [stderr]      3:     0x60acba2aa316 - std[617be2ca0a6fd877]::panicking::default_hook::{closure#0}
[INFO] [stderr]      4:     0x60acba2c6441 - std[617be2ca0a6fd877]::panicking::default_hook
[INFO] [stderr]      5:     0x60acba2c65fb - std[617be2ca0a6fd877]::panicking::panic_with_hook
[INFO] [stderr]      6:     0x60acba2aa3c2 - std[617be2ca0a6fd877]::panicking::panic_handler::{closure#0}
[INFO] [stderr]      7:     0x60acba2a2e39 - std[617be2ca0a6fd877]::sys::backtrace::__rust_end_short_backtrace::<std[617be2ca0a6fd877]::panicking::panic_handler::{closure#0}, !>
[INFO] [stderr]      8:     0x60acba2aac4d - __rustc[ea4f61d10b84890b]::rust_begin_unwind
[INFO] [stderr]      9:     0x60acba2e0ddc - core[a373ad73a504971]::panicking::panic_fmt
[INFO] [stderr]     10:     0x60acba22f097 - cmake[a726eee5b66ece9c]::fail
[INFO] [stderr]     11:     0x60acba22ed23 - cmake[a726eee5b66ece9c]::run
[INFO] [stderr]     12:     0x60acba234cf5 - <cmake[a726eee5b66ece9c]::Config>::build
[INFO] [stderr]     13:     0x60acba21e490 - build_script_build[6bf19c65fb6e7dbe]::main
[INFO] [stderr]     14:     0x60acba220e13 - <fn() as core[a373ad73a504971]::ops::function::FnOnce<()>>::call_once
[INFO] [stderr]     15:     0x60acba21d3ae - std[617be2ca0a6fd877]::sys::backtrace::__rust_begin_short_backtrace::<fn(), ()>
[INFO] [stderr]     16:     0x60acba21d609 - std[617be2ca0a6fd877]::rt::lang_start::<()>::{closure#0}
[INFO] [stderr]     17:     0x60acba2c5748 - std[617be2ca0a6fd877]::rt::lang_start_internal
[INFO] [stderr]     18:     0x60acba2185a1 - std[617be2ca0a6fd877]::rt::lang_start::<()>
[INFO] [stderr]     19:     0x60acba220f55 - main
[INFO] [stderr]     20:     0x76d4aa396601 - <unknown>
[INFO] [stderr]     21:     0x76d4aa396718 - __libc_start_main
[INFO] [stderr]     22:     0x60acba215585 - _start
[INFO] [stderr]     23:                0x0 - <unknown>
[INFO] running `Command { std: "docker" "inspect" "a9fb5a0a40440a3f193bb080f84a55965684da60eb3cfd534bd557152d330787", kill_on_drop: false }`
[INFO] running `Command { std: "docker" "rm" "-f" "a9fb5a0a40440a3f193bb080f84a55965684da60eb3cfd534bd557152d330787", kill_on_drop: false }`
[INFO] [stdout] a9fb5a0a40440a3f193bb080f84a55965684da60eb3cfd534bd557152d330787
