[INFO] fetching crate qudag-wasm 0.1.0...
[INFO] testing qudag-wasm-0.1.0 against 1.100.0-beta.1+cargoflags=--release for beta-release-1.100-2
[INFO] extracting crate qudag-wasm 0.1.0 into /workspace/builds/worker-7-tc2/source
[INFO] started tweaking crates.io crate qudag-wasm 0.1.0
[INFO] removed 0 missing examples
[INFO] removed 0 missing tests
[INFO] finished tweaking crates.io crate qudag-wasm 0.1.0
[INFO] tweaked toml for crates.io crate qudag-wasm 0.1.0 written to /workspace/builds/worker-7-tc2/source/Cargo.toml
[INFO] validating manifest of crates.io crate qudag-wasm 0.1.0 on toolchain 1.100.0-beta.1
[INFO] running `Command { std: CARGO_HOME="/workspace/cargo-home" RUSTUP_HOME="/workspace/rustup-home" "/workspace/cargo-home/bin/cargo" "+1.100.0-beta.1" "metadata" "--manifest-path" "Cargo.toml" "--no-deps", kill_on_drop: false }`
[INFO] crate crates.io crate qudag-wasm 0.1.0 already has a lockfile, it will not be regenerated
[INFO] running `Command { std: CARGO_HOME="/workspace/cargo-home" RUSTUP_HOME="/workspace/rustup-home" "/workspace/cargo-home/bin/cargo" "+1.100.0-beta.1" "fetch" "--manifest-path" "Cargo.toml", kill_on_drop: false }`
[INFO] running `Command { std: "docker" "create" "-v" "/var/lib/crater-agent-workspace/builds/worker-7-tc2/source:/opt/rustwide/workdir:ro,Z" "-v" "/var/lib/crater-agent-workspace/builds/worker-7-tc2/target:/opt/rustwide/target:rw,Z" "-v" "/var/lib/crater-agent-workspace/cargo-home:/opt/rustwide/cargo-home:ro,Z" "-v" "/var/lib/crater-agent-workspace/rustup-home:/opt/rustwide/rustup-home:ro,Z" "-m" "1610612736" "--network" "none" "ghcr.io/rust-lang/crates-build-env/linux@sha256:77db811e55d90add9212f6832c23229e3de5f1c1f9905e8cb07319ea15df73ac" "sleep" "infinity", kill_on_drop: false }`
[INFO] [stdout] 6a408bce27c4f676ce00cc6a886875882f16ebd962fdbb6adc7a2f5ec5b99e18
[INFO] running `Command { std: "docker" "start" "6a408bce27c4f676ce00cc6a886875882f16ebd962fdbb6adc7a2f5ec5b99e18", kill_on_drop: false }`
[INFO] running `Command { std: "docker" "inspect" "6a408bce27c4f676ce00cc6a886875882f16ebd962fdbb6adc7a2f5ec5b99e18", kill_on_drop: false }`
[INFO] running `Command { std: "docker" "exec" "-e" "SOURCE_DIR=/opt/rustwide/workdir" "-e" "CARGO_HOME=/opt/rustwide/cargo-home" "-e" "RUSTUP_HOME=/opt/rustwide/rustup-home" "-e" "CARGO_TARGET_DIR=/opt/rustwide/target" "-w" "/opt/rustwide/workdir" "--user" "0:0" "6a408bce27c4f676ce00cc6a886875882f16ebd962fdbb6adc7a2f5ec5b99e18" "/opt/rustwide/cargo-home/bin/cargo" "+1.100.0-beta.1" "metadata" "--no-deps" "--format-version=1", kill_on_drop: false }`
[INFO] running `Command { std: "docker" "inspect" "6a408bce27c4f676ce00cc6a886875882f16ebd962fdbb6adc7a2f5ec5b99e18", kill_on_drop: false }`
[INFO] running `Command { std: "docker" "exec" "-e" "SOURCE_DIR=/opt/rustwide/workdir" "-e" "CARGO_HOME=/opt/rustwide/cargo-home" "-e" "RUSTUP_HOME=/opt/rustwide/rustup-home" "-e" "CARGO_TARGET_DIR=/opt/rustwide/target" "-e" "CARGO_INCREMENTAL=0" "-e" "RUST_BACKTRACE=full" "-e" "RUSTFLAGS=--cap-lints=warn" "-e" "RUSTDOCFLAGS=--cap-lints=warn" "-w" "/opt/rustwide/workdir" "--user" "0:0" "6a408bce27c4f676ce00cc6a886875882f16ebd962fdbb6adc7a2f5ec5b99e18" "/opt/rustwide/cargo-home/bin/cargo" "+1.100.0-beta.1" "build" "--frozen" "--message-format=json" "--release", kill_on_drop: false }`
[INFO] [stderr]    Compiling libc v0.2.173
[INFO] [stderr]    Compiling cfg-if v1.0.1
[INFO] [stderr]    Compiling proc-macro2 v1.0.95
[INFO] [stderr]    Compiling unicode-ident v1.0.18
[INFO] [stderr]    Compiling version_check v0.9.5
[INFO] [stderr]    Compiling typenum v1.18.0
[INFO] [stderr]    Compiling subtle v2.6.1
[INFO] [stderr]    Compiling shlex v1.3.0
[INFO] [stderr]    Compiling cpufeatures v0.2.17
[INFO] [stderr]    Compiling wasm-bindgen-shared v0.2.100
[INFO] [stderr]    Compiling serde v1.0.219
[INFO] [stderr]    Compiling memchr v2.7.5
[INFO] [stderr]    Compiling glob v0.3.2
[INFO] [stderr]    Compiling semver v1.0.26
[INFO] [stderr]    Compiling log v0.4.27
[INFO] [stderr]    Compiling once_cell v1.21.3
[INFO] [stderr]    Compiling bumpalo v3.18.1
[INFO] [stderr]    Compiling dunce v1.0.5
[INFO] [stderr]    Compiling rustversion v1.0.21
[INFO] [stderr]    Compiling generic-array v0.14.7
[INFO] [stderr]    Compiling serde_json v1.0.140
[INFO] [stderr]    Compiling wasm-bindgen v0.2.100
[INFO] [stderr]    Compiling itoa v1.0.15
[INFO] [stderr]    Compiling ryu v1.0.20
[INFO] [stderr]    Compiling opaque-debug v0.3.1
[INFO] [stderr]    Compiling pin-project-lite v0.2.16
[INFO] [stderr]    Compiling zerocopy v0.8.25
[INFO] [stderr]    Compiling futures-sink v0.3.31
[INFO] [stderr]    Compiling futures-core v0.3.31
[INFO] [stderr]    Compiling pqcrypto-traits v0.3.5
[INFO] [stderr]    Compiling futures-task v0.3.31
[INFO] [stderr]    Compiling signature v2.2.0
[INFO] [stderr]    Compiling thiserror v1.0.69
[INFO] [stderr]    Compiling rustc_version v0.4.1
[INFO] [stderr]    Compiling slab v0.4.10
[INFO] [stderr]    Compiling getrandom v0.3.3
[INFO] [stderr]    Compiling futures-io v0.3.31
[INFO] [stderr]    Compiling futures-channel v0.3.31
[INFO] [stderr]    Compiling base64ct v1.8.0
[INFO] [stderr]    Compiling pin-utils v0.1.0
[INFO] [stderr]    Compiling ed25519 v2.2.3
[INFO] [stderr]    Compiling tracing-core v0.1.34
[INFO] [stderr]    Compiling arrayvec v0.7.6
[INFO] [stderr]    Compiling keccak v0.1.5
[INFO] [stderr]    Compiling anyhow v1.0.98
[INFO] [stderr]    Compiling arrayref v0.3.9
[INFO] [stderr]    Compiling constant_time_eq v0.3.1
[INFO] [stderr]    Compiling lazy_static v1.5.0
[INFO] [stderr]    Compiling hex v0.4.3
[INFO] [stderr]    Compiling base64 v0.21.7
[INFO] [stderr]    Compiling curve25519-dalek v4.1.3
[INFO] [stderr]    Compiling quote v1.0.40
[INFO] [stderr]    Compiling ppv-lite86 v0.2.21
[INFO] [stderr]    Compiling syn v2.0.103
[INFO] [stderr]    Compiling getrandom v0.2.16
[INFO] [stderr]    Compiling uuid v1.17.0
[INFO] [stderr]    Compiling rand_core v0.6.4
[INFO] [stderr]    Compiling jobserver v0.1.33
[INFO] [stderr]    Compiling password-hash v0.5.0
[INFO] [stderr]    Compiling cc v1.2.27
[INFO] [stderr]    Compiling rand_chacha v0.3.1
[INFO] [stderr]    Compiling rand v0.8.5
[INFO] [stderr]    Compiling crypto-common v0.1.6
[INFO] [stderr]    Compiling block-buffer v0.10.4
[INFO] [stderr]    Compiling inout v0.1.4
[INFO] [stderr]    Compiling universal-hash v0.5.1
[INFO] [stderr]    Compiling aead v0.5.2
[INFO] [stderr]    Compiling digest v0.10.7
[INFO] [stderr]    Compiling polyval v0.6.2
[INFO] [stderr]    Compiling poly1305 v0.8.0
[INFO] [stderr]    Compiling sha2 v0.10.9
[INFO] [stderr]    Compiling hmac v0.12.1
[INFO] [stderr]    Compiling blake2 v0.10.6
[INFO] [stderr]    Compiling sha3 v0.10.8
[INFO] [stderr]    Compiling hkdf v0.12.4
[INFO] [stderr]    Compiling ghash v0.5.1
[INFO] [stderr]    Compiling pqcrypto-internals v0.2.10
[INFO] [stderr]    Compiling pqcrypto-dilithium v0.5.0
[INFO] [stderr]    Compiling pqcrypto-hqc v0.2.1
[INFO] [stderr]    Compiling pqcrypto-kyber v0.5.0
[INFO] [stderr]    Compiling blake3 v1.8.2
[INFO] [stderr]    Compiling argon2 v0.5.3
[INFO] [stderr]    Compiling wasm-bindgen-backend v0.2.100
[INFO] [stderr]    Compiling zeroize_derive v1.4.2
[INFO] [stderr]    Compiling serde_derive v1.0.219
[INFO] [stderr]    Compiling curve25519-dalek-derive v0.1.1
[INFO] [stderr]    Compiling futures-macro v0.3.31
[INFO] [stderr]    Compiling thiserror-impl v1.0.69
[INFO] [stderr]    Compiling tracing-attributes v0.1.29
[INFO] [stderr]    Compiling tokio-macros v2.5.0
[INFO] [stderr]    Compiling futures-util v0.3.31
[INFO] [stderr]    Compiling zeroize v1.8.1
[INFO] [stderr]    Compiling tokio v1.45.1
[INFO] [stderr]    Compiling cipher v0.4.4
[INFO] [stderr]    Compiling aes v0.8.4
[INFO] [stderr]    Compiling chacha20 v0.9.1
[INFO] [stderr]    Compiling ctr v0.9.2
[INFO] [stderr]    Compiling tracing v0.1.41
[INFO] [stderr]    Compiling chacha20poly1305 v0.10.1
[INFO] [stderr]    Compiling wasm-bindgen-macro-support v0.2.100
[INFO] [stderr]    Compiling aes-gcm v0.10.3
[INFO] [stderr]    Compiling wasm-bindgen-macro v0.2.100
[INFO] [stderr]    Compiling x25519-dalek v2.0.1
[INFO] [stderr]    Compiling ed25519-dalek v2.1.1
[INFO] [stderr]    Compiling futures-executor v0.3.31
[INFO] [stderr]    Compiling futures v0.3.31
[INFO] [stderr]    Compiling qudag-crypto v0.3.1
[INFO] [stderr]    Compiling js-sys v0.3.77
[INFO] [stderr]    Compiling console_error_panic_hook v0.1.7
[INFO] [stderr]    Compiling web-sys v0.3.77
[INFO] [stderr]    Compiling serde-wasm-bindgen v0.6.5
[INFO] [stderr]    Compiling wasm-bindgen-futures v0.4.50
[INFO] [stderr]    Compiling qudag-wasm v0.1.0 (/opt/rustwide/workdir)
[INFO] [stderr] warning: unused dependency `base64`
[INFO] [stderr]   --> Cargo.toml:10:15
[INFO] [stderr]    |
[INFO] [stderr] 10 | [dependencies.base64]
[INFO] [stderr]    |               ^^^^^^^
[INFO] [stderr]    |
[INFO] [stderr]    = note: `cargo::unused_dependencies` is set to `warn` by default
[INFO] [stderr] help: consider removing the dependency on `base64`
[INFO] [stderr] warning: unused dependency `futures`
[INFO] [stderr]   --> Cargo.toml:27:15
[INFO] [stderr]    |
[INFO] [stderr] 27 | [dependencies.futures]
[INFO] [stderr]    |               ^^^^^^^^
[INFO] [stderr]    |
[INFO] [stderr] help: consider removing the dependency on `futures`
[INFO] [stderr] warning: unused dependency `qudag-crypto`
[INFO] [stderr]    --> Cargo.toml:154:57
[INFO] [stderr]     |
[INFO] [stderr] 154 | [target.'cfg(not(target_arch = "wasm32"))'.dependencies.qudag-crypto]
[INFO] [stderr]     |                                                         ^^^^^^^^^^^^^
[INFO] [stderr]     |
[INFO] [stderr] help: consider removing the dependency on `qudag-crypto`
[INFO] [stderr] warning: unused dependency `tokio`
[INFO] [stderr]    --> Cargo.toml:165:57
[INFO] [stderr]     |
[INFO] [stderr] 165 | [target.'cfg(not(target_arch = "wasm32"))'.dependencies.tokio]
[INFO] [stderr]     |                                                         ^^^^^^
[INFO] [stderr]     |
[INFO] [stderr] help: consider removing the dependency on `tokio`
[INFO] [stderr] warning: unused dependency `uuid`
[INFO] [stderr]   --> Cargo.toml:74:15
[INFO] [stderr]    |
[INFO] [stderr] 74 | [dependencies.uuid]
[INFO] [stderr]    |               ^^^^^
[INFO] [stderr]    |
[INFO] [stderr] help: consider removing the dependency on `uuid`
[INFO] [stderr] warning: unused dependency `wasm-bindgen-futures`
[INFO] [stderr]   --> Cargo.toml:82:15
[INFO] [stderr]    |
[INFO] [stderr] 82 | [dependencies.wasm-bindgen-futures]
[INFO] [stderr]    |               ^^^^^^^^^^^^^^^^^^^^^
[INFO] [stderr]    |
[INFO] [stderr] help: consider removing the dependency on `wasm-bindgen-futures`
[INFO] [stderr] warning: `qudag-wasm` (manifest) generated 6 warnings
[INFO] [stderr]     Finished `release` profile [optimized] target(s) in 1m 06s
[INFO] running `Command { std: "docker" "inspect" "6a408bce27c4f676ce00cc6a886875882f16ebd962fdbb6adc7a2f5ec5b99e18", kill_on_drop: false }`
[INFO] running `Command { std: "docker" "exec" "-e" "SOURCE_DIR=/opt/rustwide/workdir" "-e" "CARGO_HOME=/opt/rustwide/cargo-home" "-e" "RUSTUP_HOME=/opt/rustwide/rustup-home" "-e" "CARGO_TARGET_DIR=/opt/rustwide/target" "-e" "CARGO_INCREMENTAL=0" "-e" "RUST_BACKTRACE=full" "-e" "RUSTFLAGS=--cap-lints=warn" "-e" "RUSTDOCFLAGS=--cap-lints=warn" "-w" "/opt/rustwide/workdir" "--user" "0:0" "6a408bce27c4f676ce00cc6a886875882f16ebd962fdbb6adc7a2f5ec5b99e18" "/opt/rustwide/cargo-home/bin/cargo" "+1.100.0-beta.1" "test" "--frozen" "--no-run" "--message-format=json" "--release", kill_on_drop: false }`
[INFO] [stderr]    Compiling cfg-if v1.0.1
[INFO] [stderr]    Compiling subtle v2.6.1
[INFO] [stderr]    Compiling cpufeatures v0.2.17
[INFO] [stderr]    Compiling memchr v2.7.5
[INFO] [stderr]    Compiling once_cell v1.21.3
[INFO] [stderr]    Compiling libc v0.2.173
[INFO] [stderr]    Compiling typenum v1.18.0
[INFO] [stderr]    Compiling ryu v1.0.20
[INFO] [stderr]    Compiling itoa v1.0.15
[INFO] [stderr]    Compiling opaque-debug v0.3.1
[INFO] [stderr]    Compiling pin-project-lite v0.2.16
[INFO] [stderr]    Compiling zeroize v1.8.1
[INFO] [stderr]    Compiling serde v1.0.219
[INFO] [stderr]    Compiling zerocopy v0.8.25
[INFO] [stderr]    Compiling futures-core v0.3.31
[INFO] [stderr]    Compiling pqcrypto-traits v0.3.5
[INFO] [stderr]    Compiling futures-sink v0.3.31
[INFO] [stderr]    Compiling pin-utils v0.1.0
[INFO] [stderr]    Compiling base64ct v1.8.0
[INFO] [stderr]    Compiling futures-task v0.3.31
[INFO] [stderr]    Compiling signature v2.2.0
[INFO] [stderr]    Compiling slab v0.4.10
[INFO] [stderr]    Compiling futures-io v0.3.31
[INFO] [stderr]    Compiling futures-channel v0.3.31
[INFO] [stderr]    Compiling keccak v0.1.5
[INFO] [stderr]    Compiling ed25519 v2.2.3
[INFO] [stderr]    Compiling arrayref v0.3.9
[INFO] [stderr]    Compiling arrayvec v0.7.6
[INFO] [stderr]    Compiling tracing-core v0.1.34
[INFO] [stderr]    Compiling constant_time_eq v0.3.1
[INFO] [stderr]    Compiling thiserror v1.0.69
[INFO] [stderr]    Compiling hex v0.4.3
[INFO] [stderr]    Compiling lazy_static v1.5.0
[INFO] [stderr]    Compiling blake3 v1.8.2
[INFO] [stderr]    Compiling tokio v1.45.1
[INFO] [stderr]    Compiling anyhow v1.0.98
[INFO] [stderr]    Compiling wasm-bindgen-test-macro v0.3.50
[INFO] [stderr]    Compiling base64 v0.21.7
[INFO] [stderr]    Compiling tracing v0.1.41
[INFO] [stderr]    Compiling getrandom v0.2.16
[INFO] [stderr]    Compiling getrandom v0.3.3
[INFO] [stderr]    Compiling pqcrypto-kyber v0.5.0
[INFO] [stderr]    Compiling futures-util v0.3.31
[INFO] [stderr]    Compiling rand_core v0.6.4
[INFO] [stderr]    Compiling pqcrypto-internals v0.2.10
[INFO] [stderr]    Compiling uuid v1.17.0
[INFO] [stderr]    Compiling generic-array v0.14.7
[INFO] [stderr]    Compiling pqcrypto-dilithium v0.5.0
[INFO] [stderr]    Compiling pqcrypto-hqc v0.2.1
[INFO] [stderr]    Compiling password-hash v0.5.0
[INFO] [stderr]    Compiling ppv-lite86 v0.2.21
[INFO] [stderr]    Compiling crypto-common v0.1.6
[INFO] [stderr]    Compiling block-buffer v0.10.4
[INFO] [stderr]    Compiling inout v0.1.4
[INFO] [stderr]    Compiling universal-hash v0.5.1
[INFO] [stderr]    Compiling aead v0.5.2
[INFO] [stderr]    Compiling digest v0.10.7
[INFO] [stderr]    Compiling cipher v0.4.4
[INFO] [stderr]    Compiling polyval v0.6.2
[INFO] [stderr]    Compiling poly1305 v0.8.0
[INFO] [stderr]    Compiling rand_chacha v0.3.1
[INFO] [stderr]    Compiling curve25519-dalek v4.1.3
[INFO] [stderr]    Compiling hmac v0.12.1
[INFO] [stderr]    Compiling blake2 v0.10.6
[INFO] [stderr]    Compiling sha2 v0.10.9
[INFO] [stderr]    Compiling sha3 v0.10.8
[INFO] [stderr]    Compiling hkdf v0.12.4
[INFO] [stderr]    Compiling ghash v0.5.1
[INFO] [stderr]    Compiling rand v0.8.5
[INFO] [stderr]    Compiling ctr v0.9.2
[INFO] [stderr]    Compiling chacha20 v0.9.1
[INFO] [stderr]    Compiling aes v0.8.4
[INFO] [stderr]    Compiling argon2 v0.5.3
[INFO] [stderr]    Compiling chacha20poly1305 v0.10.1
[INFO] [stderr]    Compiling aes-gcm v0.10.3
[INFO] [stderr]    Compiling futures-executor v0.3.31
[INFO] [stderr]    Compiling futures v0.3.31
[INFO] [stderr]    Compiling x25519-dalek v2.0.1
[INFO] [stderr]    Compiling ed25519-dalek v2.1.1
[INFO] [stderr]    Compiling serde_json v1.0.140
[INFO] [stderr]    Compiling qudag-crypto v0.3.1
[INFO] [stderr]    Compiling wasm-bindgen v0.2.100
[INFO] [stderr]    Compiling js-sys v0.3.77
[INFO] [stderr]    Compiling console_error_panic_hook v0.1.7
[INFO] [stderr]    Compiling wasm-bindgen-futures v0.4.50
[INFO] [stderr]    Compiling serde-wasm-bindgen v0.6.5
[INFO] [stderr]    Compiling web-sys v0.3.77
[INFO] [stderr]    Compiling wasm-bindgen-test v0.3.50
[INFO] [stderr]    Compiling qudag-wasm v0.1.0 (/opt/rustwide/workdir)
[INFO] [stdout] warning: function `test_encoding_roundtrip` is never used
[INFO] [stdout]    --> src/utils.rs:171:8
[INFO] [stdout]     |
[INFO] [stdout] 171 |     fn test_encoding_roundtrip() {
[INFO] [stdout]     |        ^^^^^^^^^^^^^^^^^^^^^^^
[INFO] [stdout]     |
[INFO] [stdout]     = note: `#[warn(dead_code)]` (part of `#[warn(unused)]`) on by default
[INFO] [stdout] 
[INFO] [stdout] 
[INFO] [stdout] warning: function `test_validation` is never used
[INFO] [stdout]    --> src/utils.rs:181:8
[INFO] [stdout]     |
[INFO] [stdout] 181 |     fn test_validation() {
[INFO] [stdout]     |        ^^^^^^^^^^^^^^^
[INFO] [stdout] 
[INFO] [stdout] 
[INFO] [stdout] error[E0432]: unresolved import `qudag_wasm::crypto_traits`
[INFO] [stdout]  --> tests/crypto_abstraction_tests.rs:5:21
[INFO] [stdout]   |
[INFO] [stdout] 5 |     use qudag_wasm::crypto_traits::*;
[INFO] [stdout]   |                     ^^^^^^^^^^^^^ could not find `crypto_traits` in `qudag_wasm`
[INFO] [stdout] 
[INFO] [stdout] 
[INFO] [stdout] error[E0432]: unresolved import `qudag_wasm::crypto_unified`
[INFO] [stdout]  --> tests/crypto_abstraction_tests.rs:6:21
[INFO] [stdout]   |
[INFO] [stdout] 6 |     use qudag_wasm::crypto_unified::*;
[INFO] [stdout]   |                     ^^^^^^^^^^^^^^ could not find `crypto_unified` in `qudag_wasm`
[INFO] [stdout] 
[INFO] [stdout] 
[INFO] [stdout] error[E0432]: unresolved import `CryptoAbstractionError`
[INFO] [stdout]    --> tests/crypto_abstraction_tests.rs:140:13
[INFO] [stdout]     |
[INFO] [stdout] 140 |         use CryptoAbstractionError::*;
[INFO] [stdout]     |             ^^^^^^^^^^^^^^^^^^^^^^ use of undeclared type `CryptoAbstractionError`
[INFO] [stdout] 
[INFO] [stdout] 
[INFO] [stdout] error[E0432]: unresolved import `qudag_wasm::crypto_unified`
[INFO] [stdout]  --> examples/unified_crypto_example.rs:3:17
[INFO] [stdout]   |
[INFO] [stdout] 3 | use qudag_wasm::crypto_unified::{
[INFO] [stdout]   |                 ^^^^^^^^^^^^^^ could not find `crypto_unified` in `qudag_wasm`
[INFO] [stdout] 
[INFO] [stdout] 
[INFO] [stdout] For more information about this error, try `rustc --explain E0432`.
[INFO] [stdout] 
[INFO] [stderr] error: could not compile `qudag-wasm` (example "unified_crypto_example") due to 1 previous error
[INFO] [stderr] warning: build failed, waiting for other jobs to finish...
[INFO] [stdout] For more information about this error, try `rustc --explain E0432`.
[INFO] [stdout] 
[INFO] [stderr] error: could not compile `qudag-wasm` (test "crypto_abstraction_tests") due to 3 previous errors
[INFO] [stderr] warning: unused dependency `base64`
[INFO] [stderr]   --> Cargo.toml:10:15
[INFO] [stderr]    |
[INFO] [stderr] 10 | [dependencies.base64]
[INFO] [stderr]    |               ^^^^^^^
[INFO] [stderr]    |
[INFO] [stderr]    = note: `cargo::unused_dependencies` is set to `warn` by default
[INFO] [stderr] help: consider removing the dependency on `base64`
[INFO] [stderr] warning: unused dependency `futures`
[INFO] [stderr]   --> Cargo.toml:27:15
[INFO] [stderr]    |
[INFO] [stderr] 27 | [dependencies.futures]
[INFO] [stderr]    |               ^^^^^^^^
[INFO] [stderr]    |
[INFO] [stderr] help: consider removing the dependency on `futures`
[INFO] [stderr] warning: unused dependency `qudag-crypto`
[INFO] [stderr]    --> Cargo.toml:154:57
[INFO] [stderr]     |
[INFO] [stderr] 154 | [target.'cfg(not(target_arch = "wasm32"))'.dependencies.qudag-crypto]
[INFO] [stderr]     |                                                         ^^^^^^^^^^^^^
[INFO] [stderr]     |
[INFO] [stderr] help: consider removing the dependency on `qudag-crypto`
[INFO] [stderr] warning: unused dependency `tokio`
[INFO] [stderr]    --> Cargo.toml:165:57
[INFO] [stderr]     |
[INFO] [stderr] 165 | [target.'cfg(not(target_arch = "wasm32"))'.dependencies.tokio]
[INFO] [stderr]     |                                                         ^^^^^^
[INFO] [stderr]     |
[INFO] [stderr] help: consider removing the dependency on `tokio`
[INFO] [stderr] warning: unused dependency `uuid`
[INFO] [stderr]   --> Cargo.toml:74:15
[INFO] [stderr]    |
[INFO] [stderr] 74 | [dependencies.uuid]
[INFO] [stderr]    |               ^^^^^
[INFO] [stderr]    |
[INFO] [stderr] help: consider removing the dependency on `uuid`
[INFO] [stderr] warning: unused dependency `wasm-bindgen-futures`
[INFO] [stderr]   --> Cargo.toml:82:15
[INFO] [stderr]    |
[INFO] [stderr] 82 | [dependencies.wasm-bindgen-futures]
[INFO] [stderr]    |               ^^^^^^^^^^^^^^^^^^^^^
[INFO] [stderr]    |
[INFO] [stderr] help: consider removing the dependency on `wasm-bindgen-futures`
[INFO] [stderr] warning: `qudag-wasm` (manifest) generated 6 warnings
[INFO] running `Command { std: "docker" "inspect" "6a408bce27c4f676ce00cc6a886875882f16ebd962fdbb6adc7a2f5ec5b99e18", kill_on_drop: false }`
[INFO] running `Command { std: "docker" "rm" "-f" "6a408bce27c4f676ce00cc6a886875882f16ebd962fdbb6adc7a2f5ec5b99e18", kill_on_drop: false }`
[INFO] [stdout] 6a408bce27c4f676ce00cc6a886875882f16ebd962fdbb6adc7a2f5ec5b99e18
