[INFO] fetching crate qubip_aurora 0.12.0...
[INFO] testing qubip_aurora-0.12.0 against 1.99.0-beta.8+cargoflags=--release for beta-release-1.100-2
[INFO] extracting crate qubip_aurora 0.12.0 into /workspace/builds/worker-3-tc1/source
[INFO] started tweaking crates.io crate qubip_aurora 0.12.0
[INFO] removed 0 missing tests
[INFO] finished tweaking crates.io crate qubip_aurora 0.12.0
[INFO] tweaked toml for crates.io crate qubip_aurora 0.12.0 written to /workspace/builds/worker-3-tc1/source/Cargo.toml
[INFO] validating manifest of crates.io crate qubip_aurora 0.12.0 on toolchain 1.99.0-beta.8
[INFO] running `Command { std: CARGO_HOME="/workspace/cargo-home" RUSTUP_HOME="/workspace/rustup-home" "/workspace/cargo-home/bin/cargo" "+1.99.0-beta.8" "metadata" "--manifest-path" "Cargo.toml" "--no-deps", kill_on_drop: false }`
[INFO] crate crates.io crate qubip_aurora 0.12.0 already has a lockfile, it will not be regenerated
[INFO] running `Command { std: CARGO_HOME="/workspace/cargo-home" RUSTUP_HOME="/workspace/rustup-home" "/workspace/cargo-home/bin/cargo" "+1.99.0-beta.8" "fetch" "--manifest-path" "Cargo.toml", kill_on_drop: false }`
[INFO] [stderr]     Updating crates.io index
[INFO] [stderr]  Downloading crates ...
[INFO] [stderr]   Downloaded cc v1.2.66
[INFO] [stderr]   Downloaded hybrid-array v0.4.13
[INFO] [stderr]   Downloaded bitvec-nom2 v0.2.1
[INFO] [stderr]   Downloaded sponge-cursor v0.1.0
[INFO] [stderr]   Downloaded num v0.4.3
[INFO] [stderr]   Downloaded libcrux-macros v0.0.3
[INFO] [stderr]   Downloaded function_name-proc-macro v0.3.0
[INFO] [stderr]   Downloaded libcrux-kem v0.0.8
[INFO] [stderr]   Downloaded libcrux-platform v0.0.3
[INFO] [stderr]   Downloaded libcrux-curve25519 v0.0.7
[INFO] [stderr]   Downloaded rasn-derive v0.27.4
[INFO] [stderr]   Downloaded pqcrypto-traits v0.3.5
[INFO] [stderr]   Downloaded function_name v0.3.0
[INFO] [stderr]   Downloaded hax-lib-macros-types v0.3.6
[INFO] [stderr]   Downloaded libcrux-intrinsics v0.0.7
[INFO] [stderr]   Downloaded env_filter v2.0.0
[INFO] [stderr]   Downloaded constcat v0.6.1
[INFO] [stderr]   Downloaded asn1_derive v0.24.1
[INFO] [stderr]   Downloaded slh-dsa v0.2.0-rc.5
[INFO] [stderr]   Downloaded snafu-derive v0.8.9
[INFO] [stderr]   Downloaded libcrux-traits v0.0.7
[INFO] [stderr]   Downloaded libcrux-secrets v0.0.5
[INFO] [stderr]   Downloaded libcrux-p256 v0.0.7
[INFO] [stderr]   Downloaded env_logger v0.11.11
[INFO] [stderr]   Downloaded hax-lib-macros v0.3.6
[INFO] [stderr]   Downloaded libcrux-sha2 v0.0.7
[INFO] [stderr]   Downloaded generic-array v1.4.3
[INFO] [stderr]   Downloaded ml-dsa v0.1.1
[INFO] [stderr]   Downloaded module-lattice v0.2.3
[INFO] [stderr]   Downloaded libcrux-hacl-rs v0.0.5
[INFO] [stderr]   Downloaded anyhow v1.0.103
[INFO] [stderr]   Downloaded rasn-derive-impl v0.27.4
[INFO] [stderr]   Downloaded pqcrypto-internals v0.2.11
[INFO] [stderr]   Downloaded libcrux-sha3 v0.0.9
[INFO] [stderr]   Downloaded core-models v0.0.6
[INFO] [stderr]   Downloaded portable-atomic-util v0.2.7
[INFO] [stderr]   Downloaded xml-no-std v0.8.26
[INFO] [stderr]   Downloaded asn1 v0.24.1
[INFO] [stderr]   Downloaded snafu v0.8.9
[INFO] [stderr]   Downloaded openssl_provider_forge v0.10.0
[INFO] [stderr]   Downloaded toml_edit v0.25.12+spec-1.1.0
[INFO] [stderr]   Downloaded libcrux-ecdh v0.0.7
[INFO] [stderr]   Downloaded jiff-static v0.2.31
[INFO] [stderr]   Downloaded slhdsa-c-rs v0.0.5
[INFO] [stderr]   Downloaded zerocopy-derive v0.8.54
[INFO] [stderr]   Downloaded libcrux-ml-kem v0.0.9
[INFO] [stderr]   Downloaded rasn-compiler v0.16.0
[INFO] [stderr]   Downloaded hax-lib v0.3.6
[INFO] [stderr]   Downloaded git2 v0.20.4
[INFO] [stderr]   Downloaded rasn v0.27.0
[INFO] [stderr]   Downloaded zerocopy v0.8.54
[INFO] [stderr]   Downloaded shake v0.1.0
[INFO] [stderr]   Downloaded sha3 v0.11.0
[INFO] [stderr]   Downloaded jiff v0.2.31
[INFO] [stderr]   Downloaded libgit2-sys v0.18.5+1.9.4
[INFO] [stderr]   Downloaded pqcrypto-mldsa v0.1.2
[INFO] [stderr]   Downloaded mldsa-native-rs v0.0.1-alpha.6
[INFO] running `Command { std: "docker" "create" "-v" "/var/lib/crater-agent-workspace/builds/worker-3-tc1/source:/opt/rustwide/workdir:ro,Z" "-v" "/var/lib/crater-agent-workspace/builds/worker-3-tc1/target:/opt/rustwide/target:rw,Z" "-v" "/var/lib/crater-agent-workspace/cargo-home:/opt/rustwide/cargo-home:ro,Z" "-v" "/var/lib/crater-agent-workspace/rustup-home:/opt/rustwide/rustup-home:ro,Z" "-m" "1610612736" "--network" "none" "ghcr.io/rust-lang/crates-build-env/linux@sha256:77db811e55d90add9212f6832c23229e3de5f1c1f9905e8cb07319ea15df73ac" "sleep" "infinity", kill_on_drop: false }`
[INFO] [stdout] 7e7a08dba966a6f7e4a82929cba4b554ad47fce592c3ac3069333f34267bf351
[INFO] running `Command { std: "docker" "start" "7e7a08dba966a6f7e4a82929cba4b554ad47fce592c3ac3069333f34267bf351", kill_on_drop: false }`
[INFO] running `Command { std: "docker" "inspect" "7e7a08dba966a6f7e4a82929cba4b554ad47fce592c3ac3069333f34267bf351", kill_on_drop: false }`
[INFO] running `Command { std: "docker" "exec" "-e" "SOURCE_DIR=/opt/rustwide/workdir" "-e" "CARGO_HOME=/opt/rustwide/cargo-home" "-e" "RUSTUP_HOME=/opt/rustwide/rustup-home" "-e" "CARGO_TARGET_DIR=/opt/rustwide/target" "-w" "/opt/rustwide/workdir" "--user" "0:0" "7e7a08dba966a6f7e4a82929cba4b554ad47fce592c3ac3069333f34267bf351" "/opt/rustwide/cargo-home/bin/cargo" "+1.99.0-beta.8" "metadata" "--no-deps" "--format-version=1", kill_on_drop: false }`
[INFO] running `Command { std: "docker" "inspect" "7e7a08dba966a6f7e4a82929cba4b554ad47fce592c3ac3069333f34267bf351", kill_on_drop: false }`
[INFO] running `Command { std: "docker" "exec" "-e" "SOURCE_DIR=/opt/rustwide/workdir" "-e" "CARGO_HOME=/opt/rustwide/cargo-home" "-e" "RUSTUP_HOME=/opt/rustwide/rustup-home" "-e" "CARGO_TARGET_DIR=/opt/rustwide/target" "-e" "CARGO_INCREMENTAL=0" "-e" "RUST_BACKTRACE=full" "-e" "RUSTFLAGS=--cap-lints=warn" "-e" "RUSTDOCFLAGS=--cap-lints=warn" "-w" "/opt/rustwide/workdir" "--user" "0:0" "7e7a08dba966a6f7e4a82929cba4b554ad47fce592c3ac3069333f34267bf351" "/opt/rustwide/cargo-home/bin/cargo" "+1.99.0-beta.8" "build" "--frozen" "--message-format=json" "--release", kill_on_drop: false }`
[INFO] [stderr]    Compiling quote v1.0.46
[INFO] [stderr]    Compiling libc v0.2.186
[INFO] [stderr]    Compiling stable_deref_trait v1.2.1
[INFO] [stderr]    Compiling cpufeatures v0.3.0
[INFO] [stderr]    Compiling cfg-if v1.0.4
[INFO] [stderr]    Compiling litemap v0.8.2
[INFO] [stderr]    Compiling writeable v0.6.3
[INFO] [stderr]    Compiling memchr v2.8.3
[INFO] [stderr]    Compiling pkg-config v0.3.33
[INFO] [stderr]    Compiling icu_normalizer_data v2.1.1
[INFO] [stderr]    Compiling icu_properties_data v2.1.2
[INFO] [stderr]    Compiling hax-lib v0.3.6
[INFO] [stderr]    Compiling regex-syntax v0.8.11
[INFO] [stderr]    Compiling chacha20 v0.10.1
[INFO] [stderr]    Compiling num-traits v0.2.19
[INFO] [stderr]    Compiling glob v0.3.3
[INFO] [stderr]    Compiling syn v2.0.118
[INFO] [stderr]    Compiling bitflags v2.13.0
[INFO] [stderr]    Compiling either v1.16.0
[INFO] [stderr]    Compiling smallvec v1.15.2
[INFO] [stderr]    Compiling log v0.4.33
[INFO] [stderr]    Compiling itertools v0.13.0
[INFO] [stderr]    Compiling clang-sys v1.8.1
[INFO] [stderr]    Compiling const-oid v0.10.2
[INFO] [stderr]    Compiling prettyplease v0.2.37
[INFO] [stderr]    Compiling hybrid-array v0.4.13
[INFO] [stderr]    Compiling jobserver v0.1.35
[INFO] [stderr]    Compiling getrandom v0.4.3
[INFO] [stderr]    Compiling cc v1.2.66
[INFO] [stderr]    Compiling regex-automata v0.4.14
[INFO] [stderr]    Compiling rand v0.10.2
[INFO] [stderr]    Compiling minimal-lexical v0.2.1
[INFO] [stderr]    Compiling percent-encoding v2.3.2
[INFO] [stderr]    Compiling form_urlencoded v1.2.2
[INFO] [stderr]    Compiling nom v7.1.3
[INFO] [stderr]    Compiling libloading v0.8.9
[INFO] [stderr]    Compiling cmov v0.5.4
[INFO] [stderr]    Compiling bindgen v0.72.1
[INFO] [stderr]    Compiling ctutils v0.4.2
[INFO] [stderr]    Compiling block-buffer v0.12.1
[INFO] [stderr]    Compiling crypto-common v0.2.2
[INFO] [stderr]    Compiling zeroize v1.9.0
[INFO] [stderr]    Compiling rustc-hash v2.1.3
[INFO] [stderr]    Compiling libz-sys v1.1.29
[INFO] [stderr]    Compiling libgit2-sys v0.18.5+1.9.4
[INFO] [stderr]    Compiling regex v1.12.4
[INFO] [stderr]    Compiling cexpr v0.6.0
[INFO] [stderr]    Compiling num-integer v0.1.46
[INFO] [stderr]    Compiling winnow v1.0.3
[INFO] [stderr]    Compiling digest v0.11.3
[INFO] [stderr]    Compiling indexmap v2.14.0
[INFO] [stderr]    Compiling radium v0.7.0
[INFO] [stderr]    Compiling libcrux-intrinsics v0.0.7
[INFO] [stderr]    Compiling num-rational v0.4.2
[INFO] [stderr]    Compiling synstructure v0.13.2
[INFO] [stderr]    Compiling num-iter v0.1.46
[INFO] [stderr]    Compiling aho-corasick v1.1.4
[INFO] [stderr]    Compiling num-complex v0.4.6
[INFO] [stderr]    Compiling zmij v1.0.21
[INFO] [stderr]    Compiling toml_parser v1.1.2+spec-1.1.0
[INFO] [stderr]    Compiling iana-time-zone v0.1.65
[INFO] [stderr]    Compiling tap v1.0.1
[INFO] [stderr]    Compiling libcrux-sha3 v0.0.9
[INFO] [stderr]    Compiling toml_edit v0.25.12+spec-1.1.0
[INFO] [stderr]    Compiling serde_core v1.0.228
[INFO] [stderr]    Compiling chrono v0.4.45
[INFO] [stderr]    Compiling zerofrom-derive v0.1.7
[INFO] [stderr]    Compiling yoke-derive v0.8.2
[INFO] [stderr]    Compiling zerovec-derive v0.11.3
[INFO] [stderr]    Compiling zerofrom v0.1.8
[INFO] [stderr]    Compiling displaydoc v0.2.6
[INFO] [stderr]    Compiling hax-lib-macros v0.3.6
[INFO] [stderr]    Compiling yoke v0.8.3
[INFO] [stderr]    Compiling libcrux-macros v0.0.3
[INFO] [stderr]    Compiling zerovec v0.11.6
[INFO] [stderr]    Compiling libcrux-hacl-rs v0.0.5
[INFO] [stderr]    Compiling libcrux-secrets v0.0.5
[INFO] [stderr]    Compiling zerotrie v0.2.4
[INFO] [stderr]    Compiling libcrux-traits v0.0.7
[INFO] [stderr]    Compiling tinystr v0.8.3
[INFO] [stderr]    Compiling potential_utf v0.1.5
[INFO] [stderr]    Compiling icu_collections v2.1.1
[INFO] [stderr]    Compiling icu_locale_core v2.1.1
[INFO] [stderr]    Compiling proc-macro-crate v3.5.0
[INFO] [stderr]    Compiling icu_provider v2.1.1
[INFO] [stderr]    Compiling wyz v0.5.1
[INFO] [stderr]    Compiling icu_normalizer v2.1.1
[INFO] [stderr]    Compiling icu_properties v2.1.2
[INFO] [stderr]    Compiling num v0.4.3
[INFO] [stderr]    Compiling uuid v1.23.4
[INFO] [stderr]    Compiling curve25519-dalek v5.0.0
[INFO] [stderr]    Compiling der v0.8.0
[INFO] [stderr]    Compiling idna_adapter v1.2.1
[INFO] [stderr]    Compiling idna v1.1.0
[INFO] [stderr]    Compiling url v2.5.8
[INFO] [stderr]    Compiling libcrux-platform v0.0.3
[INFO] [stderr]    Compiling nom v8.0.0
[INFO] [stderr]    Compiling funty v2.0.0
[INFO] [stderr]    Compiling serde_json v1.0.150
[INFO] [stderr]    Compiling libcrux-ml-kem v0.0.9
[INFO] [stderr]    Compiling zerocopy v0.8.54
[INFO] [stderr]    Compiling libcrux-sha2 v0.0.7
[INFO] [stderr]    Compiling anyhow v1.0.103
[INFO] [stderr]    Compiling bitvec v1.1.1
[INFO] [stderr]    Compiling libcrux-p256 v0.0.7
[INFO] [stderr]    Compiling libcrux-curve25519 v0.0.7
[INFO] [stderr]    Compiling snafu-derive v0.8.9
[INFO] [stderr]    Compiling rasn-compiler v0.16.0
[INFO] [stderr]    Compiling spki v0.8.0
[INFO] [stderr]    Compiling slhdsa-c-rs v0.0.5
[INFO] [stderr]    Compiling rasn-derive-impl v0.27.4
[INFO] [stderr]    Compiling num_enum_derive v0.7.6
[INFO] [stderr]    Compiling zerocopy-derive v0.8.54
[INFO] [stderr]    Compiling curve25519-dalek-derive v0.1.1
[INFO] [stderr]    Compiling generic-array v1.4.3
[INFO] [stderr]    Compiling sha2 v0.11.0
[INFO] [stderr]    Compiling keccak v0.2.0
[INFO] [stderr]    Compiling function_name-proc-macro v0.3.0
[INFO] [stderr]    Compiling openssl_provider_forge v0.10.0
[INFO] [stderr]    Compiling anstream v1.0.0
[INFO] [stderr]    Compiling function_name v0.3.0
[INFO] [stderr]    Compiling sha3 v0.11.0
[INFO] [stderr]    Compiling num-bigint v0.4.8
[INFO] [stderr]    Compiling num_enum v0.7.6
[INFO] [stderr]    Compiling rasn-derive v0.27.4
[INFO] [stderr]    Compiling snafu v0.8.9
[INFO] [stderr]    Compiling env_filter v2.0.0
[INFO] [stderr]    Compiling bitvec-nom2 v0.2.1
[INFO] [stderr]    Compiling libcrux-ecdh v0.0.7
[INFO] [stderr]    Compiling pkcs8 v0.11.0
[INFO] [stderr]    Compiling asn1_derive v0.24.1
[INFO] [stderr]    Compiling ed25519 v3.0.0
[INFO] [stderr]    Compiling hmac v0.13.0
[INFO] [stderr]    Compiling once_cell v1.21.4
[INFO] [stderr]    Compiling bytes v1.12.1
[INFO] [stderr]    Compiling base64 v0.22.1
[INFO] [stderr]    Compiling xml-no-std v0.8.26
[INFO] [stderr]    Compiling jiff v0.2.31
[INFO] [stderr]    Compiling slh-dsa v0.2.0-rc.5
[INFO] [stderr]    Compiling rasn v0.27.0
[INFO] [stderr]    Compiling pem v3.0.6
[INFO] [stderr]    Compiling ed25519-dalek v3.0.0
[INFO] [stderr]    Compiling asn1 v0.24.1
[INFO] [stderr]    Compiling libcrux-kem v0.0.8
[INFO] [stderr]    Compiling itertools v0.15.0
[INFO] [stderr]    Compiling constcat v0.6.1
[INFO] [stderr]    Compiling env_logger v0.11.11
[INFO] [stderr]    Compiling git2 v0.20.4
[INFO] [stderr]    Compiling built v0.8.0
[INFO] [stderr]    Compiling mldsa-native-rs v0.0.1-alpha.6
[INFO] [stderr]    Compiling qubip_aurora v0.12.0 (/opt/rustwide/workdir)
[INFO] [stderr] warning: qubip_aurora@0.12.0: This project is NOT production-ready. (Requested PROFILE="release").
[INFO] [stderr] warning: qubip_aurora@0.12.0: Failed to get git describe
[INFO] [stdout] warning: unused imports: `concat_cstr`, `log_target`, and `str_to_cstr`
[INFO] [stdout]   --> src/lib.rs:10:26
[INFO] [stdout]    |
[INFO] [stdout] 10 | pub(crate) use helpers::{concat_cstr, handleResult, log_target, named, str_to_cstr};
[INFO] [stdout]    |                          ^^^^^^^^^^^                ^^^^^^^^^^         ^^^^^^^^^^^
[INFO] [stdout]    |
[INFO] [stdout]    = note: `#[warn(unused_imports)]` (part of `#[warn(unused)]`) on by default
[INFO] [stdout] 
[INFO] [stdout] 
[INFO] [stdout] warning: unused import: `handleResult`
[INFO] [stdout]  --> src/adapters/libcrux.rs:8:14
[INFO] [stdout]   |
[INFO] [stdout] 8 | use aurora::{handleResult, named};
[INFO] [stdout]   |              ^^^^^^^^^^^^
[INFO] [stdout] 
[INFO] [stdout] 
[INFO] [stdout] warning: unused import: `handleResult`
[INFO] [stdout]   --> src/adapters/mldsa_native.rs:10:14
[INFO] [stdout]    |
[INFO] [stdout] 10 | use aurora::{handleResult, named};
[INFO] [stdout]    |              ^^^^^^^^^^^^
[INFO] [stdout] 
[INFO] [stdout] 
[INFO] [stdout] warning: unused import: `handleResult`
[INFO] [stdout]   --> src/adapters/rustcrypto.rs:10:14
[INFO] [stdout]    |
[INFO] [stdout] 10 | use aurora::{handleResult, named};
[INFO] [stdout]    |              ^^^^^^^^^^^^
[INFO] [stdout] 
[INFO] [stdout] 
[INFO] [stdout] warning: unused import: `handleResult`
[INFO] [stdout]   --> src/adapters/slhdsa_c.rs:10:14
[INFO] [stdout]    |
[INFO] [stdout] 10 | use aurora::{handleResult, named};
[INFO] [stdout]    |              ^^^^^^^^^^^^
[INFO] [stdout] 
[INFO] [stdout] 
[INFO] [stderr]     Finished `release` profile [optimized] target(s) in 5m 59s
[INFO] running `Command { std: "docker" "inspect" "7e7a08dba966a6f7e4a82929cba4b554ad47fce592c3ac3069333f34267bf351", kill_on_drop: false }`
[INFO] running `Command { std: "docker" "exec" "-e" "SOURCE_DIR=/opt/rustwide/workdir" "-e" "CARGO_HOME=/opt/rustwide/cargo-home" "-e" "RUSTUP_HOME=/opt/rustwide/rustup-home" "-e" "CARGO_TARGET_DIR=/opt/rustwide/target" "-e" "CARGO_INCREMENTAL=0" "-e" "RUST_BACKTRACE=full" "-e" "RUSTFLAGS=--cap-lints=warn" "-e" "RUSTDOCFLAGS=--cap-lints=warn" "-w" "/opt/rustwide/workdir" "--user" "0:0" "7e7a08dba966a6f7e4a82929cba4b554ad47fce592c3ac3069333f34267bf351" "/opt/rustwide/cargo-home/bin/cargo" "+1.99.0-beta.8" "test" "--frozen" "--no-run" "--message-format=json" "--release", kill_on_drop: false }`
[INFO] [stderr]    Compiling regex-syntax v0.8.11
[INFO] [stderr]    Compiling serde_core v1.0.228
[INFO] [stderr]    Compiling bitflags v2.13.0
[INFO] [stderr]    Compiling serde_json v1.0.150
[INFO] [stderr]    Compiling rustix v1.1.4
[INFO] [stderr]    Compiling linux-raw-sys v0.12.1
[INFO] [stderr]    Compiling once_cell v1.21.4
[INFO] [stderr] warning: qubip_aurora@0.12.0: This project is NOT production-ready. (Requested PROFILE="release").
[INFO] [stderr] warning: qubip_aurora@0.12.0: Failed to get git describe
[INFO] [stderr]    Compiling openssl_provider_forge v0.10.0
[INFO] [stderr]    Compiling regex-automata v0.4.14
[INFO] [stderr]    Compiling tempfile v3.27.0
[INFO] [stderr]    Compiling rasn v0.27.0
[INFO] [stderr]    Compiling regex v1.12.4
[INFO] [stderr]    Compiling env_filter v2.0.0
[INFO] [stderr]    Compiling env_logger v0.11.11
[INFO] [stderr]    Compiling qubip_aurora v0.12.0 (/opt/rustwide/workdir)
[INFO] [stdout] error[E0432]: unresolved import `wycheproof`
[INFO] [stdout]    --> src/adapters/mldsa_native/MLDSA44.rs:413:9
[INFO] [stdout]     |
[INFO] [stdout] 413 |     use wycheproof::mldsa_verify;
[INFO] [stdout]     |         ^^^^^^^^^^ use of unresolved module or unlinked crate `wycheproof`
[INFO] [stdout]     |
[INFO] [stdout]     = help: if you wanted to use a crate named `wycheproof`, use `cargo add wycheproof` to add it to your `Cargo.toml`
[INFO] [stdout] 
[INFO] [stdout] 
[INFO] [stdout] error[E0432]: unresolved import `wycheproof`
[INFO] [stdout]    --> src/adapters/mldsa_native/MLDSA44.rs:426:9
[INFO] [stdout]     |
[INFO] [stdout] 426 |     use wycheproof::mldsa_sign;
[INFO] [stdout]     |         ^^^^^^^^^^ use of unresolved module or unlinked crate `wycheproof`
[INFO] [stdout]     |
[INFO] [stdout]     = help: if you wanted to use a crate named `wycheproof`, use `cargo add wycheproof` to add it to your `Cargo.toml`
[INFO] [stdout] 
[INFO] [stdout] 
[INFO] [stdout] error[E0432]: unresolved import `wycheproof`
[INFO] [stdout]    --> src/adapters/mldsa_native/MLDSA44_Ed25519.rs:372:9
[INFO] [stdout]     |
[INFO] [stdout] 372 |     use wycheproof::composite_mldsa_verify;
[INFO] [stdout]     |         ^^^^^^^^^^ use of unresolved module or unlinked crate `wycheproof`
[INFO] [stdout]     |
[INFO] [stdout]     = help: if you wanted to use a crate named `wycheproof`, use `cargo add wycheproof` to add it to your `Cargo.toml`
[INFO] [stdout] 
[INFO] [stdout] 
[INFO] [stdout] error[E0432]: unresolved import `wycheproof`
[INFO] [stdout]    --> src/adapters/mldsa_native/MLDSA44_Ed25519.rs:392:9
[INFO] [stdout]     |
[INFO] [stdout] 392 |     use wycheproof::composite_mldsa_sign;
[INFO] [stdout]     |         ^^^^^^^^^^ use of unresolved module or unlinked crate `wycheproof`
[INFO] [stdout]     |
[INFO] [stdout]     = help: if you wanted to use a crate named `wycheproof`, use `cargo add wycheproof` to add it to your `Cargo.toml`
[INFO] [stdout] 
[INFO] [stdout] 
[INFO] [stdout] error[E0432]: unresolved import `wycheproof`
[INFO] [stdout]    --> src/adapters/mldsa_native/MLDSA65.rs:413:9
[INFO] [stdout]     |
[INFO] [stdout] 413 |     use wycheproof::mldsa_verify;
[INFO] [stdout]     |         ^^^^^^^^^^ use of unresolved module or unlinked crate `wycheproof`
[INFO] [stdout]     |
[INFO] [stdout]     = help: if you wanted to use a crate named `wycheproof`, use `cargo add wycheproof` to add it to your `Cargo.toml`
[INFO] [stdout] 
[INFO] [stdout] 
[INFO] [stdout] error[E0432]: unresolved import `wycheproof`
[INFO] [stdout]    --> src/adapters/mldsa_native/MLDSA65.rs:426:9
[INFO] [stdout]     |
[INFO] [stdout] 426 |     use wycheproof::mldsa_sign;
[INFO] [stdout]     |         ^^^^^^^^^^ use of unresolved module or unlinked crate `wycheproof`
[INFO] [stdout]     |
[INFO] [stdout]     = help: if you wanted to use a crate named `wycheproof`, use `cargo add wycheproof` to add it to your `Cargo.toml`
[INFO] [stdout] 
[INFO] [stdout] 
[INFO] [stdout] error[E0432]: unresolved import `wycheproof`
[INFO] [stdout]    --> src/adapters/mldsa_native/MLDSA65_Ed25519.rs:372:9
[INFO] [stdout]     |
[INFO] [stdout] 372 |     use wycheproof::composite_mldsa_verify;
[INFO] [stdout]     |         ^^^^^^^^^^ use of unresolved module or unlinked crate `wycheproof`
[INFO] [stdout]     |
[INFO] [stdout]     = help: if you wanted to use a crate named `wycheproof`, use `cargo add wycheproof` to add it to your `Cargo.toml`
[INFO] [stdout] 
[INFO] [stdout] 
[INFO] [stdout] error[E0432]: unresolved import `wycheproof`
[INFO] [stdout]    --> src/adapters/mldsa_native/MLDSA65_Ed25519.rs:392:9
[INFO] [stdout]     |
[INFO] [stdout] 392 |     use wycheproof::composite_mldsa_sign;
[INFO] [stdout]     |         ^^^^^^^^^^ use of unresolved module or unlinked crate `wycheproof`
[INFO] [stdout]     |
[INFO] [stdout]     = help: if you wanted to use a crate named `wycheproof`, use `cargo add wycheproof` to add it to your `Cargo.toml`
[INFO] [stdout] 
[INFO] [stdout] 
[INFO] [stdout] error[E0432]: unresolved import `wycheproof`
[INFO] [stdout]    --> src/adapters/mldsa_native/MLDSA87.rs:408:9
[INFO] [stdout]     |
[INFO] [stdout] 408 |     use wycheproof::mldsa_verify;
[INFO] [stdout]     |         ^^^^^^^^^^ use of unresolved module or unlinked crate `wycheproof`
[INFO] [stdout]     |
[INFO] [stdout]     = help: if you wanted to use a crate named `wycheproof`, use `cargo add wycheproof` to add it to your `Cargo.toml`
[INFO] [stdout] 
[INFO] [stdout] 
[INFO] [stdout] error[E0432]: unresolved import `wycheproof`
[INFO] [stdout]    --> src/adapters/mldsa_native/MLDSA87.rs:421:9
[INFO] [stdout]     |
[INFO] [stdout] 421 |     use wycheproof::mldsa_sign;
[INFO] [stdout]     |         ^^^^^^^^^^ use of unresolved module or unlinked crate `wycheproof`
[INFO] [stdout]     |
[INFO] [stdout]     = help: if you wanted to use a crate named `wycheproof`, use `cargo add wycheproof` to add it to your `Cargo.toml`
[INFO] [stdout] 
[INFO] [stdout] 
[INFO] [stdout] error[E0432]: unresolved import `wycheproof`
[INFO] [stdout]  --> src/adapters/common/wycheproof.rs:6:5
[INFO] [stdout]   |
[INFO] [stdout] 6 | use wycheproof::{
[INFO] [stdout]   |     ^^^^^^^^^^
[INFO] [stdout]   |
[INFO] [stdout] help: a similar path exists
[INFO] [stdout]   |
[INFO] [stdout] 6 | use super::wycheproof::{
[INFO] [stdout]   |     +++++++
[INFO] [stdout] 
[INFO] [stdout] 
[INFO] [stdout] warning: unused imports: `concat_cstr`, `log_target`, and `str_to_cstr`
[INFO] [stdout]   --> src/lib.rs:10:26
[INFO] [stdout]    |
[INFO] [stdout] 10 | pub(crate) use helpers::{concat_cstr, handleResult, log_target, named, str_to_cstr};
[INFO] [stdout]    |                          ^^^^^^^^^^^                ^^^^^^^^^^         ^^^^^^^^^^^
[INFO] [stdout]    |
[INFO] [stdout]    = note: `#[warn(unused_imports)]` (part of `#[warn(unused)]`) on by default
[INFO] [stdout] 
[INFO] [stdout] 
[INFO] [stdout] warning: unused import: `handleResult`
[INFO] [stdout]  --> src/adapters/libcrux.rs:8:14
[INFO] [stdout]   |
[INFO] [stdout] 8 | use aurora::{handleResult, named};
[INFO] [stdout]   |              ^^^^^^^^^^^^
[INFO] [stdout] 
[INFO] [stdout] 
[INFO] [stdout] warning: unused import: `handleResult`
[INFO] [stdout]   --> src/adapters/mldsa_native.rs:10:14
[INFO] [stdout]    |
[INFO] [stdout] 10 | use aurora::{handleResult, named};
[INFO] [stdout]    |              ^^^^^^^^^^^^
[INFO] [stdout] 
[INFO] [stdout] 
[INFO] [stdout] warning: unused import: `handleResult`
[INFO] [stdout]   --> src/adapters/rustcrypto.rs:10:14
[INFO] [stdout]    |
[INFO] [stdout] 10 | use aurora::{handleResult, named};
[INFO] [stdout]    |              ^^^^^^^^^^^^
[INFO] [stdout] 
[INFO] [stdout] 
[INFO] [stdout] warning: unused import: `handleResult`
[INFO] [stdout]   --> src/adapters/slhdsa_c.rs:10:14
[INFO] [stdout]    |
[INFO] [stdout] 10 | use aurora::{handleResult, named};
[INFO] [stdout]    |              ^^^^^^^^^^^^
[INFO] [stdout] 
[INFO] [stdout] 
[INFO] [stdout] For more information about this error, try `rustc --explain E0432`.
[INFO] [stdout] 
[INFO] [stderr] warning: qubip_aurora@0.12.0: This project is NOT production-ready. (Requested PROFILE="release").
[INFO] [stderr] warning: qubip_aurora@0.12.0: Failed to get git describe
[INFO] [stderr] error: could not compile `qubip_aurora` (lib test) due to 11 previous errors; 5 warnings emitted
[INFO] running `Command { std: "docker" "inspect" "7e7a08dba966a6f7e4a82929cba4b554ad47fce592c3ac3069333f34267bf351", kill_on_drop: false }`
[INFO] running `Command { std: "docker" "rm" "-f" "7e7a08dba966a6f7e4a82929cba4b554ad47fce592c3ac3069333f34267bf351", kill_on_drop: false }`
[INFO] [stdout] 7e7a08dba966a6f7e4a82929cba4b554ad47fce592c3ac3069333f34267bf351
