[INFO] fetching crate quarb-kuzu 0.38.0...
[INFO] testing quarb-kuzu-0.38.0 against 1.100.0-beta.1+cargoflags=--release for beta-release-1.100-2
[INFO] extracting crate quarb-kuzu 0.38.0 into /workspace/builds/worker-1-tc2/source
[INFO] started tweaking crates.io crate quarb-kuzu 0.38.0
[INFO] removed 0 missing tests
[INFO] finished tweaking crates.io crate quarb-kuzu 0.38.0
[INFO] tweaked toml for crates.io crate quarb-kuzu 0.38.0 written to /workspace/builds/worker-1-tc2/source/Cargo.toml
[INFO] validating manifest of crates.io crate quarb-kuzu 0.38.0 on toolchain 1.100.0-beta.1
[INFO] running `Command { std: CARGO_HOME="/workspace/cargo-home" RUSTUP_HOME="/workspace/rustup-home" "/workspace/cargo-home/bin/cargo" "+1.100.0-beta.1" "metadata" "--manifest-path" "Cargo.toml" "--no-deps", kill_on_drop: false }`
[INFO] crate crates.io crate quarb-kuzu 0.38.0 already has a lockfile, it will not be regenerated
[INFO] running `Command { std: CARGO_HOME="/workspace/cargo-home" RUSTUP_HOME="/workspace/rustup-home" "/workspace/cargo-home/bin/cargo" "+1.100.0-beta.1" "fetch" "--manifest-path" "Cargo.toml", kill_on_drop: false }`
[INFO] running `Command { std: "docker" "create" "-v" "/var/lib/crater-agent-workspace/builds/worker-1-tc2/source:/opt/rustwide/workdir:ro,Z" "-v" "/var/lib/crater-agent-workspace/builds/worker-1-tc2/target:/opt/rustwide/target:rw,Z" "-v" "/var/lib/crater-agent-workspace/cargo-home:/opt/rustwide/cargo-home:ro,Z" "-v" "/var/lib/crater-agent-workspace/rustup-home:/opt/rustwide/rustup-home:ro,Z" "-m" "1610612736" "--network" "none" "ghcr.io/rust-lang/crates-build-env/linux@sha256:77db811e55d90add9212f6832c23229e3de5f1c1f9905e8cb07319ea15df73ac" "sleep" "infinity", kill_on_drop: false }`
[INFO] [stdout] 0eda9276c68766c16bdcbeefa1b2ae7224b6d93cb293af281e3a9b5bcbf0291c
[INFO] running `Command { std: "docker" "start" "0eda9276c68766c16bdcbeefa1b2ae7224b6d93cb293af281e3a9b5bcbf0291c", kill_on_drop: false }`
[INFO] running `Command { std: "docker" "inspect" "0eda9276c68766c16bdcbeefa1b2ae7224b6d93cb293af281e3a9b5bcbf0291c", kill_on_drop: false }`
[INFO] running `Command { std: "docker" "exec" "-e" "SOURCE_DIR=/opt/rustwide/workdir" "-e" "CARGO_HOME=/opt/rustwide/cargo-home" "-e" "RUSTUP_HOME=/opt/rustwide/rustup-home" "-e" "CARGO_TARGET_DIR=/opt/rustwide/target" "-w" "/opt/rustwide/workdir" "--user" "0:0" "0eda9276c68766c16bdcbeefa1b2ae7224b6d93cb293af281e3a9b5bcbf0291c" "/opt/rustwide/cargo-home/bin/cargo" "+1.100.0-beta.1" "metadata" "--no-deps" "--format-version=1", kill_on_drop: false }`
[INFO] running `Command { std: "docker" "inspect" "0eda9276c68766c16bdcbeefa1b2ae7224b6d93cb293af281e3a9b5bcbf0291c", kill_on_drop: false }`
[INFO] running `Command { std: "docker" "exec" "-e" "SOURCE_DIR=/opt/rustwide/workdir" "-e" "CARGO_HOME=/opt/rustwide/cargo-home" "-e" "RUSTUP_HOME=/opt/rustwide/rustup-home" "-e" "CARGO_TARGET_DIR=/opt/rustwide/target" "-e" "CARGO_INCREMENTAL=0" "-e" "RUST_BACKTRACE=full" "-e" "RUSTFLAGS=--cap-lints=warn" "-e" "RUSTDOCFLAGS=--cap-lints=warn" "-w" "/opt/rustwide/workdir" "--user" "0:0" "0eda9276c68766c16bdcbeefa1b2ae7224b6d93cb293af281e3a9b5bcbf0291c" "/opt/rustwide/cargo-home/bin/cargo" "+1.100.0-beta.1" "build" "--frozen" "--message-format=json" "--release", kill_on_drop: false }`
[INFO] [stderr]    Compiling proc-macro2 v1.0.107
[INFO] [stderr]    Compiling memchr v2.8.3
[INFO] [stderr]    Compiling serde_core v1.0.229
[INFO] [stderr]    Compiling cc v1.3.0
[INFO] [stderr]    Compiling scratch v1.0.9
[INFO] [stderr]    Compiling unicode-width v0.1.14
[INFO] [stderr]    Compiling smallvec v1.15.2
[INFO] [stderr]    Compiling serde v1.0.229
[INFO] [stderr]    Compiling indexmap v2.14.0
[INFO] [stderr]    Compiling cxxbridge-flags v1.0.138
[INFO] [stderr]    Compiling codespan-reporting v0.11.1
[INFO] [stderr]    Compiling thiserror v2.0.21
[INFO] [stderr]    Compiling serde_json v1.0.150
[INFO] [stderr]    Compiling num-traits v0.2.19
[INFO] [stderr]    Compiling winnow v1.0.4
[INFO] [stderr]    Compiling tinyvec v1.12.0
[INFO] [stderr]    Compiling quote v1.0.47
[INFO] [stderr]    Compiling aho-corasick v1.1.4
[INFO] [stderr]    Compiling toml_parser v1.1.2+spec-1.1.0
[INFO] [stderr]    Compiling syn v2.0.119
[INFO] [stderr]    Compiling syn v3.0.0
[INFO] [stderr]    Compiling cmake v0.1.58
[INFO] [stderr]    Compiling bstr v1.13.0
[INFO] [stderr]    Compiling rust_decimal v1.42.1
[INFO] [stderr]    Compiling link-cplusplus v1.0.12
[INFO] [stderr]    Compiling cxx v1.0.138
[INFO] [stderr]    Compiling toml_writer v1.1.2+spec-1.1.0
[INFO] [stderr]    Compiling unicode-normalization v0.1.25
[INFO] [stderr]    Compiling regex-automata v0.4.16
[INFO] [stderr]    Compiling quick-xml v0.39.4
[INFO] [stderr]    Compiling arrayvec v0.7.8
[INFO] [stderr]    Compiling deranged v0.5.8
[INFO] [stderr]    Compiling thiserror-impl v2.0.21
[INFO] [stderr]    Compiling serde_derive v1.0.229
[INFO] [stderr]    Compiling synstructure v0.13.2
[INFO] [stderr]    Compiling cxx-build v1.0.138
[INFO] [stderr]    Compiling serde_spanned v1.1.1
[INFO] [stderr]    Compiling toml_datetime v1.1.1+spec-1.1.0
[INFO] [stderr]    Compiling toml v1.1.3+spec-1.1.0
[INFO] [stderr]    Compiling serde_yaml_ng v0.10.0
[INFO] [stderr]    Compiling zerofrom-derive v0.1.7
[INFO] [stderr]    Compiling zerofrom v0.1.8
[INFO] [stderr]    Compiling yoke-derive v0.8.2
[INFO] [stderr]    Compiling zerovec-derive v0.11.3
[INFO] [stderr]    Compiling displaydoc v0.2.6
[INFO] [stderr]    Compiling regex v1.13.1
[INFO] [stderr]    Compiling quarb-time v0.38.0
[INFO] [stderr]    Compiling yoke v0.8.3
[INFO] [stderr]    Compiling syndesmos v0.3.1
[INFO] [stderr]    Compiling zerotrie v0.2.4
[INFO] [stderr]    Compiling zerovec v0.11.6
[INFO] [stderr]    Compiling rust-stemmers v1.2.0
[INFO] [stderr]    Compiling kuzu v0.11.3
[INFO] [stderr]    Compiling tinystr v0.8.3
[INFO] [stderr]    Compiling icu_locale_core v2.2.0
[INFO] [stderr]    Compiling potential_utf v0.1.5
[INFO] [stderr]    Compiling icu_collections v2.2.0
[INFO] [stderr]    Compiling cxxbridge-macro v1.0.138
[INFO] [stderr]    Compiling colligo v0.1.1
[INFO] [stderr]    Compiling icu_provider v2.2.0
[INFO] [stderr]    Compiling icu_properties v2.2.0
[INFO] [stderr]    Compiling icu_normalizer v2.2.0
[INFO] [stderr]    Compiling globset v0.4.19
[INFO] [stderr]    Compiling idna_adapter v1.2.2
[INFO] [stderr]    Compiling idna v1.1.0
[INFO] [stderr]    Compiling url v2.5.8
[INFO] [stderr]    Compiling time-core v0.1.9
[INFO] [stderr]    Compiling quarb-trace v0.38.0
[INFO] [stderr]    Compiling kaiv v0.15.0
[INFO] [stderr]    Compiling time v0.3.53
[INFO] [stderr]    Compiling quarb-kuzu v0.38.0 (/opt/rustwide/workdir)
[INFO] [stderr]    Compiling uuid v1.24.0
[INFO] [stderr]    Compiling quarb v0.38.0
[INFO] [stderr] error: could not compile `quarb` (lib)
[INFO] [stderr] 
[INFO] [stderr] Caused by:
[INFO] [stderr]   process didn't exit successfully: `/opt/rustwide/rustup-home/toolchains/1.100.0-beta.1-x86_64-unknown-linux-gnu/bin/rustc --crate-name quarb --edition=2024 /opt/rustwide/cargo-home/registry/src/index.crates.io-1949cf8c6b5b557f/quarb-0.38.0/src/lib.rs --error-format=json --json=diagnostic-rendered-ansi,artifacts,future-incompat,unused-externs-silent --crate-type lib --emit=dep-info,metadata,link -C opt-level=3 -C embed-bitcode=no --cfg 'feature="colligo"' --cfg 'feature="decode-formats"' --cfg 'feature="default"' --cfg 'feature="desm"' --cfg 'feature="kaiv"' --check-cfg 'cfg(docsrs,test)' --check-cfg 'cfg(feature, values("cjk", "colligo", "decode-formats", "default", "desm", "kaiv"))' -C metadata=ad1c9dcecbdd4f35 -C extra-filename=-23af658d8e5d9fae --out-dir /opt/rustwide/target/release/build/quarb/23af658d8e5d9fae/out -C strip=debuginfo -L dependency=/opt/rustwide/target/release/build/aho-corasick/b09ed9730723a4e2/out -L dependency=/opt/rustwide/target/release/build/bstr/178d759d75c5827a/out -L dependency=/opt/rustwide/target/release/build/cfg-if/6d8dca19095bb388/out -L dependency=/opt/rustwide/target/release/build/displaydoc/86c6d96c8c1feeb1/out -L dependency=/opt/rustwide/target/release/build/equivalent/26a0d6a3c1145f1b/out -L dependency=/opt/rustwide/target/release/build/form_urlencoded/81ed62fdc615ac55/out -L dependency=/opt/rustwide/target/release/build/hashbrown/e584a62dc81c493d/out -L dependency=/opt/rustwide/target/release/build/icu_collections/b7d302854735617d/out -L dependency=/opt/rustwide/target/release/build/icu_locale_core/1c4edabb74ba6af3/out -L dependency=/opt/rustwide/target/release/build/icu_normalizer/7a006defa7e0ab95/out -L dependency=/opt/rustwide/target/release/build/icu_normalizer_data/ec18cea5227907fc/out -L dependency=/opt/rustwide/target/release/build/icu_properties/e56328d88ad28c61/out -L dependency=/opt/rustwide/target/release/build/icu_properties_data/3b22ee4d54a8ef94/out -L dependency=/opt/rustwide/target/release/build/icu_provider/7e76ad91a779ab65/out -L dependency=/opt/rustwide/target/release/build/idna/161598ab2f6ea5f5/out -L dependency=/opt/rustwide/target/release/build/idna_adapter/421e7ce9f0f71926/out -L dependency=/opt/rustwide/target/release/build/indexmap/fcf14a27033da9ca/out -L dependency=/opt/rustwide/target/release/build/itoa/1e9e3b22820c4a15/out -L dependency=/opt/rustwide/target/release/build/litemap/9027a9464d06b78c/out -L dependency=/opt/rustwide/target/release/build/log/2e1778f6a4320459/out -L dependency=/opt/rustwide/target/release/build/memchr/b836402bd6c4c7f1/out -L dependency=/opt/rustwide/target/release/build/percent-encoding/ab8bca3f3e17a0eb/out -L dependency=/opt/rustwide/target/release/build/potential_utf/9f883c63f915fa21/out -L dependency=/opt/rustwide/target/release/build/regex-automata/d2e68f1a3f0adda8/out -L dependency=/opt/rustwide/target/release/build/regex-syntax/7010b26951f94357/out -L dependency=/opt/rustwide/target/release/build/regex/2fb5690e23eceffb/out -L dependency=/opt/rustwide/target/release/build/ryu/cc0a3553ff73174e/out -L dependency=/opt/rustwide/target/release/build/serde/20f90d678676ae77/out -L dependency=/opt/rustwide/target/release/build/serde_core/ade0fd06ac247b53/out -L dependency=/opt/rustwide/target/release/build/serde_derive/55b558d56e6bec08/out -L dependency=/opt/rustwide/target/release/build/serde_json/8c2b779c21570572/out -L dependency=/opt/rustwide/target/release/build/serde_spanned/25b878dbfaefb382/out -L dependency=/opt/rustwide/target/release/build/smallvec/70199632bb80d378/out -L dependency=/opt/rustwide/target/release/build/stable_deref_trait/1fabeba25560deaf/out -L dependency=/opt/rustwide/target/release/build/thiserror-impl/9612924a8e3d8043/out -L dependency=/opt/rustwide/target/release/build/thiserror/e4268d50005fff90/out -L dependency=/opt/rustwide/target/release/build/tinystr/dfed7b2d1b735301/out -L dependency=/opt/rustwide/target/release/build/tinyvec/b6634c1f218ec5d3/out -L dependency=/opt/rustwide/target/release/build/tinyvec_macros/8d7f4b9d42c23ac6/out -L dependency=/opt/rustwide/target/release/build/toml_datetime/c2165f6dffcd882f/out -L dependency=/opt/rustwide/target/release/build/toml_parser/bcd5a73e2b7fa2e2/out -L dependency=/opt/rustwide/target/release/build/toml_writer/958044d8e3b21f90/out -L dependency=/opt/rustwide/target/release/build/unicode-segmentation/66be9fe01a654f56/out -L dependency=/opt/rustwide/target/release/build/unsafe-libyaml/2882583833813265/out -L dependency=/opt/rustwide/target/release/build/utf8_iter/050834cd1b25caa4/out -L dependency=/opt/rustwide/target/release/build/winnow/0051468af8334b5e/out -L dependency=/opt/rustwide/target/release/build/writeable/93f874a44acb2524/out -L dependency=/opt/rustwide/target/release/build/yoke-derive/bdb3da2831d1a690/out -L dependency=/opt/rustwide/target/release/build/yoke/86012c6943867228/out -L dependency=/opt/rustwide/target/release/build/zerofrom-derive/5ba93356768d3fe5/out -L dependency=/opt/rustwide/target/release/build/zerofrom/8a8be7d119d2928b/out -L dependency=/opt/rustwide/target/release/build/zerotrie/88aeaecb4184b1cd/out -L dependency=/opt/rustwide/target/release/build/zerovec-derive/bd5065dd2c0f11f0/out -L dependency=/opt/rustwide/target/release/build/zerovec/97b0a78e6a880bfe/out -L dependency=/opt/rustwide/target/release/build/zmij/586d023c1dba25b5/out --extern colligo=/opt/rustwide/target/release/build/colligo/97084744ac0e4b41/out/libcolligo-97084744ac0e4b41.rmeta --extern encoding_rs=/opt/rustwide/target/release/build/encoding_rs/67555cf9c7c10d62/out/libencoding_rs-67555cf9c7c10d62.rmeta --extern globset=/opt/rustwide/target/release/build/globset/9bf2f6b2ca839703/out/libglobset-9bf2f6b2ca839703.rmeta --extern kaiv=/opt/rustwide/target/release/build/kaiv/0a56b6ff9c961641/out/libkaiv-0a56b6ff9c961641.rmeta --extern libc=/opt/rustwide/target/release/build/libc/9127009e093ab63a/out/liblibc-9127009e093ab63a.rmeta --extern quarb_time=/opt/rustwide/target/release/build/quarb-time/0d43c678d8f4de70/out/libquarb_time-0d43c678d8f4de70.rmeta --extern quarb_trace=/opt/rustwide/target/release/build/quarb-trace/4f04b73dd36d686f/out/libquarb_trace-4f04b73dd36d686f.rmeta --extern quick_xml=/opt/rustwide/target/release/build/quick-xml/a4a8b7802b925652/out/libquick_xml-a4a8b7802b925652.rmeta --extern regex=/opt/rustwide/target/release/build/regex/2fb5690e23eceffb/out/libregex-2fb5690e23eceffb.rmeta --extern rust_stemmers=/opt/rustwide/target/release/build/rust-stemmers/8c3c456e2863e7ed/out/librust_stemmers-8c3c456e2863e7ed.rmeta --extern serde_json=/opt/rustwide/target/release/build/serde_json/8c2b779c21570572/out/libserde_json-8c2b779c21570572.rmeta --extern serde_yaml_ng=/opt/rustwide/target/release/build/serde_yaml_ng/ffc4111d050200de/out/libserde_yaml_ng-ffc4111d050200de.rmeta --extern strsim=/opt/rustwide/target/release/build/strsim/59d8e27f2067b49a/out/libstrsim-59d8e27f2067b49a.rmeta --extern syndesmos=/opt/rustwide/target/release/build/syndesmos/ef782d9f473e3aa2/out/libsyndesmos-ef782d9f473e3aa2.rmeta --extern thiserror=/opt/rustwide/target/release/build/thiserror/e4268d50005fff90/out/libthiserror-e4268d50005fff90.rmeta --extern toml=/opt/rustwide/target/release/build/toml/bb61ad26f67b1fe9/out/libtoml-bb61ad26f67b1fe9.rmeta --extern unicode_normalization=/opt/rustwide/target/release/build/unicode-normalization/e8cbbf5d9cce5b46/out/libunicode_normalization-e8cbbf5d9cce5b46.rmeta --extern unicode_segmentation=/opt/rustwide/target/release/build/unicode-segmentation/66be9fe01a654f56/out/libunicode_segmentation-66be9fe01a654f56.rmeta --extern url=/opt/rustwide/target/release/build/url/ae76ce83beb33eca/out/liburl-ae76ce83beb33eca.rmeta --cap-lints allow --cap-lints=warn --force-warn=unused_crate_dependencies` (signal: 9, SIGKILL: kill)
[INFO] [stderr] warning: build failed, waiting for other jobs to finish...
[INFO] [stderr] error: failed to run custom build command for `kuzu v0.11.3`
[INFO] [stderr] note: To improve backtraces for build dependencies, set the CARGO_PROFILE_RELEASE_BUILD_OVERRIDE_DEBUG=true environment variable to enable debug information generation.
[INFO] [stderr] 
[INFO] [stderr] Caused by:
[INFO] [stderr]   process didn't exit successfully: `/opt/rustwide/target/release/build/kuzu/4324b764f205fd0d/out/build_script_build` (exit status: 101)
[INFO] [stderr]   --- stdout
[INFO] [stderr]   CMAKE_TOOLCHAIN_FILE_x86_64-unknown-linux-gnu = None
[INFO] [stderr]   CMAKE_TOOLCHAIN_FILE_x86_64_unknown_linux_gnu = None
[INFO] [stderr]   HOST_CMAKE_TOOLCHAIN_FILE = None
[INFO] [stderr]   CMAKE_TOOLCHAIN_FILE = None
[INFO] [stderr]   CMAKE_GENERATOR_x86_64-unknown-linux-gnu = None
[INFO] [stderr]   CMAKE_GENERATOR_x86_64_unknown_linux_gnu = None
[INFO] [stderr]   HOST_CMAKE_GENERATOR = None
[INFO] [stderr]   CMAKE_GENERATOR = None
[INFO] [stderr]   CMAKE_PREFIX_PATH_x86_64-unknown-linux-gnu = None
[INFO] [stderr]   CMAKE_PREFIX_PATH_x86_64_unknown_linux_gnu = None
[INFO] [stderr]   HOST_CMAKE_PREFIX_PATH = None
[INFO] [stderr]   CMAKE_PREFIX_PATH = None
[INFO] [stderr]   CMAKE_x86_64-unknown-linux-gnu = None
[INFO] [stderr]   CMAKE_x86_64_unknown_linux_gnu = None
[INFO] [stderr]   HOST_CMAKE = None
[INFO] [stderr]   CMAKE = None
[INFO] [stderr]   -- The CXX compiler identification is GNU 15.2.0
[INFO] [stderr]   -- The C compiler identification is GNU 15.2.0
[INFO] [stderr]   -- Detecting CXX compiler ABI info
[INFO] [stderr]   -- Detecting CXX compiler ABI info - done
[INFO] [stderr]   -- Check for working CXX compiler: /usr/bin/c++ - skipped
[INFO] [stderr]   -- Detecting CXX compile features
[INFO] [stderr]   -- Detecting CXX compile features - done
[INFO] [stderr]   -- Detecting C compiler ABI info
[INFO] [stderr]   -- Detecting C compiler ABI info - done
[INFO] [stderr]   -- Check for working C compiler: /usr/bin/cc - skipped
[INFO] [stderr]   -- Detecting C compile features
[INFO] [stderr]   -- Detecting C compile features - done
[INFO] [stderr]   -- Multi-threaded mode is enabled: CMAKE_BUILD_PARALLEL_LEVEL=8
[INFO] [stderr]   -- Performing Test CMAKE_HAVE_LIBC_PTHREAD
[INFO] [stderr]   -- Performing Test CMAKE_HAVE_LIBC_PTHREAD - Success
[INFO] [stderr]   -- Found Threads: TRUE
[INFO] [stderr]   -- 64-bit architecture detected
[INFO] [stderr]   -- KUZU_PAGE_SIZE_LOG2: 12
[INFO] [stderr]   -- KUZU_VECTOR_CAPACITY_LOG2: 11
[INFO] [stderr]   -- KUZU_NODE_GROUP_SIZE_LOG2: 17
[INFO] [stderr]   -- Looking for F_FULLFSYNC
[INFO] [stderr]   -- Looking for F_FULLFSYNC - not found
[INFO] [stderr]   -- Looking for fdatasync
[INFO] [stderr]   -- Looking for fdatasync - found
[INFO] [stderr]   -- ✗ F_FULLFSYNC not available
[INFO] [stderr]   -- ✓ fdatasync will be used on this platform
[INFO] [stderr]   -- Build type is 'Release'
[INFO] [stderr]   -- Performing Test BROTLI_EMSCRIPTEN
[INFO] [stderr]   -- Performing Test BROTLI_EMSCRIPTEN - Failed
[INFO] [stderr]   -- Looking for log2 in m
[INFO] [stderr]   -- Looking for log2 in m - found
[INFO] [stderr]   -- Static link extensions: algo, fts, json, vector
[INFO] [stderr]   -- Configuring done (9.4s)
[INFO] [stderr]   -- Generating done (9.7s)
[INFO] [stderr]   -- Build files have been written to: /opt/rustwide/target/release/build/kuzu/d11ad2cf1d562fd3/out/build
[INFO] [stderr]   [  0%] Building CXX object third_party/re2/CMakeFiles/re2.dir/bitstate.cpp.o
[INFO] [stderr]   [  0%] Building C object third_party/brotli/CMakeFiles/brotlicommon.dir/c/common/constants.c.o
[INFO] [stderr]   [  0%] Building CXX object third_party/mbedtls/CMakeFiles/mbedtls.dir/library/aes.cpp.o
[INFO] [stderr]   [  0%] Building CXX object third_party/fastpfor/CMakeFiles/fastpfor.dir/fastpfor/bitpacking.cpp.o
[INFO] [stderr]   [  0%] Building CXX object third_party/miniz/CMakeFiles/miniz.dir/miniz.cpp.o
[INFO] [stderr]   [  0%] Building CXX object third_party/antlr4_runtime/CMakeFiles/antlr4_runtime.dir/src/ANTLRErrorListener.cpp.o
[INFO] [stderr]   [  0%] Building CXX object third_party/parquet/CMakeFiles/parquet.dir/parquet_constants.cpp.o
[INFO] [stderr]   [  0%] Building CXX object third_party/lz4/CMakeFiles/lz4.dir/lz4.cpp.o
[INFO] [stderr]   [  0%] Building C object third_party/brotli/CMakeFiles/brotlicommon.dir/c/common/context.c.o
[INFO] [stderr]   [  0%] Building C object third_party/brotli/CMakeFiles/brotlicommon.dir/c/common/dictionary.c.o
[INFO] [stderr]   [  0%] Building C object third_party/brotli/CMakeFiles/brotlicommon.dir/c/common/platform.c.o
[INFO] [stderr]   [  0%] Building C object third_party/brotli/CMakeFiles/brotlicommon.dir/c/common/shared_dictionary.c.o
[INFO] [stderr]   [  0%] Building C object third_party/brotli/CMakeFiles/brotlicommon.dir/c/common/transform.c.o
[INFO] [stderr]   [  0%] Building CXX object third_party/mbedtls/CMakeFiles/mbedtls.dir/library/aria.cpp.o
[INFO] [stderr]   [  0%] Linking C static library libbrotlicommon.a
[INFO] [stderr]   [  0%] Built target brotlicommon
[INFO] [stderr]   [  0%] Building CXX object third_party/mbedtls/CMakeFiles/mbedtls.dir/library/asn1parse.cpp.o
[INFO] [stderr]   [  0%] Building CXX object third_party/re2/CMakeFiles/re2.dir/compile.cpp.o
[INFO] [stderr]   [  1%] Building CXX object third_party/parquet/CMakeFiles/parquet.dir/parquet_types.cpp.o
[INFO] [stderr]   [  1%] Building CXX object third_party/mbedtls/CMakeFiles/mbedtls.dir/library/base64.cpp.o
[INFO] [stderr]   [  1%] Linking CXX static library liblz4.a
[INFO] [stderr]   [  1%] Built target lz4
[INFO] [stderr]   [  1%] Building CXX object third_party/antlr4_runtime/CMakeFiles/antlr4_runtime.dir/src/ANTLRErrorStrategy.cpp.o
[INFO] [stderr]   [  1%] Building CXX object third_party/mbedtls/CMakeFiles/mbedtls.dir/library/bignum.cpp.o
[INFO] [stderr]   [  1%] Building CXX object third_party/re2/CMakeFiles/re2.dir/dfa.cpp.o
[INFO] [stderr]   [  1%] Building CXX object third_party/antlr4_runtime/CMakeFiles/antlr4_runtime.dir/src/ANTLRFileStream.cpp.o
[INFO] [stderr]   [  1%] Building C object third_party/roaring_bitmap/CMakeFiles/roaring_bitmap.dir/roaring.c.o
[INFO] [stderr]   [  1%] Building CXX object third_party/mbedtls/CMakeFiles/mbedtls.dir/library/camellia.cpp.o
[INFO] [stderr]   [  1%] Building CXX object third_party/re2/CMakeFiles/re2.dir/filtered_re2.cpp.o
[INFO] [stderr]   [  1%] Building CXX object third_party/mbedtls/CMakeFiles/mbedtls.dir/library/cipher.cpp.o
[INFO] [stderr]   [  1%] Linking CXX static library libminiz.a
[INFO] [stderr]   [  2%] Building CXX object third_party/mbedtls/CMakeFiles/mbedtls.dir/library/cipher_wrap.cpp.o
[INFO] [stderr]   [  2%] Built target miniz
[INFO] [stderr]   [  2%] Building CXX object third_party/antlr4_runtime/CMakeFiles/antlr4_runtime.dir/src/ANTLRInputStream.cpp.o
[INFO] [stderr]   [  2%] Building CXX object third_party/mbedtls/CMakeFiles/mbedtls.dir/library/constant_time.cpp.o
[INFO] [stderr]   [  2%] Building CXX object third_party/mbedtls/CMakeFiles/mbedtls.dir/library/entropy.cpp.o
[INFO] [stderr]   [  3%] Building CXX object third_party/antlr4_runtime/CMakeFiles/antlr4_runtime.dir/src/atn/ActionTransition.cpp.o
[INFO] [stderr]   [  3%] Building CXX object third_party/mbedtls/CMakeFiles/mbedtls.dir/library/entropy_poll.cpp.o
[INFO] [stderr]   [  3%] Building CXX object third_party/mbedtls/CMakeFiles/mbedtls.dir/library/gcm.cpp.o
[INFO] [stderr]   [  3%] Building CXX object third_party/antlr4_runtime/CMakeFiles/antlr4_runtime.dir/src/atn/AmbiguityInfo.cpp.o
[INFO] [stderr]   [  3%] Building CXX object third_party/mbedtls/CMakeFiles/mbedtls.dir/library/md.cpp.o
[INFO] [stderr]   [  3%] Building CXX object third_party/mbedtls/CMakeFiles/mbedtls.dir/library/oid.cpp.o
[INFO] [stderr]   [  3%] Building CXX object third_party/re2/CMakeFiles/re2.dir/mimics_pcre.cpp.o
[INFO] [stderr]   [  3%] Building CXX object third_party/mbedtls/CMakeFiles/mbedtls.dir/library/pem.cpp.o
[INFO] [stderr]   [  3%] Building CXX object third_party/mbedtls/CMakeFiles/mbedtls.dir/library/pk.cpp.o
[INFO] [stderr]   [  3%] Building CXX object third_party/mbedtls/CMakeFiles/mbedtls.dir/library/pk_wrap.cpp.o
[INFO] [stderr]   [  4%] Building CXX object third_party/mbedtls/CMakeFiles/mbedtls.dir/library/pkparse.cpp.o
[INFO] [stderr]   [  4%] Building CXX object third_party/mbedtls/CMakeFiles/mbedtls.dir/library/platform_util.cpp.o
[INFO] [stderr]   [  4%] Building CXX object third_party/mbedtls/CMakeFiles/mbedtls.dir/library/rsa.cpp.o
[INFO] [stderr]   [  4%] Building CXX object third_party/re2/CMakeFiles/re2.dir/nfa.cpp.o
[INFO] [stderr]   [  4%] Building CXX object third_party/re2/CMakeFiles/re2.dir/onepass.cpp.o
[INFO] [stderr]   [  4%] Building CXX object third_party/mbedtls/CMakeFiles/mbedtls.dir/library/rsa_alt_helpers.cpp.o
[INFO] [stderr]   [  4%] Building C object third_party/simsimd/CMakeFiles/simsimd.dir/lib.c.o
[INFO] [stderr]   [  4%] Building CXX object third_party/mbedtls/CMakeFiles/mbedtls.dir/library/sha1.cpp.o
[INFO] [stderr]   [  4%] Building CXX object third_party/mbedtls/CMakeFiles/mbedtls.dir/library/sha256.cpp.o
[INFO] [stderr]   [  4%] Building CXX object third_party/antlr4_runtime/CMakeFiles/antlr4_runtime.dir/src/atn/ArrayPredictionContext.cpp.o
[INFO] [stderr]   [  4%] Building CXX object third_party/mbedtls/CMakeFiles/mbedtls.dir/library/sha512.cpp.o
[INFO] [stderr]   [  4%] Linking CXX static library libmbedtls.a
[INFO] [stderr]   [  4%] Built target mbedtls
[INFO] [stderr]   [  4%] Building CXX object third_party/re2/CMakeFiles/re2.dir/parse.cpp.o
[INFO] [stderr]   [  4%] Building CXX object third_party/re2/CMakeFiles/re2.dir/perl_groups.cpp.o
[INFO] [stderr]   [  5%] Building CXX object third_party/re2/CMakeFiles/re2.dir/prefilter.cpp.o
[INFO] [stderr]   [  5%] Building CXX object third_party/antlr4_runtime/CMakeFiles/antlr4_runtime.dir/src/atn/ATNConfig.cpp.o
[INFO] [stderr]   [  5%] Building CXX object third_party/antlr4_runtime/CMakeFiles/antlr4_runtime.dir/src/atn/ATNConfigSet.cpp.o
[INFO] [stderr]   [  5%] Building CXX object third_party/antlr4_runtime/CMakeFiles/antlr4_runtime.dir/src/atn/ATN.cpp.o
[INFO] [stderr]   [  5%] Building CXX object third_party/antlr4_runtime/CMakeFiles/antlr4_runtime.dir/src/atn/ATNDeserializationOptions.cpp.o
[INFO] [stderr]   [  5%] Building CXX object third_party/re2/CMakeFiles/re2.dir/prefilter_tree.cpp.o
[INFO] [stderr]   [  5%] Building CXX object third_party/re2/CMakeFiles/re2.dir/prog.cpp.o
[INFO] [stderr]   [  5%] Building CXX object third_party/re2/CMakeFiles/re2.dir/re2.cpp.o
[INFO] [stderr]   [  5%] Building CXX object third_party/re2/CMakeFiles/re2.dir/regexp.cpp.o
[INFO] [stderr]   [  5%] Building CXX object third_party/re2/CMakeFiles/re2.dir/set.cpp.o
[INFO] [stderr]   [  5%] Building CXX object third_party/antlr4_runtime/CMakeFiles/antlr4_runtime.dir/src/atn/ATNDeserializer.cpp.o
[INFO] [stderr]   [  5%] Building CXX object third_party/antlr4_runtime/CMakeFiles/antlr4_runtime.dir/src/atn/ATNSimulator.cpp.o
[INFO] [stderr]   [  5%] Building CXX object third_party/antlr4_runtime/CMakeFiles/antlr4_runtime.dir/src/atn/ATNState.cpp.o
[INFO] [stderr]   [  5%] Linking C static library libsimsimd.a
[INFO] [stderr]   [  5%] Built target simsimd
[INFO] [stderr]   [  5%] Building CXX object third_party/antlr4_runtime/CMakeFiles/antlr4_runtime.dir/src/atn/ATNStateType.cpp.o
[INFO] [stderr]   [  5%] Building CXX object third_party/re2/CMakeFiles/re2.dir/simplify.cpp.o
[INFO] [stderr]   [  5%] Building CXX object third_party/re2/CMakeFiles/re2.dir/stringpiece.cpp.o
[INFO] [stderr]   [  5%] Building CXX object third_party/re2/CMakeFiles/re2.dir/tostring.cpp.o
[INFO] [stderr]   [  6%] Building CXX object third_party/antlr4_runtime/CMakeFiles/antlr4_runtime.dir/src/atn/AtomTransition.cpp.o
[INFO] [stderr]   [  6%] Building CXX object third_party/antlr4_runtime/CMakeFiles/antlr4_runtime.dir/src/atn/ContextSensitivityInfo.cpp.o
[INFO] [stderr]   [  6%] Building CXX object third_party/re2/CMakeFiles/re2.dir/unicode_casefold.cpp.o
[INFO] [stderr]   [  6%] Building CXX object third_party/re2/CMakeFiles/re2.dir/unicode_groups.cpp.o
[INFO] [stderr]   [  6%] Building CXX object third_party/antlr4_runtime/CMakeFiles/antlr4_runtime.dir/src/atn/DecisionEventInfo.cpp.o
[INFO] [stderr]   [  7%] Building CXX object third_party/re2/CMakeFiles/re2.dir/rune.cpp.o
[INFO] [stderr]   [  7%] Building CXX object third_party/re2/CMakeFiles/re2.dir/strutil.cpp.o
[INFO] [stderr]   [  7%] Building CXX object third_party/antlr4_runtime/CMakeFiles/antlr4_runtime.dir/src/atn/DecisionInfo.cpp.o
[INFO] [stderr]   [  7%] Building CXX object third_party/antlr4_runtime/CMakeFiles/antlr4_runtime.dir/src/atn/DecisionState.cpp.o
[INFO] [stderr]   [  7%] Linking CXX static library libre2.a
[INFO] [stderr]   [  7%] Built target re2
[INFO] [stderr]   [  7%] Building CXX object third_party/antlr4_runtime/CMakeFiles/antlr4_runtime.dir/src/atn/EpsilonTransition.cpp.o
[INFO] [stderr]   [  7%] Building CXX object third_party/antlr4_runtime/CMakeFiles/antlr4_runtime.dir/src/atn/ErrorInfo.cpp.o
[INFO] [stderr]   [  7%] Building CXX object third_party/antlr4_runtime/CMakeFiles/antlr4_runtime.dir/src/atn/LexerAction.cpp.o
[INFO] [stderr]   [  7%] Building CXX object third_party/antlr4_runtime/CMakeFiles/antlr4_runtime.dir/src/atn/LexerActionExecutor.cpp.o
[INFO] [stderr]   [  7%] Building CXX object third_party/antlr4_runtime/CMakeFiles/antlr4_runtime.dir/src/atn/LexerATNConfig.cpp.o
[INFO] [stderr]   [  7%] Building CXX object third_party/antlr4_runtime/CMakeFiles/antlr4_runtime.dir/src/atn/LexerATNSimulator.cpp.o
[INFO] [stderr]   [  8%] Building CXX object third_party/antlr4_runtime/CMakeFiles/antlr4_runtime.dir/src/atn/LexerChannelAction.cpp.o
[INFO] [stderr]   [  8%] Linking C static library libroaring_bitmap.a
[INFO] [stderr]   [  8%] Built target roaring_bitmap
[INFO] [stderr]   [  8%] Building CXX object third_party/antlr4_runtime/CMakeFiles/antlr4_runtime.dir/src/atn/LexerCustomAction.cpp.o
[INFO] [stderr]   [  8%] Building CXX object third_party/antlr4_runtime/CMakeFiles/antlr4_runtime.dir/src/atn/LexerIndexedCustomAction.cpp.o
[INFO] [stderr]   [  8%] Building CXX object third_party/antlr4_runtime/CMakeFiles/antlr4_runtime.dir/src/atn/LexerModeAction.cpp.o
[INFO] [stderr]   [  8%] Building CXX object third_party/antlr4_runtime/CMakeFiles/antlr4_runtime.dir/src/atn/LexerMoreAction.cpp.o
[INFO] [stderr]   [  8%] Building CXX object third_party/antlr4_runtime/CMakeFiles/antlr4_runtime.dir/src/atn/LexerPopModeAction.cpp.o
[INFO] [stderr]   [  8%] Building CXX object third_party/antlr4_runtime/CMakeFiles/antlr4_runtime.dir/src/atn/LexerPushModeAction.cpp.o
[INFO] [stderr]   [  8%] Building CXX object third_party/antlr4_runtime/CMakeFiles/antlr4_runtime.dir/src/atn/LexerSkipAction.cpp.o
[INFO] [stderr]   [  8%] Building CXX object third_party/antlr4_runtime/CMakeFiles/antlr4_runtime.dir/src/atn/LexerTypeAction.cpp.o
[INFO] [stderr]   [  8%] Building CXX object third_party/antlr4_runtime/CMakeFiles/antlr4_runtime.dir/src/atn/LL1Analyzer.cpp.o
[INFO] [stderr]   [  8%] Building CXX object third_party/antlr4_runtime/CMakeFiles/antlr4_runtime.dir/src/atn/LookaheadEventInfo.cpp.o
[INFO] [stderr]   [  9%] Building CXX object third_party/antlr4_runtime/CMakeFiles/antlr4_runtime.dir/src/atn/NotSetTransition.cpp.o
[INFO] [stderr]   [  9%] Building CXX object third_party/antlr4_runtime/CMakeFiles/antlr4_runtime.dir/src/atn/OrderedATNConfigSet.cpp.o
[INFO] [stderr]   [  9%] Building CXX object third_party/antlr4_runtime/CMakeFiles/antlr4_runtime.dir/src/atn/ParseInfo.cpp.o
[INFO] [stderr]   [  9%] Building CXX object third_party/antlr4_runtime/CMakeFiles/antlr4_runtime.dir/src/atn/ParserATNSimulator.cpp.o
[INFO] [stderr]   [  9%] Building CXX object third_party/antlr4_runtime/CMakeFiles/antlr4_runtime.dir/src/atn/PrecedencePredicateTransition.cpp.o
[INFO] [stderr]   [  9%] Building CXX object third_party/antlr4_runtime/CMakeFiles/antlr4_runtime.dir/src/atn/PredicateEvalInfo.cpp.o
[INFO] [stderr]   [  9%] Building CXX object third_party/antlr4_runtime/CMakeFiles/antlr4_runtime.dir/src/atn/PredicateTransition.cpp.o
[INFO] [stderr]   [  9%] Building CXX object third_party/antlr4_runtime/CMakeFiles/antlr4_runtime.dir/src/atn/PredictionContextCache.cpp.o
[INFO] [stderr]   [  9%] Building CXX object third_party/antlr4_runtime/CMakeFiles/antlr4_runtime.dir/src/atn/PredictionContext.cpp.o
[INFO] [stderr]   [  9%] Building CXX object third_party/antlr4_runtime/CMakeFiles/antlr4_runtime.dir/src/atn/PredictionContextMergeCache.cpp.o
[INFO] [stderr]   [ 10%] Building CXX object third_party/antlr4_runtime/CMakeFiles/antlr4_runtime.dir/src/atn/PredictionMode.cpp.o
[INFO] [stderr]   [ 10%] Building CXX object third_party/antlr4_runtime/CMakeFiles/antlr4_runtime.dir/src/atn/ProfilingATNSimulator.cpp.o
[INFO] [stderr]   [ 10%] Building CXX object third_party/antlr4_runtime/CMakeFiles/antlr4_runtime.dir/src/atn/RangeTransition.cpp.o
[INFO] [stderr]   [ 10%] Building CXX object third_party/antlr4_runtime/CMakeFiles/antlr4_runtime.dir/src/atn/RuleTransition.cpp.o
[INFO] [stderr]   [ 10%] Building CXX object third_party/antlr4_runtime/CMakeFiles/antlr4_runtime.dir/src/atn/SemanticContext.cpp.o
[INFO] [stderr]   [ 10%] Building CXX object third_party/antlr4_runtime/CMakeFiles/antlr4_runtime.dir/src/atn/SetTransition.cpp.o
[INFO] [stderr] 
[INFO] [stderr]   --- stderr
[INFO] [stderr]   running: cd "/opt/rustwide/target/release/build/kuzu/d11ad2cf1d562fd3/out/build" && CMAKE_PREFIX_PATH="" LC_ALL="C" "cmake" "/opt/rustwide/cargo-home/registry/src/index.crates.io-1949cf8c6b5b557f/kuzu-0.11.3/kuzu-src" "-B" "/opt/rustwide/target/release/build/kuzu/d11ad2cf1d562fd3/out/build" "-DBUILD_SHELL=OFF" "-DBUILD_SINGLE_FILE_HEADER=OFF" "-DAUTO_UPDATE_GRAMMAR=OFF" "-DSTATICALLY_LINKED_EXTENSIONS=fts;json;vector;algo" "-DEXTENSION_OUTPUT_DIR=/opt/rustwide/target/release/build/kuzu/d11ad2cf1d562fd3/out/extensions" "-DCMAKE_INSTALL_PREFIX=/opt/rustwide/target/release/build/kuzu/d11ad2cf1d562fd3/out" "-DCMAKE_C_FLAGS= -ffunction-sections -fdata-sections -fPIC -m64 -w" "-DCMAKE_C_COMPILER=/usr/bin/cc" "-DCMAKE_CXX_FLAGS= -ffunction-sections -fdata-sections -fPIC -m64 -w" "-DCMAKE_CXX_COMPILER=/usr/bin/c++" "-DCMAKE_ASM_FLAGS= -ffunction-sections -fdata-sections -fPIC -m64 -w" "-DCMAKE_ASM_COMPILER=/usr/bin/cc" "-DCMAKE_BUILD_TYPE=Release"
[INFO] [stderr]   -- Compiler is not EMSCRIPTEN
[INFO] [stderr]   CMake Warning:
[INFO] [stderr]     Manually-specified variables were not used by the project:
[INFO] [stderr] 
[INFO] [stderr]       CMAKE_ASM_COMPILER
[INFO] [stderr]       CMAKE_ASM_FLAGS
[INFO] [stderr] 
[INFO] [stderr] 
[INFO] [stderr]   running: cd "/opt/rustwide/target/release/build/kuzu/d11ad2cf1d562fd3/out/build" && LC_ALL="C" MAKEFLAGS="-j --jobserver-fds=4,5 --jobserver-auth=4,5" "cmake" "--build" "/opt/rustwide/target/release/build/kuzu/d11ad2cf1d562fd3/out/build" "--config" "Release"
[INFO] [stderr]   gmake: warning: -j8 forced in submake: resetting jobserver mode.
[INFO] [stderr]   c++: fatal error: Killed signal terminated program cc1plus
[INFO] [stderr]   compilation terminated.
[INFO] [stderr]   gmake[2]: *** [third_party/fastpfor/CMakeFiles/fastpfor.dir/build.make:79: third_party/fastpfor/CMakeFiles/fastpfor.dir/fastpfor/bitpacking.cpp.o] Error 1
[INFO] [stderr]   gmake[1]: *** [CMakeFiles/Makefile2:3728: third_party/fastpfor/CMakeFiles/fastpfor.dir/all] Error 2
[INFO] [stderr]   gmake[1]: *** Waiting for unfinished jobs....
[INFO] [stderr]   c++: fatal error: Killed signal terminated program cc1plus
[INFO] [stderr]   compilation terminated.
[INFO] [stderr]   gmake[2]: *** [third_party/parquet/CMakeFiles/parquet.dir/build.make:93: third_party/parquet/CMakeFiles/parquet.dir/parquet_types.cpp.o] Error 1
[INFO] [stderr]   gmake[1]: *** [CMakeFiles/Makefile2:3856: third_party/parquet/CMakeFiles/parquet.dir/all] Error 2
[INFO] [stderr]   c++: fatal error: Killed signal terminated program cc1plus
[INFO] [stderr]   compilation terminated.
[INFO] [stderr]   gmake[2]: *** [third_party/antlr4_runtime/CMakeFiles/antlr4_runtime.dir/build.make:639: third_party/antlr4_runtime/CMakeFiles/antlr4_runtime.dir/src/atn/ParserATNSimulator.cpp.o] Error 1
[INFO] [stderr]   gmake[2]: *** Waiting for unfinished jobs....
[INFO] [stderr]   gmake[1]: *** [CMakeFiles/Makefile2:3600: third_party/antlr4_runtime/CMakeFiles/antlr4_runtime.dir/all] Error 2
[INFO] [stderr]   gmake: *** [Makefile:136: all] Error 2
[INFO] [stderr] 
[INFO] [stderr]   thread 'main' (1379) panicked at /opt/rustwide/cargo-home/registry/src/index.crates.io-1949cf8c6b5b557f/cmake-0.1.58/src/lib.rs:1132:5:
[INFO] [stderr] 
[INFO] [stderr]   command did not execute successfully, got: exit status: 2
[INFO] [stderr] 
[INFO] [stderr]   build script failed, must exit now
[INFO] [stderr]   stack backtrace:
[INFO] [stderr]      0:     0x5c450a4e1211 - <<std[617be2ca0a6fd877]::sys::backtrace::BacktraceLock>::print::DisplayBacktrace as core[a373ad73a504971]::fmt::Display>::fmt
[INFO] [stderr]      1:     0x5c450a4f6f7a - core[a373ad73a504971]::fmt::write
[INFO] [stderr]      2:     0x5c450a4e74cc - <std[617be2ca0a6fd877]::sys::stdio::unix::Stderr as core[a373ad73a504971]::io::write::Write>::write_fmt
[INFO] [stderr]      3:     0x5c450a4bdbf6 - std[617be2ca0a6fd877]::panicking::default_hook::{closure#0}
[INFO] [stderr]      4:     0x5c450a4da3a1 - std[617be2ca0a6fd877]::panicking::default_hook
[INFO] [stderr]      5:     0x5c450a4da6cb - std[617be2ca0a6fd877]::panicking::panic_with_hook
[INFO] [stderr]      6:     0x5c450a4bdca2 - std[617be2ca0a6fd877]::panicking::panic_handler::{closure#0}
[INFO] [stderr]      7:     0x5c450a4b62c9 - std[617be2ca0a6fd877]::sys::backtrace::__rust_end_short_backtrace::<std[617be2ca0a6fd877]::panicking::panic_handler::{closure#0}, !>
[INFO] [stderr]      8:     0x5c450a4be7dd - __rustc[ea4f61d10b84890b]::rust_begin_unwind
[INFO] [stderr]      9:     0x5c450a4f779c - core[a373ad73a504971]::panicking::panic_fmt
[INFO] [stderr]     10:     0x5c450a439357 - cmake[889b287e3391b1c0]::fail
[INFO] [stderr]     11:     0x5c450a438fe3 - cmake[889b287e3391b1c0]::run
[INFO] [stderr]     12:     0x5c450a43efc5 - <cmake[889b287e3391b1c0]::Config>::build
[INFO] [stderr]     13:     0x5c450a20c7c8 - build_script_build[94aecaf5525d2030]::build_bundled_cmake
[INFO] [stderr]     14:     0x5c450a20e737 - build_script_build[94aecaf5525d2030]::main
[INFO] [stderr]     15:     0x5c450a210b03 - <fn() as core[a373ad73a504971]::ops::function::FnOnce<()>>::call_once
[INFO] [stderr]     16:     0x5c450a20aafe - std[617be2ca0a6fd877]::sys::backtrace::__rust_begin_short_backtrace::<fn(), ()>
[INFO] [stderr]     17:     0x5c450a20aec9 - std[617be2ca0a6fd877]::rt::lang_start::<()>::{closure#0}
[INFO] [stderr]     18:     0x5c450a4d9698 - std[617be2ca0a6fd877]::rt::lang_start_internal
[INFO] [stderr]     19:     0x5c450a20a311 - std[617be2ca0a6fd877]::rt::lang_start::<()>
[INFO] [stderr]     20:     0x5c450a210c75 - main
[INFO] [stderr]     21:     0x793988dbe601 - <unknown>
[INFO] [stderr]     22:     0x793988dbe718 - __libc_start_main
[INFO] [stderr]     23:     0x5c450a207055 - _start
[INFO] [stderr]     24:                0x0 - <unknown>
[INFO] running `Command { std: "docker" "inspect" "0eda9276c68766c16bdcbeefa1b2ae7224b6d93cb293af281e3a9b5bcbf0291c", kill_on_drop: false }`
[INFO] running `Command { std: "docker" "rm" "-f" "0eda9276c68766c16bdcbeefa1b2ae7224b6d93cb293af281e3a9b5bcbf0291c", kill_on_drop: false }`
[INFO] [stdout] 0eda9276c68766c16bdcbeefa1b2ae7224b6d93cb293af281e3a9b5bcbf0291c
