[INFO] fetching crate quantum-sim 0.0.1...
[INFO] testing quantum-sim-0.0.1 against 1.100.0-beta.1+cargoflags=--release for beta-release-1.100-2
[INFO] extracting crate quantum-sim 0.0.1 into /workspace/builds/worker-0-tc2/source
[INFO] started tweaking crates.io crate quantum-sim 0.0.1
[INFO] finished tweaking crates.io crate quantum-sim 0.0.1
[INFO] tweaked toml for crates.io crate quantum-sim 0.0.1 written to /workspace/builds/worker-0-tc2/source/Cargo.toml
[INFO] validating manifest of crates.io crate quantum-sim 0.0.1 on toolchain 1.100.0-beta.1
[INFO] running `Command { std: CARGO_HOME="/workspace/cargo-home" RUSTUP_HOME="/workspace/rustup-home" "/workspace/cargo-home/bin/cargo" "+1.100.0-beta.1" "metadata" "--manifest-path" "Cargo.toml" "--no-deps", kill_on_drop: false }`
[INFO] crate crates.io crate quantum-sim 0.0.1 already has a lockfile, it will not be regenerated
[INFO] running `Command { std: CARGO_HOME="/workspace/cargo-home" RUSTUP_HOME="/workspace/rustup-home" "/workspace/cargo-home/bin/cargo" "+1.100.0-beta.1" "fetch" "--manifest-path" "Cargo.toml", kill_on_drop: false }`
[INFO] [stderr]     Blocking waiting for file lock on package cache
[INFO] [stderr]     Blocking waiting for file lock on package cache
[INFO] running `Command { std: "docker" "create" "-v" "/var/lib/crater-agent-workspace/builds/worker-0-tc2/source:/opt/rustwide/workdir:ro,Z" "-v" "/var/lib/crater-agent-workspace/builds/worker-0-tc2/target:/opt/rustwide/target:rw,Z" "-v" "/var/lib/crater-agent-workspace/cargo-home:/opt/rustwide/cargo-home:ro,Z" "-v" "/var/lib/crater-agent-workspace/rustup-home:/opt/rustwide/rustup-home:ro,Z" "-m" "1610612736" "--network" "none" "ghcr.io/rust-lang/crates-build-env/linux@sha256:77db811e55d90add9212f6832c23229e3de5f1c1f9905e8cb07319ea15df73ac" "sleep" "infinity", kill_on_drop: false }`
[INFO] [stdout] 33634be0fb0c5286a4a60dba2c49f7d43298fc9da5ea7884f143048de411dec4
[INFO] running `Command { std: "docker" "start" "33634be0fb0c5286a4a60dba2c49f7d43298fc9da5ea7884f143048de411dec4", kill_on_drop: false }`
[INFO] running `Command { std: "docker" "inspect" "33634be0fb0c5286a4a60dba2c49f7d43298fc9da5ea7884f143048de411dec4", kill_on_drop: false }`
[INFO] running `Command { std: "docker" "exec" "-e" "SOURCE_DIR=/opt/rustwide/workdir" "-e" "CARGO_HOME=/opt/rustwide/cargo-home" "-e" "RUSTUP_HOME=/opt/rustwide/rustup-home" "-e" "CARGO_TARGET_DIR=/opt/rustwide/target" "-w" "/opt/rustwide/workdir" "--user" "0:0" "33634be0fb0c5286a4a60dba2c49f7d43298fc9da5ea7884f143048de411dec4" "/opt/rustwide/cargo-home/bin/cargo" "+1.100.0-beta.1" "metadata" "--no-deps" "--format-version=1", kill_on_drop: false }`
[INFO] running `Command { std: "docker" "inspect" "33634be0fb0c5286a4a60dba2c49f7d43298fc9da5ea7884f143048de411dec4", kill_on_drop: false }`
[INFO] running `Command { std: "docker" "exec" "-e" "SOURCE_DIR=/opt/rustwide/workdir" "-e" "CARGO_HOME=/opt/rustwide/cargo-home" "-e" "RUSTUP_HOME=/opt/rustwide/rustup-home" "-e" "CARGO_TARGET_DIR=/opt/rustwide/target" "-e" "CARGO_INCREMENTAL=0" "-e" "RUST_BACKTRACE=full" "-e" "RUSTFLAGS=--cap-lints=warn" "-e" "RUSTDOCFLAGS=--cap-lints=warn" "-w" "/opt/rustwide/workdir" "--user" "0:0" "33634be0fb0c5286a4a60dba2c49f7d43298fc9da5ea7884f143048de411dec4" "/opt/rustwide/cargo-home/bin/cargo" "+1.100.0-beta.1" "build" "--frozen" "--message-format=json" "--release", kill_on_drop: false }`
[INFO] [stderr]    Compiling proc-macro2 v1.0.101
[INFO] [stderr]    Compiling unicode-ident v1.0.19
[INFO] [stderr]    Compiling libc v0.2.176
[INFO] [stderr]    Compiling stable_deref_trait v1.2.0
[INFO] [stderr]    Compiling cfg-if v1.0.3
[INFO] [stderr]    Compiling litemap v0.8.0
[INFO] [stderr]    Compiling writeable v0.6.1
[INFO] [stderr]    Compiling find-msvc-tools v0.1.2
[INFO] [stderr]    Compiling typenum v1.18.0
[INFO] [stderr]    Compiling strsim v0.11.1
[INFO] [stderr]    Compiling serde_core v1.0.228
[INFO] [stderr]    Compiling serde v1.0.228
[INFO] [stderr]    Compiling ident_case v1.0.1
[INFO] [stderr]    Compiling fnv v1.0.7
[INFO] [stderr]    Compiling icu_normalizer_data v2.0.0
[INFO] [stderr]    Compiling icu_properties_data v2.0.1
[INFO] [stderr]    Compiling zeroize v1.8.1
[INFO] [stderr]    Compiling zerocopy v0.8.27
[INFO] [stderr]    Compiling memchr v2.7.6
[INFO] [stderr]    Compiling libm v0.2.15
[INFO] [stderr]    Compiling generic-array v0.14.7
[INFO] [stderr]    Compiling num-traits v0.2.19
[INFO] [stderr]    Compiling smallvec v1.15.1
[INFO] [stderr]    Compiling cc v1.2.39
[INFO] [stderr]    Compiling rustls-pki-types v1.12.0
[INFO] [stderr]    Compiling serde_json v1.0.145
[INFO] [stderr]    Compiling crc32fast v1.5.0
[INFO] [stderr]    Compiling rustix v1.1.2
[INFO] [stderr]    Compiling rustversion v1.0.22
[INFO] [stderr]    Compiling untrusted v0.9.0
[INFO] [stderr]    Compiling linux-raw-sys v0.11.0
[INFO] [stderr]    Compiling rustls v0.23.32
[INFO] [stderr]    Compiling once_cell v1.19.0
[INFO] [stderr]    Compiling ryu v1.0.20
[INFO] [stderr]    Compiling log v0.4.28
[INFO] [stderr]    Compiling getrandom v0.3.3
[INFO] [stderr]    Compiling bitflags v2.9.4
[INFO] [stderr]    Compiling percent-encoding v2.3.2
[INFO] [stderr]    Compiling utf8_iter v1.0.4
[INFO] [stderr]    Compiling itoa v1.0.15
[INFO] [stderr]    Compiling hashbrown v0.16.0
[INFO] [stderr]    Compiling equivalent v1.0.2
[INFO] [stderr]    Compiling adler2 v2.0.1
[INFO] [stderr]    Compiling regex-syntax v0.8.6
[INFO] [stderr]    Compiling miniz_oxide v0.8.9
[INFO] [stderr]    Compiling form_urlencoded v1.2.2
[INFO] [stderr]    Compiling webpki-roots v1.0.2
[INFO] [stderr]    Compiling thiserror v1.0.69
[INFO] [stderr]    Compiling quote v1.0.40
[INFO] [stderr]    Compiling aho-corasick v1.1.3
[INFO] [stderr]    Compiling subtle v2.6.1
[INFO] [stderr]    Compiling syn v2.0.106
[INFO] [stderr]    Compiling proc-macro-error-attr2 v2.0.0
[INFO] [stderr]    Compiling same-file v1.0.6
[INFO] [stderr]    Compiling getrandom v0.2.16
[INFO] [stderr]    Compiling option-ext v0.2.0
[INFO] [stderr]    Compiling anyhow v1.0.100
[INFO] [stderr]    Compiling winnow v0.7.13
[INFO] [stderr]    Compiling toml_write v0.1.2
[INFO] [stderr]    Compiling indexmap v2.11.4
[INFO] [stderr]    Compiling dirs-sys v0.4.1
[INFO] [stderr]    Compiling walkdir v2.5.0
[INFO] [stderr]    Compiling filetime v0.2.26
[INFO] [stderr]    Compiling flate2 v1.1.2
[INFO] [stderr]    Compiling webpki-roots v0.26.11
[INFO] [stderr]    Compiling iana-time-zone v0.1.64
[INFO] [stderr]    Compiling strum v0.26.3
[INFO] [stderr]    Compiling base64 v0.22.1
[INFO] [stderr]    Compiling cpufeatures v0.2.17
[INFO] [stderr]    Compiling uuid v1.18.1
[INFO] [stderr]    Compiling ring v0.17.14
[INFO] [stderr]    Compiling rand_core v0.6.4
[INFO] [stderr]    Compiling chrono v0.4.42
[INFO] [stderr]    Compiling crypto-common v0.1.6
[INFO] [stderr]    Compiling block-buffer v0.10.4
[INFO] [stderr]    Compiling directories v5.0.1
[INFO] [stderr]    Compiling digest v0.10.7
[INFO] [stderr]    Compiling base16ct v0.2.0
[INFO] [stderr]    Compiling lazy_static v1.5.0
[INFO] [stderr]    Compiling regex-automata v0.4.11
[INFO] [stderr]    Compiling matrixmultiply v0.3.10
[INFO] [stderr]    Compiling sha2 v0.10.9
[INFO] [stderr]    Compiling rawpointer v0.2.1
[INFO] [stderr]    Compiling intel-mkl-tool v0.8.1
[INFO] [stderr]    Compiling thiserror v2.0.16
[INFO] [stderr]    Compiling cblas-sys v0.1.4
[INFO] [stderr]    Compiling lapack-sys v0.14.0
[INFO] [stderr]    Compiling approx v0.5.1
[INFO] [stderr]    Compiling ppv-lite86 v0.2.21
[INFO] [stderr]    Compiling num-integer v0.1.46
[INFO] [stderr]    Compiling rand_chacha v0.3.1
[INFO] [stderr]    Compiling rand v0.8.5
[INFO] [stderr]    Compiling xattr v1.6.1
[INFO] [stderr]    Compiling tar v0.4.44
[INFO] [stderr]    Compiling num-complex v0.4.6
[INFO] [stderr]    Compiling rand_distr v0.4.3
[INFO] [stderr]    Compiling cauchy v0.4.0
[INFO] [stderr]    Compiling ndarray v0.16.1
[INFO] [stderr]    Compiling regex v1.10.6
[INFO] [stderr]    Compiling synstructure v0.13.2
[INFO] [stderr]    Compiling darling_core v0.20.11
[INFO] [stderr]    Compiling proc-macro-error2 v2.0.1
[INFO] [stderr]    Compiling zerofrom-derive v0.1.6
[INFO] [stderr]    Compiling yoke-derive v0.8.0
[INFO] [stderr]    Compiling zerovec-derive v0.11.1
[INFO] [stderr]    Compiling displaydoc v0.2.5
[INFO] [stderr]    Compiling serde_derive v1.0.228
[INFO] [stderr]    Compiling thiserror-impl v1.0.69
[INFO] [stderr]    Compiling getset v0.1.6
[INFO] [stderr]    Compiling strum_macros v0.26.4
[INFO] [stderr]    Compiling thiserror-impl v2.0.16
[INFO] [stderr]    Compiling katexit v0.1.5
[INFO] [stderr]    Compiling rustls-webpki v0.103.6
[INFO] [stderr]    Compiling zerofrom v0.1.6
[INFO] [stderr]    Compiling yoke v0.8.0
[INFO] [stderr]    Compiling zerovec v0.11.4
[INFO] [stderr]    Compiling zerotrie v0.2.2
[INFO] [stderr]    Compiling darling_macro v0.20.11
[INFO] [stderr]    Compiling darling v0.20.11
[INFO] [stderr]    Compiling derive_builder_core v0.20.2
[INFO] [stderr]    Compiling derive_builder_macro v0.20.2
[INFO] [stderr]    Compiling tinystr v0.8.1
[INFO] [stderr]    Compiling potential_utf v0.1.3
[INFO] [stderr]    Compiling icu_collections v2.0.0
[INFO] [stderr]    Compiling icu_locale_core v2.0.0
[INFO] [stderr]    Compiling derive_builder v0.20.2
[INFO] [stderr]    Compiling toml_datetime v0.6.11
[INFO] [stderr]    Compiling serde_spanned v0.6.9
[INFO] [stderr]    Compiling oci-spec v0.6.8
[INFO] [stderr]    Compiling toml_edit v0.22.27
[INFO] [stderr]    Compiling icu_provider v2.0.0
[INFO] [stderr]    Compiling icu_properties v2.0.1
[INFO] [stderr]    Compiling icu_normalizer v2.0.0
[INFO] [stderr]    Compiling idna_adapter v1.2.1
[INFO] [stderr]    Compiling idna v1.1.0
[INFO] [stderr]    Compiling ndarray-rand v0.15.0
[INFO] [stderr]    Compiling url v2.5.7
[INFO] [stderr]    Compiling toml v0.8.23
[INFO] [stderr]    Compiling ureq v2.12.1
[INFO] [stderr]    Compiling ocipkg v0.2.9
[INFO] [stderr]    Compiling intel-mkl-src v0.8.1
[INFO] [stderr]    Compiling lax v0.17.0
[INFO] [stderr]    Compiling ndarray-linalg v0.17.0
[INFO] [stderr]    Compiling quantum-sim v0.0.1 (/opt/rustwide/workdir)
[INFO] [stdout] warning: unused import: `quantum_sim::gates::Gate`
[INFO] [stdout]  --> src/main.rs:1:5
[INFO] [stdout]   |
[INFO] [stdout] 1 | use quantum_sim::gates::Gate;
[INFO] [stdout]   |     ^^^^^^^^^^^^^^^^^^^^^^^^
[INFO] [stdout]   |
[INFO] [stdout]   = note: `#[warn(unused_imports)]` (part of `#[warn(unused)]`) on by default
[INFO] [stdout] 
[INFO] [stdout] 
[INFO] [stdout] error: linking with `cc` failed: exit status: 1
[INFO] [stdout]   |
[INFO] [stdout]   = note:  "cc" "-m64" "/opt/rustwide/target/release/build/quantum-sim/43ea52d73b80a7df/out/rustcUebeRM/symbols.o" "<8 object files omitted>" "-Wl,--as-needed" "-Wl,-Bstatic" "/opt/rustwide/target/release/build/quantum-sim/73d41979cb657aeb/out/libquantum_sim-73d41979cb657aeb.rlib" "/opt/rustwide/target/release/build/ndarray-rand/ae00ea7f07944caf/out/libndarray_rand-ae00ea7f07944caf.rlib" "/opt/rustwide/target/release/build/rand_distr/b496500bc1ba00a6/out/librand_distr-b496500bc1ba00a6.rlib" "/opt/rustwide/target/release/build/ndarray-linalg/8c8915cce9a86413/out/libndarray_linalg-8c8915cce9a86413.rlib" "/opt/rustwide/target/release/build/lax/6ee9c9bcafa300db/out/liblax-6ee9c9bcafa300db.rlib" "/opt/rustwide/target/release/build/lapack-sys/ee45f97d04875ef3/out/liblapack_sys-ee45f97d04875ef3.rlib" "/opt/rustwide/target/release/build/thiserror/0f833a298b3950d0/out/libthiserror-0f833a298b3950d0.rlib" "/opt/rustwide/target/release/build/cauchy/de4876977d989e06/out/libcauchy-de4876977d989e06.rlib" "/opt/rustwide/target/release/build/intel-mkl-src/dedc4e7078d71add/out/libintel_mkl_src-dedc4e7078d71add.rlib" "/opt/rustwide/target/release/build/ndarray/1d8c3078ee4aa631/out/libndarray-1d8c3078ee4aa631.rlib" "/opt/rustwide/target/release/build/matrixmultiply/7e3eb8cb54c662fe/out/libmatrixmultiply-7e3eb8cb54c662fe.rlib" "/opt/rustwide/target/release/build/approx/2c31744281c52024/out/libapprox-2c31744281c52024.rlib" "/opt/rustwide/target/release/build/num-complex/911e30540cd76db3/out/libnum_complex-911e30540cd76db3.rlib" "/opt/rustwide/target/release/build/serde/ca2bf0c9dc1d326f/out/libserde-ca2bf0c9dc1d326f.rlib" "/opt/rustwide/target/release/build/serde_core/fc2e9ba380840c21/out/libserde_core-fc2e9ba380840c21.rlib" "/opt/rustwide/target/release/build/rand/f131a73a5c62087a/out/librand-f131a73a5c62087a.rlib" "/opt/rustwide/target/release/build/rand_chacha/55b4478cfa17d267/out/librand_chacha-55b4478cfa17d267.rlib" "/opt/rustwide/target/release/build/ppv-lite86/fad996525c353579/out/libppv_lite86-fad996525c353579.rlib" "/opt/rustwide/target/release/build/zerocopy/1c70e647d2bdc7cb/out/libzerocopy-1c70e647d2bdc7cb.rlib" "/opt/rustwide/target/release/build/rand_core/f51cd76acfdc489c/out/librand_core-f51cd76acfdc489c.rlib" "/opt/rustwide/target/release/build/getrandom/06d54ad5bd885808/out/libgetrandom-06d54ad5bd885808.rlib" "/opt/rustwide/target/release/build/cfg-if/5732471c02c4c133/out/libcfg_if-5732471c02c4c133.rlib" "/opt/rustwide/target/release/build/num-integer/1e69e5cbcce7dd35/out/libnum_integer-1e69e5cbcce7dd35.rlib" "/opt/rustwide/target/release/build/num-traits/da3d32028c6286ad/out/libnum_traits-da3d32028c6286ad.rlib" "/opt/rustwide/target/release/build/rawpointer/e637704b8109ab79/out/librawpointer-e637704b8109ab79.rlib" "/opt/rustwide/target/release/build/cblas-sys/e0d6c348e6eadc9f/out/libcblas_sys-e0d6c348e6eadc9f.rlib" "/opt/rustwide/target/release/build/libc/6ca81fdd5c423c1a/out/liblibc-6ca81fdd5c423c1a.rlib" "<sysroot>/lib/rustlib/x86_64-unknown-linux-gnu/lib/{libstd-*,libpanic_unwind-*,libobject-*,libmemchr-*,libaddr2line-*,libgimli-*,libcfg_if-*,librustc_demangle-*,libstd_detect-*,libhashbrown-*,librustc_std_workspace_alloc-*,libminiz_oxide-*,libadler2-*,libunwind-*,liblibc-*,librustc_std_workspace_core-*,liballoc-*,libcore-*,libcompiler_builtins-*}.rlib" "-Wl,-Bdynamic" "-lgcc_s" "-lutil" "-lrt" "-lpthread" "-lm" "-ldl" "-lc" "-L" "/opt/rustwide/target/release/build/quantum-sim/43ea52d73b80a7df/out/rustcUebeRM/raw-dylibs" "-B<sysroot>/lib/rustlib/x86_64-unknown-linux-gnu/bin/gcc-ld" "-fuse-ld=lld" "-Wl,--eh-frame-hdr" "-Wl,-z,noexecstack" "-L" "<sysroot>/lib/rustlib/x86_64-unknown-linux-gnu/lib" "-o" "/opt/rustwide/target/release/build/quantum-sim/43ea52d73b80a7df/out/quantum_sim" "-Wl,--gc-sections" "-pie" "-Wl,-z,relro,-z,now" "-Wl,-O1" "-Wl,--strip-debug" "-nodefaultlibs"
[INFO] [stdout]   = note: some arguments are omitted. use `--verbose` to show all linker arguments
[INFO] [stdout]   = note: rust-lld: error: undefined symbol: cblas_zgemm
[INFO] [stdout]           >>> referenced by quantum_sim.994c07dde183f497-cgu.2
[INFO] [stdout]           >>>               /opt/rustwide/target/release/build/quantum-sim/43ea52d73b80a7df/out/quantum_sim.quantum_sim.994c07dde183f497-cgu.2.rcgu.o:(ndarray::linalg::impl_linalg::mat_mul_impl::<num_complex::Complex<f64>>)
[INFO] [stdout]           
[INFO] [stdout]           rust-lld: error: undefined symbol: zungqr_
[INFO] [stdout]           >>> referenced by lax.e7f682b19bd399a6-cgu.01
[INFO] [stdout]           >>>               lax-6ee9c9bcafa300db.lax.e7f682b19bd399a6-cgu.01.rcgu.o:(<num_complex::Complex<f64> as lax::Lapack>::q) in archive /opt/rustwide/target/release/build/lax/6ee9c9bcafa300db/out/liblax-6ee9c9bcafa300db.rlib
[INFO] [stdout]           >>> referenced by lax.e7f682b19bd399a6-cgu.00
[INFO] [stdout]           >>>               lax-6ee9c9bcafa300db.lax.e7f682b19bd399a6-cgu.00.rcgu.o:(<lax::qr::QWork<num_complex::Complex<f64>> as lax::qr::QWorkImpl>::new) in archive /opt/rustwide/target/release/build/lax/6ee9c9bcafa300db/out/liblax-6ee9c9bcafa300db.rlib
[INFO] [stdout]           
[INFO] [stdout]           rust-lld: error: undefined symbol: zunglq_
[INFO] [stdout]           >>> referenced by lax.e7f682b19bd399a6-cgu.01
[INFO] [stdout]           >>>               lax-6ee9c9bcafa300db.lax.e7f682b19bd399a6-cgu.01.rcgu.o:(<num_complex::Complex<f64> as lax::Lapack>::q) in archive /opt/rustwide/target/release/build/lax/6ee9c9bcafa300db/out/liblax-6ee9c9bcafa300db.rlib
[INFO] [stdout]           >>> referenced by lax.e7f682b19bd399a6-cgu.00
[INFO] [stdout]           >>>               lax-6ee9c9bcafa300db.lax.e7f682b19bd399a6-cgu.00.rcgu.o:(<lax::qr::QWork<num_complex::Complex<f64>> as lax::qr::QWorkImpl>::new) in archive /opt/rustwide/target/release/build/lax/6ee9c9bcafa300db/out/liblax-6ee9c9bcafa300db.rlib
[INFO] [stdout]           
[INFO] [stdout]           rust-lld: error: undefined symbol: zgeqrf_
[INFO] [stdout]           >>> referenced by lax.e7f682b19bd399a6-cgu.00
[INFO] [stdout]           >>>               lax-6ee9c9bcafa300db.lax.e7f682b19bd399a6-cgu.00.rcgu.o:(<lax::qr::HouseholderWork<num_complex::Complex<f64>> as lax::qr::HouseholderWorkImpl>::new) in archive /opt/rustwide/target/release/build/lax/6ee9c9bcafa300db/out/liblax-6ee9c9bcafa300db.rlib
[INFO] [stdout]           >>> referenced by lax.e7f682b19bd399a6-cgu.00
[INFO] [stdout]           >>>               lax-6ee9c9bcafa300db.lax.e7f682b19bd399a6-cgu.00.rcgu.o:(<lax::qr::HouseholderWork<num_complex::Complex<f64>> as lax::qr::HouseholderWorkImpl>::eval) in archive /opt/rustwide/target/release/build/lax/6ee9c9bcafa300db/out/liblax-6ee9c9bcafa300db.rlib
[INFO] [stdout]           
[INFO] [stdout]           rust-lld: error: undefined symbol: zgelqf_
[INFO] [stdout]           >>> referenced by lax.e7f682b19bd399a6-cgu.00
[INFO] [stdout]           >>>               lax-6ee9c9bcafa300db.lax.e7f682b19bd399a6-cgu.00.rcgu.o:(<lax::qr::HouseholderWork<num_complex::Complex<f64>> as lax::qr::HouseholderWorkImpl>::new) in archive /opt/rustwide/target/release/build/lax/6ee9c9bcafa300db/out/liblax-6ee9c9bcafa300db.rlib
[INFO] [stdout]           >>> referenced by lax.e7f682b19bd399a6-cgu.00
[INFO] [stdout]           >>>               lax-6ee9c9bcafa300db.lax.e7f682b19bd399a6-cgu.00.rcgu.o:(<lax::qr::HouseholderWork<num_complex::Complex<f64>> as lax::qr::HouseholderWorkImpl>::eval) in archive /opt/rustwide/target/release/build/lax/6ee9c9bcafa300db/out/liblax-6ee9c9bcafa300db.rlib
[INFO] [stdout]           collect2: error: ld returned 1 exit status
[INFO] [stdout]           
[INFO] [stdout] 
[INFO] [stdout] 
[INFO] [stderr] error: could not compile `quantum-sim` (bin "quantum-sim") due to 1 previous error; 1 warning emitted
[INFO] running `Command { std: "docker" "inspect" "33634be0fb0c5286a4a60dba2c49f7d43298fc9da5ea7884f143048de411dec4", kill_on_drop: false }`
[INFO] running `Command { std: "docker" "rm" "-f" "33634be0fb0c5286a4a60dba2c49f7d43298fc9da5ea7884f143048de411dec4", kill_on_drop: false }`
[INFO] [stdout] 33634be0fb0c5286a4a60dba2c49f7d43298fc9da5ea7884f143048de411dec4
