[INFO] fetching crate quandl 0.1.1...
[INFO] testing quandl-0.1.1 against 1.99.0-beta.8+cargoflags=--release for beta-release-1.100-2
[INFO] extracting crate quandl 0.1.1 into /workspace/builds/worker-1-tc1/source
[INFO] started tweaking crates.io crate quandl 0.1.1
[INFO] finished tweaking crates.io crate quandl 0.1.1
[INFO] tweaked toml for crates.io crate quandl 0.1.1 written to /workspace/builds/worker-1-tc1/source/Cargo.toml
[INFO] validating manifest of crates.io crate quandl 0.1.1 on toolchain 1.99.0-beta.8
[INFO] running `Command { std: CARGO_HOME="/workspace/cargo-home" RUSTUP_HOME="/workspace/rustup-home" "/workspace/cargo-home/bin/cargo" "+1.99.0-beta.8" "metadata" "--manifest-path" "Cargo.toml" "--no-deps", kill_on_drop: false }`
[INFO] running `Command { std: CARGO_HOME="/workspace/cargo-home" RUSTUP_HOME="/workspace/rustup-home" "/workspace/cargo-home/bin/cargo" "+1.99.0-beta.8" "generate-lockfile" "--manifest-path" "Cargo.toml", kill_on_drop: false }`
[INFO] [stderr]     Updating crates.io index
[INFO] [stderr]      Locking 79 packages to highest compatible versions
[INFO] [stderr]       Adding chrono v0.2.25 (available: v0.4.45)
[INFO] [stderr]       Adding clippy v0.0.30 (available: v0.0.302)
[INFO] [stderr]       Adding curl v0.2.19 (available: v0.4.51)
[INFO] [stderr]       Adding hyper v0.7.2 (available: v1.12.0)
[INFO] [stderr]       Adding quick-error v0.1.4 (available: v2.0.1)
[INFO] [stderr]       Adding serde_json v0.6.1 (available: v1.0.154)
[INFO] [stderr]       Adding skeptic v0.4.0 (available: v0.14.1)
[INFO] [stderr]       Adding url v0.5.10 (available: v2.5.8)
[INFO] [stderr]       Adding wasi v0.10.0+wasi-snapshot-preview1 (available: v0.10.2+wasi-snapshot-preview1)
[INFO] running `Command { std: CARGO_HOME="/workspace/cargo-home" RUSTUP_HOME="/workspace/rustup-home" "/workspace/cargo-home/bin/cargo" "+1.99.0-beta.8" "fetch" "--manifest-path" "Cargo.toml", kill_on_drop: false }`
[INFO] [stderr] warning: Cargo.toml: `package.edition` is unspecified, defaulting to `2015` while the latest is `2024`
[INFO] [stderr] warning: `quandl` (manifest) generated 1 warning
[INFO] [stderr]  Downloading crates ...
[INFO] [stderr]   Downloaded uuid v0.2.3
[INFO] [stderr]   Downloaded unicode-bidi v0.2.6
[INFO] [stderr]   Downloaded skeptic v0.4.0
[INFO] [stderr]   Downloaded mime v0.1.3
[INFO] [stderr]   Downloaded serde_json v0.6.1
[INFO] [stderr]   Downloaded quick-error v0.1.4
[INFO] [stderr]   Downloaded num_cpus v0.2.13
[INFO] [stderr]   Downloaded serde v0.6.15
[INFO] [stderr]   Downloaded curl v0.2.19
[INFO] [stderr]   Downloaded pulldown-cmark v0.0.3
[INFO] [stderr]   Downloaded url v0.5.10
[INFO] [stderr]   Downloaded hyper v0.7.2
[INFO] [stderr]   Downloaded clippy v0.0.30
[INFO] [stderr]   Downloaded curl-sys v0.1.35
[INFO] running `Command { std: "docker" "create" "-v" "/var/lib/crater-agent-workspace/builds/worker-1-tc1/source:/opt/rustwide/workdir:ro,Z" "-v" "/var/lib/crater-agent-workspace/builds/worker-1-tc1/target:/opt/rustwide/target:rw,Z" "-v" "/var/lib/crater-agent-workspace/cargo-home:/opt/rustwide/cargo-home:ro,Z" "-v" "/var/lib/crater-agent-workspace/rustup-home:/opt/rustwide/rustup-home:ro,Z" "-m" "1610612736" "--network" "none" "ghcr.io/rust-lang/crates-build-env/linux@sha256:77db811e55d90add9212f6832c23229e3de5f1c1f9905e8cb07319ea15df73ac" "sleep" "infinity", kill_on_drop: false }`
[INFO] [stdout] d490f45288e689d7b0c8da22afde71dabaac4cbcdfba07a18b5b4167ebfa66b3
[INFO] running `Command { std: "docker" "start" "d490f45288e689d7b0c8da22afde71dabaac4cbcdfba07a18b5b4167ebfa66b3", kill_on_drop: false }`
[INFO] running `Command { std: "docker" "inspect" "d490f45288e689d7b0c8da22afde71dabaac4cbcdfba07a18b5b4167ebfa66b3", kill_on_drop: false }`
[INFO] running `Command { std: "docker" "exec" "-e" "SOURCE_DIR=/opt/rustwide/workdir" "-e" "CARGO_HOME=/opt/rustwide/cargo-home" "-e" "RUSTUP_HOME=/opt/rustwide/rustup-home" "-e" "CARGO_TARGET_DIR=/opt/rustwide/target" "-w" "/opt/rustwide/workdir" "--user" "0:0" "d490f45288e689d7b0c8da22afde71dabaac4cbcdfba07a18b5b4167ebfa66b3" "/opt/rustwide/cargo-home/bin/cargo" "+1.99.0-beta.8" "metadata" "--no-deps" "--format-version=1", kill_on_drop: false }`
[INFO] running `Command { std: "docker" "inspect" "d490f45288e689d7b0c8da22afde71dabaac4cbcdfba07a18b5b4167ebfa66b3", kill_on_drop: false }`
[INFO] running `Command { std: "docker" "exec" "-e" "SOURCE_DIR=/opt/rustwide/workdir" "-e" "CARGO_HOME=/opt/rustwide/cargo-home" "-e" "RUSTUP_HOME=/opt/rustwide/rustup-home" "-e" "CARGO_TARGET_DIR=/opt/rustwide/target" "-e" "CARGO_INCREMENTAL=0" "-e" "RUST_BACKTRACE=full" "-e" "RUSTFLAGS=--cap-lints=warn" "-e" "RUSTDOCFLAGS=--cap-lints=warn" "-w" "/opt/rustwide/workdir" "--user" "0:0" "d490f45288e689d7b0c8da22afde71dabaac4cbcdfba07a18b5b4167ebfa66b3" "/opt/rustwide/cargo-home/bin/cargo" "+1.99.0-beta.8" "build" "--frozen" "--message-format=json" "--release", kill_on_drop: false }`
[INFO] [stderr] warning: Cargo.toml: `package.edition` is unspecified, defaulting to `2015` while the latest is `2024`
[INFO] [stderr] warning: `quandl` (manifest) generated 1 warning
[INFO] [stderr]    Compiling libz-sys v1.1.30
[INFO] [stderr]    Compiling serde v0.6.15
[INFO] [stderr]    Compiling openssl-sys-extras v0.7.14
[INFO] [stderr]    Compiling openssl v0.7.14
[INFO] [stderr]    Compiling curl-sys v0.1.35
[INFO] [stderr]    Compiling uuid v0.2.3
[INFO] [stderr]    Compiling unicode-bidi v0.2.6
[INFO] [stderr]    Compiling unicase v1.4.2
[INFO] [stderr]    Compiling num_cpus v0.2.13
[INFO] [stderr]    Compiling typeable v0.1.2
[INFO] [stderr]    Compiling traitobject v0.0.1
[INFO] [stderr] warning: openssl-sys-extras@0.7.14: src/openssl_shim.c: In function 'HMAC_Init_ex_shim':
[INFO] [stderr] warning: openssl-sys-extras@0.7.14: src/openssl_shim.c:42:5: warning: 'HMAC_Init_ex' is deprecated: Since OpenSSL 3.0 [-Wdeprecated-declarations]
[INFO] [stderr] warning: openssl-sys-extras@0.7.14:    42 |     return HMAC_Init_ex(ctx, key, key_len, md, impl);
[INFO] [stderr] warning: openssl-sys-extras@0.7.14:       |     ^~~~~~
[INFO] [stderr] warning: openssl-sys-extras@0.7.14: In file included from src/openssl_shim.c:1:
[INFO] [stderr] warning: openssl-sys-extras@0.7.14: /usr/include/openssl/hmac.h:43:27: note: declared here
[INFO] [stderr] warning: openssl-sys-extras@0.7.14:    43 | OSSL_DEPRECATEDIN_3_0 int HMAC_Init_ex(HMAC_CTX *ctx, const void *key, int len,
[INFO] [stderr] warning: openssl-sys-extras@0.7.14:       |                           ^~~~~~~~~~~~
[INFO] [stderr] warning: openssl-sys-extras@0.7.14: src/openssl_shim.c: In function 'HMAC_Update_shim':
[INFO] [stderr] warning: openssl-sys-extras@0.7.14: src/openssl_shim.c:46:5: warning: 'HMAC_Update' is deprecated: Since OpenSSL 3.0 [-Wdeprecated-declarations]
[INFO] [stderr] warning: openssl-sys-extras@0.7.14:    46 |     return HMAC_Update(ctx, data, len);
[INFO] [stderr] warning: openssl-sys-extras@0.7.14:       |     ^~~~~~
[INFO] [stderr] warning: openssl-sys-extras@0.7.14: /usr/include/openssl/hmac.h:45:27: note: declared here
[INFO] [stderr] warning: openssl-sys-extras@0.7.14:    45 | OSSL_DEPRECATEDIN_3_0 int HMAC_Update(HMAC_CTX *ctx, const unsigned char *data,
[INFO] [stderr] warning: openssl-sys-extras@0.7.14:       |                           ^~~~~~~~~~~
[INFO] [stderr] warning: openssl-sys-extras@0.7.14: src/openssl_shim.c: In function 'HMAC_Final_shim':
[INFO] [stderr] warning: openssl-sys-extras@0.7.14: src/openssl_shim.c:50:5: warning: 'HMAC_Final' is deprecated: Since OpenSSL 3.0 [-Wdeprecated-declarations]
[INFO] [stderr] warning: openssl-sys-extras@0.7.14:    50 |     return HMAC_Final(ctx, md, len);
[INFO] [stderr] warning: openssl-sys-extras@0.7.14:       |     ^~~~~~
[INFO] [stderr] warning: openssl-sys-extras@0.7.14: /usr/include/openssl/hmac.h:47:27: note: declared here
[INFO] [stderr] warning: openssl-sys-extras@0.7.14:    47 | OSSL_DEPRECATEDIN_3_0 int HMAC_Final(HMAC_CTX *ctx, unsigned char *md,
[INFO] [stderr] warning: openssl-sys-extras@0.7.14:       |                           ^~~~~~~~~~
[INFO] [stderr] warning: openssl-sys-extras@0.7.14: src/openssl_shim.c: In function 'SSL_CTX_set_ecdh_auto_shim':
[INFO] [stderr] warning: openssl-sys-extras@0.7.14: src/openssl_shim.c:121:41: warning: unused parameter 'ctx' [-Wunused-parameter]
[INFO] [stderr] warning: openssl-sys-extras@0.7.14:   121 | int SSL_CTX_set_ecdh_auto_shim(SSL_CTX *ctx, int onoff) {
[INFO] [stderr] warning: openssl-sys-extras@0.7.14:       |                                ~~~~~~~~~^~~
[INFO] [stderr] warning: openssl-sys-extras@0.7.14: src/openssl_shim.c: In function 'DH_new_from_params':
[INFO] [stderr] warning: openssl-sys-extras@0.7.14: src/openssl_shim.c:129:5: warning: 'DH_new' is deprecated: Since OpenSSL 3.0 [-Wdeprecated-declarations]
[INFO] [stderr] warning: openssl-sys-extras@0.7.14:   129 |     if ((dh = DH_new()) == NULL) {
[INFO] [stderr] warning: openssl-sys-extras@0.7.14:       |     ^~
[INFO] [stderr] warning: openssl-sys-extras@0.7.14: In file included from /usr/include/openssl/dsa.h:31,
[INFO] [stderr] warning: openssl-sys-extras@0.7.14:                  from /usr/include/openssl/x509.h:39,
[INFO] [stderr] warning: openssl-sys-extras@0.7.14:                  from /usr/include/openssl/ssl.h:34,
[INFO] [stderr] warning: openssl-sys-extras@0.7.14:                  from src/openssl_shim.c:2:
[INFO] [stderr] warning: openssl-sys-extras@0.7.14: /usr/include/openssl/dh.h:210:27: note: declared here
[INFO] [stderr] warning: openssl-sys-extras@0.7.14:   210 | OSSL_DEPRECATEDIN_3_0 DH *DH_new(void);
[INFO] [stderr] warning: openssl-sys-extras@0.7.14:       |                           ^~~~~~
[INFO] [stderr] warning: openssl-sys-extras@0.7.14: src/openssl_shim.c:132:7: error: invalid use of incomplete typedef 'DH' {aka 'struct dh_st'}
[INFO] [stderr] warning: openssl-sys-extras@0.7.14:   132 |     dh->p = p;
[INFO] [stderr] warning: openssl-sys-extras@0.7.14:       |       ^~
[INFO] [stderr] warning: openssl-sys-extras@0.7.14: src/openssl_shim.c:133:7: error: invalid use of incomplete typedef 'DH' {aka 'struct dh_st'}
[INFO] [stderr] warning: openssl-sys-extras@0.7.14:   133 |     dh->g = g;
[INFO] [stderr] warning: openssl-sys-extras@0.7.14:       |       ^~
[INFO] [stderr] warning: openssl-sys-extras@0.7.14: src/openssl_shim.c:134:7: error: invalid use of incomplete typedef 'DH' {aka 'struct dh_st'}
[INFO] [stderr] warning: openssl-sys-extras@0.7.14:   134 |     dh->q = q;
[INFO] [stderr] warning: openssl-sys-extras@0.7.14:       |       ^~
[INFO] [stderr] warning: openssl-sys-extras@0.7.14: src/openssl_shim.c: In function 'X509_get_extensions_shim':
[INFO] [stderr] warning: openssl-sys-extras@0.7.14: src/openssl_shim.c:143:13: error: invalid use of incomplete typedef 'X509' {aka 'struct x509_st'}
[INFO] [stderr] warning: openssl-sys-extras@0.7.14:   143 |     return x->cert_info ? x->cert_info->extensions : NULL;
[INFO] [stderr] warning: openssl-sys-extras@0.7.14:       |             ^~
[INFO] [stderr] warning: openssl-sys-extras@0.7.14: src/openssl_shim.c:143:28: error: invalid use of incomplete typedef 'X509' {aka 'struct x509_st'}
[INFO] [stderr] warning: openssl-sys-extras@0.7.14:   143 |     return x->cert_info ? x->cert_info->extensions : NULL;
[INFO] [stderr] warning: openssl-sys-extras@0.7.14:       |                            ^~
[INFO] [stderr] error: failed to run custom build command for `openssl-sys-extras v0.7.14`
[INFO] [stderr] note: To improve backtraces for build dependencies, set the CARGO_PROFILE_RELEASE_BUILD_OVERRIDE_DEBUG=true environment variable to enable debug information generation.
[INFO] [stderr] 
[INFO] [stderr] Caused by:
[INFO] [stderr]   process didn't exit successfully: `/opt/rustwide/target/release/build/openssl-sys-extras-22977dcdc3ccd31d/build-script-build` (exit status: 101)
[INFO] [stderr]   --- stdout
[INFO] [stderr]   TARGET = Some("x86_64-unknown-linux-gnu")
[INFO] [stderr]   OPT_LEVEL = Some("3")
[INFO] [stderr]   TARGET = Some("x86_64-unknown-linux-gnu")
[INFO] [stderr]   HOST = Some("x86_64-unknown-linux-gnu")
[INFO] [stderr]   TARGET = Some("x86_64-unknown-linux-gnu")
[INFO] [stderr]   TARGET = Some("x86_64-unknown-linux-gnu")
[INFO] [stderr]   HOST = Some("x86_64-unknown-linux-gnu")
[INFO] [stderr]   CC_x86_64-unknown-linux-gnu = None
[INFO] [stderr]   CC_x86_64_unknown_linux_gnu = None
[INFO] [stderr]   HOST_CC = None
[INFO] [stderr]   CC = None
[INFO] [stderr]   HOST = Some("x86_64-unknown-linux-gnu")
[INFO] [stderr]   TARGET = Some("x86_64-unknown-linux-gnu")
[INFO] [stderr]   HOST = Some("x86_64-unknown-linux-gnu")
[INFO] [stderr]   CFLAGS_x86_64-unknown-linux-gnu = None
[INFO] [stderr]   CFLAGS_x86_64_unknown_linux_gnu = None
[INFO] [stderr]   HOST_CFLAGS = None
[INFO] [stderr]   CFLAGS = None
[INFO] [stderr]   DEBUG = Some("false")
[INFO] [stderr]   running: "cc" "-O3" "-ffunction-sections" "-fdata-sections" "-fPIC" "-m64" "-I" "/usr/include" "-Wall" "-Wextra" "-o" "/opt/rustwide/target/release/build/openssl-sys-extras-02c2158165ebdc3a/out/src/openssl_shim.o" "-c" "src/openssl_shim.c"
[INFO] [stderr]   cargo:warning=src/openssl_shim.c: In function 'HMAC_Init_ex_shim':
[INFO] [stderr]   cargo:warning=src/openssl_shim.c:42:5: warning: 'HMAC_Init_ex' is deprecated: Since OpenSSL 3.0 [-Wdeprecated-declarations]
[INFO] [stderr]   cargo:warning=   42 |     return HMAC_Init_ex(ctx, key, key_len, md, impl);
[INFO] [stderr]   cargo:warning=      |     ^~~~~~
[INFO] [stderr]   cargo:warning=In file included from src/openssl_shim.c:1:
[INFO] [stderr]   cargo:warning=/usr/include/openssl/hmac.h:43:27: note: declared here
[INFO] [stderr]   cargo:warning=   43 | OSSL_DEPRECATEDIN_3_0 int HMAC_Init_ex(HMAC_CTX *ctx, const void *key, int len,
[INFO] [stderr]   cargo:warning=      |                           ^~~~~~~~~~~~
[INFO] [stderr]   cargo:warning=src/openssl_shim.c: In function 'HMAC_Update_shim':
[INFO] [stderr]   cargo:warning=src/openssl_shim.c:46:5: warning: 'HMAC_Update' is deprecated: Since OpenSSL 3.0 [-Wdeprecated-declarations]
[INFO] [stderr]   cargo:warning=   46 |     return HMAC_Update(ctx, data, len);
[INFO] [stderr]   cargo:warning=      |     ^~~~~~
[INFO] [stderr]   cargo:warning=/usr/include/openssl/hmac.h:45:27: note: declared here
[INFO] [stderr]   cargo:warning=   45 | OSSL_DEPRECATEDIN_3_0 int HMAC_Update(HMAC_CTX *ctx, const unsigned char *data,
[INFO] [stderr]   cargo:warning=      |                           ^~~~~~~~~~~
[INFO] [stderr]   cargo:warning=src/openssl_shim.c: In function 'HMAC_Final_shim':
[INFO] [stderr]   cargo:warning=src/openssl_shim.c:50:5: warning: 'HMAC_Final' is deprecated: Since OpenSSL 3.0 [-Wdeprecated-declarations]
[INFO] [stderr]   cargo:warning=   50 |     return HMAC_Final(ctx, md, len);
[INFO] [stderr]   cargo:warning=      |     ^~~~~~
[INFO] [stderr]   cargo:warning=/usr/include/openssl/hmac.h:47:27: note: declared here
[INFO] [stderr]   cargo:warning=   47 | OSSL_DEPRECATEDIN_3_0 int HMAC_Final(HMAC_CTX *ctx, unsigned char *md,
[INFO] [stderr]   cargo:warning=      |                           ^~~~~~~~~~
[INFO] [stderr]   cargo:warning=src/openssl_shim.c: In function 'SSL_CTX_set_ecdh_auto_shim':
[INFO] [stderr]   cargo:warning=src/openssl_shim.c:121:41: warning: unused parameter 'ctx' [-Wunused-parameter]
[INFO] [stderr]   cargo:warning=  121 | int SSL_CTX_set_ecdh_auto_shim(SSL_CTX *ctx, int onoff) {
[INFO] [stderr]   cargo:warning=      |                                ~~~~~~~~~^~~
[INFO] [stderr]   cargo:warning=src/openssl_shim.c: In function 'DH_new_from_params':
[INFO] [stderr]   cargo:warning=src/openssl_shim.c:129:5: warning: 'DH_new' is deprecated: Since OpenSSL 3.0 [-Wdeprecated-declarations]
[INFO] [stderr]   cargo:warning=  129 |     if ((dh = DH_new()) == NULL) {
[INFO] [stderr]   cargo:warning=      |     ^~
[INFO] [stderr]   cargo:warning=In file included from /usr/include/openssl/dsa.h:31,
[INFO] [stderr]   cargo:warning=                 from /usr/include/openssl/x509.h:39,
[INFO] [stderr]   cargo:warning=                 from /usr/include/openssl/ssl.h:34,
[INFO] [stderr]   cargo:warning=                 from src/openssl_shim.c:2:
[INFO] [stderr]   cargo:warning=/usr/include/openssl/dh.h:210:27: note: declared here
[INFO] [stderr]   cargo:warning=  210 | OSSL_DEPRECATEDIN_3_0 DH *DH_new(void);
[INFO] [stderr]   cargo:warning=      |                           ^~~~~~
[INFO] [stderr]   cargo:warning=src/openssl_shim.c:132:7: error: invalid use of incomplete typedef 'DH' {aka 'struct dh_st'}
[INFO] [stderr]   cargo:warning=  132 |     dh->p = p;
[INFO] [stderr]   cargo:warning=      |       ^~
[INFO] [stderr]   cargo:warning=src/openssl_shim.c:133:7: error: invalid use of incomplete typedef 'DH' {aka 'struct dh_st'}
[INFO] [stderr]   cargo:warning=  133 |     dh->g = g;
[INFO] [stderr]   cargo:warning=      |       ^~
[INFO] [stderr]   cargo:warning=src/openssl_shim.c:134:7: error: invalid use of incomplete typedef 'DH' {aka 'struct dh_st'}
[INFO] [stderr]   cargo:warning=  134 |     dh->q = q;
[INFO] [stderr]   cargo:warning=      |       ^~
[INFO] [stderr]   cargo:warning=src/openssl_shim.c: In function 'X509_get_extensions_shim':
[INFO] [stderr]   cargo:warning=src/openssl_shim.c:143:13: error: invalid use of incomplete typedef 'X509' {aka 'struct x509_st'}
[INFO] [stderr]   cargo:warning=  143 |     return x->cert_info ? x->cert_info->extensions : NULL;
[INFO] [stderr]   cargo:warning=      |             ^~
[INFO] [stderr]   cargo:warning=src/openssl_shim.c:143:28: error: invalid use of incomplete typedef 'X509' {aka 'struct x509_st'}
[INFO] [stderr]   cargo:warning=  143 |     return x->cert_info ? x->cert_info->extensions : NULL;
[INFO] [stderr]   cargo:warning=      |                            ^~
[INFO] [stderr]   exit status: 1
[INFO] [stderr] 
[INFO] [stderr]   --- stderr
[INFO] [stderr] 
[INFO] [stderr]   thread 'main' (67) panicked at /opt/rustwide/cargo-home/registry/src/index.crates.io-1949cf8c6b5b557f/gcc-0.3.55/src/lib.rs:1672:5:
[INFO] [stderr] 
[INFO] [stderr] 
[INFO] [stderr]   Internal error occurred: Command "cc" "-O3" "-ffunction-sections" "-fdata-sections" "-fPIC" "-m64" "-I" "/usr/include" "-Wall" "-Wextra" "-o" "/opt/rustwide/target/release/build/openssl-sys-extras-02c2158165ebdc3a/out/src/openssl_shim.o" "-c" "src/openssl_shim.c" with args "cc" did not execute successfully (status code exit status: 1).
[INFO] [stderr] 
[INFO] [stderr] 
[INFO] [stderr]   stack backtrace:
[INFO] [stderr]      0:     0x5835c0c3bac1 - <<std[70759c8f55707aa4]::sys::backtrace::BacktraceLock>::print::DisplayBacktrace as core[df12db4294e9bfd3]::fmt::Display>::fmt
[INFO] [stderr]      1:     0x5835c0c4f3aa - core[df12db4294e9bfd3]::fmt::write
[INFO] [stderr]      2:     0x5835c0c415bc - <std[70759c8f55707aa4]::sys::stdio::unix::Stderr as core[df12db4294e9bfd3]::io::write::Write>::write_fmt
[INFO] [stderr]      3:     0x5835c0c19f96 - std[70759c8f55707aa4]::panicking::default_hook::{closure#0}
[INFO] [stderr]      4:     0x5835c0c362c1 - std[70759c8f55707aa4]::panicking::default_hook
[INFO] [stderr]      5:     0x5835c0c3647b - std[70759c8f55707aa4]::panicking::panic_with_hook
[INFO] [stderr]      6:     0x5835c0c1a042 - std[70759c8f55707aa4]::panicking::panic_handler::{closure#0}
[INFO] [stderr]      7:     0x5835c0c12d59 - std[70759c8f55707aa4]::sys::backtrace::__rust_end_short_backtrace::<std[70759c8f55707aa4]::panicking::panic_handler::{closure#0}, !>
[INFO] [stderr]      8:     0x5835c0c1a92d - __rustc[8fa7c3cbc660c2b3]::rust_begin_unwind
[INFO] [stderr]      9:     0x5835c0c4fb1c - core[df12db4294e9bfd3]::panicking::panic_fmt
[INFO] [stderr]     10:     0x5835c0be4c67 - gcc[cad2299997bcc4]::fail
[INFO] [stderr]     11:     0x5835c0befd4d - <gcc[cad2299997bcc4]::Build>::compile
[INFO] [stderr]     12:     0x5835c0be2434 - build_script_build[8fb516312b6c94f3]::main
[INFO] [stderr]     13:     0x5835c0be2b8b - <fn() as core[df12db4294e9bfd3]::ops::function::FnOnce<()>>::call_once
[INFO] [stderr]     14:     0x5835c0be0cbe - std[70759c8f55707aa4]::sys::backtrace::__rust_begin_short_backtrace::<fn(), ()>
[INFO] [stderr]     15:     0x5835c0be0cc9 - std[70759c8f55707aa4]::rt::lang_start::<()>::{closure#0}
[INFO] [stderr]     16:     0x5835c0c356f9 - std[70759c8f55707aa4]::rt::lang_start_internal
[INFO] [stderr]     17:     0x5835c0be0cb1 - std[70759c8f55707aa4]::rt::lang_start::<()>
[INFO] [stderr]     18:     0x5835c0be2bf5 - main
[INFO] [stderr]     19:     0x798c03bdf601 - <unknown>
[INFO] [stderr]     20:     0x798c03bdf718 - __libc_start_main
[INFO] [stderr]     21:     0x5835c0be0935 - _start
[INFO] [stderr]     22:                0x0 - <unknown>
[INFO] [stderr] warning: build failed, waiting for other jobs to finish...
[INFO] [stderr] warning: openssl@0.7.14: src/c_helpers.c: In function 'rust_SSL_clone':
[INFO] [stderr] warning: openssl@0.7.14: src/c_helpers.c:4:5: error: implicit declaration of function 'CRYPTO_add' [-Wimplicit-function-declaration]
[INFO] [stderr] warning: openssl@0.7.14:     4 |     CRYPTO_add(&ssl->references, 1, CRYPTO_LOCK_SSL);
[INFO] [stderr] warning: openssl@0.7.14:       |     ^~~~~~~~~~
[INFO] [stderr] warning: openssl@0.7.14: src/c_helpers.c:4:20: error: invalid use of incomplete typedef 'SSL' {aka 'struct ssl_st'}
[INFO] [stderr] warning: openssl@0.7.14:     4 |     CRYPTO_add(&ssl->references, 1, CRYPTO_LOCK_SSL);
[INFO] [stderr] warning: openssl@0.7.14:       |                    ^~
[INFO] [stderr] warning: openssl@0.7.14: src/c_helpers.c:4:37: error: 'CRYPTO_LOCK_SSL' undeclared (first use in this function); did you mean 'CRYPTO_LOCK'?
[INFO] [stderr] warning: openssl@0.7.14:     4 |     CRYPTO_add(&ssl->references, 1, CRYPTO_LOCK_SSL);
[INFO] [stderr] warning: openssl@0.7.14:       |                                     ^~~~~~~~~~~~~~~
[INFO] [stderr] warning: openssl@0.7.14:       |                                     CRYPTO_LOCK
[INFO] [stderr] warning: openssl@0.7.14: src/c_helpers.c:4:37: note: each undeclared identifier is reported only once for each function it appears in
[INFO] [stderr] warning: openssl@0.7.14: src/c_helpers.c: In function 'rust_SSL_CTX_clone':
[INFO] [stderr] warning: openssl@0.7.14: src/c_helpers.c:8:20: error: invalid use of incomplete typedef 'SSL_CTX' {aka 'struct ssl_ctx_st'}
[INFO] [stderr] warning: openssl@0.7.14:     8 |     CRYPTO_add(&ctx->references,1,CRYPTO_LOCK_SSL_CTX);
[INFO] [stderr] warning: openssl@0.7.14:       |                    ^~
[INFO] [stderr] warning: openssl@0.7.14: src/c_helpers.c:8:35: error: 'CRYPTO_LOCK_SSL_CTX' undeclared (first use in this function); did you mean 'CRYPTO_EX_INDEX_SSL_CTX'?
[INFO] [stderr] warning: openssl@0.7.14:     8 |     CRYPTO_add(&ctx->references,1,CRYPTO_LOCK_SSL_CTX);
[INFO] [stderr] warning: openssl@0.7.14:       |                                   ^~~~~~~~~~~~~~~~~~~
[INFO] [stderr] warning: openssl@0.7.14:       |                                   CRYPTO_EX_INDEX_SSL_CTX
[INFO] [stderr] warning: openssl@0.7.14: src/c_helpers.c: In function 'rust_X509_clone':
[INFO] [stderr] warning: openssl@0.7.14: src/c_helpers.c:12:21: error: invalid use of incomplete typedef 'X509' {aka 'struct x509_st'}
[INFO] [stderr] warning: openssl@0.7.14:    12 |     CRYPTO_add(&x509->references,1,CRYPTO_LOCK_X509);
[INFO] [stderr] warning: openssl@0.7.14:       |                     ^~
[INFO] [stderr] warning: openssl@0.7.14: src/c_helpers.c:12:36: error: 'CRYPTO_LOCK_X509' undeclared (first use in this function); did you mean 'CRYPTO_LOCK'?
[INFO] [stderr] warning: openssl@0.7.14:    12 |     CRYPTO_add(&x509->references,1,CRYPTO_LOCK_X509);
[INFO] [stderr] warning: openssl@0.7.14:       |                                    ^~~~~~~~~~~~~~~~
[INFO] [stderr] warning: openssl@0.7.14:       |                                    CRYPTO_LOCK
[INFO] [stderr] error: failed to run custom build command for `openssl v0.7.14`
[INFO] [stderr] note: To improve backtraces for build dependencies, set the CARGO_PROFILE_RELEASE_BUILD_OVERRIDE_DEBUG=true environment variable to enable debug information generation.
[INFO] [stderr] 
[INFO] [stderr] Caused by:
[INFO] [stderr]   process didn't exit successfully: `/opt/rustwide/target/release/build/openssl-eb16647991d98df5/build-script-build` (exit status: 101)
[INFO] [stderr]   --- stdout
[INFO] [stderr]   TARGET = Some("x86_64-unknown-linux-gnu")
[INFO] [stderr]   OPT_LEVEL = Some("3")
[INFO] [stderr]   TARGET = Some("x86_64-unknown-linux-gnu")
[INFO] [stderr]   HOST = Some("x86_64-unknown-linux-gnu")
[INFO] [stderr]   TARGET = Some("x86_64-unknown-linux-gnu")
[INFO] [stderr]   TARGET = Some("x86_64-unknown-linux-gnu")
[INFO] [stderr]   HOST = Some("x86_64-unknown-linux-gnu")
[INFO] [stderr]   CC_x86_64-unknown-linux-gnu = None
[INFO] [stderr]   CC_x86_64_unknown_linux_gnu = None
[INFO] [stderr]   HOST_CC = None
[INFO] [stderr]   CC = None
[INFO] [stderr]   HOST = Some("x86_64-unknown-linux-gnu")
[INFO] [stderr]   TARGET = Some("x86_64-unknown-linux-gnu")
[INFO] [stderr]   HOST = Some("x86_64-unknown-linux-gnu")
[INFO] [stderr]   CFLAGS_x86_64-unknown-linux-gnu = None
[INFO] [stderr]   CFLAGS_x86_64_unknown_linux_gnu = None
[INFO] [stderr]   HOST_CFLAGS = None
[INFO] [stderr]   CFLAGS = None
[INFO] [stderr]   DEBUG = Some("false")
[INFO] [stderr]   running: "cc" "-O3" "-ffunction-sections" "-fdata-sections" "-fPIC" "-m64" "-I" "/usr/include" "-Wall" "-Wextra" "-o" "/opt/rustwide/target/release/build/openssl-eeccba5b9a9db912/out/src/c_helpers.o" "-c" "src/c_helpers.c"
[INFO] [stderr]   cargo:warning=src/c_helpers.c: In function 'rust_SSL_clone':
[INFO] [stderr]   cargo:warning=src/c_helpers.c:4:5: error: implicit declaration of function 'CRYPTO_add' [-Wimplicit-function-declaration]
[INFO] [stderr]   cargo:warning=    4 |     CRYPTO_add(&ssl->references, 1, CRYPTO_LOCK_SSL);
[INFO] [stderr]   cargo:warning=      |     ^~~~~~~~~~
[INFO] [stderr]   cargo:warning=src/c_helpers.c:4:20: error: invalid use of incomplete typedef 'SSL' {aka 'struct ssl_st'}
[INFO] [stderr]   cargo:warning=    4 |     CRYPTO_add(&ssl->references, 1, CRYPTO_LOCK_SSL);
[INFO] [stderr]   cargo:warning=      |                    ^~
[INFO] [stderr]   cargo:warning=src/c_helpers.c:4:37: error: 'CRYPTO_LOCK_SSL' undeclared (first use in this function); did you mean 'CRYPTO_LOCK'?
[INFO] [stderr]   cargo:warning=    4 |     CRYPTO_add(&ssl->references, 1, CRYPTO_LOCK_SSL);
[INFO] [stderr]   cargo:warning=      |                                     ^~~~~~~~~~~~~~~
[INFO] [stderr]   cargo:warning=      |                                     CRYPTO_LOCK
[INFO] [stderr]   cargo:warning=src/c_helpers.c:4:37: note: each undeclared identifier is reported only once for each function it appears in
[INFO] [stderr]   cargo:warning=src/c_helpers.c: In function 'rust_SSL_CTX_clone':
[INFO] [stderr]   cargo:warning=src/c_helpers.c:8:20: error: invalid use of incomplete typedef 'SSL_CTX' {aka 'struct ssl_ctx_st'}
[INFO] [stderr]   cargo:warning=    8 |     CRYPTO_add(&ctx->references,1,CRYPTO_LOCK_SSL_CTX);
[INFO] [stderr]   cargo:warning=      |                    ^~
[INFO] [stderr]   cargo:warning=src/c_helpers.c:8:35: error: 'CRYPTO_LOCK_SSL_CTX' undeclared (first use in this function); did you mean 'CRYPTO_EX_INDEX_SSL_CTX'?
[INFO] [stderr]   cargo:warning=    8 |     CRYPTO_add(&ctx->references,1,CRYPTO_LOCK_SSL_CTX);
[INFO] [stderr]   cargo:warning=      |                                   ^~~~~~~~~~~~~~~~~~~
[INFO] [stderr]   cargo:warning=      |                                   CRYPTO_EX_INDEX_SSL_CTX
[INFO] [stderr]   cargo:warning=src/c_helpers.c: In function 'rust_X509_clone':
[INFO] [stderr]   cargo:warning=src/c_helpers.c:12:21: error: invalid use of incomplete typedef 'X509' {aka 'struct x509_st'}
[INFO] [stderr]   cargo:warning=   12 |     CRYPTO_add(&x509->references,1,CRYPTO_LOCK_X509);
[INFO] [stderr]   cargo:warning=      |                     ^~
[INFO] [stderr]   cargo:warning=src/c_helpers.c:12:36: error: 'CRYPTO_LOCK_X509' undeclared (first use in this function); did you mean 'CRYPTO_LOCK'?
[INFO] [stderr]   cargo:warning=   12 |     CRYPTO_add(&x509->references,1,CRYPTO_LOCK_X509);
[INFO] [stderr]   cargo:warning=      |                                    ^~~~~~~~~~~~~~~~
[INFO] [stderr]   cargo:warning=      |                                    CRYPTO_LOCK
[INFO] [stderr]   exit status: 1
[INFO] [stderr] 
[INFO] [stderr]   --- stderr
[INFO] [stderr] 
[INFO] [stderr]   thread 'main' (66) panicked at /opt/rustwide/cargo-home/registry/src/index.crates.io-1949cf8c6b5b557f/gcc-0.3.55/src/lib.rs:1672:5:
[INFO] [stderr] 
[INFO] [stderr] 
[INFO] [stderr]   Internal error occurred: Command "cc" "-O3" "-ffunction-sections" "-fdata-sections" "-fPIC" "-m64" "-I" "/usr/include" "-Wall" "-Wextra" "-o" "/opt/rustwide/target/release/build/openssl-eeccba5b9a9db912/out/src/c_helpers.o" "-c" "src/c_helpers.c" with args "cc" did not execute successfully (status code exit status: 1).
[INFO] [stderr] 
[INFO] [stderr] 
[INFO] [stderr]   stack backtrace:
[INFO] [stderr]      0:     0x6459429189a1 - <<std[70759c8f55707aa4]::sys::backtrace::BacktraceLock>::print::DisplayBacktrace as core[df12db4294e9bfd3]::fmt::Display>::fmt
[INFO] [stderr]      1:     0x64594292c26a - core[df12db4294e9bfd3]::fmt::write
[INFO] [stderr]      2:     0x64594291e47c - <std[70759c8f55707aa4]::sys::stdio::unix::Stderr as core[df12db4294e9bfd3]::io::write::Write>::write_fmt
[INFO] [stderr]      3:     0x6459428f6e76 - std[70759c8f55707aa4]::panicking::default_hook::{closure#0}
[INFO] [stderr]      4:     0x6459429131a1 - std[70759c8f55707aa4]::panicking::default_hook
[INFO] [stderr]      5:     0x64594291335b - std[70759c8f55707aa4]::panicking::panic_with_hook
[INFO] [stderr]      6:     0x6459428f6f22 - std[70759c8f55707aa4]::panicking::panic_handler::{closure#0}
[INFO] [stderr]      7:     0x6459428efc39 - std[70759c8f55707aa4]::sys::backtrace::__rust_end_short_backtrace::<std[70759c8f55707aa4]::panicking::panic_handler::{closure#0}, !>
[INFO] [stderr]      8:     0x6459428f780d - __rustc[8fa7c3cbc660c2b3]::rust_begin_unwind
[INFO] [stderr]      9:     0x64594292c9dc - core[df12db4294e9bfd3]::panicking::panic_fmt
[INFO] [stderr]     10:     0x6459428c1b47 - gcc[cad2299997bcc4]::fail
[INFO] [stderr]     11:     0x6459428ccc2d - <gcc[cad2299997bcc4]::Build>::compile
[INFO] [stderr]     12:     0x6459428bfa27 - build_script_build[2f00dc2468a8c5c4]::main
[INFO] [stderr]     13:     0x6459428bfa9b - <fn() as core[df12db4294e9bfd3]::ops::function::FnOnce<()>>::call_once
[INFO] [stderr]     14:     0x6459428bf78e - std[70759c8f55707aa4]::sys::backtrace::__rust_begin_short_backtrace::<fn(), ()>
[INFO] [stderr]     15:     0x6459428bf799 - std[70759c8f55707aa4]::rt::lang_start::<()>::{closure#0}
[INFO] [stderr]     16:     0x6459429125d9 - std[70759c8f55707aa4]::rt::lang_start_internal
[INFO] [stderr]     17:     0x6459428bf781 - std[70759c8f55707aa4]::rt::lang_start::<()>
[INFO] [stderr]     18:     0x6459428bfad5 - main
[INFO] [stderr]     19:     0x7b8af89ed601 - <unknown>
[INFO] [stderr]     20:     0x7b8af89ed718 - __libc_start_main
[INFO] [stderr]     21:     0x6459428bf5f5 - _start
[INFO] [stderr]     22:                0x0 - <unknown>
[INFO] running `Command { std: "docker" "inspect" "d490f45288e689d7b0c8da22afde71dabaac4cbcdfba07a18b5b4167ebfa66b3", kill_on_drop: false }`
[INFO] running `Command { std: "docker" "rm" "-f" "d490f45288e689d7b0c8da22afde71dabaac4cbcdfba07a18b5b4167ebfa66b3", kill_on_drop: false }`
[INFO] [stdout] d490f45288e689d7b0c8da22afde71dabaac4cbcdfba07a18b5b4167ebfa66b3
