[INFO] fetching crate qrferry 0.1.0...
[INFO] testing qrferry-0.1.0 against 1.100.0-beta.1+cargoflags=--release for beta-release-1.100-2
[INFO] extracting crate qrferry 0.1.0 into /workspace/builds/worker-0-tc2/source
[INFO] started tweaking crates.io crate qrferry 0.1.0
[INFO] removed 0 missing examples
[INFO] removed 0 missing tests
[INFO] finished tweaking crates.io crate qrferry 0.1.0
[INFO] tweaked toml for crates.io crate qrferry 0.1.0 written to /workspace/builds/worker-0-tc2/source/Cargo.toml
[INFO] validating manifest of crates.io crate qrferry 0.1.0 on toolchain 1.100.0-beta.1
[INFO] running `Command { std: CARGO_HOME="/workspace/cargo-home" RUSTUP_HOME="/workspace/rustup-home" "/workspace/cargo-home/bin/cargo" "+1.100.0-beta.1" "metadata" "--manifest-path" "Cargo.toml" "--no-deps", kill_on_drop: false }`
[INFO] crate crates.io crate qrferry 0.1.0 already has a lockfile, it will not be regenerated
[INFO] running `Command { std: CARGO_HOME="/workspace/cargo-home" RUSTUP_HOME="/workspace/rustup-home" "/workspace/cargo-home/bin/cargo" "+1.100.0-beta.1" "fetch" "--manifest-path" "Cargo.toml", kill_on_drop: false }`
[INFO] running `Command { std: "docker" "create" "-v" "/var/lib/crater-agent-workspace/builds/worker-0-tc2/source:/opt/rustwide/workdir:ro,Z" "-v" "/var/lib/crater-agent-workspace/builds/worker-0-tc2/target:/opt/rustwide/target:rw,Z" "-v" "/var/lib/crater-agent-workspace/cargo-home:/opt/rustwide/cargo-home:ro,Z" "-v" "/var/lib/crater-agent-workspace/rustup-home:/opt/rustwide/rustup-home:ro,Z" "-m" "1610612736" "--network" "none" "ghcr.io/rust-lang/crates-build-env/linux@sha256:77db811e55d90add9212f6832c23229e3de5f1c1f9905e8cb07319ea15df73ac" "sleep" "infinity", kill_on_drop: false }`
[INFO] [stdout] 99d27d142c1c781c266943da62054399d80a0d1a586ebaea946d37eb2b7c0b0e
[INFO] running `Command { std: "docker" "start" "99d27d142c1c781c266943da62054399d80a0d1a586ebaea946d37eb2b7c0b0e", kill_on_drop: false }`
[INFO] running `Command { std: "docker" "inspect" "99d27d142c1c781c266943da62054399d80a0d1a586ebaea946d37eb2b7c0b0e", kill_on_drop: false }`
[INFO] running `Command { std: "docker" "exec" "-e" "SOURCE_DIR=/opt/rustwide/workdir" "-e" "CARGO_HOME=/opt/rustwide/cargo-home" "-e" "RUSTUP_HOME=/opt/rustwide/rustup-home" "-e" "CARGO_TARGET_DIR=/opt/rustwide/target" "-w" "/opt/rustwide/workdir" "--user" "0:0" "99d27d142c1c781c266943da62054399d80a0d1a586ebaea946d37eb2b7c0b0e" "/opt/rustwide/cargo-home/bin/cargo" "+1.100.0-beta.1" "metadata" "--no-deps" "--format-version=1", kill_on_drop: false }`
[INFO] running `Command { std: "docker" "inspect" "99d27d142c1c781c266943da62054399d80a0d1a586ebaea946d37eb2b7c0b0e", kill_on_drop: false }`
[INFO] running `Command { std: "docker" "exec" "-e" "SOURCE_DIR=/opt/rustwide/workdir" "-e" "CARGO_HOME=/opt/rustwide/cargo-home" "-e" "RUSTUP_HOME=/opt/rustwide/rustup-home" "-e" "CARGO_TARGET_DIR=/opt/rustwide/target" "-e" "CARGO_INCREMENTAL=0" "-e" "RUST_BACKTRACE=full" "-e" "RUSTFLAGS=--cap-lints=warn" "-e" "RUSTDOCFLAGS=--cap-lints=warn" "-w" "/opt/rustwide/workdir" "--user" "0:0" "99d27d142c1c781c266943da62054399d80a0d1a586ebaea946d37eb2b7c0b0e" "/opt/rustwide/cargo-home/bin/cargo" "+1.100.0-beta.1" "build" "--frozen" "--message-format=json" "--release", kill_on_drop: false }`
[INFO] [stderr]    Compiling proc-macro2 v1.0.107
[INFO] [stderr]    Compiling libc v0.2.189
[INFO] [stderr]    Compiling quote v1.0.47
[INFO] [stderr]    Compiling unicode-ident v1.0.24
[INFO] [stderr]    Compiling autocfg v1.5.1
[INFO] [stderr]    Compiling cfg-if v1.0.4
[INFO] [stderr]    Compiling shlex v2.0.1
[INFO] [stderr]    Compiling find-msvc-tools v0.1.9
[INFO] [stderr]    Compiling memchr v2.8.3
[INFO] [stderr]    Compiling log v0.4.33
[INFO] [stderr]    Compiling pkg-config v0.3.33
[INFO] [stderr]    Compiling glob v0.3.4
[INFO] [stderr]    Compiling rustix v0.38.44
[INFO] [stderr]    Compiling bitflags v1.3.2
[INFO] [stderr]    Compiling prettyplease v0.2.37
[INFO] [stderr]    Compiling once_cell v1.21.4
[INFO] [stderr]    Compiling minimal-lexical v0.2.1
[INFO] [stderr]    Compiling regex-syntax v0.8.11
[INFO] [stderr]    Compiling linux-raw-sys v0.4.15
[INFO] [stderr]    Compiling xml-rs v0.8.28
[INFO] [stderr]    Compiling dunce v1.0.5
[INFO] [stderr]    Compiling bitflags v2.13.1
[INFO] [stderr]    Compiling libloading v0.8.9
[INFO] [stderr]    Compiling either v1.17.0
[INFO] [stderr]    Compiling home v0.5.12
[INFO] [stderr]    Compiling bindgen v0.65.1
[INFO] [stderr]    Compiling bytemuck v1.25.2
[INFO] [stderr]    Compiling object v0.37.3
[INFO] [stderr]    Compiling clang-sys v1.9.1
[INFO] [stderr]    Compiling thiserror v1.0.69
[INFO] [stderr]    Compiling peeking_take_while v0.1.2
[INFO] [stderr]    Compiling lazycell v1.3.0
[INFO] [stderr]    Compiling pxfm v0.1.30
[INFO] [stderr]    Compiling num-traits v0.2.19
[INFO] [stderr]    Compiling memoffset v0.6.5
[INFO] [stderr]    Compiling rustc-hash v1.1.0
[INFO] [stderr]    Compiling lazy_static v1.5.0
[INFO] [stderr]    Compiling shlex v1.3.0
[INFO] [stderr]    Compiling adler2 v2.0.1
[INFO] [stderr]    Compiling thiserror v2.0.19
[INFO] [stderr]    Compiling gimli v0.32.3
[INFO] [stderr]    Compiling dlib v0.5.3
[INFO] [stderr]    Compiling rgb v0.8.53
[INFO] [stderr]    Compiling miniz_oxide v0.8.9
[INFO] [stderr]    Compiling arrayvec v0.7.8
[INFO] [stderr]    Compiling rustc-demangle v0.1.28
[INFO] [stderr]    Compiling wayland-sys v0.29.5
[INFO] [stderr]    Compiling byteorder-lite v0.1.0
[INFO] [stderr]    Compiling bytes v1.12.1
[INFO] [stderr]    Compiling unicode-width v0.1.14
[INFO] [stderr]    Compiling nom v7.1.3
[INFO] [stderr]    Compiling smallvec v1.15.2
[INFO] [stderr]    Compiling smawk v0.3.3
[INFO] [stderr]    Compiling unicode-linebreak v0.1.5
[INFO] [stderr]    Compiling syn v2.0.119
[INFO] [stderr]    Compiling wayland-scanner v0.29.5
[INFO] [stderr]    Compiling syn v3.0.3
[INFO] [stderr]    Compiling is_ci v1.2.0
[INFO] [stderr]    Compiling textwrap v0.15.2
[INFO] [stderr]    Compiling paste v1.0.15
[INFO] [stderr]    Compiling simd-adler32 v0.3.10
[INFO] [stderr]    Compiling rustix v1.1.4
[INFO] [stderr]    Compiling crc32fast v1.5.0
[INFO] [stderr]    Compiling owo-colors v3.5.0
[INFO] [stderr]    Compiling regex-automata v0.4.16
[INFO] [stderr]    Compiling downcast-rs v1.2.1
[INFO] [stderr]    Compiling scoped-tls v1.0.1
[INFO] [stderr]    Compiling getrandom v0.4.3
[INFO] [stderr]    Compiling scopeguard v1.2.0
[INFO] [stderr]    Compiling lock_api v0.4.14
[INFO] [stderr]    Compiling jobserver v0.1.35
[INFO] [stderr]    Compiling is-terminal v0.4.17
[INFO] [stderr]    Compiling supports-hyperlinks v2.1.0
[INFO] [stderr]    Compiling supports-unicode v2.1.0
[INFO] [stderr]    Compiling nix v0.24.3
[INFO] [stderr]    Compiling supports-color v2.1.0
[INFO] [stderr]    Compiling terminal_size v0.1.17
[INFO] [stderr]    Compiling cc v1.4.0
[INFO] [stderr]    Compiling nasm-rs v0.3.2
[INFO] [stderr]    Compiling getrandom v0.2.17
[INFO] [stderr]    Compiling wayland-client v0.29.5
[INFO] [stderr]    Compiling wayland-protocols v0.29.5
[INFO] [stderr]    Compiling x11-dl v2.21.0
[INFO] [stderr]    Compiling linux-raw-sys v0.12.1
[INFO] [stderr]    Compiling nokhwa-bindings-macos v0.2.4
[INFO] [stderr]    Compiling alloc-no-stdlib v2.0.4
[INFO] [stderr]    Compiling alloc-stdlib v0.2.4
[INFO] [stderr]    Compiling cexpr v0.6.0
[INFO] [stderr]    Compiling which v4.4.2
[INFO] [stderr]    Compiling addr2line v0.25.1
[INFO] [stderr]    Compiling nanorand v0.7.0
[INFO] [stderr]    Compiling spin v0.9.9
[INFO] [stderr]    Compiling futures-sink v0.3.33
[INFO] [stderr]    Compiling fastrand v2.5.0
[INFO] [stderr]    Compiling xcursor v0.3.11
[INFO] [stderr]    Compiling futures-core v0.3.33
[INFO] [stderr]    Compiling flate2 v1.1.9
[INFO] [stderr]    Compiling cmake v0.1.58
[INFO] [stderr]    Compiling flume v0.11.1
[INFO] [stderr]    Compiling brotli-decompressor v5.0.3
[INFO] [stderr]    Compiling regex v1.13.1
[INFO] [stderr]    Compiling fdeflate v0.3.7
[INFO] [stderr]    Compiling raw-window-handle v0.6.2
[INFO] [stderr]    Compiling qrcode v0.14.1
[INFO] [stderr]    Compiling raptorq v2.0.1
[INFO] [stderr]    Compiling mozjpeg-sys v2.2.3
[INFO] [stderr]    Compiling moxcms v0.7.11
[INFO] [stderr]    Compiling wayland-commons v0.29.5
[INFO] [stderr]    Compiling thiserror-impl v2.0.19
[INFO] [stderr]    Compiling backtrace v0.3.76
[INFO] [stderr]    Compiling minifb v0.27.0
[INFO] [stderr]    Compiling brotli v8.0.4
[INFO] [stderr]    Compiling png v0.17.16
[INFO] [stderr]    Compiling backtrace-ext v0.2.1
[INFO] [stderr]    Compiling tempfile v3.27.0
[INFO] [stderr]    Compiling thiserror-impl v1.0.69
[INFO] [stderr]    Compiling miette-derive v5.10.0
[INFO] [stderr]    Compiling wayland-cursor v0.29.5
[INFO] [stderr]    Compiling miette v5.10.0
[INFO] [stderr]    Compiling zxing-cpp v0.5.3
[INFO] [stderr] error: could not compile `bindgen` (lib)
[INFO] [stderr] 
[INFO] [stderr] Caused by:
[INFO] [stderr]   process didn't exit successfully: `/opt/rustwide/rustup-home/toolchains/1.100.0-beta.1-x86_64-unknown-linux-gnu/bin/rustc --crate-name bindgen --edition=2018 /opt/rustwide/cargo-home/registry/src/index.crates.io-1949cf8c6b5b557f/bindgen-0.65.1/lib.rs --error-format=json --json=diagnostic-rendered-ansi,artifacts,future-incompat,unused-externs-silent --crate-type lib --emit=dep-info,metadata,link -C embed-bitcode=no -C debug-assertions=off --cfg 'feature="default"' --cfg 'feature="log"' --cfg 'feature="logging"' --cfg 'feature="runtime"' --cfg 'feature="which"' --cfg 'feature="which-rustfmt"' --check-cfg 'cfg(docsrs,test)' --check-cfg 'cfg(feature, values("__cli", "annotate-snippets", "default", "experimental", "log", "logging", "runtime", "static", "testing_only_extra_assertions", "testing_only_libclang_5", "testing_only_libclang_9", "which", "which-rustfmt"))' -C metadata=5a4bd6012d547e00 -C extra-filename=-92406945a91b256f --out-dir /opt/rustwide/target/release/build/bindgen/92406945a91b256f/out -C strip=symbols -L dependency=/opt/rustwide/target/release/build/bitflags/3e6f25e8dcd7eb45/out -L dependency=/opt/rustwide/target/release/build/cfg-if/e0b8f0a2bb88e76a/out -L dependency=/opt/rustwide/target/release/build/either/4e817c2153af6744/out -L dependency=/opt/rustwide/target/release/build/glob/641822a1a39712db/out -L dependency=/opt/rustwide/target/release/build/home/abec98457c801457/out -L dependency=/opt/rustwide/target/release/build/libc/dad2dec468f43927/out -L dependency=/opt/rustwide/target/release/build/libloading/33efe70bbffdc38b/out -L dependency=/opt/rustwide/target/release/build/linux-raw-sys/a8d952e1a89eafcd/out -L dependency=/opt/rustwide/target/release/build/memchr/b86d8ba85c777d47/out -L dependency=/opt/rustwide/target/release/build/minimal-lexical/744f6f87d87da533/out -L dependency=/opt/rustwide/target/release/build/nom/dac94402ff121f3c/out -L dependency=/opt/rustwide/target/release/build/proc-macro2/8bbf008e74d9f267/out -L dependency=/opt/rustwide/target/release/build/quote/ab0286f8f4fbfe61/out -L dependency=/opt/rustwide/target/release/build/regex-automata/e3d84c95bb7b3868/out -L dependency=/opt/rustwide/target/release/build/regex-syntax/947fc45fa010ddfb/out -L dependency=/opt/rustwide/target/release/build/rustix/b002456e55fc3aad/out -L dependency=/opt/rustwide/target/release/build/syn/aeb4a0424cf1be21/out -L dependency=/opt/rustwide/target/release/build/unicode-ident/35476bc0d7d58b85/out --extern bitflags=/opt/rustwide/target/release/build/bitflags/11eec22fc80523b8/out/libbitflags-11eec22fc80523b8.rmeta --extern cexpr=/opt/rustwide/target/release/build/cexpr/07e90b56d7f19c4a/out/libcexpr-07e90b56d7f19c4a.rmeta --extern clang_sys=/opt/rustwide/target/release/build/clang-sys/3625291176e58ccc/out/libclang_sys-3625291176e58ccc.rmeta --extern lazy_static=/opt/rustwide/target/release/build/lazy_static/4c6d187aaf36b782/out/liblazy_static-4c6d187aaf36b782.rmeta --extern lazycell=/opt/rustwide/target/release/build/lazycell/7c0413e0b4522f9d/out/liblazycell-7c0413e0b4522f9d.rmeta --extern log=/opt/rustwide/target/release/build/log/5ba2c7ce4c09f10c/out/liblog-5ba2c7ce4c09f10c.rmeta --extern peeking_take_while=/opt/rustwide/target/release/build/peeking_take_while/565868ba792bb396/out/libpeeking_take_while-565868ba792bb396.rmeta --extern prettyplease=/opt/rustwide/target/release/build/prettyplease/dea62379f0fec960/out/libprettyplease-dea62379f0fec960.rmeta --extern proc_macro2=/opt/rustwide/target/release/build/proc-macro2/8bbf008e74d9f267/out/libproc_macro2-8bbf008e74d9f267.rmeta --extern quote=/opt/rustwide/target/release/build/quote/ab0286f8f4fbfe61/out/libquote-ab0286f8f4fbfe61.rmeta --extern regex=/opt/rustwide/target/release/build/regex/ed433414f59a9c42/out/libregex-ed433414f59a9c42.rmeta --extern rustc_hash=/opt/rustwide/target/release/build/rustc-hash/db9585203edd8428/out/librustc_hash-db9585203edd8428.rmeta --extern shlex=/opt/rustwide/target/release/build/shlex/2a82a5432caf3a96/out/libshlex-2a82a5432caf3a96.rmeta --extern syn=/opt/rustwide/target/release/build/syn/aeb4a0424cf1be21/out/libsyn-aeb4a0424cf1be21.rmeta --extern which=/opt/rustwide/target/release/build/which/78f19802cc7829f6/out/libwhich-78f19802cc7829f6.rmeta --cap-lints allow --cap-lints=warn --force-warn=unused_crate_dependencies` (signal: 9, SIGKILL: kill)
[INFO] [stderr] warning: build failed, waiting for other jobs to finish...
[INFO] [stderr] error: could not compile `moxcms` (lib)
[INFO] [stderr] 
[INFO] [stderr] Caused by:
[INFO] [stderr]   process didn't exit successfully: `/opt/rustwide/rustup-home/toolchains/1.100.0-beta.1-x86_64-unknown-linux-gnu/bin/rustc --crate-name moxcms --edition=2024 /opt/rustwide/cargo-home/registry/src/index.crates.io-1949cf8c6b5b557f/moxcms-0.7.11/src/lib.rs --error-format=json --json=diagnostic-rendered-ansi,artifacts,future-incompat,unused-externs-silent --crate-type lib --emit=dep-info,metadata,link -C opt-level=3 -C codegen-units=1 --cfg 'feature="avx"' --cfg 'feature="default"' --cfg 'feature="neon"' --cfg 'feature="sse"' --check-cfg 'cfg(docsrs,test)' --check-cfg 'cfg(feature, values("avx", "avx512", "default", "neon", "options", "sse"))' -C metadata=d14b4e2bee1a5775 -C extra-filename=-67dd66c3845fdb1b --out-dir /opt/rustwide/target/release/build/moxcms/67dd66c3845fdb1b/out -C strip=symbols --extern num_traits=/opt/rustwide/target/release/build/num-traits/08f65296bdde75d4/out/libnum_traits-08f65296bdde75d4.rmeta --extern pxfm=/opt/rustwide/target/release/build/pxfm/399c15c68c49b277/out/libpxfm-399c15c68c49b277.rmeta --cap-lints allow --cap-lints=warn --force-warn=unused_crate_dependencies` (signal: 9, SIGKILL: kill)
[INFO] [stderr] error: failed to run custom build command for `zxing-cpp v0.5.3`
[INFO] [stderr] note: To improve backtraces for build dependencies, set the CARGO_PROFILE_RELEASE_BUILD_OVERRIDE_DEBUG=true environment variable to enable debug information generation.
[INFO] [stderr] 
[INFO] [stderr] Caused by:
[INFO] [stderr]   process didn't exit successfully: `/opt/rustwide/target/release/build/zxing-cpp/fb7c213c7972fa29/out/build_script_build` (exit status: 101)
[INFO] [stderr]   --- stdout
[INFO] [stderr]   CMAKE_TOOLCHAIN_FILE_x86_64-unknown-linux-gnu = None
[INFO] [stderr]   CMAKE_TOOLCHAIN_FILE_x86_64_unknown_linux_gnu = None
[INFO] [stderr]   HOST_CMAKE_TOOLCHAIN_FILE = None
[INFO] [stderr]   CMAKE_TOOLCHAIN_FILE = None
[INFO] [stderr]   CMAKE_GENERATOR_x86_64-unknown-linux-gnu = None
[INFO] [stderr]   CMAKE_GENERATOR_x86_64_unknown_linux_gnu = None
[INFO] [stderr]   HOST_CMAKE_GENERATOR = None
[INFO] [stderr]   CMAKE_GENERATOR = None
[INFO] [stderr]   CMAKE_PREFIX_PATH_x86_64-unknown-linux-gnu = None
[INFO] [stderr]   CMAKE_PREFIX_PATH_x86_64_unknown_linux_gnu = None
[INFO] [stderr]   HOST_CMAKE_PREFIX_PATH = None
[INFO] [stderr]   CMAKE_PREFIX_PATH = None
[INFO] [stderr]   CMAKE_x86_64-unknown-linux-gnu = None
[INFO] [stderr]   CMAKE_x86_64_unknown_linux_gnu = None
[INFO] [stderr]   HOST_CMAKE = None
[INFO] [stderr]   CMAKE = None
[INFO] [stderr]   -- The C compiler identification is GNU 15.2.0
[INFO] [stderr]   -- The CXX compiler identification is GNU 15.2.0
[INFO] [stderr]   -- Detecting C compiler ABI info
[INFO] [stderr]   -- Detecting C compiler ABI info - done
[INFO] [stderr]   -- Check for working C compiler: /usr/bin/cc - skipped
[INFO] [stderr]   -- Detecting C compile features
[INFO] [stderr]   -- Detecting C compile features - done
[INFO] [stderr]   -- Detecting CXX compiler ABI info
[INFO] [stderr]   -- Detecting CXX compiler ABI info - done
[INFO] [stderr]   -- Check for working CXX compiler: /usr/bin/c++ - skipped
[INFO] [stderr]   -- Detecting CXX compile features
[INFO] [stderr]   -- Detecting CXX compile features - done
[INFO] [stderr]   -- Performing Test HAS_FILE_PREFIX_ARG
[INFO] [stderr]   -- Performing Test HAS_FILE_PREFIX_ARG - Success
[INFO] [stderr]   -- Performing Test CMAKE_HAVE_LIBC_PTHREAD
[INFO] [stderr]   -- Performing Test CMAKE_HAVE_LIBC_PTHREAD - Success
[INFO] [stderr]   -- Found Threads: TRUE
[INFO] [stderr]   -- Performing Test COMPILER_KNOWS_Os
[INFO] [stderr]   -- Performing Test COMPILER_KNOWS_Os - Success
[INFO] [stderr]   -- Configuring done (3.0s)
[INFO] [stderr]   -- Generating done (0.1s)
[INFO] [stderr]   -- Build files have been written to: /opt/rustwide/target/release/build/zxing-cpp/d6afeee0660a8abf/out/build
[INFO] [stderr]   [  1%] Building CXX object CMakeFiles/ZXing.dir/src/CreateBarcode.cpp.o
[INFO] [stderr]   [  2%] Building CXX object CMakeFiles/ZXing.dir/src/Error.cpp.o
[INFO] [stderr]   [  5%] Building CXX object CMakeFiles/ZXing.dir/src/BarcodeFormat.cpp.o
[INFO] [stderr]   [  5%] Building CXX object CMakeFiles/ZXing.dir/src/ZXingCpp.cpp.o
[INFO] [stderr]   [  5%] Building CXX object CMakeFiles/ZXing.dir/src/Barcode.cpp.o
[INFO] [stderr]   [  5%] Building CXX object CMakeFiles/ZXing.dir/cmake_pch.hxx.gch
[INFO] [stderr]   [  5%] Building CXX object CMakeFiles/ZXing.dir/src/GTIN.cpp.o
[INFO] [stderr]   [  6%] Building CXX object CMakeFiles/ZXing.dir/src/BitMatrixIO.cpp.o
[INFO] [stderr]   [  7%] Building CXX object CMakeFiles/ZXing.dir/src/WriteBarcode.cpp.o
[INFO] [stderr]   [  8%] Building CXX object CMakeFiles/ZXing.dir/src/ZXingC.cpp.o
[INFO] [stderr]   [  9%] Building CXX object CMakeFiles/ZXing.dir/src/HRI.cpp.o
[INFO] [stderr]   [ 10%] Building CXX object CMakeFiles/ZXing.dir/src/MultiFormatReader.cpp.o
[INFO] [stderr]   [ 11%] Building CXX object CMakeFiles/ZXing.dir/src/datamatrix/DMDataBlock.cpp.o
[INFO] [stderr] 
[INFO] [stderr]   --- stderr
[INFO] [stderr]   running: cd "/opt/rustwide/target/release/build/zxing-cpp/d6afeee0660a8abf/out/build" && CMAKE_PREFIX_PATH="" LC_ALL="C" "cmake" "/opt/rustwide/cargo-home/registry/src/index.crates.io-1949cf8c6b5b557f/zxing-cpp-0.5.3/core" "-B" "/opt/rustwide/target/release/build/zxing-cpp/d6afeee0660a8abf/out/build" "-DBUILD_SHARED_LIBS=OFF" "-DZXING_READERS=ON" "-DZXING_WRITERS=ON" "-DZXING_EXPERIMENTAL_API=OFF" "-DZXING_C_API=ON" "-DZXING_USE_BUNDLED_ZINT=ON" "-DCMAKE_INSTALL_LIBDIR=lib" "-DCMAKE_INSTALL_PREFIX=/opt/rustwide/target/release/build/zxing-cpp/d6afeee0660a8abf/out" "-DCMAKE_C_FLAGS= -ffunction-sections -fdata-sections -fPIC -m64 -w" "-DCMAKE_C_COMPILER=/usr/bin/cc" "-DCMAKE_CXX_FLAGS= -ffunction-sections -fdata-sections -fPIC -m64 -w" "-DCMAKE_CXX_COMPILER=/usr/bin/c++" "-DCMAKE_ASM_FLAGS= -ffunction-sections -fdata-sections -fPIC -m64 -w" "-DCMAKE_ASM_COMPILER=/usr/bin/cc" "-DCMAKE_BUILD_TYPE=Release"
[INFO] [stderr]   CMake Warning:
[INFO] [stderr]     Manually-specified variables were not used by the project:
[INFO] [stderr] 
[INFO] [stderr]       CMAKE_ASM_COMPILER
[INFO] [stderr]       CMAKE_ASM_FLAGS
[INFO] [stderr] 
[INFO] [stderr] 
[INFO] [stderr]   running: cd "/opt/rustwide/target/release/build/zxing-cpp/d6afeee0660a8abf/out/build" && LC_ALL="C" MAKEFLAGS="-j --jobserver-fds=4,5 --jobserver-auth=4,5" "cmake" "--build" "/opt/rustwide/target/release/build/zxing-cpp/d6afeee0660a8abf/out/build" "--target" "install" "--config" "Release"
[INFO] [stderr]   c++: fatal error: Killed signal terminated program cc1plus
[INFO] [stderr]   compilation terminated.
[INFO] [stderr]   gmake[2]: *** [CMakeFiles/ZXing.dir/build.make:80: CMakeFiles/ZXing.dir/cmake_pch.hxx.gch] Error 1
[INFO] [stderr]   gmake[2]: *** Deleting file 'CMakeFiles/ZXing.dir/cmake_pch.hxx.gch'
[INFO] [stderr]   gmake[2]: *** Waiting for unfinished jobs....
[INFO] [stderr]   gmake[1]: *** [CMakeFiles/Makefile2:87: CMakeFiles/ZXing.dir/all] Error 2
[INFO] [stderr]   gmake: *** [Makefile:136: all] Error 2
[INFO] [stderr] 
[INFO] [stderr]   thread 'main' (5494) panicked at /opt/rustwide/cargo-home/registry/src/index.crates.io-1949cf8c6b5b557f/cmake-0.1.58/src/lib.rs:1132:5:
[INFO] [stderr] 
[INFO] [stderr]   command did not execute successfully, got: exit status: 2
[INFO] [stderr] 
[INFO] [stderr]   build script failed, must exit now
[INFO] [stderr]   stack backtrace:
[INFO] [stderr]      0:     0x5fd45f2189b1 - <unknown>
[INFO] [stderr]      1:     0x5fd45f22c94a - <unknown>
[INFO] [stderr]      2:     0x5fd45f21e19c - <unknown>
[INFO] [stderr]      3:     0x5fd45f1f7db6 - <unknown>
[INFO] [stderr]      4:     0x5fd45f213651 - <unknown>
[INFO] [stderr]      5:     0x5fd45f21380b - <unknown>
[INFO] [stderr]      6:     0x5fd45f1f7e62 - <unknown>
[INFO] [stderr]      7:     0x5fd45f1f0ad9 - <unknown>
[INFO] [stderr]      8:     0x5fd45f1f864d - <unknown>
[INFO] [stderr]      9:     0x5fd45f22d0bc - <unknown>
[INFO] [stderr]     10:     0x5fd45f180ac7 - <unknown>
[INFO] [stderr]     11:     0x5fd45f180753 - <unknown>
[INFO] [stderr]     12:     0x5fd45f186725 - <unknown>
[INFO] [stderr]     13:     0x5fd45f173815 - <unknown>
[INFO] [stderr]     14:     0x5fd45f1740c3 - <unknown>
[INFO] [stderr]     15:     0x5fd45f173606 - <unknown>
[INFO] [stderr]     16:     0x5fd45f173619 - <unknown>
[INFO] [stderr]     17:     0x5fd45f212958 - <unknown>
[INFO] [stderr]     18:     0x5fd45f173191 - <unknown>
[INFO] [stderr]     19:     0x5fd45f174135 - <unknown>
[INFO] [stderr]     20:     0x70b65df19601 - <unknown>
[INFO] [stderr]     21:     0x70b65df19718 - __libc_start_main
[INFO] [stderr]     22:     0x5fd45f172585 - <unknown>
[INFO] [stderr]     23:                0x0 - <unknown>
[INFO] running `Command { std: "docker" "inspect" "99d27d142c1c781c266943da62054399d80a0d1a586ebaea946d37eb2b7c0b0e", kill_on_drop: false }`
[INFO] running `Command { std: "docker" "rm" "-f" "99d27d142c1c781c266943da62054399d80a0d1a586ebaea946d37eb2b7c0b0e", kill_on_drop: false }`
[INFO] [stdout] 99d27d142c1c781c266943da62054399d80a0d1a586ebaea946d37eb2b7c0b0e
