[INFO] fetching crate qr-tester 0.5.6...
[INFO] testing qr-tester-0.5.6 against 1.100.0-beta.1+cargoflags=--release for beta-release-1.100-2
[INFO] extracting crate qr-tester 0.5.6 into /workspace/builds/worker-6-tc2/source
[INFO] started tweaking crates.io crate qr-tester 0.5.6
[INFO] finished tweaking crates.io crate qr-tester 0.5.6
[INFO] tweaked toml for crates.io crate qr-tester 0.5.6 written to /workspace/builds/worker-6-tc2/source/Cargo.toml
[INFO] validating manifest of crates.io crate qr-tester 0.5.6 on toolchain 1.100.0-beta.1
[INFO] running `Command { std: CARGO_HOME="/workspace/cargo-home" RUSTUP_HOME="/workspace/rustup-home" "/workspace/cargo-home/bin/cargo" "+1.100.0-beta.1" "metadata" "--manifest-path" "Cargo.toml" "--no-deps", kill_on_drop: false }`
[INFO] crate crates.io crate qr-tester 0.5.6 already has a lockfile, it will not be regenerated
[INFO] running `Command { std: CARGO_HOME="/workspace/cargo-home" RUSTUP_HOME="/workspace/rustup-home" "/workspace/cargo-home/bin/cargo" "+1.100.0-beta.1" "fetch" "--manifest-path" "Cargo.toml", kill_on_drop: false }`
[INFO] [stderr] warning: `package.homepage` is redundant with `package.repository`
[INFO] [stderr]   --> Cargo.toml:67:12
[INFO] [stderr]    |
[INFO] [stderr] 67 | homepage = "https://github.com/kookyleo/qr-tester"
[INFO] [stderr]    |            ^^^^^^^^^^^^^^^^^^^^^^^^^^^^^^^^^^^^^^^
[INFO] [stderr] ...
[INFO] [stderr] 72 | repository = "https://github.com/kookyleo/qr-tester"
[INFO] [stderr]    |              ---------------------------------------
[INFO] [stderr]    |
[INFO] [stderr]    = note: `cargo::redundant_homepage` is set to `warn` by default
[INFO] [stderr] help: consider removing `package.homepage`
[INFO] [stderr] warning: `qr-tester` (manifest) generated 1 warning
[INFO] running `Command { std: "docker" "create" "-v" "/var/lib/crater-agent-workspace/builds/worker-6-tc2/source:/opt/rustwide/workdir:ro,Z" "-v" "/var/lib/crater-agent-workspace/builds/worker-6-tc2/target:/opt/rustwide/target:rw,Z" "-v" "/var/lib/crater-agent-workspace/cargo-home:/opt/rustwide/cargo-home:ro,Z" "-v" "/var/lib/crater-agent-workspace/rustup-home:/opt/rustwide/rustup-home:ro,Z" "-m" "1610612736" "--network" "none" "ghcr.io/rust-lang/crates-build-env/linux@sha256:77db811e55d90add9212f6832c23229e3de5f1c1f9905e8cb07319ea15df73ac" "sleep" "infinity", kill_on_drop: false }`
[INFO] [stdout] b7c4359d6118a647bc76b76cb49a07a081e430c606a8015b2fd5062976d72b34
[INFO] running `Command { std: "docker" "start" "b7c4359d6118a647bc76b76cb49a07a081e430c606a8015b2fd5062976d72b34", kill_on_drop: false }`
[INFO] running `Command { std: "docker" "inspect" "b7c4359d6118a647bc76b76cb49a07a081e430c606a8015b2fd5062976d72b34", kill_on_drop: false }`
[INFO] running `Command { std: "docker" "exec" "-e" "SOURCE_DIR=/opt/rustwide/workdir" "-e" "CARGO_HOME=/opt/rustwide/cargo-home" "-e" "RUSTUP_HOME=/opt/rustwide/rustup-home" "-e" "CARGO_TARGET_DIR=/opt/rustwide/target" "-w" "/opt/rustwide/workdir" "--user" "0:0" "b7c4359d6118a647bc76b76cb49a07a081e430c606a8015b2fd5062976d72b34" "/opt/rustwide/cargo-home/bin/cargo" "+1.100.0-beta.1" "metadata" "--no-deps" "--format-version=1", kill_on_drop: false }`
[INFO] running `Command { std: "docker" "inspect" "b7c4359d6118a647bc76b76cb49a07a081e430c606a8015b2fd5062976d72b34", kill_on_drop: false }`
[INFO] running `Command { std: "docker" "exec" "-e" "SOURCE_DIR=/opt/rustwide/workdir" "-e" "CARGO_HOME=/opt/rustwide/cargo-home" "-e" "RUSTUP_HOME=/opt/rustwide/rustup-home" "-e" "CARGO_TARGET_DIR=/opt/rustwide/target" "-e" "CARGO_INCREMENTAL=0" "-e" "RUST_BACKTRACE=full" "-e" "RUSTFLAGS=--cap-lints=warn" "-e" "RUSTDOCFLAGS=--cap-lints=warn" "-w" "/opt/rustwide/workdir" "--user" "0:0" "b7c4359d6118a647bc76b76cb49a07a081e430c606a8015b2fd5062976d72b34" "/opt/rustwide/cargo-home/bin/cargo" "+1.100.0-beta.1" "build" "--frozen" "--message-format=json" "--release", kill_on_drop: false }`
[INFO] [stderr] warning: `package.homepage` is redundant with `package.repository`
[INFO] [stderr]   --> Cargo.toml:67:12
[INFO] [stderr]    |
[INFO] [stderr] 67 | homepage = "https://github.com/kookyleo/qr-tester"
[INFO] [stderr]    |            ^^^^^^^^^^^^^^^^^^^^^^^^^^^^^^^^^^^^^^^
[INFO] [stderr] ...
[INFO] [stderr] 72 | repository = "https://github.com/kookyleo/qr-tester"
[INFO] [stderr]    |              ---------------------------------------
[INFO] [stderr]    |
[INFO] [stderr]    = note: `cargo::redundant_homepage` is set to `warn` by default
[INFO] [stderr] help: consider removing `package.homepage`
[INFO] [stderr] warning: `qr-tester` (manifest) generated 1 warning
[INFO] [stderr]    Compiling syn v2.0.110
[INFO] [stderr]    Compiling zerocopy v0.8.27
[INFO] [stderr]    Compiling libc v0.2.177
[INFO] [stderr]    Compiling bytemuck v1.24.0
[INFO] [stderr]    Compiling log v0.4.28
[INFO] [stderr]    Compiling num-bigint v0.4.6
[INFO] [stderr]    Compiling flate2 v1.1.5
[INFO] [stderr]    Compiling weezl v0.1.12
[INFO] [stderr]    Compiling glob v0.3.3
[INFO] [stderr]    Compiling as-slice v0.2.1
[INFO] [stderr]    Compiling color_quant v1.1.0
[INFO] [stderr]    Compiling rustix v0.38.44
[INFO] [stderr]    Compiling built v0.8.0
[INFO] [stderr]    Compiling clang-sys v1.8.1
[INFO] [stderr]    Compiling av-scenechange v0.14.1
[INFO] [stderr]    Compiling aligned v0.4.2
[INFO] [stderr]    Compiling core2 v0.4.0
[INFO] [stderr]    Compiling nom v8.0.0
[INFO] [stderr]    Compiling zune-inflate v0.2.54
[INFO] [stderr]    Compiling lebe v0.5.3
[INFO] [stderr]    Compiling rav1e v0.8.1
[INFO] [stderr]    Compiling either v1.15.0
[INFO] [stderr]    Compiling pastey v0.1.1
[INFO] [stderr]    Compiling bit_field v0.10.3
[INFO] [stderr]    Compiling bitflags v2.10.0
[INFO] [stderr]    Compiling encoding_index_tests v0.1.4
[INFO] [stderr]    Compiling linux-raw-sys v0.4.15
[INFO] [stderr]    Compiling regex-syntax v0.8.8
[INFO] [stderr]    Compiling y4m v0.8.0
[INFO] [stderr]    Compiling serde_core v1.0.228
[INFO] [stderr]    Compiling quick-error v2.0.1
[INFO] [stderr]    Compiling nom v7.1.3
[INFO] [stderr]    Compiling cc v1.2.46
[INFO] [stderr]    Compiling getrandom v0.2.16
[INFO] [stderr]    Compiling bitstream-io v4.9.0
[INFO] [stderr]    Compiling num-rational v0.4.2
[INFO] [stderr]    Compiling regex-automata v0.4.13
[INFO] [stderr]    Compiling qoi v0.4.1
[INFO] [stderr]    Compiling maybe-rayon v0.1.1
[INFO] [stderr]    Compiling itertools v0.14.0
[INFO] [stderr]    Compiling simd_helpers v0.1.0
[INFO] [stderr]    Compiling zune-core v0.4.12
[INFO] [stderr]    Compiling new_debug_unreachable v1.0.6
[INFO] [stderr]    Compiling imgref v1.12.0
[INFO] [stderr]    Compiling home v0.5.12
[INFO] [stderr]    Compiling noop_proc_macro v0.3.0
[INFO] [stderr]    Compiling bindgen v0.69.5
[INFO] [stderr]    Compiling loop9 v0.1.5
[INFO] [stderr]    Compiling which v4.4.2
[INFO] [stderr]    Compiling zune-jpeg v0.4.21
[INFO] [stderr]    Compiling regex v1.12.2
[INFO] [stderr]    Compiling zerocopy-derive v0.8.27
[INFO] [stderr]    Compiling equator-macro v0.4.2
[INFO] [stderr]    Compiling thiserror-impl v2.0.17
[INFO] [stderr]    Compiling profiling-procmacros v1.0.17
[INFO] [stderr]    Compiling arg_enum_proc_macro v0.3.4
[INFO] [stderr]    Compiling equator v0.4.2
[INFO] [stderr]    Compiling aligned-vec v0.6.4
[INFO] [stderr]    Compiling num-derive v0.4.2
[INFO] [stderr]    Compiling profiling v1.0.17
[INFO] [stderr]    Compiling fax_derive v0.2.0
[INFO] [stderr]    Compiling cexpr v0.6.0
[INFO] [stderr]    Compiling v_frame v0.3.9
[INFO] [stderr]    Compiling av1-grain v0.2.5
[INFO] [stderr]    Compiling fax v0.2.6
[INFO] [stderr]    Compiling thiserror v2.0.17
[INFO] [stderr]    Compiling zbar-src v0.1.5
[INFO] [stderr]    Compiling prettyplease v0.2.37
[INFO] [stderr]    Compiling rand_core v0.6.4
[INFO] [stderr]    Compiling itertools v0.12.1
[INFO] [stderr]    Compiling avif-serialize v0.8.6
[INFO] [stderr]    Compiling safe_arch v0.7.4
[INFO] [stderr]    Compiling half v2.7.1
[INFO] [stderr]    Compiling exr v1.74.0
[INFO] [stderr]    Compiling ppv-lite86 v0.2.21
[INFO] [stderr]    Compiling pxfm v0.1.25
[INFO] [stderr]    Compiling csv-core v0.1.13
[INFO] [stderr]    Compiling semver v0.1.20
[INFO] [stderr]    Compiling ryu v1.0.20
[INFO] [stderr]    Compiling zune-core v0.5.0
[INFO] [stderr]    Compiling rgb v0.8.52
[INFO] [stderr]    Compiling lazycell v1.3.0
[INFO] [stderr]    Compiling rustc-hash v1.1.0
[INFO] [stderr]    Compiling itoa v1.0.15
[INFO] [stderr]    Compiling byteorder-lite v0.1.0
[INFO] [stderr]    Compiling image-webp v0.2.4
[INFO] [stderr]    Compiling csv v1.4.0
[INFO] [stderr]    Compiling png v0.18.0
[INFO] [stderr]    Compiling zune-jpeg v0.5.5
[INFO] [stderr]    Compiling moxcms v0.7.9
[INFO] [stderr]    Compiling rustc_version v0.1.7
[INFO] [stderr]    Compiling rand_chacha v0.3.1
[INFO] [stderr]    Compiling anstyle-parse v0.2.7
[INFO] [stderr]    Compiling wide v0.7.33
[INFO] [stderr]    Compiling tiff v0.10.3
[INFO] [stderr]    Compiling ravif v0.12.0
[INFO] [stderr]    Compiling gif v0.14.0
[INFO] [stderr]    Compiling approx v0.5.1
[INFO] [stderr]    Compiling serde v1.0.228
[INFO] [stderr]    Compiling siphasher v1.0.1
[INFO] [stderr]    Compiling anstyle v1.0.13
[INFO] [stderr] warning: zbar-src@0.1.5: In file included from /opt/rustwide/cargo-home/registry/src/index.crates.io-1949cf8c6b5b557f/zbar-src-0.1.5/vendor/zbar-0.23.93/zbar/image.h:34,
[INFO] [stderr] warning: zbar-src@0.1.5:                  from /opt/rustwide/cargo-home/registry/src/index.crates.io-1949cf8c6b5b557f/zbar-src-0.1.5/vendor/zbar-0.23.93/zbar/qrcode/binarize.c:10:
[INFO] [stderr] warning: zbar-src@0.1.5: /opt/rustwide/cargo-home/registry/src/index.crates.io-1949cf8c6b5b557f/zbar-src-0.1.5/vendor/zbar-0.23.93/zbar/error.h: In function 'err_capture_str':
[INFO] [stderr] warning: zbar-src@0.1.5: /opt/rustwide/cargo-home/registry/src/index.crates.io-1949cf8c6b5b557f/zbar-src-0.1.5/vendor/zbar-0.23.93/zbar/error.h:193:20: error: implicit declaration of function 'strdup'; did you mean 'strcmp'? [-Wimplicit-function-declaration]
[INFO] [stderr] warning: zbar-src@0.1.5:   193 |     err->arg_str = strdup(arg);
[INFO] [stderr] warning: zbar-src@0.1.5:       |                    ^~~~~~
[INFO] [stderr] warning: zbar-src@0.1.5:       |                    strcmp
[INFO] [stderr] warning: zbar-src@0.1.5: /opt/rustwide/cargo-home/registry/src/index.crates.io-1949cf8c6b5b557f/zbar-src-0.1.5/vendor/zbar-0.23.93/zbar/error.h:193:18: error: assignment to 'char *' from 'int' makes pointer from integer without a cast [-Wint-conversion]
[INFO] [stderr] warning: zbar-src@0.1.5:   193 |     err->arg_str = strdup(arg);
[INFO] [stderr] warning: zbar-src@0.1.5:       |                  ^
[INFO] [stderr] error: failed to run custom build command for `zbar-src v0.1.5`
[INFO] [stderr] note: To improve backtraces for build dependencies, set the CARGO_PROFILE_RELEASE_BUILD_OVERRIDE_DEBUG=true environment variable to enable debug information generation.
[INFO] [stderr] 
[INFO] [stderr] Caused by:
[INFO] [stderr]   process didn't exit successfully: `/opt/rustwide/target/release/build/zbar-src/8674315a5040624a/out/build_script_build` (exit status: 1)
[INFO] [stderr]   --- stdout
[INFO] [stderr]   cargo:rerun-if-changed=build.rs
[INFO] [stderr]   cargo:rerun-if-changed=/opt/rustwide/cargo-home/registry/src/index.crates.io-1949cf8c6b5b557f/zbar-src-0.1.5/vendor/zbar-0.23.93
[INFO] [stderr]   OUT_DIR = Some(/opt/rustwide/target/release/build/zbar-src/cc65057b4d91db0d/out)
[INFO] [stderr]   OPT_LEVEL = Some(3)
[INFO] [stderr]   TARGET = Some(x86_64-unknown-linux-gnu)
[INFO] [stderr]   CARGO_ENCODED_RUSTFLAGS = Some(--cap-lints=warn)
[INFO] [stderr]   HOST = Some(x86_64-unknown-linux-gnu)
[INFO] [stderr]   cargo:rerun-if-env-changed=CC_x86_64-unknown-linux-gnu
[INFO] [stderr]   CC_x86_64-unknown-linux-gnu = None
[INFO] [stderr]   cargo:rerun-if-env-changed=CC_x86_64_unknown_linux_gnu
[INFO] [stderr]   CC_x86_64_unknown_linux_gnu = None
[INFO] [stderr]   cargo:rerun-if-env-changed=HOST_CC
[INFO] [stderr]   HOST_CC = None
[INFO] [stderr]   cargo:rerun-if-env-changed=CC
[INFO] [stderr]   CC = None
[INFO] [stderr]   cargo:rerun-if-env-changed=CC_ENABLE_DEBUG_OUTPUT
[INFO] [stderr]   RUSTC_WRAPPER = None
[INFO] [stderr]   cargo:rerun-if-env-changed=CRATE_CC_NO_DEFAULTS
[INFO] [stderr]   CRATE_CC_NO_DEFAULTS = None
[INFO] [stderr]   DEBUG = Some(false)
[INFO] [stderr]   CARGO_CFG_TARGET_FEATURE = Some(fxsr,sse,sse2)
[INFO] [stderr]   cargo:rerun-if-env-changed=CFLAGS
[INFO] [stderr]   CFLAGS = None
[INFO] [stderr]   cargo:rerun-if-env-changed=HOST_CFLAGS
[INFO] [stderr]   HOST_CFLAGS = None
[INFO] [stderr]   cargo:rerun-if-env-changed=CFLAGS_x86_64_unknown_linux_gnu
[INFO] [stderr]   CFLAGS_x86_64_unknown_linux_gnu = None
[INFO] [stderr]   cargo:rerun-if-env-changed=CFLAGS_x86_64-unknown-linux-gnu
[INFO] [stderr]   CFLAGS_x86_64-unknown-linux-gnu = None
[INFO] [stderr]   cargo:warning=In file included from /opt/rustwide/cargo-home/registry/src/index.crates.io-1949cf8c6b5b557f/zbar-src-0.1.5/vendor/zbar-0.23.93/zbar/image.h:34,
[INFO] [stderr]   cargo:warning=                 from /opt/rustwide/cargo-home/registry/src/index.crates.io-1949cf8c6b5b557f/zbar-src-0.1.5/vendor/zbar-0.23.93/zbar/qrcode/binarize.c:10:
[INFO] [stderr]   cargo:warning=/opt/rustwide/cargo-home/registry/src/index.crates.io-1949cf8c6b5b557f/zbar-src-0.1.5/vendor/zbar-0.23.93/zbar/error.h: In function 'err_capture_str':
[INFO] [stderr]   cargo:warning=/opt/rustwide/cargo-home/registry/src/index.crates.io-1949cf8c6b5b557f/zbar-src-0.1.5/vendor/zbar-0.23.93/zbar/error.h:193:20: error: implicit declaration of function 'strdup'; did you mean 'strcmp'? [-Wimplicit-function-declaration]
[INFO] [stderr]   cargo:warning=  193 |     err->arg_str = strdup(arg);
[INFO] [stderr]   cargo:warning=      |                    ^~~~~~
[INFO] [stderr]   cargo:warning=      |                    strcmp
[INFO] [stderr]   cargo:warning=/opt/rustwide/cargo-home/registry/src/index.crates.io-1949cf8c6b5b557f/zbar-src-0.1.5/vendor/zbar-0.23.93/zbar/error.h:193:18: error: assignment to 'char *' from 'int' makes pointer from integer without a cast [-Wint-conversion]
[INFO] [stderr]   cargo:warning=  193 |     err->arg_str = strdup(arg);
[INFO] [stderr]   cargo:warning=      |                  ^
[INFO] [stderr] 
[INFO] [stderr]   --- stderr
[INFO] [stderr] 
[INFO] [stderr] 
[INFO] [stderr]   error occurred in cc-rs: command did not execute successfully (status code exit status: 1): LC_ALL="C" "cc" "-O3" "-ffunction-sections" "-fdata-sections" "-fPIC" "-m64" "-I" "/opt/rustwide/cargo-home/registry/src/index.crates.io-1949cf8c6b5b557f/zbar-src-0.1.5/vendor/zbar-0.23.93/include" "-I" "/opt/rustwide/cargo-home/registry/src/index.crates.io-1949cf8c6b5b557f/zbar-src-0.1.5/vendor/zbar-0.23.93/zbar" "-I" "/opt/rustwide/target/release/build/zbar-src/cc65057b4d91db0d/out" "-std=c11" "-DHAVE_CONFIG_H" "-DNO_STATS" "-DNDEBUG" "-o" "/opt/rustwide/target/release/build/zbar-src/cc65057b4d91db0d/out/6ee94b3b7b79539f-binarize.o" "-c" "/opt/rustwide/cargo-home/registry/src/index.crates.io-1949cf8c6b5b557f/zbar-src-0.1.5/vendor/zbar-0.23.93/zbar/qrcode/binarize.c"
[INFO] [stderr] 
[INFO] [stderr] 
[INFO] [stderr] warning: build failed, waiting for other jobs to finish...
[INFO] running `Command { std: "docker" "inspect" "b7c4359d6118a647bc76b76cb49a07a081e430c606a8015b2fd5062976d72b34", kill_on_drop: false }`
[INFO] running `Command { std: "docker" "rm" "-f" "b7c4359d6118a647bc76b76cb49a07a081e430c606a8015b2fd5062976d72b34", kill_on_drop: false }`
[INFO] [stdout] b7c4359d6118a647bc76b76cb49a07a081e430c606a8015b2fd5062976d72b34
