[INFO] fetching crate qpet-sperr 0.2.0...
[INFO] testing qpet-sperr-0.2.0 against 1.100.0-beta.1+cargoflags=--release for beta-release-1.100-2
[INFO] extracting crate qpet-sperr 0.2.0 into /workspace/builds/worker-0-tc2/source
[INFO] started tweaking crates.io crate qpet-sperr 0.2.0
[INFO] finished tweaking crates.io crate qpet-sperr 0.2.0
[INFO] tweaked toml for crates.io crate qpet-sperr 0.2.0 written to /workspace/builds/worker-0-tc2/source/Cargo.toml
[INFO] validating manifest of crates.io crate qpet-sperr 0.2.0 on toolchain 1.100.0-beta.1
[INFO] running `Command { std: CARGO_HOME="/workspace/cargo-home" RUSTUP_HOME="/workspace/rustup-home" "/workspace/cargo-home/bin/cargo" "+1.100.0-beta.1" "metadata" "--manifest-path" "Cargo.toml" "--no-deps", kill_on_drop: false }`
[INFO] running `Command { std: CARGO_HOME="/workspace/cargo-home" RUSTUP_HOME="/workspace/rustup-home" "/workspace/cargo-home/bin/cargo" "+1.100.0-beta.1" "generate-lockfile" "--manifest-path" "Cargo.toml", kill_on_drop: false }`
[INFO] [stderr]     Updating crates.io index
[INFO] [stderr]      Locking 49 packages to highest compatible versions
[INFO] [stderr]       Adding ndarray v0.16.1 (available: v0.17.2)
[INFO] running `Command { std: CARGO_HOME="/workspace/cargo-home" RUSTUP_HOME="/workspace/rustup-home" "/workspace/cargo-home/bin/cargo" "+1.100.0-beta.1" "fetch" "--manifest-path" "Cargo.toml", kill_on_drop: false }`
[INFO] [stderr]     Blocking waiting for file lock on package cache
[INFO] running `Command { std: "docker" "create" "-v" "/var/lib/crater-agent-workspace/builds/worker-0-tc2/source:/opt/rustwide/workdir:ro,Z" "-v" "/var/lib/crater-agent-workspace/builds/worker-0-tc2/target:/opt/rustwide/target:rw,Z" "-v" "/var/lib/crater-agent-workspace/cargo-home:/opt/rustwide/cargo-home:ro,Z" "-v" "/var/lib/crater-agent-workspace/rustup-home:/opt/rustwide/rustup-home:ro,Z" "-m" "1610612736" "--network" "none" "ghcr.io/rust-lang/crates-build-env/linux@sha256:77db811e55d90add9212f6832c23229e3de5f1c1f9905e8cb07319ea15df73ac" "sleep" "infinity", kill_on_drop: false }`
[INFO] [stdout] a6cafe3f24a772ab694d948449bd77800830ad216459dcf5eaa4aec408dc1bdb
[INFO] running `Command { std: "docker" "start" "a6cafe3f24a772ab694d948449bd77800830ad216459dcf5eaa4aec408dc1bdb", kill_on_drop: false }`
[INFO] running `Command { std: "docker" "inspect" "a6cafe3f24a772ab694d948449bd77800830ad216459dcf5eaa4aec408dc1bdb", kill_on_drop: false }`
[INFO] running `Command { std: "docker" "exec" "-e" "SOURCE_DIR=/opt/rustwide/workdir" "-e" "CARGO_HOME=/opt/rustwide/cargo-home" "-e" "RUSTUP_HOME=/opt/rustwide/rustup-home" "-e" "CARGO_TARGET_DIR=/opt/rustwide/target" "-w" "/opt/rustwide/workdir" "--user" "0:0" "a6cafe3f24a772ab694d948449bd77800830ad216459dcf5eaa4aec408dc1bdb" "/opt/rustwide/cargo-home/bin/cargo" "+1.100.0-beta.1" "metadata" "--no-deps" "--format-version=1", kill_on_drop: false }`
[INFO] running `Command { std: "docker" "inspect" "a6cafe3f24a772ab694d948449bd77800830ad216459dcf5eaa4aec408dc1bdb", kill_on_drop: false }`
[INFO] running `Command { std: "docker" "exec" "-e" "SOURCE_DIR=/opt/rustwide/workdir" "-e" "CARGO_HOME=/opt/rustwide/cargo-home" "-e" "RUSTUP_HOME=/opt/rustwide/rustup-home" "-e" "CARGO_TARGET_DIR=/opt/rustwide/target" "-e" "CARGO_INCREMENTAL=0" "-e" "RUST_BACKTRACE=full" "-e" "RUSTFLAGS=--cap-lints=warn" "-e" "RUSTDOCFLAGS=--cap-lints=warn" "-w" "/opt/rustwide/workdir" "--user" "0:0" "a6cafe3f24a772ab694d948449bd77800830ad216459dcf5eaa4aec408dc1bdb" "/opt/rustwide/cargo-home/bin/cargo" "+1.100.0-beta.1" "build" "--frozen" "--message-format=json" "--release", kill_on_drop: false }`
[INFO] [stderr]    Compiling glob v0.3.4
[INFO] [stderr]    Compiling regex-syntax v0.8.11
[INFO] [stderr]    Compiling memchr v2.8.3
[INFO] [stderr]    Compiling bindgen v0.72.1
[INFO] [stderr]    Compiling either v1.19.0
[INFO] [stderr]    Compiling gmp-mpfr-sys v1.7.1
[INFO] [stderr]    Compiling libloading v0.8.9
[INFO] [stderr]    Compiling bitflags v2.13.2
[INFO] [stderr]    Compiling rustc-hash v2.1.3
[INFO] [stderr]    Compiling num-traits v0.2.19
[INFO] [stderr]    Compiling thiserror v2.0.21
[INFO] [stderr]    Compiling cc v1.8.0
[INFO] [stderr]    Compiling syn v2.0.119
[INFO] [stderr]    Compiling thiserror-impl v2.0.21
[INFO] [stderr]    Compiling itertools v0.13.0
[INFO] [stderr]    Compiling clang-sys v1.9.1
[INFO] [stderr]    Compiling nom v7.1.3
[INFO] [stderr]    Compiling regex-automata v0.4.18
[INFO] [stderr]    Compiling cmake v0.1.58
[INFO] [stderr]    Compiling num-complex v0.4.6
[INFO] [stderr]    Compiling num-integer v0.1.47
[INFO] [stderr]    Compiling zstd-sys v2.1.2+zstd.1.5.7
[INFO] [stderr]    Compiling ndarray v0.16.1
[INFO] [stderr]    Compiling cexpr v0.6.0
[INFO] [stderr]    Compiling regex v1.13.1
[INFO] [stderr]    Compiling qpet-sperr-sys v0.2.0
[INFO] [stderr] error: failed to run custom build command for `qpet-sperr-sys v0.2.0`
[INFO] [stderr] note: To improve backtraces for build dependencies, set the CARGO_PROFILE_RELEASE_BUILD_OVERRIDE_DEBUG=true environment variable to enable debug information generation.
[INFO] [stderr] 
[INFO] [stderr] Caused by:
[INFO] [stderr]   process didn't exit successfully: `/opt/rustwide/target/release/build/qpet-sperr-sys/106a1c6d3b653c2b/out/build_script_build` (exit status: 101)
[INFO] [stderr]   --- stdout
[INFO] [stderr]   cargo::rerun-if-changed=build.rs
[INFO] [stderr]   cargo::rerun-if-changed=lib.cpp
[INFO] [stderr]   cargo::rerun-if-changed=wrapper.hpp
[INFO] [stderr]   cargo::rerun-if-changed=SPERR
[INFO] [stderr]   CMAKE_TOOLCHAIN_FILE_x86_64-unknown-linux-gnu = None
[INFO] [stderr]   CMAKE_TOOLCHAIN_FILE_x86_64_unknown_linux_gnu = None
[INFO] [stderr]   HOST_CMAKE_TOOLCHAIN_FILE = None
[INFO] [stderr]   CMAKE_TOOLCHAIN_FILE = None
[INFO] [stderr]   CMAKE_GENERATOR_x86_64-unknown-linux-gnu = None
[INFO] [stderr]   CMAKE_GENERATOR_x86_64_unknown_linux_gnu = None
[INFO] [stderr]   HOST_CMAKE_GENERATOR = None
[INFO] [stderr]   CMAKE_GENERATOR = None
[INFO] [stderr]   CMAKE_PREFIX_PATH_x86_64-unknown-linux-gnu = None
[INFO] [stderr]   CMAKE_PREFIX_PATH_x86_64_unknown_linux_gnu = None
[INFO] [stderr]   HOST_CMAKE_PREFIX_PATH = None
[INFO] [stderr]   CMAKE_PREFIX_PATH = None
[INFO] [stderr]   CMAKE_x86_64-unknown-linux-gnu = None
[INFO] [stderr]   CMAKE_x86_64_unknown_linux_gnu = None
[INFO] [stderr]   HOST_CMAKE = None
[INFO] [stderr]   CMAKE = None
[INFO] [stderr]   -- The CXX compiler identification is GNU 15.2.0
[INFO] [stderr]   -- The C compiler identification is GNU 15.2.0
[INFO] [stderr]   -- Detecting CXX compiler ABI info
[INFO] [stderr]   -- Detecting CXX compiler ABI info - done
[INFO] [stderr]   -- Check for working CXX compiler: /usr/bin/c++ - skipped
[INFO] [stderr]   -- Detecting CXX compile features
[INFO] [stderr]   -- Detecting CXX compile features - done
[INFO] [stderr]   -- Detecting C compiler ABI info
[INFO] [stderr]   -- Detecting C compiler ABI info - done
[INFO] [stderr]   -- Check for working C compiler: /usr/bin/cc - skipped
[INFO] [stderr]   -- Detecting C compile features
[INFO] [stderr]   -- Detecting C compile features - done
[INFO] [stderr]   -- Little endian machine, good!
[INFO] [stderr]   -- Found PkgConfig: /usr/bin/pkg-config (found version "2.5.1")
[INFO] [stderr]   -- Performing Test NO_WARN_IMPLICIT_FALL_THROUGH_FLAG
[INFO] [stderr]   -- Performing Test NO_WARN_IMPLICIT_FALL_THROUGH_FLAG - Success
[INFO] [stderr]   -- Linker supports --exclude-libs
[INFO] [stderr]   -- Looking for sys/types.h
[INFO] [stderr]   -- Looking for sys/types.h - found
[INFO] [stderr]   -- Looking for stdint.h
[INFO] [stderr]   -- Looking for stdint.h - found
[INFO] [stderr]   -- Looking for stddef.h
[INFO] [stderr]   -- Looking for stddef.h - found
[INFO] [stderr]   -- Check size of long double
[INFO] [stderr]   -- Check size of long double - done
[INFO] [stderr]   -- Found GMP: /opt/rustwide/target/release/build/gmp-mpfr-sys/6bc937b0c0aae1ad/out/lib
[INFO] [stderr]   -- Performing Test COMPILER_HAS_HIDDEN_VISIBILITY
[INFO] [stderr]   -- Performing Test COMPILER_HAS_HIDDEN_VISIBILITY - Success
[INFO] [stderr]   -- Performing Test COMPILER_HAS_HIDDEN_INLINE_VISIBILITY
[INFO] [stderr]   -- Performing Test COMPILER_HAS_HIDDEN_INLINE_VISIBILITY - Success
[INFO] [stderr]   -- Performing Test COMPILER_HAS_DEPRECATED_ATTR
[INFO] [stderr]   -- Performing Test COMPILER_HAS_DEPRECATED_ATTR - Success
[INFO] [stderr]   -- Found Git: /usr/bin/git (found version "2.53.0")
[INFO] [stderr]   -- Repository Git Branch: , SHA1: 
[INFO] [stderr]   -- IPO / LTO not supported
[INFO] [stderr]   -- Configuring done (5.7s)
[INFO] [stderr]   -- Generating done (0.1s)
[INFO] [stderr]   -- Build files have been written to: /opt/rustwide/target/release/build/qpet-sperr-sys/12bb0369ab6ad774/out/build
[INFO] [stderr]   [  1%] Building CXX object symengine/symengine/CMakeFiles/symengine.dir/add.cpp.o
[INFO] [stderr]   [  2%] Building CXX object symengine/symengine/CMakeFiles/symengine.dir/basic.cpp.o
[INFO] [stderr]   [  3%] Building CXX object symengine/symengine/CMakeFiles/symengine.dir/complex_double.cpp.o
[INFO] [stderr]   [  4%] Building CXX object symengine/symengine/CMakeFiles/symengine.dir/constants.cpp.o
[INFO] [stderr]   [  5%] Building CXX object symengine/symengine/CMakeFiles/symengine.dir/eval_double.cpp.o
[INFO] [stderr]   [  7%] Building CXX object symengine/symengine/CMakeFiles/symengine.dir/derivative.cpp.o
[INFO] [stderr]   [  7%] Building CXX object symengine/symengine/CMakeFiles/symengine.dir/cse.cpp.o
[INFO] [stderr]   [  8%] Building CXX object symengine/symengine/CMakeFiles/symengine.dir/dense_matrix.cpp.o
[INFO] [stderr]   [  9%] Building CXX object symengine/symengine/CMakeFiles/symengine.dir/cwrapper.cpp.o
[INFO] [stderr]   [  6%] Building CXX object symengine/symengine/CMakeFiles/symengine.dir/diophantine.cpp.o
[INFO] [stderr]   [ 10%] Building CXX object symengine/symengine/CMakeFiles/symengine.dir/eval.cpp.o
[INFO] [stderr]   [ 11%] Building CXX object symengine/symengine/CMakeFiles/symengine.dir/dict.cpp.o
[INFO] [stderr]   [ 11%] Building CXX object symengine/symengine/CMakeFiles/symengine.dir/expand.cpp.o
[INFO] [stderr]   [ 12%] Building CXX object symengine/symengine/CMakeFiles/symengine.dir/expression.cpp.o
[INFO] [stderr]   [ 13%] Building CXX object symengine/symengine/CMakeFiles/symengine.dir/fields.cpp.o
[INFO] [stderr]   [ 14%] Building CXX object symengine/symengine/CMakeFiles/symengine.dir/complex.cpp.o
[INFO] [stderr] 
[INFO] [stderr]   --- stderr
[INFO] [stderr]   running: cd "/opt/rustwide/target/release/build/qpet-sperr-sys/12bb0369ab6ad774/out/build" && CMAKE_PREFIX_PATH="" LC_ALL="C" "cmake" "/opt/rustwide/cargo-home/registry/src/index.crates.io-1949cf8c6b5b557f/qpet-sperr-sys-0.2.0/SPERR" "-B" "/opt/rustwide/target/release/build/qpet-sperr-sys/12bb0369ab6ad774/out/build" "-DBUILD_SHARED_LIBS=OFF" "-DBUILD_BENCHMARKS=OFF" "-DBUILD_TESTS=OFF" "-DGMP_LIBRARY=/opt/rustwide/target/release/build/gmp-mpfr-sys/6bc937b0c0aae1ad/out/lib" "-DGMP_INCLUDE_DIR=/opt/rustwide/target/release/build/gmp-mpfr-sys/6bc937b0c0aae1ad/out/include" "-DBUILD_SHARED_LIBS=OFF" "-DBUILD_UNIT_TESTS=OFF" "-DBUILD_CLI_UTILITIES=OFF" "-DUSE_OMP=OFF" "-DCMAKE_INSTALL_PREFIX=/opt/rustwide/target/release/build/qpet-sperr-sys/12bb0369ab6ad774/out" "-DCMAKE_C_FLAGS= -I/opt/rustwide/target/release/build/gmp-mpfr-sys/6bc937b0c0aae1ad/out/include -I/opt/rustwide/target/release/build/qpet-sperr-sys/12bb0369ab6ad774/out/build/symengine -I/opt/rustwide/target/release/build/zstd-sys/e7cb3da25dd63fc8/out/include -ffunction-sections -fdata-sections -fPIC -m64 -w" "-DCMAKE_C_COMPILER=/usr/bin/cc" "-DCMAKE_CXX_FLAGS= -I/opt/rustwide/target/release/build/gmp-mpfr-sys/6bc937b0c0aae1ad/out/include -I/opt/rustwide/target/release/build/qpet-sperr-sys/12bb0369ab6ad774/out/build/symengine -I/opt/rustwide/target/release/build/zstd-sys/e7cb3da25dd63fc8/out/include -ffunction-sections -fdata-sections -fPIC -m64 -w" "-DCMAKE_CXX_COMPILER=/usr/bin/c++" "-DCMAKE_ASM_FLAGS= -ffunction-sections -fdata-sections -fPIC -m64 -w" "-DCMAKE_ASM_COMPILER=/usr/bin/cc" "-DCMAKE_BUILD_TYPE=Release"
[INFO] [stderr]   --------------------------------------------------------------------------------
[INFO] [stderr] 
[INFO] [stderr]   +-------------------------------+
[INFO] [stderr]   | Configuration results SUMMARY |
[INFO] [stderr]   +-------------------------------+
[INFO] [stderr] 
[INFO] [stderr]   CMAKE_C_COMPILER:   /usr/bin/cc
[INFO] [stderr]   CMAKE_CXX_COMPILER: /usr/bin/c++
[INFO] [stderr]   CMAKE_BUILD_TYPE: Release
[INFO] [stderr]   CMAKE_CONFIGURATION_TYPES: 
[INFO] [stderr]   CMAKE_C_FLAGS:            -I/opt/rustwide/target/release/build/gmp-mpfr-sys/6bc937b0c0aae1ad/out/include -I/opt/rustwide/target/release/build/qpet-sperr-sys/12bb0369ab6ad774/out/build/symengine -I/opt/rustwide/target/release/build/zstd-sys/e7cb3da25dd63fc8/out/include -ffunction-sections -fdata-sections -fPIC -m64 -w
[INFO] [stderr]   CMAKE_CXX_FLAGS:         -std=c++11  -I/opt/rustwide/target/release/build/gmp-mpfr-sys/6bc937b0c0aae1ad/out/include -I/opt/rustwide/target/release/build/qpet-sperr-sys/12bb0369ab6ad774/out/build/symengine -I/opt/rustwide/target/release/build/zstd-sys/e7cb3da25dd63fc8/out/include -ffunction-sections -fdata-sections -fPIC -m64 -w -fPIC
[INFO] [stderr]   CMAKE_CXX_FLAGS_DEBUG:   -g -Wno-unknown-pragmas
[INFO] [stderr]   CMAKE_CXX_FLAGS_RELEASE: -O3 -DNDEBUG -Wno-unknown-pragmas
[INFO] [stderr]   CMAKE_INSTALL_PREFIX: /opt/rustwide/target/release/build/qpet-sperr-sys/12bb0369ab6ad774/out
[INFO] [stderr]   BUILD_SHARED_LIBS: OFF
[INFO] [stderr]   INTEGER_CLASS : GMP
[INFO] [stderr]   HAVE_SYMENGINE_GMP: yes
[INFO] [stderr]   WITH_SYMENGINE_ASSERT: no
[INFO] [stderr]   WITH_SYMENGINE_RCP: yes
[INFO] [stderr]   WITH_SYMENGINE_TEUCHOS: no
[INFO] [stderr]   WITH_COTIRE: no
[INFO] [stderr]   WITH_GENERATE_PARSER: no
[INFO] [stderr]   HAVE_GCC_ABI_DEMANGLE: yes
[INFO] [stderr]   HAVE_C_FUNCTION_NOT_FUNC: no
[INFO] [stderr]   HAVE_DEFAULT_CONSTRUCTORS: yes
[INFO] [stderr]   HAVE_SYMENGINE_NOEXCEPT: yes
[INFO] [stderr]   HAVE_SYMENGINE_IS_CONSTRUCTIBLE: yes
[INFO] [stderr]   HAVE_SYMENGINE_RESERVE: yes
[INFO] [stderr]   HAVE_SYMENGINE_STD_TO_STRING: TRUE
[INFO] [stderr]   WITH_SYMENGINE_THREAD_SAFE: no
[INFO] [stderr]   BUILD_TESTS: OFF
[INFO] [stderr]   BUILD_BENCHMARKS: OFF
[INFO] [stderr]   BUILD_BENCHMARKS_GOOGLE: no
[INFO] [stderr]   WITH_GMP: yes
[INFO] [stderr]   GMP_INCLUDE_DIRS: /opt/rustwide/target/release/build/gmp-mpfr-sys/6bc937b0c0aae1ad/out/include
[INFO] [stderr]   GMP_LIBRARIES: /opt/rustwide/target/release/build/gmp-mpfr-sys/6bc937b0c0aae1ad/out/lib
[INFO] [stderr]   WITH_BFD: no
[INFO] [stderr]   WITH_ECM: no
[INFO] [stderr]   WITH_PRIMESIEVE: no
[INFO] [stderr]   WITH_FLINT: no
[INFO] [stderr]   WITH_ARB: no
[INFO] [stderr]   WITH_MPFR: no
[INFO] [stderr]   WITH_PIRANHA: no
[INFO] [stderr]   WITH_LLVM: no
[INFO] [stderr]   WITH_BOOST: no
[INFO] [stderr]   WITH_PTHREAD: no
[INFO] [stderr]   WITH_MPC: no
[INFO] [stderr]   WITH_TCMALLOC: no
[INFO] [stderr]   WITH_OPENMP: no
[INFO] [stderr]   WITH_VIRTUAL_TYPEID: no
[INFO] [stderr]   WITH_SYSTEM_CEREAL: no
[INFO] [stderr]   WITH_SYSTEM_FASTFLOAT: no
[INFO] [stderr]   LIBS: gmp
[INFO] [stderr] 
[INFO] [stderr]   --------------------------------------------------------------------------------
[INFO] [stderr] 
[INFO] [stderr]   fatal: not a git repository (or any parent up to mount point /opt/rustwide)
[INFO] [stderr]   Stopping at filesystem boundary (GIT_DISCOVERY_ACROSS_FILESYSTEM not set).
[INFO] [stderr]   fatal: not a git repository (or any parent up to mount point /opt/rustwide)
[INFO] [stderr]   Stopping at filesystem boundary (GIT_DISCOVERY_ACROSS_FILESYSTEM not set).
[INFO] [stderr]   CMake Warning:
[INFO] [stderr]     Manually-specified variables were not used by the project:
[INFO] [stderr] 
[INFO] [stderr]       CMAKE_ASM_COMPILER
[INFO] [stderr]       CMAKE_ASM_FLAGS
[INFO] [stderr] 
[INFO] [stderr] 
[INFO] [stderr]   running: cd "/opt/rustwide/target/release/build/qpet-sperr-sys/12bb0369ab6ad774/out/build" && LC_ALL="C" MAKEFLAGS="-j --jobserver-fds=4,5 --jobserver-auth=4,5" "cmake" "--build" "/opt/rustwide/target/release/build/qpet-sperr-sys/12bb0369ab6ad774/out/build" "--target" "install" "--config" "Release"
[INFO] [stderr]   c++: fatal error: Killed signal terminated program cc1plus
[INFO] [stderr]   compilation terminated.
[INFO] [stderr]   gmake[2]: *** [symengine/symengine/CMakeFiles/symengine.dir/build.make:107: symengine/symengine/CMakeFiles/symengine.dir/complex.cpp.o] Error 1
[INFO] [stderr]   gmake[2]: *** Waiting for unfinished jobs....
[INFO] [stderr]   c++: fatal error: Killed signal terminated program cc1plus
[INFO] [stderr]   compilation terminated.
[INFO] [stderr]   gmake[2]: *** [symengine/symengine/CMakeFiles/symengine.dir/build.make:93: symengine/symengine/CMakeFiles/symengine.dir/basic.cpp.o] Error 1
[INFO] [stderr]   c++: fatal error: Killed signal terminated program cc1plus
[INFO] [stderr]   compilation terminated.
[INFO] [stderr]   gmake[2]: *** [symengine/symengine/CMakeFiles/symengine.dir/build.make:219: symengine/symengine/CMakeFiles/symengine.dir/diophantine.cpp.o] Error 1
[INFO] [stderr]   c++: fatal error: Killed signal terminated program cc1plus
[INFO] [stderr]   compilation terminated.
[INFO] [stderr]   gmake[2]: *** [symengine/symengine/CMakeFiles/symengine.dir/build.make:163: symengine/symengine/CMakeFiles/symengine.dir/cwrapper.cpp.o] Error 1
[INFO] [stderr]   c++: fatal error: Killed signal terminated program cc1plus
[INFO] [stderr]   compilation terminated.
[INFO] [stderr]   gmake[2]: *** [symengine/symengine/CMakeFiles/symengine.dir/build.make:135: symengine/symengine/CMakeFiles/symengine.dir/constants.cpp.o] Error 1
[INFO] [stderr]   c++: fatal error: Killed signal terminated program cc1plus
[INFO] [stderr]   compilation terminated.
[INFO] [stderr]   c++: fatal error: Killed signal terminated program cc1plus
[INFO] [stderr]   compilation terminated.
[INFO] [stderr]   gmake[2]: *** [symengine/symengine/CMakeFiles/symengine.dir/build.make:191: symengine/symengine/CMakeFiles/symengine.dir/derivative.cpp.o] Error 1
[INFO] [stderr]   gmake[2]: *** [symengine/symengine/CMakeFiles/symengine.dir/build.make:247: symengine/symengine/CMakeFiles/symengine.dir/eval_double.cpp.o] Error 1
[INFO] [stderr]   c++: fatal error: Killed signal terminated program cc1plus
[INFO] [stderr]   compilation terminated.
[INFO] [stderr]   gmake[2]: *** [symengine/symengine/CMakeFiles/symengine.dir/build.make:275: symengine/symengine/CMakeFiles/symengine.dir/expression.cpp.o] Error 1
[INFO] [stderr]   c++: fatal error: Killed signal terminated program cc1plus
[INFO] [stderr]   compilation terminated.
[INFO] [stderr]   gmake[2]: *** [symengine/symengine/CMakeFiles/symengine.dir/build.make:261: symengine/symengine/CMakeFiles/symengine.dir/expand.cpp.o] Error 1
[INFO] [stderr]   c++: fatal error: Killed signal terminated program cc1plus
[INFO] [stderr]   compilation terminated.
[INFO] [stderr]   gmake[2]: *** [symengine/symengine/CMakeFiles/symengine.dir/build.make:233: symengine/symengine/CMakeFiles/symengine.dir/eval.cpp.o] Error 1
[INFO] [stderr]   gmake[1]: *** [CMakeFiles/Makefile2:170: symengine/symengine/CMakeFiles/symengine.dir/all] Error 2
[INFO] [stderr]   gmake: *** [Makefile:136: all] Error 2
[INFO] [stderr] 
[INFO] [stderr]   thread 'main' (25125) panicked at /opt/rustwide/cargo-home/registry/src/index.crates.io-1949cf8c6b5b557f/cmake-0.1.58/src/lib.rs:1132:5:
[INFO] [stderr] 
[INFO] [stderr]   command did not execute successfully, got: exit status: 2
[INFO] [stderr] 
[INFO] [stderr]   build script failed, must exit now
[INFO] [stderr]   stack backtrace:
[INFO] [stderr]      0:     0x64f5ba026921 - <<std[617be2ca0a6fd877]::sys::backtrace::BacktraceLock>::print::DisplayBacktrace as core[a373ad73a504971]::fmt::Display>::fmt
[INFO] [stderr]      1:     0x64f5ba03f65a - core[a373ad73a504971]::fmt::write
[INFO] [stderr]      2:     0x64f5ba02cdec - <std[617be2ca0a6fd877]::sys::stdio::unix::Stderr as core[a373ad73a504971]::io::write::Write>::write_fmt
[INFO] [stderr]      3:     0x64f5b9ffe556 - std[617be2ca0a6fd877]::panicking::default_hook::{closure#0}
[INFO] [stderr]      4:     0x64f5ba01d391 - std[617be2ca0a6fd877]::panicking::default_hook
[INFO] [stderr]      5:     0x64f5ba01d6bb - std[617be2ca0a6fd877]::panicking::panic_with_hook
[INFO] [stderr]      6:     0x64f5b9ffe602 - std[617be2ca0a6fd877]::panicking::panic_handler::{closure#0}
[INFO] [stderr]      7:     0x64f5b9ff70e9 - std[617be2ca0a6fd877]::sys::backtrace::__rust_end_short_backtrace::<std[617be2ca0a6fd877]::panicking::panic_handler::{closure#0}, !>
[INFO] [stderr]      8:     0x64f5b9fff2ed - __rustc[ea4f61d10b84890b]::rust_begin_unwind
[INFO] [stderr]      9:     0x64f5ba03fe7c - core[a373ad73a504971]::panicking::panic_fmt
[INFO] [stderr]     10:     0x64f5b9f366c7 - cmake[a69c1e5b8d0ff50]::fail
[INFO] [stderr]     11:     0x64f5b9f36353 - cmake[a69c1e5b8d0ff50]::run
[INFO] [stderr]     12:     0x64f5b9f3c325 - <cmake[a69c1e5b8d0ff50]::Config>::build
[INFO] [stderr]     13:     0x64f5b9aa9787 - build_script_build[86e7e163c4386a65]::main
[INFO] [stderr]     14:     0x64f5b9aac403 - <fn() as core[a373ad73a504971]::ops::function::FnOnce<()>>::call_once
[INFO] [stderr]     15:     0x64f5b9aa8446 - std[617be2ca0a6fd877]::sys::backtrace::__rust_begin_short_backtrace::<fn(), ()>
[INFO] [stderr]     16:     0x64f5b9aa8459 - std[617be2ca0a6fd877]::rt::lang_start::<()>::{closure#0}
[INFO] [stderr]     17:     0x64f5ba01c2f8 - std[617be2ca0a6fd877]::rt::lang_start_internal
[INFO] [stderr]     18:     0x64f5b9aa7d11 - std[617be2ca0a6fd877]::rt::lang_start::<()>
[INFO] [stderr]     19:     0x64f5b9aac6a5 - main
[INFO] [stderr]     20:     0x771a29251601 - <unknown>
[INFO] [stderr]     21:     0x771a29251718 - __libc_start_main
[INFO] [stderr]     22:     0x64f5b9aa60e5 - _start
[INFO] [stderr]     23:                0x0 - <unknown>
[INFO] running `Command { std: "docker" "inspect" "a6cafe3f24a772ab694d948449bd77800830ad216459dcf5eaa4aec408dc1bdb", kill_on_drop: false }`
[INFO] running `Command { std: "docker" "rm" "-f" "a6cafe3f24a772ab694d948449bd77800830ad216459dcf5eaa4aec408dc1bdb", kill_on_drop: false }`
[INFO] [stdout] a6cafe3f24a772ab694d948449bd77800830ad216459dcf5eaa4aec408dc1bdb
