[INFO] fetching crate qp-wormhole-aggregator 4.4.0...
[INFO] testing qp-wormhole-aggregator-4.4.0 against 1.99.0-beta.8+cargoflags=--release for beta-release-1.100-2
[INFO] extracting crate qp-wormhole-aggregator 4.4.0 into /workspace/builds/worker-0-tc1/source
[INFO] started tweaking crates.io crate qp-wormhole-aggregator 4.4.0
[INFO] finished tweaking crates.io crate qp-wormhole-aggregator 4.4.0
[INFO] tweaked toml for crates.io crate qp-wormhole-aggregator 4.4.0 written to /workspace/builds/worker-0-tc1/source/Cargo.toml
[INFO] validating manifest of crates.io crate qp-wormhole-aggregator 4.4.0 on toolchain 1.99.0-beta.8
[INFO] running `Command { std: CARGO_HOME="/workspace/cargo-home" RUSTUP_HOME="/workspace/rustup-home" "/workspace/cargo-home/bin/cargo" "+1.99.0-beta.8" "metadata" "--manifest-path" "Cargo.toml" "--no-deps", kill_on_drop: false }`
[INFO] crate crates.io crate qp-wormhole-aggregator 4.4.0 already has a lockfile, it will not be regenerated
[INFO] running `Command { std: CARGO_HOME="/workspace/cargo-home" RUSTUP_HOME="/workspace/rustup-home" "/workspace/cargo-home/bin/cargo" "+1.99.0-beta.8" "fetch" "--manifest-path" "Cargo.toml", kill_on_drop: false }`
[INFO] [stderr]     Blocking waiting for file lock on package cache
[INFO] [stderr]     Updating crates.io index
[INFO] [stderr]     Blocking waiting for file lock on package cache
[INFO] [stderr]  Downloading crates ...
[INFO] [stderr]   Downloaded qp-wormhole-inputs v4.4.0
[INFO] [stderr]   Downloaded plonky2_util v1.0.0
[INFO] [stderr]   Downloaded env_filter v1.0.0
[INFO] [stderr]   Downloaded keccak-hash v0.8.0
[INFO] [stderr]   Downloaded fixed-hash v0.7.0
[INFO] [stderr]   Downloaded primitive-types v0.10.1
[INFO] [stderr]   Downloaded plonky2_maybe_rayon v1.0.0
[INFO] [stderr]   Downloaded qp-wormhole-prover v4.4.0
[INFO] [stderr]   Downloaded unroll v0.1.5
[INFO] [stderr]   Downloaded env_logger v0.11.9
[INFO] [stderr]   Downloaded qp-zk-circuits-common v4.4.0
[INFO] [stderr]   Downloaded qp-wormhole-circuit v4.4.0
[INFO] [stderr]   Downloaded qp-plonky2-field v1.5.5
[INFO] [stderr]   Downloaded qp-plonky2-verifier v1.5.5
[INFO] [stderr]   Downloaded jiff-static v0.2.28
[INFO] [stderr]   Downloaded qp-plonky2-core v1.5.5
[INFO] [stderr]   Downloaded qp-plonky2 v1.5.5
[INFO] [stderr]   Downloaded jiff v0.2.28
[INFO] [stderr]   Downloaded qp-poseidon-core v3.1.0
[INFO] running `Command { std: "docker" "create" "-v" "/var/lib/crater-agent-workspace/builds/worker-0-tc1/source:/opt/rustwide/workdir:ro,Z" "-v" "/var/lib/crater-agent-workspace/builds/worker-0-tc1/target:/opt/rustwide/target:rw,Z" "-v" "/var/lib/crater-agent-workspace/cargo-home:/opt/rustwide/cargo-home:ro,Z" "-v" "/var/lib/crater-agent-workspace/rustup-home:/opt/rustwide/rustup-home:ro,Z" "-m" "1610612736" "--network" "none" "ghcr.io/rust-lang/crates-build-env/linux@sha256:77db811e55d90add9212f6832c23229e3de5f1c1f9905e8cb07319ea15df73ac" "sleep" "infinity", kill_on_drop: false }`
[INFO] [stdout] f1a77fc3ca268694f82fe2809fd93b65345830e883d85c58a4731cb64bb7dc80
[INFO] running `Command { std: "docker" "start" "f1a77fc3ca268694f82fe2809fd93b65345830e883d85c58a4731cb64bb7dc80", kill_on_drop: false }`
[INFO] running `Command { std: "docker" "inspect" "f1a77fc3ca268694f82fe2809fd93b65345830e883d85c58a4731cb64bb7dc80", kill_on_drop: false }`
[INFO] running `Command { std: "docker" "exec" "-e" "SOURCE_DIR=/opt/rustwide/workdir" "-e" "CARGO_HOME=/opt/rustwide/cargo-home" "-e" "RUSTUP_HOME=/opt/rustwide/rustup-home" "-e" "CARGO_TARGET_DIR=/opt/rustwide/target" "-w" "/opt/rustwide/workdir" "--user" "0:0" "f1a77fc3ca268694f82fe2809fd93b65345830e883d85c58a4731cb64bb7dc80" "/opt/rustwide/cargo-home/bin/cargo" "+1.99.0-beta.8" "metadata" "--no-deps" "--format-version=1", kill_on_drop: false }`
[INFO] running `Command { std: "docker" "inspect" "f1a77fc3ca268694f82fe2809fd93b65345830e883d85c58a4731cb64bb7dc80", kill_on_drop: false }`
[INFO] running `Command { std: "docker" "exec" "-e" "SOURCE_DIR=/opt/rustwide/workdir" "-e" "CARGO_HOME=/opt/rustwide/cargo-home" "-e" "RUSTUP_HOME=/opt/rustwide/rustup-home" "-e" "CARGO_TARGET_DIR=/opt/rustwide/target" "-e" "CARGO_INCREMENTAL=0" "-e" "RUST_BACKTRACE=full" "-e" "RUSTFLAGS=--cap-lints=warn" "-e" "RUSTDOCFLAGS=--cap-lints=warn" "-w" "/opt/rustwide/workdir" "--user" "0:0" "f1a77fc3ca268694f82fe2809fd93b65345830e883d85c58a4731cb64bb7dc80" "/opt/rustwide/cargo-home/bin/cargo" "+1.99.0-beta.8" "build" "--frozen" "--message-format=json" "--release", kill_on_drop: false }`
[INFO] [stderr]    Compiling proc-macro2 v1.0.106
[INFO] [stderr]    Compiling zerocopy v0.8.50
[INFO] [stderr]    Compiling crunchy v0.2.4
[INFO] [stderr]    Compiling serde_core v1.0.228
[INFO] [stderr]    Compiling portable-atomic v1.13.1
[INFO] [stderr]    Compiling serde v1.0.228
[INFO] [stderr]    Compiling anyhow v1.0.104
[INFO] [stderr]    Compiling semver v1.0.28
[INFO] [stderr]    Compiling syn v1.0.109
[INFO] [stderr]    Compiling libc v0.2.186
[INFO] [stderr]    Compiling num-traits v0.2.19
[INFO] [stderr]    Compiling ahash v0.8.12
[INFO] [stderr]    Compiling either v1.16.0
[INFO] [stderr]    Compiling critical-section v1.2.0
[INFO] [stderr]    Compiling byteorder v1.5.0
[INFO] [stderr]    Compiling tiny-keccak v2.0.2
[INFO] [stderr]    Compiling hex v0.4.3
[INFO] [stderr]    Compiling fixed-hash v0.7.0
[INFO] [stderr]    Compiling plonky2_util v1.0.0
[INFO] [stderr]    Compiling log v0.4.28
[INFO] [stderr]    Compiling rustc_version v0.4.1
[INFO] [stderr]    Compiling serde_json v1.0.150
[INFO] [stderr]    Compiling qp-poseidon-core v3.1.0
[INFO] [stderr]    Compiling rand v0.10.1
[INFO] [stderr]    Compiling uint v0.9.5
[INFO] [stderr]    Compiling plonky2_maybe_rayon v1.0.0
[INFO] [stderr]    Compiling itertools v0.13.0
[INFO] [stderr]    Compiling zeroize v1.8.2
[INFO] [stderr]    Compiling rayon v1.12.0
[INFO] [stderr]    Compiling primitive-types v0.10.1
[INFO] [stderr]    Compiling qp-plonky2-field v1.5.5
[INFO] [stderr]    Compiling qp-wormhole-inputs v4.4.0
[INFO] [stderr]    Compiling num-integer v0.1.46
[INFO] [stderr]    Compiling num-complex v0.4.6
[INFO] [stderr]    Compiling once_cell v1.21.3
[INFO] [stderr]    Compiling quote v1.0.45
[INFO] [stderr]    Compiling num-bigint v0.4.6
[INFO] [stderr]    Compiling num-iter v0.1.45
[INFO] [stderr]    Compiling syn v2.0.117
[INFO] [stderr]    Compiling getrandom v0.2.17
[INFO] [stderr]    Compiling rand_core v0.6.4
[INFO] [stderr]    Compiling keccak-hash v0.8.0
[INFO] [stderr]    Compiling num-rational v0.4.2
[INFO] [stderr]    Compiling num v0.4.3
[INFO] [stderr]    Compiling serde_derive v1.0.228
[INFO] [stderr]    Compiling unroll v0.1.5
[INFO] [stderr]    Compiling ppv-lite86 v0.2.21
[INFO] [stderr]    Compiling rand_chacha v0.3.1
[INFO] [stderr]    Compiling rand v0.8.6
[INFO] [stderr]    Compiling hashbrown v0.14.5
[INFO] [stderr]    Compiling qp-plonky2-core v1.5.5
[INFO] [stderr]    Compiling qp-plonky2-verifier v1.5.5
[INFO] [stderr]    Compiling qp-plonky2 v1.5.5
[INFO] [stderr]    Compiling qp-zk-circuits-common v4.4.0
[INFO] [stderr]    Compiling qp-wormhole-circuit v4.4.0
[INFO] [stderr]    Compiling qp-wormhole-prover v4.4.0
[INFO] [stderr]    Compiling qp-wormhole-aggregator v4.4.0 (/opt/rustwide/workdir)
[INFO] [stderr]     Finished `release` profile [optimized] target(s) in 1m 00s
[INFO] running `Command { std: "docker" "inspect" "f1a77fc3ca268694f82fe2809fd93b65345830e883d85c58a4731cb64bb7dc80", kill_on_drop: false }`
[INFO] running `Command { std: "docker" "exec" "-e" "SOURCE_DIR=/opt/rustwide/workdir" "-e" "CARGO_HOME=/opt/rustwide/cargo-home" "-e" "RUSTUP_HOME=/opt/rustwide/rustup-home" "-e" "CARGO_TARGET_DIR=/opt/rustwide/target" "-e" "CARGO_INCREMENTAL=0" "-e" "RUST_BACKTRACE=full" "-e" "RUSTFLAGS=--cap-lints=warn" "-e" "RUSTDOCFLAGS=--cap-lints=warn" "-w" "/opt/rustwide/workdir" "--user" "0:0" "f1a77fc3ca268694f82fe2809fd93b65345830e883d85c58a4731cb64bb7dc80" "/opt/rustwide/cargo-home/bin/cargo" "+1.99.0-beta.8" "test" "--frozen" "--no-run" "--message-format=json" "--release", kill_on_drop: false }`
[INFO] [stderr]    Compiling log v0.4.28
[INFO] [stderr]    Compiling serde v1.0.228
[INFO] [stderr]    Compiling once_cell v1.21.3
[INFO] [stderr]    Compiling syn v1.0.109
[INFO] [stderr]    Compiling getrandom v0.2.17
[INFO] [stderr]    Compiling ppv-lite86 v0.2.21
[INFO] [stderr]    Compiling regex-syntax v0.8.10
[INFO] [stderr]    Compiling anstyle v1.0.14
[INFO] [stderr]    Compiling half v2.7.1
[INFO] [stderr]    Compiling ciborium-io v0.2.2
[INFO] [stderr]    Compiling clap_lex v1.1.0
[INFO] [stderr]    Compiling utf8parse v0.2.2
[INFO] [stderr]    Compiling itertools v0.10.5
[INFO] [stderr]    Compiling anstyle-query v1.1.5
[INFO] [stderr]    Compiling same-file v1.0.6
[INFO] [stderr]    Compiling is_terminal_polyfill v1.70.2
[INFO] [stderr]    Compiling colorchoice v1.0.5
[INFO] [stderr]    Compiling cast v0.3.0
[INFO] [stderr]    Compiling walkdir v2.5.0
[INFO] [stderr]    Compiling is-terminal v0.4.17
[INFO] [stderr]    Compiling oorandom v11.1.5
[INFO] [stderr]    Compiling anstyle-parse v0.2.7
[INFO] [stderr]    Compiling rand_core v0.6.4
[INFO] [stderr]    Compiling anes v0.1.6
[INFO] [stderr]    Compiling jiff v0.2.28
[INFO] [stderr]    Compiling ahash v0.8.12
[INFO] [stderr]    Compiling clap_builder v4.6.0
[INFO] [stderr]    Compiling anstream v0.6.21
[INFO] [stderr]    Compiling ciborium-ll v0.2.2
[INFO] [stderr]    Compiling rand_chacha v0.3.1
[INFO] [stderr]    Compiling hashbrown v0.14.5
[INFO] [stderr]    Compiling tinytemplate v1.2.1
[INFO] [stderr]    Compiling ciborium v0.2.2
[INFO] [stderr]    Compiling rand v0.8.6
[INFO] [stderr]    Compiling regex-automata v0.4.14
[INFO] [stderr]    Compiling criterion-plot v0.5.0
[INFO] [stderr]    Compiling clap v4.6.1
[INFO] [stderr]    Compiling unroll v0.1.5
[INFO] [stderr]    Compiling qp-plonky2-field v1.5.5
[INFO] [stderr]    Compiling regex v1.12.3
[INFO] [stderr]    Compiling qp-plonky2-core v1.5.5
[INFO] [stderr]    Compiling env_filter v1.0.0
[INFO] [stderr]    Compiling criterion v0.5.1
[INFO] [stderr]    Compiling env_logger v0.11.9
[INFO] [stderr]    Compiling qp-plonky2-verifier v1.5.5
[INFO] [stderr]    Compiling qp-plonky2 v1.5.5
[INFO] [stderr]    Compiling qp-zk-circuits-common v4.4.0
[INFO] [stderr]    Compiling qp-wormhole-circuit v4.4.0
[INFO] [stderr]    Compiling qp-wormhole-prover v4.4.0
[INFO] [stderr]    Compiling qp-wormhole-aggregator v4.4.0 (/opt/rustwide/workdir)
[INFO] [stdout] error[E0433]: cannot find module or crate `test_helpers` in this scope
[INFO] [stdout]   --> src/private_batch/circuit/tests/circuit_logic.rs:52:5
[INFO] [stdout]    |
[INFO] [stdout] 52 | use test_helpers::fake_leaf::{
[INFO] [stdout]    |     ^^^^^^^^^^^^ use of unresolved module or unlinked crate `test_helpers`
[INFO] [stdout]    |
[INFO] [stdout]    = help: if you wanted to use a crate named `test_helpers`, use `cargo add test_helpers` to add it to your `Cargo.toml`
[INFO] [stdout] 
[INFO] [stdout] 
[INFO] [stdout] error[E0433]: cannot find module or crate `test_helpers` in this scope
[INFO] [stdout]    --> src/private_batch/prover/lib.rs:624:9
[INFO] [stdout]     |
[INFO] [stdout] 624 |     use test_helpers::fake_leaf::{build_fake_leaf_circuit, prove_fake_leaf};
[INFO] [stdout]     |         ^^^^^^^^^^^^ use of unresolved module or unlinked crate `test_helpers`
[INFO] [stdout]     |
[INFO] [stdout]     = help: if you wanted to use a crate named `test_helpers`, use `cargo add test_helpers` to add it to your `Cargo.toml`
[INFO] [stdout] 
[INFO] [stdout] 
[INFO] [stdout] error[E0433]: cannot find module or crate `test_helpers` in this scope
[INFO] [stdout]   --> src/public_batch/circuit/tests/circuit_logic.rs:14:5
[INFO] [stdout]    |
[INFO] [stdout] 14 | use test_helpers::fake_leaf::{build_fake_leaf_circuit, prove_fake_leaf};
[INFO] [stdout]    |     ^^^^^^^^^^^^ use of unresolved module or unlinked crate `test_helpers`
[INFO] [stdout]    |
[INFO] [stdout]    = help: if you wanted to use a crate named `test_helpers`, use `cargo add test_helpers` to add it to your `Cargo.toml`
[INFO] [stdout] 
[INFO] [stdout] 
[INFO] [stdout] error[E0433]: cannot find module or crate `test_helpers` in this scope
[INFO] [stdout]    --> src/public_batch/prover/lib.rs:521:9
[INFO] [stdout]     |
[INFO] [stdout] 521 |     use test_helpers::fake_leaf::{build_fake_leaf_circuit, prove_fake_leaf};
[INFO] [stdout]     |         ^^^^^^^^^^^^ use of unresolved module or unlinked crate `test_helpers`
[INFO] [stdout]     |
[INFO] [stdout]     = help: if you wanted to use a crate named `test_helpers`, use `cargo add test_helpers` to add it to your `Cargo.toml`
[INFO] [stdout] 
[INFO] [stdout] 
[INFO] [stdout] error[E0432]: unresolved import `test_helpers`
[INFO] [stdout]    --> src/private_batch/circuit/build.rs:241:13
[INFO] [stdout]     |
[INFO] [stdout] 241 |         use test_helpers::TestInputs as _;
[INFO] [stdout]     |             ^^^^^^^^^^^^ use of unresolved module or unlinked crate `test_helpers`
[INFO] [stdout]     |
[INFO] [stdout]     = help: if you wanted to use a crate named `test_helpers`, use `cargo add test_helpers` to add it to your `Cargo.toml`
[INFO] [stdout] 
[INFO] [stdout] 
[INFO] [stdout] error[E0599]: no associated function or constant named `test_inputs_0` found for struct `CircuitInputs` in the current scope
[INFO] [stdout]    --> src/private_batch/circuit/build.rs:251:41
[INFO] [stdout]     |
[INFO] [stdout] 251 |         let mut inputs = CircuitInputs::test_inputs_0();
[INFO] [stdout]     |                                         ^^^^^^^^^^^^^ associated function or constant not found in `CircuitInputs`
[INFO] [stdout] 
[INFO] [stdout] 
[INFO] [stdout] Some errors have detailed explanations: E0432, E0433, E0599.
[INFO] [stdout] 
[INFO] [stdout] For more information about an error, try `rustc --explain E0432`.
[INFO] [stdout] 
[INFO] [stderr] error: could not compile `qp-wormhole-aggregator` (lib test) due to 6 previous errors
[INFO] [stderr] warning: build failed, waiting for other jobs to finish...
[INFO] running `Command { std: "docker" "inspect" "f1a77fc3ca268694f82fe2809fd93b65345830e883d85c58a4731cb64bb7dc80", kill_on_drop: false }`
[INFO] running `Command { std: "docker" "rm" "-f" "f1a77fc3ca268694f82fe2809fd93b65345830e883d85c58a4731cb64bb7dc80", kill_on_drop: false }`
[INFO] [stdout] f1a77fc3ca268694f82fe2809fd93b65345830e883d85c58a4731cb64bb7dc80
