[INFO] fetching crate qp-rusty-crystals-dilithium 4.1.1...
[INFO] testing qp-rusty-crystals-dilithium-4.1.1 against 1.100.0-beta.1+cargoflags=--release for beta-release-1.100-2
[INFO] extracting crate qp-rusty-crystals-dilithium 4.1.1 into /workspace/builds/worker-2-tc2/source
[INFO] started tweaking crates.io crate qp-rusty-crystals-dilithium 4.1.1
[INFO] removed 0 missing examples
[INFO] removed 0 missing tests
[INFO] finished tweaking crates.io crate qp-rusty-crystals-dilithium 4.1.1
[INFO] tweaked toml for crates.io crate qp-rusty-crystals-dilithium 4.1.1 written to /workspace/builds/worker-2-tc2/source/Cargo.toml
[INFO] validating manifest of crates.io crate qp-rusty-crystals-dilithium 4.1.1 on toolchain 1.100.0-beta.1
[INFO] running `Command { std: CARGO_HOME="/workspace/cargo-home" RUSTUP_HOME="/workspace/rustup-home" "/workspace/cargo-home/bin/cargo" "+1.100.0-beta.1" "metadata" "--manifest-path" "Cargo.toml" "--no-deps", kill_on_drop: false }`
[INFO] crate crates.io crate qp-rusty-crystals-dilithium 4.1.1 already has a lockfile, it will not be regenerated
[INFO] running `Command { std: CARGO_HOME="/workspace/cargo-home" RUSTUP_HOME="/workspace/rustup-home" "/workspace/cargo-home/bin/cargo" "+1.100.0-beta.1" "fetch" "--manifest-path" "Cargo.toml", kill_on_drop: false }`
[INFO] running `Command { std: "docker" "create" "-v" "/var/lib/crater-agent-workspace/builds/worker-2-tc2/source:/opt/rustwide/workdir:ro,Z" "-v" "/var/lib/crater-agent-workspace/builds/worker-2-tc2/target:/opt/rustwide/target:rw,Z" "-v" "/var/lib/crater-agent-workspace/cargo-home:/opt/rustwide/cargo-home:ro,Z" "-v" "/var/lib/crater-agent-workspace/rustup-home:/opt/rustwide/rustup-home:ro,Z" "-m" "1610612736" "--network" "none" "ghcr.io/rust-lang/crates-build-env/linux@sha256:77db811e55d90add9212f6832c23229e3de5f1c1f9905e8cb07319ea15df73ac" "sleep" "infinity", kill_on_drop: false }`
[INFO] [stdout] 5ddfa2ddef226497095ad7a82cc6ab47cd79986e1a4ba1a0d68281a075b71f8e
[INFO] running `Command { std: "docker" "start" "5ddfa2ddef226497095ad7a82cc6ab47cd79986e1a4ba1a0d68281a075b71f8e", kill_on_drop: false }`
[INFO] running `Command { std: "docker" "inspect" "5ddfa2ddef226497095ad7a82cc6ab47cd79986e1a4ba1a0d68281a075b71f8e", kill_on_drop: false }`
[INFO] running `Command { std: "docker" "exec" "-e" "SOURCE_DIR=/opt/rustwide/workdir" "-e" "CARGO_HOME=/opt/rustwide/cargo-home" "-e" "RUSTUP_HOME=/opt/rustwide/rustup-home" "-e" "CARGO_TARGET_DIR=/opt/rustwide/target" "-w" "/opt/rustwide/workdir" "--user" "0:0" "5ddfa2ddef226497095ad7a82cc6ab47cd79986e1a4ba1a0d68281a075b71f8e" "/opt/rustwide/cargo-home/bin/cargo" "+1.100.0-beta.1" "metadata" "--no-deps" "--format-version=1", kill_on_drop: false }`
[INFO] running `Command { std: "docker" "inspect" "5ddfa2ddef226497095ad7a82cc6ab47cd79986e1a4ba1a0d68281a075b71f8e", kill_on_drop: false }`
[INFO] running `Command { std: "docker" "exec" "-e" "SOURCE_DIR=/opt/rustwide/workdir" "-e" "CARGO_HOME=/opt/rustwide/cargo-home" "-e" "RUSTUP_HOME=/opt/rustwide/rustup-home" "-e" "CARGO_TARGET_DIR=/opt/rustwide/target" "-e" "CARGO_INCREMENTAL=0" "-e" "RUST_BACKTRACE=full" "-e" "RUSTFLAGS=--cap-lints=warn" "-e" "RUSTDOCFLAGS=--cap-lints=warn" "-w" "/opt/rustwide/workdir" "--user" "0:0" "5ddfa2ddef226497095ad7a82cc6ab47cd79986e1a4ba1a0d68281a075b71f8e" "/opt/rustwide/cargo-home/bin/cargo" "+1.100.0-beta.1" "build" "--frozen" "--message-format=json" "--release", kill_on_drop: false }`
[INFO] [stderr]    Compiling zeroize v1.8.2
[INFO] [stderr]    Compiling qp-rusty-crystals-dilithium v4.1.1 (/opt/rustwide/workdir)
[INFO] [stderr]     Finished `release` profile [optimized] target(s) in 3.44s
[INFO] running `Command { std: "docker" "inspect" "5ddfa2ddef226497095ad7a82cc6ab47cd79986e1a4ba1a0d68281a075b71f8e", kill_on_drop: false }`
[INFO] running `Command { std: "docker" "exec" "-e" "SOURCE_DIR=/opt/rustwide/workdir" "-e" "CARGO_HOME=/opt/rustwide/cargo-home" "-e" "RUSTUP_HOME=/opt/rustwide/rustup-home" "-e" "CARGO_TARGET_DIR=/opt/rustwide/target" "-e" "CARGO_INCREMENTAL=0" "-e" "RUST_BACKTRACE=full" "-e" "RUSTFLAGS=--cap-lints=warn" "-e" "RUSTDOCFLAGS=--cap-lints=warn" "-w" "/opt/rustwide/workdir" "--user" "0:0" "5ddfa2ddef226497095ad7a82cc6ab47cd79986e1a4ba1a0d68281a075b71f8e" "/opt/rustwide/cargo-home/bin/cargo" "+1.100.0-beta.1" "test" "--frozen" "--no-run" "--message-format=json" "--release", kill_on_drop: false }`
[INFO] [stderr]    Compiling libc v0.2.186
[INFO] [stderr]    Compiling zerocopy v0.8.50
[INFO] [stderr]    Compiling object v0.37.3
[INFO] [stderr]    Compiling cfg_aliases v0.2.1
[INFO] [stderr]    Compiling rand_core v0.10.0
[INFO] [stderr]    Compiling memchr v2.8.1
[INFO] [stderr]    Compiling getrandom v0.4.2
[INFO] [stderr]    Compiling either v1.16.0
[INFO] [stderr]    Compiling crossbeam-epoch v0.9.20
[INFO] [stderr]    Compiling cc v1.2.64
[INFO] [stderr]    Compiling regex-syntax v0.8.10
[INFO] [stderr]    Compiling zerocopy-derive v0.8.50
[INFO] [stderr]    Compiling serde v1.0.228
[INFO] [stderr]    Compiling serde_json v1.0.150
[INFO] [stderr]    Compiling clap_builder v4.6.0
[INFO] [stderr]    Compiling textwrap v0.11.0
[INFO] [stderr]    Compiling nix v0.31.3
[INFO] [stderr]    Compiling chacha20 v0.10.0
[INFO] [stderr]    Compiling itertools v0.10.5
[INFO] [stderr]    Compiling crossbeam-deque v0.8.6
[INFO] [stderr]    Compiling rayon-core v1.13.0
[INFO] [stderr]    Compiling tinytemplate v1.2.1
[INFO] [stderr]    Compiling criterion-plot v0.5.0
[INFO] [stderr]    Compiling rayon v1.12.0
[INFO] [stderr]    Compiling regex-automata v0.4.14
[INFO] [stderr]    Compiling atty v0.2.14
[INFO] [stderr]    Compiling clap v2.34.0
[INFO] [stderr]    Compiling clap v4.6.1
[INFO] [stderr]    Compiling is-terminal v0.4.17
[INFO] [stderr]    Compiling rand v0.10.1
[INFO] [stderr]    Compiling ctrlc v3.5.2
[INFO] [stderr]    Compiling ar_archive_writer v0.5.2
[INFO] [stderr]    Compiling regex v1.12.3
[INFO] [stderr]    Compiling psm v0.1.31
[INFO] [stderr]    Compiling half v2.7.1
[INFO] [stderr]    Compiling ppv-lite86 v0.2.21
[INFO] [stderr]    Compiling rand_chacha v0.10.0
[INFO] [stderr]    Compiling ciborium-ll v0.2.2
[INFO] [stderr]    Compiling dudect-bencher v0.7.0
[INFO] [stderr]    Compiling ciborium v0.2.2
[INFO] [stderr]    Compiling criterion v0.5.1
[INFO] [stderr]    Compiling qp-rusty-crystals-dilithium v4.1.1 (/opt/rustwide/workdir)
[INFO] [stdout] error[E0432]: unresolved import `qp_rusty_crystals_test_utils`
[INFO] [stdout]   --> tests/import_stack_zeroization.rs:40:5
[INFO] [stdout]    |
[INFO] [stdout] 40 | use qp_rusty_crystals_test_utils::probe_stack_for;
[INFO] [stdout]    |     ^^^^^^^^^^^^^^^^^^^^^^^^^^^^ use of unresolved module or unlinked crate `qp_rusty_crystals_test_utils`
[INFO] [stdout]    |
[INFO] [stdout] help: there is a crate or module with a similar name
[INFO] [stdout]    |
[INFO] [stdout] 40 - use qp_rusty_crystals_test_utils::probe_stack_for;
[INFO] [stdout] 40 + use qp_rusty_crystals_dilithium::probe_stack_for;
[INFO] [stdout]    |
[INFO] [stdout] 
[INFO] [stdout] 
[INFO] [stdout] error[E0432]: unresolved import `qp_rusty_crystals_test_utils`
[INFO] [stdout]   --> tests/sign_stack_zeroization.rs:38:5
[INFO] [stdout]    |
[INFO] [stdout] 38 | use qp_rusty_crystals_test_utils::probe_stack_for;
[INFO] [stdout]    |     ^^^^^^^^^^^^^^^^^^^^^^^^^^^^ use of unresolved module or unlinked crate `qp_rusty_crystals_test_utils`
[INFO] [stdout]    |
[INFO] [stdout] help: there is a crate or module with a similar name
[INFO] [stdout]    |
[INFO] [stdout] 38 - use qp_rusty_crystals_test_utils::probe_stack_for;
[INFO] [stdout] 38 + use qp_rusty_crystals_dilithium::probe_stack_for;
[INFO] [stdout]    |
[INFO] [stdout] 
[INFO] [stdout] 
[INFO] [stdout] For more information about this error, try `rustc --explain E0432`.
[INFO] [stdout] 
[INFO] [stdout] For more information about this error, try `rustc --explain E0432`.
[INFO] [stdout] 
[INFO] [stderr] error: could not compile `qp-rusty-crystals-dilithium` (test "import_stack_zeroization") due to 1 previous error
[INFO] [stderr] warning: build failed, waiting for other jobs to finish...
[INFO] [stderr] error: could not compile `qp-rusty-crystals-dilithium` (test "sign_stack_zeroization") due to 1 previous error
[INFO] [stdout] error[E0432]: unresolved import `qp_rusty_crystals_test_utils`
[INFO] [stdout]   --> tests/sensitive_bytes_stack_zeroization.rs:26:5
[INFO] [stdout]    |
[INFO] [stdout] 26 | use qp_rusty_crystals_test_utils::probe_stack_for;
[INFO] [stdout]    |     ^^^^^^^^^^^^^^^^^^^^^^^^^^^^ use of unresolved module or unlinked crate `qp_rusty_crystals_test_utils`
[INFO] [stdout]    |
[INFO] [stdout] help: there is a crate or module with a similar name
[INFO] [stdout]    |
[INFO] [stdout] 26 - use qp_rusty_crystals_test_utils::probe_stack_for;
[INFO] [stdout] 26 + use qp_rusty_crystals_dilithium::probe_stack_for;
[INFO] [stdout]    |
[INFO] [stdout] 
[INFO] [stdout] 
[INFO] [stdout] error: couldn't read `src/../../test_vectors/SHAKE256ShortMsg.rsp`: No such file or directory (os error 2)
[INFO] [stdout]    --> src/fips202.rs:681:17
[INFO] [stdout]     |
[INFO] [stdout] 681 |         let content = include_str!("../../test_vectors/SHAKE256ShortMsg.rsp");
[INFO] [stdout]     |                       ^^^^^^^^^^^^^^^^^^^^^^^^^^^^^^^^^^^^^^^^^^^^^^^^^^^^^^^
[INFO] [stdout] 
[INFO] [stdout] 
[INFO] [stdout] error: couldn't read `src/../../test_vectors/SHAKE256LongMsg.rsp`: No such file or directory (os error 2)
[INFO] [stdout]    --> src/fips202.rs:813:17
[INFO] [stdout]     |
[INFO] [stdout] 813 |         let content = include_str!("../../test_vectors/SHAKE256LongMsg.rsp");
[INFO] [stdout]     |                       ^^^^^^^^^^^^^^^^^^^^^^^^^^^^^^^^^^^^^^^^^^^^^^^^^^^^^^
[INFO] [stdout] 
[INFO] [stdout] 
[INFO] [stdout] For more information about this error, try `rustc --explain E0432`.
[INFO] [stdout] 
[INFO] [stderr] error: could not compile `qp-rusty-crystals-dilithium` (test "sensitive_bytes_stack_zeroization") due to 1 previous error
[INFO] [stdout] warning: unused macro definition: `basic_variant_tests`
[INFO] [stdout]    --> src/frontend.rs:483:14
[INFO] [stdout]     |
[INFO] [stdout] 483 | macro_rules! basic_variant_tests {
[INFO] [stdout]     |              ^^^^^^^^^^^^^^^^^^^
[INFO] [stdout]     |
[INFO] [stdout]     = note: `#[warn(unused_macros)]` (part of `#[warn(unused)]`) on by default
[INFO] [stdout] 
[INFO] [stdout] 
[INFO] [stdout] warning: unused import: `basic_variant_tests`
[INFO] [stdout]    --> src/frontend.rs:536:16
[INFO] [stdout]     |
[INFO] [stdout] 536 | pub(crate) use basic_variant_tests;
[INFO] [stdout]     |                ^^^^^^^^^^^^^^^^^^^
[INFO] [stdout]     |
[INFO] [stdout]     = note: `#[warn(unused_imports)]` (part of `#[warn(unused)]`) on by default
[INFO] [stdout] 
[INFO] [stdout] 
[INFO] [stderr] error: could not compile `qp-rusty-crystals-dilithium` (lib test) due to 2 previous errors; 2 warnings emitted
[INFO] running `Command { std: "docker" "inspect" "5ddfa2ddef226497095ad7a82cc6ab47cd79986e1a4ba1a0d68281a075b71f8e", kill_on_drop: false }`
[INFO] running `Command { std: "docker" "rm" "-f" "5ddfa2ddef226497095ad7a82cc6ab47cd79986e1a4ba1a0d68281a075b71f8e", kill_on_drop: false }`
[INFO] [stdout] 5ddfa2ddef226497095ad7a82cc6ab47cd79986e1a4ba1a0d68281a075b71f8e
