[INFO] fetching crate qp-plonky2-verifier 1.6.0...
[INFO] testing qp-plonky2-verifier-1.6.0 against 1.99.0-beta.8+cargoflags=--release for beta-release-1.100-2
[INFO] extracting crate qp-plonky2-verifier 1.6.0 into /workspace/builds/worker-5-tc1/source
[INFO] started tweaking crates.io crate qp-plonky2-verifier 1.6.0
[INFO] finished tweaking crates.io crate qp-plonky2-verifier 1.6.0
[INFO] tweaked toml for crates.io crate qp-plonky2-verifier 1.6.0 written to /workspace/builds/worker-5-tc1/source/Cargo.toml
[INFO] validating manifest of crates.io crate qp-plonky2-verifier 1.6.0 on toolchain 1.99.0-beta.8
[INFO] running `Command { std: CARGO_HOME="/workspace/cargo-home" RUSTUP_HOME="/workspace/rustup-home" "/workspace/cargo-home/bin/cargo" "+1.99.0-beta.8" "metadata" "--manifest-path" "Cargo.toml" "--no-deps", kill_on_drop: false }`
[INFO] crate crates.io crate qp-plonky2-verifier 1.6.0 already has a lockfile, it will not be regenerated
[INFO] running `Command { std: CARGO_HOME="/workspace/cargo-home" RUSTUP_HOME="/workspace/rustup-home" "/workspace/cargo-home/bin/cargo" "+1.99.0-beta.8" "fetch" "--manifest-path" "Cargo.toml", kill_on_drop: false }`
[INFO] [stderr]     Updating crates.io index
[INFO] [stderr]  Downloading crates ...
[INFO] [stderr]   Downloaded qp-plonky2-field v1.6.0
[INFO] [stderr]   Downloaded unroll v0.1.5
[INFO] [stderr]   Downloaded plonky2_util v1.0.0
[INFO] [stderr]   Downloaded primitive-types v0.10.1
[INFO] [stderr]   Downloaded keccak-hash v0.8.0
[INFO] [stderr]   Downloaded qp-plonky2-core v1.6.0
[INFO] [stderr]   Downloaded clap v4.5.50
[INFO] [stderr]   Downloaded cc v1.2.43
[INFO] [stderr]   Downloaded clap_builder v4.5.50
[INFO] [stderr]   Downloaded syn v2.0.108
[INFO] [stderr]   Downloaded qp-poseidon-core v3.1.0
[INFO] running `Command { std: "docker" "create" "-v" "/var/lib/crater-agent-workspace/builds/worker-5-tc1/source:/opt/rustwide/workdir:ro,Z" "-v" "/var/lib/crater-agent-workspace/builds/worker-5-tc1/target:/opt/rustwide/target:rw,Z" "-v" "/var/lib/crater-agent-workspace/cargo-home:/opt/rustwide/cargo-home:ro,Z" "-v" "/var/lib/crater-agent-workspace/rustup-home:/opt/rustwide/rustup-home:ro,Z" "-m" "1610612736" "--network" "none" "ghcr.io/rust-lang/crates-build-env/linux@sha256:77db811e55d90add9212f6832c23229e3de5f1c1f9905e8cb07319ea15df73ac" "sleep" "infinity", kill_on_drop: false }`
[INFO] [stdout] 767b44285f017a292b8476dc62990b3fe8c053da7cdc62278d492e9b5ee36f0c
[INFO] running `Command { std: "docker" "start" "767b44285f017a292b8476dc62990b3fe8c053da7cdc62278d492e9b5ee36f0c", kill_on_drop: false }`
[INFO] running `Command { std: "docker" "inspect" "767b44285f017a292b8476dc62990b3fe8c053da7cdc62278d492e9b5ee36f0c", kill_on_drop: false }`
[INFO] running `Command { std: "docker" "exec" "-e" "SOURCE_DIR=/opt/rustwide/workdir" "-e" "CARGO_HOME=/opt/rustwide/cargo-home" "-e" "RUSTUP_HOME=/opt/rustwide/rustup-home" "-e" "CARGO_TARGET_DIR=/opt/rustwide/target" "-w" "/opt/rustwide/workdir" "--user" "0:0" "767b44285f017a292b8476dc62990b3fe8c053da7cdc62278d492e9b5ee36f0c" "/opt/rustwide/cargo-home/bin/cargo" "+1.99.0-beta.8" "metadata" "--no-deps" "--format-version=1", kill_on_drop: false }`
[INFO] running `Command { std: "docker" "inspect" "767b44285f017a292b8476dc62990b3fe8c053da7cdc62278d492e9b5ee36f0c", kill_on_drop: false }`
[INFO] running `Command { std: "docker" "exec" "-e" "SOURCE_DIR=/opt/rustwide/workdir" "-e" "CARGO_HOME=/opt/rustwide/cargo-home" "-e" "RUSTUP_HOME=/opt/rustwide/rustup-home" "-e" "CARGO_TARGET_DIR=/opt/rustwide/target" "-e" "CARGO_INCREMENTAL=0" "-e" "RUST_BACKTRACE=full" "-e" "RUSTFLAGS=--cap-lints=warn" "-e" "RUSTDOCFLAGS=--cap-lints=warn" "-w" "/opt/rustwide/workdir" "--user" "0:0" "767b44285f017a292b8476dc62990b3fe8c053da7cdc62278d492e9b5ee36f0c" "/opt/rustwide/cargo-home/bin/cargo" "+1.99.0-beta.8" "build" "--frozen" "--message-format=json" "--release", kill_on_drop: false }`
[INFO] [stderr]    Compiling proc-macro2 v1.0.103
[INFO] [stderr]    Compiling num-traits v0.2.19
[INFO] [stderr]    Compiling unicode-ident v1.0.20
[INFO] [stderr]    Compiling portable-atomic v1.13.1
[INFO] [stderr]    Compiling serde_core v1.0.228
[INFO] [stderr]    Compiling serde v1.0.228
[INFO] [stderr]    Compiling anyhow v1.0.104
[INFO] [stderr]    Compiling tiny-keccak v2.0.2
[INFO] [stderr]    Compiling crunchy v0.2.4
[INFO] [stderr]    Compiling hex v0.4.3
[INFO] [stderr]    Compiling qp-plonky2-field v1.6.0
[INFO] [stderr]    Compiling fixed-hash v0.7.0
[INFO] [stderr]    Compiling itertools v0.13.0
[INFO] [stderr]    Compiling plonky2_util v1.0.0
[INFO] [stderr]    Compiling qp-poseidon-core v3.1.0
[INFO] [stderr]    Compiling uint v0.9.5
[INFO] [stderr]    Compiling primitive-types v0.10.1
[INFO] [stderr]    Compiling quote v1.0.41
[INFO] [stderr]    Compiling num-integer v0.1.46
[INFO] [stderr]    Compiling num-complex v0.4.6
[INFO] [stderr]    Compiling syn v2.0.108
[INFO] [stderr]    Compiling syn v1.0.109
[INFO] [stderr]    Compiling num-bigint v0.4.6
[INFO] [stderr]    Compiling num-iter v0.1.45
[INFO] [stderr]    Compiling once_cell v1.21.3
[INFO] [stderr]    Compiling ahash v0.8.12
[INFO] [stderr]    Compiling keccak-hash v0.8.0
[INFO] [stderr]    Compiling num-rational v0.4.2
[INFO] [stderr]    Compiling num v0.4.3
[INFO] [stderr]    Compiling serde_derive v1.0.228
[INFO] [stderr]    Compiling unroll v0.1.5
[INFO] [stderr]    Compiling hashbrown v0.14.5
[INFO] [stderr]    Compiling qp-plonky2-core v1.6.0
[INFO] [stderr]    Compiling qp-plonky2-verifier v1.6.0 (/opt/rustwide/workdir)
[INFO] [stderr]     Finished `release` profile [optimized] target(s) in 19.75s
[INFO] running `Command { std: "docker" "inspect" "767b44285f017a292b8476dc62990b3fe8c053da7cdc62278d492e9b5ee36f0c", kill_on_drop: false }`
[INFO] running `Command { std: "docker" "exec" "-e" "SOURCE_DIR=/opt/rustwide/workdir" "-e" "CARGO_HOME=/opt/rustwide/cargo-home" "-e" "RUSTUP_HOME=/opt/rustwide/rustup-home" "-e" "CARGO_TARGET_DIR=/opt/rustwide/target" "-e" "CARGO_INCREMENTAL=0" "-e" "RUST_BACKTRACE=full" "-e" "RUSTFLAGS=--cap-lints=warn" "-e" "RUSTDOCFLAGS=--cap-lints=warn" "-w" "/opt/rustwide/workdir" "--user" "0:0" "767b44285f017a292b8476dc62990b3fe8c053da7cdc62278d492e9b5ee36f0c" "/opt/rustwide/cargo-home/bin/cargo" "+1.99.0-beta.8" "test" "--frozen" "--no-run" "--message-format=json" "--release", kill_on_drop: false }`
[INFO] [stderr]    Compiling serde_core v1.0.228
[INFO] [stderr]    Compiling zerocopy v0.8.27
[INFO] [stderr]    Compiling serde v1.0.228
[INFO] [stderr]    Compiling getrandom v0.4.2
[INFO] [stderr]    Compiling proc-macro2 v1.0.103
[INFO] [stderr]    Compiling num-traits v0.2.19
[INFO] [stderr]    Compiling libc v0.2.177
[INFO] [stderr]    Compiling cc v1.2.43
[INFO] [stderr]    Compiling chacha20 v0.10.0
[INFO] [stderr]    Compiling qp-plonky2-field v1.6.0
[INFO] [stderr]    Compiling clap_lex v0.7.6
[INFO] [stderr]    Compiling criterion-plot v0.8.2
[INFO] [stderr]    Compiling clap_builder v4.5.50
[INFO] [stderr]    Compiling quote v1.0.41
[INFO] [stderr]    Compiling syn v2.0.108
[INFO] [stderr]    Compiling syn v1.0.109
[INFO] [stderr]    Compiling num-integer v0.1.46
[INFO] [stderr]    Compiling num-complex v0.4.6
[INFO] [stderr]    Compiling alloca v0.4.0
[INFO] [stderr]    Compiling page_size v0.6.0
[INFO] [stderr]    Compiling num-bigint v0.4.6
[INFO] [stderr]    Compiling num-iter v0.1.45
[INFO] [stderr]    Compiling rand v0.10.1
[INFO] [stderr]    Compiling num-rational v0.4.2
[INFO] [stderr]    Compiling num v0.4.3
[INFO] [stderr]    Compiling clap v4.5.50
[INFO] [stderr]    Compiling unroll v0.1.5
[INFO] [stderr]    Compiling serde_json v1.0.145
[INFO] [stderr]    Compiling zerocopy-derive v0.8.27
[INFO] [stderr]    Compiling serde_derive v1.0.228
[INFO] [stderr]    Compiling ahash v0.8.12
[INFO] [stderr]    Compiling half v2.7.1
[INFO] [stderr]    Compiling ciborium-ll v0.2.2
[INFO] [stderr]    Compiling hashbrown v0.14.5
[INFO] [stderr]    Compiling ciborium v0.2.2
[INFO] [stderr]    Compiling tinytemplate v1.2.1
[INFO] [stderr]    Compiling criterion v0.8.2
[INFO] [stderr]    Compiling qp-plonky2-core v1.6.0
[INFO] [stderr]    Compiling qp-plonky2-verifier v1.6.0 (/opt/rustwide/workdir)
[INFO] [stdout] error[E0433]: cannot find module or crate `std` in this scope
[INFO] [stdout]    --> src/gates/reducing.rs:141:9
[INFO] [stdout]     |
[INFO] [stdout] 141 |     use std::panic::{catch_unwind, AssertUnwindSafe};
[INFO] [stdout]     |         ^^^ use of unresolved module or unlinked crate `std`
[INFO] [stdout]     |
[INFO] [stdout]     = help: if you wanted to use a crate named `std`, use `cargo add std` to add it to your `Cargo.toml`
[INFO] [stdout] 
[INFO] [stdout] 
[INFO] [stdout] error[E0433]: cannot find module or crate `std` in this scope
[INFO] [stdout]    --> src/gates/reducing_extension.rs:144:9
[INFO] [stdout]     |
[INFO] [stdout] 144 |     use std::panic::{catch_unwind, AssertUnwindSafe};
[INFO] [stdout]     |         ^^^ use of unresolved module or unlinked crate `std`
[INFO] [stdout]     |
[INFO] [stdout]     = help: if you wanted to use a crate named `std`, use `cargo add std` to add it to your `Cargo.toml`
[INFO] [stdout] 
[INFO] [stdout] 
[INFO] [stdout] error[E0433]: cannot find module or crate `plonky2` in this scope
[INFO] [stdout]    --> src/hash/poseidon2.rs:151:13
[INFO] [stdout]     |
[INFO] [stdout] 151 |         use plonky2::hash::poseidon2::Poseidon2Hash as ProverPoseidon2Hash;
[INFO] [stdout]     |             ^^^^^^^ use of unresolved module or unlinked crate `plonky2`
[INFO] [stdout]     |
[INFO] [stdout]     = help: if you wanted to use a crate named `plonky2`, use `cargo add plonky2` to add it to your `Cargo.toml`
[INFO] [stdout] 
[INFO] [stdout] 
[INFO] [stdout] error[E0433]: cannot find module or crate `plonky2` in this scope
[INFO] [stdout]    --> src/hash/poseidon2.rs:152:13
[INFO] [stdout]     |
[INFO] [stdout] 152 |         use plonky2::plonk::config::Hasher as ProverHasher;
[INFO] [stdout]     |             ^^^^^^^ use of unresolved module or unlinked crate `plonky2`
[INFO] [stdout]     |
[INFO] [stdout]     = help: if you wanted to use a crate named `plonky2`, use `cargo add plonky2` to add it to your `Cargo.toml`
[INFO] [stdout] 
[INFO] [stdout] 
[INFO] [stdout] error[E0433]: cannot find module or crate `plonky2` in this scope
[INFO] [stdout]    --> src/hash/poseidon2.rs:176:13
[INFO] [stdout]     |
[INFO] [stdout] 176 |         use plonky2::hash::poseidon2::Poseidon2Permutation as ProverPerm;
[INFO] [stdout]     |             ^^^^^^^ use of unresolved module or unlinked crate `plonky2`
[INFO] [stdout]     |
[INFO] [stdout]     = help: if you wanted to use a crate named `plonky2`, use `cargo add plonky2` to add it to your `Cargo.toml`
[INFO] [stdout] 
[INFO] [stdout] 
[INFO] [stdout] For more information about this error, try `rustc --explain E0433`.
[INFO] [stdout] 
[INFO] [stderr] error: could not compile `qp-plonky2-verifier` (lib test) due to 5 previous errors
[INFO] running `Command { std: "docker" "inspect" "767b44285f017a292b8476dc62990b3fe8c053da7cdc62278d492e9b5ee36f0c", kill_on_drop: false }`
[INFO] running `Command { std: "docker" "rm" "-f" "767b44285f017a292b8476dc62990b3fe8c053da7cdc62278d492e9b5ee36f0c", kill_on_drop: false }`
[INFO] [stdout] 767b44285f017a292b8476dc62990b3fe8c053da7cdc62278d492e9b5ee36f0c
