[INFO] fetching crate qos_crypto 0.15.0...
[INFO] testing qos_crypto-0.15.0 against 1.99.0-beta.8+cargoflags=--release for beta-release-1.100-2
[INFO] extracting crate qos_crypto 0.15.0 into /workspace/builds/worker-0-tc1/source
[INFO] started tweaking crates.io crate qos_crypto 0.15.0
[INFO] finished tweaking crates.io crate qos_crypto 0.15.0
[INFO] tweaked toml for crates.io crate qos_crypto 0.15.0 written to /workspace/builds/worker-0-tc1/source/Cargo.toml
[INFO] validating manifest of crates.io crate qos_crypto 0.15.0 on toolchain 1.99.0-beta.8
[INFO] running `Command { std: CARGO_HOME="/workspace/cargo-home" RUSTUP_HOME="/workspace/rustup-home" "/workspace/cargo-home/bin/cargo" "+1.99.0-beta.8" "metadata" "--manifest-path" "Cargo.toml" "--no-deps", kill_on_drop: false }`
[INFO] crate crates.io crate qos_crypto 0.15.0 already has a lockfile, it will not be regenerated
[INFO] running `Command { std: CARGO_HOME="/workspace/cargo-home" RUSTUP_HOME="/workspace/rustup-home" "/workspace/cargo-home/bin/cargo" "+1.99.0-beta.8" "fetch" "--manifest-path" "Cargo.toml", kill_on_drop: false }`
[INFO] [stderr]     Updating crates.io index
[INFO] [stderr]  Downloading crates ...
[INFO] [stderr]   Downloaded vsss-rs v5.4.0
[INFO] [stderr]   Downloaded elliptic-curve-tools v0.2.0
[INFO] [stderr]   Downloaded multiexp v0.4.0
[INFO] [stderr]   Downloaded std-shims v0.1.1
[INFO] [stderr]   Downloaded generic-array v1.4.3
[INFO] [stderr]   Downloaded wit-bindgen v0.45.0
[INFO] [stderr]   Downloaded wasi v0.14.3+wasi-0.2.4
[INFO] running `Command { std: "docker" "create" "-v" "/var/lib/crater-agent-workspace/builds/worker-0-tc1/source:/opt/rustwide/workdir:ro,Z" "-v" "/var/lib/crater-agent-workspace/builds/worker-0-tc1/target:/opt/rustwide/target:rw,Z" "-v" "/var/lib/crater-agent-workspace/cargo-home:/opt/rustwide/cargo-home:ro,Z" "-v" "/var/lib/crater-agent-workspace/rustup-home:/opt/rustwide/rustup-home:ro,Z" "-m" "1610612736" "--network" "none" "ghcr.io/rust-lang/crates-build-env/linux@sha256:77db811e55d90add9212f6832c23229e3de5f1c1f9905e8cb07319ea15df73ac" "sleep" "infinity", kill_on_drop: false }`
[INFO] [stdout] aaed8a03e189fe0d44fd4566314a326498bd2c897dc8e39e73b7cb44ab17e821
[INFO] running `Command { std: "docker" "start" "aaed8a03e189fe0d44fd4566314a326498bd2c897dc8e39e73b7cb44ab17e821", kill_on_drop: false }`
[INFO] running `Command { std: "docker" "inspect" "aaed8a03e189fe0d44fd4566314a326498bd2c897dc8e39e73b7cb44ab17e821", kill_on_drop: false }`
[INFO] running `Command { std: "docker" "exec" "-e" "SOURCE_DIR=/opt/rustwide/workdir" "-e" "CARGO_HOME=/opt/rustwide/cargo-home" "-e" "RUSTUP_HOME=/opt/rustwide/rustup-home" "-e" "CARGO_TARGET_DIR=/opt/rustwide/target" "-w" "/opt/rustwide/workdir" "--user" "0:0" "aaed8a03e189fe0d44fd4566314a326498bd2c897dc8e39e73b7cb44ab17e821" "/opt/rustwide/cargo-home/bin/cargo" "+1.99.0-beta.8" "metadata" "--no-deps" "--format-version=1", kill_on_drop: false }`
[INFO] running `Command { std: "docker" "inspect" "aaed8a03e189fe0d44fd4566314a326498bd2c897dc8e39e73b7cb44ab17e821", kill_on_drop: false }`
[INFO] running `Command { std: "docker" "exec" "-e" "SOURCE_DIR=/opt/rustwide/workdir" "-e" "CARGO_HOME=/opt/rustwide/cargo-home" "-e" "RUSTUP_HOME=/opt/rustwide/rustup-home" "-e" "CARGO_TARGET_DIR=/opt/rustwide/target" "-e" "CARGO_INCREMENTAL=0" "-e" "RUST_BACKTRACE=full" "-e" "RUSTFLAGS=--cap-lints=warn" "-e" "RUSTDOCFLAGS=--cap-lints=warn" "-w" "/opt/rustwide/workdir" "--user" "0:0" "aaed8a03e189fe0d44fd4566314a326498bd2c897dc8e39e73b7cb44ab17e821" "/opt/rustwide/cargo-home/bin/cargo" "+1.99.0-beta.8" "build" "--frozen" "--message-format=json" "--release", kill_on_drop: false }`
[INFO] [stderr]    Compiling cfg-if v1.0.3
[INFO] [stderr]    Compiling subtle v2.6.1
[INFO] [stderr]    Compiling syn v2.0.106
[INFO] [stderr]    Compiling generic-array v0.14.7
[INFO] [stderr]    Compiling num-traits v0.2.19
[INFO] [stderr]    Compiling keccak v0.1.6
[INFO] [stderr]    Compiling thiserror v2.0.17
[INFO] [stderr]    Compiling base16ct v0.2.0
[INFO] [stderr]    Compiling getrandom v0.2.16
[INFO] [stderr]    Compiling getrandom v0.3.3
[INFO] [stderr]    Compiling rand_core v0.6.4
[INFO] [stderr]    Compiling generic-array v1.4.3
[INFO] [stderr]    Compiling rand_core v0.9.3
[INFO] [stderr]    Compiling rand v0.8.6
[INFO] [stderr]    Compiling ff v0.13.1
[INFO] [stderr]    Compiling hybrid-array v0.4.12
[INFO] [stderr]    Compiling group v0.13.0
[INFO] [stderr]    Compiling rand_chacha v0.9.0
[INFO] [stderr]    Compiling hex v0.4.3
[INFO] [stderr]    Compiling rand v0.9.4
[INFO] [stderr]    Compiling num-integer v0.1.46
[INFO] [stderr]    Compiling num-complex v0.4.6
[INFO] [stderr]    Compiling num-bigint v0.4.6
[INFO] [stderr]    Compiling num-iter v0.1.45
[INFO] [stderr]    Compiling num-rational v0.4.2
[INFO] [stderr]    Compiling num v0.4.3
[INFO] [stderr]    Compiling zeroize_derive v1.4.2
[INFO] [stderr]    Compiling thiserror-impl v2.0.17
[INFO] [stderr]    Compiling zeroize v1.8.2
[INFO] [stderr]    Compiling block-buffer v0.10.4
[INFO] [stderr]    Compiling crypto-common v0.1.6
[INFO] [stderr]    Compiling crypto-bigint v0.5.5
[INFO] [stderr]    Compiling digest v0.10.7
[INFO] [stderr]    Compiling hmac v0.12.1
[INFO] [stderr]    Compiling sha3 v0.10.8
[INFO] [stderr]    Compiling sha2 v0.10.9
[INFO] [stderr]    Compiling hkdf v0.12.4
[INFO] [stderr]    Compiling elliptic-curve v0.13.8
[INFO] [stderr]    Compiling vsss-rs v5.4.0
[INFO] [stderr]    Compiling qos_crypto v0.15.0 (/opt/rustwide/workdir)
[INFO] [stderr]     Finished `release` profile [optimized] target(s) in 27.53s
[INFO] running `Command { std: "docker" "inspect" "aaed8a03e189fe0d44fd4566314a326498bd2c897dc8e39e73b7cb44ab17e821", kill_on_drop: false }`
[INFO] running `Command { std: "docker" "exec" "-e" "SOURCE_DIR=/opt/rustwide/workdir" "-e" "CARGO_HOME=/opt/rustwide/cargo-home" "-e" "RUSTUP_HOME=/opt/rustwide/rustup-home" "-e" "CARGO_TARGET_DIR=/opt/rustwide/target" "-e" "CARGO_INCREMENTAL=0" "-e" "RUST_BACKTRACE=full" "-e" "RUSTFLAGS=--cap-lints=warn" "-e" "RUSTDOCFLAGS=--cap-lints=warn" "-w" "/opt/rustwide/workdir" "--user" "0:0" "aaed8a03e189fe0d44fd4566314a326498bd2c897dc8e39e73b7cb44ab17e821" "/opt/rustwide/cargo-home/bin/cargo" "+1.99.0-beta.8" "test" "--frozen" "--no-run" "--message-format=json" "--release", kill_on_drop: false }`
[INFO] [stderr]    Compiling qos_crypto v0.15.0 (/opt/rustwide/workdir)
[INFO] [stdout] error[E0433]: cannot find module or crate `qos_hex` in this scope
[INFO] [stdout]    --> src/shamir.rs:111:5
[INFO] [stdout]     |
[INFO] [stdout] 111 |                 qos_hex::decode("01661fc0cc265daa4e7bde354c281dcc23a80c590249")
[INFO] [stdout]     |                 ^^^^^^^ use of unresolved module or unlinked crate `qos_hex`
[INFO] [stdout]     |
[INFO] [stdout]     = help: if you wanted to use a crate named `qos_hex`, use `cargo add qos_hex` to add it to your `Cargo.toml`
[INFO] [stdout] 
[INFO] [stdout] 
[INFO] [stdout] error[E0433]: cannot find module or crate `qos_hex` in this scope
[INFO] [stdout]    --> src/shamir.rs:115:5
[INFO] [stdout]     |
[INFO] [stdout] 115 |                 qos_hex::decode("027bb5fb26d326e0fc421cf604e495e3d3e4bd24ab0e")
[INFO] [stdout]     |                 ^^^^^^^ use of unresolved module or unlinked crate `qos_hex`
[INFO] [stdout]     |
[INFO] [stdout]     = help: if you wanted to use a crate named `qos_hex`, use `cargo add qos_hex` to add it to your `Cargo.toml`
[INFO] [stdout] 
[INFO] [stdout] 
[INFO] [stdout] error[E0433]: cannot find module or crate `qos_hex` in this scope
[INFO] [stdout]    --> src/shamir.rs:119:5
[INFO] [stdout]     |
[INFO] [stdout] 119 |                 qos_hex::decode("0370d31b89800f2f9255abb73ca0ed0f8329d20fcc33")
[INFO] [stdout]     |                 ^^^^^^^ use of unresolved module or unlinked crate `qos_hex`
[INFO] [stdout]     |
[INFO] [stdout]     = help: if you wanted to use a crate named `qos_hex`, use `cargo add qos_hex` to add it to your `Cargo.toml`
[INFO] [stdout] 
[INFO] [stdout] 
[INFO] [stdout] error[E0433]: cannot find module or crate `qos_hex` in this scope
[INFO] [stdout]   --> src/lib.rs:60:14
[INFO] [stdout]    |
[INFO] [stdout] 60 |         let pcr3 = qos_hex::encode(&digest);
[INFO] [stdout]    |                    ^^^^^^^ use of unresolved module or unlinked crate `qos_hex`
[INFO] [stdout]    |
[INFO] [stdout]    = help: if you wanted to use a crate named `qos_hex`, use `cargo add qos_hex` to add it to your `Cargo.toml`
[INFO] [stdout] 
[INFO] [stdout] 
[INFO] [stdout] error[E0433]: cannot find module or crate `qos_hex` in this scope
[INFO] [stdout]   --> src/lib.rs:75:4
[INFO] [stdout]    |
[INFO] [stdout] 75 |             qos_hex::encode(&digest),
[INFO] [stdout]    |             ^^^^^^^ use of unresolved module or unlinked crate `qos_hex`
[INFO] [stdout]    |
[INFO] [stdout]    = help: if you wanted to use a crate named `qos_hex`, use `cargo add qos_hex` to add it to your `Cargo.toml`
[INFO] [stdout] 
[INFO] [stdout] 
[INFO] [stdout] For more information about this error, try `rustc --explain E0433`.
[INFO] [stdout] 
[INFO] [stderr] error: could not compile `qos_crypto` (lib test) due to 5 previous errors
[INFO] running `Command { std: "docker" "inspect" "aaed8a03e189fe0d44fd4566314a326498bd2c897dc8e39e73b7cb44ab17e821", kill_on_drop: false }`
[INFO] running `Command { std: "docker" "rm" "-f" "aaed8a03e189fe0d44fd4566314a326498bd2c897dc8e39e73b7cb44ab17e821", kill_on_drop: false }`
[INFO] [stdout] aaed8a03e189fe0d44fd4566314a326498bd2c897dc8e39e73b7cb44ab17e821
