[INFO] fetching crate qoqo_for_braket_devices 0.9.0...
[INFO] testing qoqo_for_braket_devices-0.9.0 against 1.99.0-beta.8+cargoflags=--release for beta-release-1.100-2
[INFO] extracting crate qoqo_for_braket_devices 0.9.0 into /workspace/builds/worker-1-tc1/source
[INFO] started tweaking crates.io crate qoqo_for_braket_devices 0.9.0
[INFO] finished tweaking crates.io crate qoqo_for_braket_devices 0.9.0
[INFO] tweaked toml for crates.io crate qoqo_for_braket_devices 0.9.0 written to /workspace/builds/worker-1-tc1/source/Cargo.toml
[INFO] validating manifest of crates.io crate qoqo_for_braket_devices 0.9.0 on toolchain 1.99.0-beta.8
[INFO] running `Command { std: CARGO_HOME="/workspace/cargo-home" RUSTUP_HOME="/workspace/rustup-home" "/workspace/cargo-home/bin/cargo" "+1.99.0-beta.8" "metadata" "--manifest-path" "Cargo.toml" "--no-deps", kill_on_drop: false }`
[INFO] crate crates.io crate qoqo_for_braket_devices 0.9.0 already has a lockfile, it will not be regenerated
[INFO] running `Command { std: CARGO_HOME="/workspace/cargo-home" RUSTUP_HOME="/workspace/rustup-home" "/workspace/cargo-home/bin/cargo" "+1.99.0-beta.8" "fetch" "--manifest-path" "Cargo.toml", kill_on_drop: false }`
[INFO] [stderr]     Updating crates.io index
[INFO] [stderr]  Downloading crates ...
[INFO] [stderr]   Downloaded nalgebra-macros v0.3.0
[INFO] [stderr]   Downloaded qoqo_calculator v1.7.1
[INFO] [stderr]   Downloaded roqoqo_for_braket_devices v0.9.0
[INFO] [stderr]   Downloaded struqture v1.13.4
[INFO] [stderr]   Downloaded roqoqo-derive v1.21.0
[INFO] [stderr]   Downloaded roqoqo-iqm v0.11.2
[INFO] [stderr]   Downloaded find-msvc-tools v0.1.3
[INFO] [stderr]   Downloaded rustc-demangle v0.1.26
[INFO] [stderr]   Downloaded pyo3-macros v0.25.1
[INFO] [stderr]   Downloaded unindent v0.2.4
[INFO] [stderr]   Downloaded rand_distr v0.5.1
[INFO] [stderr]   Downloaded socket2 v0.6.0
[INFO] [stderr]   Downloaded qoqo_calculator_pyo3 v1.7.1
[INFO] [stderr]   Downloaded struqture-py-macros v2.2.4
[INFO] [stderr]   Downloaded roqoqo v1.21.0
[INFO] [stderr]   Downloaded pyo3-build-config v0.25.1
[INFO] [stderr]   Downloaded pyo3-macros-backend v0.25.1
[INFO] [stderr]   Downloaded qoqo-iqm v0.11.2
[INFO] [stderr]   Downloaded io-uring v0.7.10
[INFO] [stderr]   Downloaded qoqo-macros v1.21.0
[INFO] [stderr]   Downloaded glam v0.17.3
[INFO] [stderr]   Downloaded glam v0.16.0
[INFO] [stderr]   Downloaded cc v1.2.40
[INFO] [stderr]   Downloaded pyo3-ffi v0.25.1
[INFO] [stderr]   Downloaded struqture v2.2.4
[INFO] [stderr]   Downloaded glam v0.14.0
[INFO] [stderr]   Downloaded reqwest v0.12.23
[INFO] [stderr]   Downloaded numpy v0.25.0
[INFO] [stderr]   Downloaded glam v0.19.0
[INFO] [stderr]   Downloaded glam v0.18.0
[INFO] [stderr]   Downloaded glam v0.15.2
[INFO] [stderr]   Downloaded struqture-py v2.2.4
[INFO] [stderr]   Downloaded glam v0.20.5
[INFO] [stderr]   Downloaded regex v1.11.3
[INFO] [stderr]   Downloaded qoqo v1.21.0
[INFO] [stderr]   Downloaded glam v0.22.0
[INFO] [stderr]   Downloaded glam v0.21.3
[INFO] [stderr]   Downloaded glam v0.23.0
[INFO] [stderr]   Downloaded glam v0.24.2
[INFO] [stderr]   Downloaded glam v0.25.0
[INFO] [stderr]   Downloaded rustls v0.23.32
[INFO] [stderr]   Downloaded nalgebra v0.34.1
[INFO] [stderr]   Downloaded glam v0.27.0
[INFO] [stderr]   Downloaded glam v0.28.0
[INFO] [stderr]   Downloaded glam v0.29.3
[INFO] [stderr]   Downloaded regex-automata v0.4.11
[INFO] [stderr]   Downloaded glam v0.30.8
[INFO] [stderr]   Downloaded tokio v1.47.1
[INFO] [stderr]   Downloaded pyo3 v0.25.1
[INFO] running `Command { std: "docker" "create" "-v" "/var/lib/crater-agent-workspace/builds/worker-1-tc1/source:/opt/rustwide/workdir:ro,Z" "-v" "/var/lib/crater-agent-workspace/builds/worker-1-tc1/target:/opt/rustwide/target:rw,Z" "-v" "/var/lib/crater-agent-workspace/cargo-home:/opt/rustwide/cargo-home:ro,Z" "-v" "/var/lib/crater-agent-workspace/rustup-home:/opt/rustwide/rustup-home:ro,Z" "-m" "1610612736" "--network" "none" "ghcr.io/rust-lang/crates-build-env/linux@sha256:77db811e55d90add9212f6832c23229e3de5f1c1f9905e8cb07319ea15df73ac" "sleep" "infinity", kill_on_drop: false }`
[INFO] [stdout] f98752d805dea4637102f13632ea98dd334d64006b7af7d2b975f6b004dfb68a
[INFO] running `Command { std: "docker" "start" "f98752d805dea4637102f13632ea98dd334d64006b7af7d2b975f6b004dfb68a", kill_on_drop: false }`
[INFO] running `Command { std: "docker" "inspect" "f98752d805dea4637102f13632ea98dd334d64006b7af7d2b975f6b004dfb68a", kill_on_drop: false }`
[INFO] running `Command { std: "docker" "exec" "-e" "SOURCE_DIR=/opt/rustwide/workdir" "-e" "CARGO_HOME=/opt/rustwide/cargo-home" "-e" "RUSTUP_HOME=/opt/rustwide/rustup-home" "-e" "CARGO_TARGET_DIR=/opt/rustwide/target" "-w" "/opt/rustwide/workdir" "--user" "0:0" "f98752d805dea4637102f13632ea98dd334d64006b7af7d2b975f6b004dfb68a" "/opt/rustwide/cargo-home/bin/cargo" "+1.99.0-beta.8" "metadata" "--no-deps" "--format-version=1", kill_on_drop: false }`
[INFO] running `Command { std: "docker" "inspect" "f98752d805dea4637102f13632ea98dd334d64006b7af7d2b975f6b004dfb68a", kill_on_drop: false }`
[INFO] running `Command { std: "docker" "exec" "-e" "SOURCE_DIR=/opt/rustwide/workdir" "-e" "CARGO_HOME=/opt/rustwide/cargo-home" "-e" "RUSTUP_HOME=/opt/rustwide/rustup-home" "-e" "CARGO_TARGET_DIR=/opt/rustwide/target" "-e" "CARGO_INCREMENTAL=0" "-e" "RUST_BACKTRACE=full" "-e" "RUSTFLAGS=--cap-lints=warn" "-e" "RUSTDOCFLAGS=--cap-lints=warn" "-w" "/opt/rustwide/workdir" "--user" "0:0" "f98752d805dea4637102f13632ea98dd334d64006b7af7d2b975f6b004dfb68a" "/opt/rustwide/cargo-home/bin/cargo" "+1.99.0-beta.8" "build" "--frozen" "--message-format=json" "--release", kill_on_drop: false }`
[INFO] [stderr]    Compiling libc v0.2.176
[INFO] [stderr]    Compiling target-lexicon v0.13.3
[INFO] [stderr]    Compiling once_cell v1.21.3
[INFO] [stderr]    Compiling libm v0.2.15
[INFO] [stderr]    Compiling cfg-if v1.0.3
[INFO] [stderr]    Compiling ref-cast v1.0.25
[INFO] [stderr]    Compiling thiserror v2.0.17
[INFO] [stderr]    Compiling getrandom v0.3.3
[INFO] [stderr]    Compiling zerocopy v0.8.27
[INFO] [stderr]    Compiling num-traits v0.2.19
[INFO] [stderr]    Compiling memchr v2.7.6
[INFO] [stderr]    Compiling stable_deref_trait v1.2.0
[INFO] [stderr]    Compiling memoffset v0.9.1
[INFO] [stderr]    Compiling syn v2.0.106
[INFO] [stderr]    Compiling serde_json v1.0.145
[INFO] [stderr]    Compiling matrixmultiply v0.3.10
[INFO] [stderr]    Compiling serde_core v1.0.228
[INFO] [stderr]    Compiling rawpointer v0.2.1
[INFO] [stderr]    Compiling find-msvc-tools v0.1.3
[INFO] [stderr]    Compiling serde v1.0.228
[INFO] [stderr]    Compiling dyn-clone v1.0.20
[INFO] [stderr]    Compiling indoc v2.0.6
[INFO] [stderr]    Compiling cc v1.2.40
[INFO] [stderr]    Compiling writeable v0.6.1
[INFO] [stderr]    Compiling futures-sink v0.3.31
[INFO] [stderr]    Compiling litemap v0.8.0
[INFO] [stderr]    Compiling http v1.3.1
[INFO] [stderr]    Compiling icu_normalizer_data v2.0.0
[INFO] [stderr]    Compiling aho-corasick v1.1.3
[INFO] [stderr]    Compiling regex-syntax v0.8.6
[INFO] [stderr]    Compiling pyo3-build-config v0.25.1
[INFO] [stderr]    Compiling hashbrown v0.16.0
[INFO] [stderr]    Compiling either v1.15.0
[INFO] [stderr]    Compiling socket2 v0.6.0
[INFO] [stderr]    Compiling mio v1.0.4
[INFO] [stderr]    Compiling rand_core v0.9.3
[INFO] [stderr]    Compiling ring v0.17.14
[INFO] [stderr]    Compiling tokio v1.47.1
[INFO] [stderr]    Compiling icu_properties_data v2.0.1
[INFO] [stderr]    Compiling bytemuck v1.24.0
[INFO] [stderr]    Compiling num-integer v0.1.46
[INFO] [stderr]    Compiling pyo3-ffi v0.25.1
[INFO] [stderr]    Compiling pyo3-macros-backend v0.25.1
[INFO] [stderr]    Compiling pyo3 v0.25.1
[INFO] [stderr]    Compiling zeroize v1.8.2
[INFO] [stderr]    Compiling indexmap v2.11.4
[INFO] [stderr]    Compiling safe_arch v0.7.4
[INFO] [stderr]    Compiling ppv-lite86 v0.2.21
[INFO] [stderr]    Compiling rustls-pki-types v1.12.0
[INFO] [stderr]    Compiling itertools v0.14.0
[INFO] [stderr]    Compiling getrandom v0.2.16
[INFO] [stderr]    Compiling http-body v1.0.1
[INFO] [stderr]    Compiling futures-io v0.3.31
[INFO] [stderr]    Compiling unindent v0.2.4
[INFO] [stderr]    Compiling regex-automata v0.4.11
[INFO] [stderr]    Compiling ryu v1.0.20
[INFO] [stderr]    Compiling virtue v0.0.18
[INFO] [stderr]    Compiling itoa v1.0.15
[INFO] [stderr]    Compiling rand_chacha v0.9.0
[INFO] [stderr]    Compiling untrusted v0.9.0
[INFO] [stderr]    Compiling futures-task v0.3.31
[INFO] [stderr]    Compiling wide v0.7.33
[INFO] [stderr]    Compiling futures-util v0.3.31
[INFO] [stderr]    Compiling rand v0.9.2
[INFO] [stderr]    Compiling approx v0.5.1
[INFO] [stderr]    Compiling foldhash v0.1.5
[INFO] [stderr]    Compiling bincode_derive v2.0.1
[INFO] [stderr]    Compiling unty v0.0.4
[INFO] [stderr]    Compiling rustls v0.23.32
[INFO] [stderr]    Compiling hashbrown v0.15.5
[INFO] [stderr]    Compiling num-rational v0.4.2
[INFO] [stderr]    Compiling futures-channel v0.3.31
[INFO] [stderr]    Compiling tracing-core v0.1.34
[INFO] [stderr]    Compiling inventory v0.3.21
[INFO] [stderr]    Compiling tinyvec_macros v0.1.1
[INFO] [stderr]    Compiling fixedbitset v0.5.7
[INFO] [stderr]    Compiling form_urlencoded v1.2.2
[INFO] [stderr]    Compiling numpy v0.25.0
[INFO] [stderr]    Compiling sync_wrapper v1.0.2
[INFO] [stderr]    Compiling openssl-probe v0.1.6
[INFO] [stderr]    Compiling tracing v0.1.41
[INFO] [stderr]    Compiling rand_distr v0.5.1
[INFO] [stderr]    Compiling ipnet v2.11.0
[INFO] [stderr]    Compiling rustls-native-certs v0.8.1
[INFO] [stderr]    Compiling iri-string v0.7.8
[INFO] [stderr]    Compiling rustc-hash v2.1.1
[INFO] [stderr]    Compiling bitflags v2.9.4
[INFO] [stderr]    Compiling http-body-util v0.1.3
[INFO] [stderr]    Compiling log v0.4.28
[INFO] [stderr]    Compiling synstructure v0.13.2
[INFO] [stderr]    Compiling serde_derive_internals v0.29.1
[INFO] [stderr]    Compiling test-case-core v3.3.1
[INFO] [stderr]    Compiling regex v1.11.3
[INFO] [stderr]    Compiling serde_derive v1.0.228
[INFO] [stderr]    Compiling ref-cast-impl v1.0.25
[INFO] [stderr]    Compiling zerofrom-derive v0.1.6
[INFO] [stderr]    Compiling thiserror-impl v2.0.17
[INFO] [stderr]    Compiling yoke-derive v0.8.0
[INFO] [stderr]    Compiling zerovec-derive v0.11.1
[INFO] [stderr]    Compiling test-case-macros v3.3.1
[INFO] [stderr]    Compiling displaydoc v0.2.5
[INFO] [stderr]    Compiling roqoqo v1.21.0
[INFO] [stderr]    Compiling test-case v3.3.1
[INFO] [stderr]    Compiling nalgebra-macros v0.3.0
[INFO] [stderr]    Compiling roqoqo-derive v1.21.0
[INFO] [stderr]    Compiling struqture-py-macros v2.2.4
[INFO] [stderr]    Compiling schemars_derive v1.0.4
[INFO] [stderr]    Compiling hyper v1.7.0
[INFO] [stderr]    Compiling tower v0.5.2
[INFO] [stderr]    Compiling zerofrom v0.1.6
[INFO] [stderr]    Compiling yoke v0.8.0
[INFO] [stderr]    Compiling zerovec v0.11.4
[INFO] [stderr]    Compiling zerotrie v0.2.2
[INFO] [stderr]    Compiling hyper-util v0.1.17
[INFO] [stderr]    Compiling tower-http v0.6.6
[INFO] [stderr]    Compiling tinystr v0.8.1
[INFO] [stderr]    Compiling potential_utf v0.1.3
[INFO] [stderr]    Compiling icu_collections v2.0.0
[INFO] [stderr]    Compiling icu_locale_core v2.0.0
[INFO] [stderr]    Compiling icu_provider v2.0.0
[INFO] [stderr]    Compiling icu_properties v2.0.1
[INFO] [stderr]    Compiling icu_normalizer v2.0.0
[INFO] [stderr]    Compiling num-complex v0.4.6
[INFO] [stderr]    Compiling schemars v1.0.4
[INFO] [stderr]    Compiling tinyvec v1.10.0
[INFO] [stderr]    Compiling pyo3-macros v0.25.1
[INFO] [stderr]    Compiling bincode v2.0.1
[INFO] [stderr]    Compiling petgraph v0.8.3
[INFO] [stderr]    Compiling serde_urlencoded v0.7.1
[INFO] [stderr]    Compiling ndarray v0.16.1
[INFO] [stderr]    Compiling simba v0.9.1
[INFO] [stderr]    Compiling idna_adapter v1.2.1
[INFO] [stderr]    Compiling idna v1.1.0
[INFO] [stderr]    Compiling qoqo_calculator v1.7.1
[INFO] [stderr]    Compiling url v2.5.7
[INFO] [stderr]    Compiling rustls-webpki v0.103.7
[INFO] [stderr]    Compiling struqture v1.13.4
[INFO] [stderr]    Compiling struqture-py v2.2.4
[INFO] [stderr]    Compiling qoqo v1.21.0
[INFO] [stderr]    Compiling qoqo_calculator_pyo3 v1.7.1
[INFO] [stderr]    Compiling nalgebra v0.34.1
[INFO] [stderr]    Compiling tokio-rustls v0.26.4
[INFO] [stderr]    Compiling hyper-rustls v0.27.7
[INFO] [stderr]    Compiling struqture v2.2.4
[INFO] [stderr]    Compiling reqwest v0.12.23
[INFO] [stderr]    Compiling qoqo-macros v1.21.0
[INFO] [stderr]    Compiling roqoqo-iqm v0.11.2
[INFO] [stderr]    Compiling roqoqo_for_braket_devices v0.9.0
[INFO] [stderr]    Compiling qoqo-iqm v0.11.2
[INFO] [stderr]    Compiling qoqo_for_braket_devices v0.9.0 (/opt/rustwide/workdir)
[INFO] [stderr]     Finished `release` profile [optimized] target(s) in 5m 01s
[INFO] running `Command { std: "docker" "inspect" "f98752d805dea4637102f13632ea98dd334d64006b7af7d2b975f6b004dfb68a", kill_on_drop: false }`
[INFO] running `Command { std: "docker" "exec" "-e" "SOURCE_DIR=/opt/rustwide/workdir" "-e" "CARGO_HOME=/opt/rustwide/cargo-home" "-e" "RUSTUP_HOME=/opt/rustwide/rustup-home" "-e" "CARGO_TARGET_DIR=/opt/rustwide/target" "-e" "CARGO_INCREMENTAL=0" "-e" "RUST_BACKTRACE=full" "-e" "RUSTFLAGS=--cap-lints=warn" "-e" "RUSTDOCFLAGS=--cap-lints=warn" "-w" "/opt/rustwide/workdir" "--user" "0:0" "f98752d805dea4637102f13632ea98dd334d64006b7af7d2b975f6b004dfb68a" "/opt/rustwide/cargo-home/bin/cargo" "+1.99.0-beta.8" "test" "--frozen" "--no-run" "--message-format=json" "--release", kill_on_drop: false }`
[INFO] [stderr]    Compiling qoqo_for_braket_devices v0.9.0 (/opt/rustwide/workdir)
[INFO] [stdout] error: linking with `cc` failed: exit status: 1
[INFO] [stdout]   |
[INFO] [stdout]   = note:  "cc" "-m64" "/opt/rustwide/target/release/deps/rustckYkE7h/symbols.o" "<11 object files omitted>" "-Wl,--as-needed" "-Wl,-Bstatic" "<sysroot>/lib/rustlib/x86_64-unknown-linux-gnu/lib/{libtest-*,libgetopts-*,librustc_std_workspace_std-*}.rlib" "/opt/rustwide/target/release/deps/{libqoqo_iqm-da907a6359cc38a2,libroqoqo_iqm-fd9544c095c9c1e0,libreqwest-ad720a7f4c2bda10,libhyper_rustls-deb77276880e4358,librustls_native_certs-99bf0f5b7f56a8b5,libopenssl_probe-5bbbb07ec824239f,libtokio_rustls-a2345e3d188f2230,librustls-de04793a490e3330,libsubtle-55d0ad28af99a64a,libwebpki-64d4969f07409518,libring-fecc708cdf7ff315,libgetrandom-93da0e4620e81403,libuntrusted-5ab0aa40ecba79ee,librustls_pki_types-e467eecde5709419,libzeroize-cd4d2c68f996dced,libserde_urlencoded-1550c391a3d032ca,libtower_http-07edc02a36d90cdd,libbitflags-2194eaddd09e1338,libiri_string-aa21085a277d8687,libtower-33c2a1b5fa01241d,libtower_layer-ef066f11b7c6abbf,libhyper_util-c59f7956eab4e72e,libbase64-5ba8d8f2fe9c6ccd,libipnet-591de455763001fe,libtower_service-1eef8393de4ac64f,libtracing-be1f3106a60029c4,libtracing_core-94bc60bd73e15df1,libhyper-c02e59f10a1c1923,libwant-6ec9107ca7562ffd,libtry_lock-f6d0b473a0eeeda4,libhttparse-5ae8896e125f1bfe,libatomic_waker-3c8bacd3de7778a7,libfutures_channel-101450776b19e70a,libtokio-9457b3cc6b880100,libsocket2-4d59afb280865b0f,libmio-48145ce2a045f0f1,libhttp_body_util-b128cb1c4a9c5ec1,libhttp_body-6ce33c69902e9b12,libfutures_util-5df30aea23c27352,libfutures_io-c3a463472a7d129d,libslab-95d41f46a3a02d8a,libpin_project_lite-a042d89c9815bfb5,libfutures_sink-91208c94e76717d1,libfutures_task-4b529e0327c731b5,libpin_utils-bd5b26767cd4a338,liblog-83692528adb440c9,liburl-79c1844f6a555671,libidna-7d53c67211a91cdc,libutf8_iter-050834cd1b25caa4,libidna_adapter-d27bcd154e0a869d,libicu_properties-0d3bcd789ba6cfdc,libicu_properties_data-9979cfc4a7dbdde5,libicu_normalizer-67bbd19f3c36b5e6,libsmallvec-b3db98ac3a44e96a,libicu_normalizer_data-3eb3619aa0fe3323,libicu_collections-1485e5fde52614f0,libpotential_utf-a7bd14c43f207e82,libicu_provider-f235695e0725090f,libicu_locale_core-1e1e03a14cd7d77c,libtinystr-fe6703bd788a172c,liblitemap-048c6e1dad9bc49e,libwriteable-2465e9c807ea9ae0,libzerovec-f0cc8cf825a05ad5,libzerotrie-5ee4349ec6790d3b,libyoke-01fe1d733d6b5637,libstable_deref_trait-9017f581a3c6df06,libzerofrom-e64f185c5a0a2458,libform_urlencoded-70d7eb87b0d10ea7,libpercent_encoding-6ee9e8dd7e10ccaa,libhttp-1df40e94510d7084,libbytes-8e96b21583e366fa,libfnv-98df728fc8020158,libsync_wrapper-4292c278a44821a8,libfutures_core-66c9efc205c292af,libroqoqo_for_braket_devices-9d724730a077e746,libqoqo-d6cc511512760008,libstruqture_py-d6e7af227cf4e1f3,libroqoqo-9ae49754803f5933,libbincode-680951795119d6bc,libunty-3967a4880f3b8086,libstruqture-365504e8247044b0,libstruqture-7c1a53a533421557,libitertools-977b2b9938638669,libeither-9494ab0a0482591e,libtinyvec-03a618733afcf2a1,libtinyvec_macros-8d7f4b9d42c23ac6,libnalgebra-767e55439e60a7aa,libnum_rational-cb6f254904526dfe,libtypenum-8462ab9534e178f5,libsimba-e7d5660d26c87a66,libwide-58054b364004c0a7,libsafe_arch-9d9a80b1106ac083,libbytemuck-bd43cdb84c0f55fb,libapprox-542d99a81ccd4c3b,librand_distr-fc595778e51ccfeb,librand-fd748dc57a206a91,librand_chacha-f4a4eb69b30ccfd0,libppv_lite86-fad996525c353579,libzerocopy-1c70e647d2bdc7cb,librand_core-51c9e22c927cdb48,libgetrandom-7a48d8adc3e4285b,libcfg_if-5732471c02c4c133,libpetgraph-17aa75fb735b8510,libhashbrown-fe1f950728b75cd2,libfoldhash-c2659dfc4557d4c1,libindexmap-f5577a12577d86d9,libequivalent-26a0d6a3c1145f1b,libhashbrown-f050754af7e5a979,libfixedbitset-eb8b5aedeb7b89e9,libqoqo_calculator_pyo3-4a2177a40d4ae250,libqoqo_calculator-427bdadd37fc8bd9,libschemars-b9bf3735d540b604,libdyn_clone-e75423fc41fef366,libref_cast-8169616ca0b4bee4,libserde_json-0c3b3fd3f70796f5,libmemchr-f5475d219327462e,libitoa-6ac79ecd3493b3ff,libryu-85b27257faa1b487,libthiserror-72027db616f1efab,libnumpy-7074490634ac6050,librustc_hash-8fae2bd548f0b290,libndarray-dd74198c7a8f19b8,libmatrixmultiply-d1cc7fa123e41bdb,libnum_integer-177f8397898e0de2,librawpointer-e637704b8109ab79,libpyo3-e608cde53e981518,libmemoffset-f78b5bb6cb58d3d0,libonce_cell-35d4cc1b6bbf4e72,libpyo3_ffi-d734a8ec49b911ed,liblibc-6ca81fdd5c423c1a,libnum_complex-1a46653cfc6ec0e3,libserde-f3872834ddb47420,libserde_core-4f65e16965cb3eb0,libnum_traits-da3d32028c6286ad,libinventory-786d78ef3bf14ea0,libunindent-10f59537ed93d6a4}.rlib" "<sysroot>/lib/rustlib/x86_64-unknown-linux-gnu/lib/{libstd-*,libpanic_unwind-*,libobject-*,libmemchr-*,libaddr2line-*,libgimli-*,libcfg_if-*,librustc_demangle-*,libstd_detect-*,libhashbrown-*,librustc_std_workspace_alloc-*,libminiz_oxide-*,libadler2-*,libunwind-*,liblibc-*,librustc_std_workspace_core-*,liballoc-*,libcore-*,libcompiler_builtins-*}.rlib" "-Wl,-Bdynamic" "-lgcc_s" "-lutil" "-lrt" "-lpthread" "-lm" "-ldl" "-lc" "-L" "/opt/rustwide/target/release/deps/rustckYkE7h/raw-dylibs" "-B<sysroot>/lib/rustlib/x86_64-unknown-linux-gnu/bin/gcc-ld" "-fuse-ld=lld" "-Wl,--eh-frame-hdr" "-Wl,-z,noexecstack" "-L" "/opt/rustwide/target/release/build/ring-96af608b7658bf0f/out" "-L" "<sysroot>/lib/rustlib/x86_64-unknown-linux-gnu/lib" "-o" "/opt/rustwide/target/release/deps/qoqo_for_braket_devices-dfe5690aa871938b" "-Wl,--gc-sections" "-pie" "-Wl,-z,relro,-z,now" "-Wl,-O1" "-Wl,--strip-debug" "-nodefaultlibs"
[INFO] [stdout]   = note: some arguments are omitted. use `--verbose` to show all linker arguments
[INFO] [stdout]   = note: rust-lld: error: undefined symbol: _Py_Dealloc
[INFO] [stdout]           >>> referenced by qoqo_for_braket_devices.a92c21ab052e4813-cgu.00
[INFO] [stdout]           >>>               /opt/rustwide/target/release/deps/qoqo_for_braket_devices-dfe5690aa871938b.qoqo_for_braket_devices.a92c21ab052e4813-cgu.00.rcgu.o:(core::ptr::drop_glue::<core::option::Option<pyo3::pycell::PyRef<qoqo_for_braket_devices::devices::rigetti_aspenm3::RigettiAspenM3DeviceWrapper>>>)
[INFO] [stdout]           >>> referenced by qoqo_for_braket_devices.a92c21ab052e4813-cgu.00
[INFO] [stdout]           >>>               /opt/rustwide/target/release/deps/qoqo_for_braket_devices-dfe5690aa871938b.qoqo_for_braket_devices.a92c21ab052e4813-cgu.00.rcgu.o:(core::ptr::drop_glue::<core::option::Option<pyo3::pycell::PyRefMut<qoqo_for_braket_devices::devices::rigetti_aspenm3::RigettiAspenM3DeviceWrapper>>>)
[INFO] [stdout]           >>> referenced by qoqo_for_braket_devices.a92c21ab052e4813-cgu.00
[INFO] [stdout]           >>>               /opt/rustwide/target/release/deps/qoqo_for_braket_devices-dfe5690aa871938b.qoqo_for_braket_devices.a92c21ab052e4813-cgu.00.rcgu.o:(core::ptr::drop_glue::<core::option::Option<pyo3::pycell::PyRefMut<qoqo_for_braket_devices::devices::rigetti_aspenm3::RigettiAspenM3DeviceWrapper>>>)
[INFO] [stdout]           >>> referenced 4737 more times
[INFO] [stdout]           
[INFO] [stdout]           rust-lld: error: undefined symbol: PyExc_ValueError
[INFO] [stdout]           >>> referenced by qoqo_for_braket_devices.a92c21ab052e4813-cgu.00
[INFO] [stdout]           >>>               /opt/rustwide/target/release/deps/qoqo_for_braket_devices-dfe5690aa871938b.qoqo_for_braket_devices.a92c21ab052e4813-cgu.00.rcgu.o:(<<pyo3::err::PyErr>::new<pyo3::exceptions::PyValueError, alloc::string::String>::{closure#0} as core::ops::function::FnOnce<(pyo3::marker::Python,)>>::call_once::{shim:vtable#0})
[INFO] [stdout]           >>> referenced by qoqo_for_braket_devices.a92c21ab052e4813-cgu.01
[INFO] [stdout]           >>>               /opt/rustwide/target/release/deps/qoqo_for_braket_devices-dfe5690aa871938b.qoqo_for_braket_devices.a92c21ab052e4813-cgu.01.rcgu.o:(<<pyo3::err::PyErr>::new<pyo3::exceptions::PyValueError, alloc::string::String>::{closure#0} as core::ops::function::FnOnce<(pyo3::marker::Python,)>>::call_once::{shim:vtable#0})
[INFO] [stdout]           >>> referenced by qoqo_for_braket_devices.a92c21ab052e4813-cgu.02
[INFO] [stdout]           >>>               /opt/rustwide/target/release/deps/qoqo_for_braket_devices-dfe5690aa871938b.qoqo_for_braket_devices.a92c21ab052e4813-cgu.02.rcgu.o:(<<pyo3::err::PyErr>::new<pyo3::exceptions::PyValueError, alloc::string::String>::{closure#0} as core::ops::function::FnOnce<(pyo3::marker::Python,)>>::call_once::{shim:vtable#0})
[INFO] [stdout]           >>> referenced 52 more times
[INFO] [stdout]           
[INFO] [stdout]           rust-lld: error: undefined symbol: _Py_NoneStruct
[INFO] [stdout]           >>> referenced by qoqo_for_braket_devices.a92c21ab052e4813-cgu.00
[INFO] [stdout]           >>>               /opt/rustwide/target/release/deps/qoqo_for_braket_devices-dfe5690aa871938b.qoqo_for_braket_devices.a92c21ab052e4813-cgu.00.rcgu.o:(<qoqo_for_braket_devices::devices::rigetti_aspenm3::RigettiAspenM3DeviceWrapper>::__pymethod_add_damping__)
[INFO] [stdout]           >>> referenced by qoqo_for_braket_devices.a92c21ab052e4813-cgu.00
[INFO] [stdout]           >>>               /opt/rustwide/target/release/deps/qoqo_for_braket_devices-dfe5690aa871938b.qoqo_for_braket_devices.a92c21ab052e4813-cgu.00.rcgu.o:(<qoqo_for_braket_devices::devices::rigetti_aspenm3::RigettiAspenM3DeviceWrapper>::__pymethod_add_dephasing__)
[INFO] [stdout]           >>> referenced by qoqo_for_braket_devices.a92c21ab052e4813-cgu.00
[INFO] [stdout]           >>>               /opt/rustwide/target/release/deps/qoqo_for_braket_devices-dfe5690aa871938b.qoqo_for_braket_devices.a92c21ab052e4813-cgu.00.rcgu.o:(<qoqo_for_braket_devices::devices::rigetti_aspenm3::RigettiAspenM3DeviceWrapper>::__pymethod_two_qubit_gate_time__)
[INFO] [stdout]           >>> referenced 252 more times
[INFO] [stdout]           
[INFO] [stdout]           rust-lld: error: undefined symbol: PyDict_Next
[INFO] [stdout]           >>> referenced by qoqo_for_braket_devices.a92c21ab052e4813-cgu.04
[INFO] [stdout]           >>>               /opt/rustwide/target/release/deps/qoqo_for_braket_devices-dfe5690aa871938b.qoqo_for_braket_devices.a92c21ab052e4813-cgu.04.rcgu.o:(<pyo3::impl_::extract_argument::FunctionDescription>::extract_arguments_tuple_dict::<pyo3::impl_::extract_argument::NoVarargs, pyo3::impl_::extract_argument::NoVarkeywords>)
[INFO] [stdout]           >>> referenced by qoqo_for_braket_devices.a92c21ab052e4813-cgu.04
[INFO] [stdout]           >>>               /opt/rustwide/target/release/deps/qoqo_for_braket_devices-dfe5690aa871938b.qoqo_for_braket_devices.a92c21ab052e4813-cgu.04.rcgu.o:(<pyo3::impl_::extract_argument::FunctionDescription>::extract_arguments_tuple_dict::<pyo3::impl_::extract_argument::NoVarargs, pyo3::impl_::extract_argument::NoVarkeywords>)
[INFO] [stdout]           >>> referenced by qoqo_iqm.77f9b85336ef7588-cgu.11
[INFO] [stdout]           >>>               qoqo_iqm-da907a6359cc38a2.qoqo_iqm.77f9b85336ef7588-cgu.11.rcgu.o:(<pyo3::impl_::extract_argument::FunctionDescription>::extract_arguments_tuple_dict::<pyo3::impl_::extract_argument::NoVarargs, pyo3::impl_::extract_argument::NoVarkeywords>) in archive /opt/rustwide/target/release/deps/libqoqo_iqm-da907a6359cc38a2.rlib
[INFO] [stdout]           >>> referenced 19 more times
[INFO] [stdout]           
[INFO] [stdout]           rust-lld: error: undefined symbol: Py_TYPE
[INFO] [stdout]           >>> referenced by qoqo_for_braket_devices.a92c21ab052e4813-cgu.04
[INFO] [stdout]           >>>               /opt/rustwide/target/release/deps/qoqo_for_braket_devices-dfe5690aa871938b.qoqo_for_braket_devices.a92c21ab052e4813-cgu.04.rcgu.o:(pyo3::impl_::extract_argument::extract_argument::<alloc::vec::Vec<usize>, false>)
[INFO] [stdout]           >>> referenced by qoqo_for_braket_devices.a92c21ab052e4813-cgu.09
[INFO] [stdout]           >>>               /opt/rustwide/target/release/deps/qoqo_for_braket_devices-dfe5690aa871938b.qoqo_for_braket_devices.a92c21ab052e4813-cgu.09.rcgu.o:(<pyo3::pycell::PyRef<qoqo_for_braket_devices::devices::ionq_aria1::IonQAria1DeviceWrapper> as pyo3::conversion::FromPyObject>::extract_bound)
[INFO] [stdout]           >>> referenced by qoqo_for_braket_devices.a92c21ab052e4813-cgu.09
[INFO] [stdout]           >>>               /opt/rustwide/target/release/deps/qoqo_for_braket_devices-dfe5690aa871938b.qoqo_for_braket_devices.a92c21ab052e4813-cgu.09.rcgu.o:(<pyo3::pycell::PyRef<qoqo_for_braket_devices::devices::ionq_aria1::IonQAria1DeviceWrapper> as pyo3::conversion::FromPyObject>::extract_bound)
[INFO] [stdout]           >>> referenced 688 more times
[INFO] [stdout]           
[INFO] [stdout]           rust-lld: error: undefined symbol: PyTuple_New
[INFO] [stdout]           >>> referenced by qoqo_for_braket_devices.a92c21ab052e4813-cgu.05
[INFO] [stdout]           >>>               /opt/rustwide/target/release/deps/qoqo_for_braket_devices-dfe5690aa871938b.qoqo_for_braket_devices.a92c21ab052e4813-cgu.05.rcgu.o:(<alloc::vec::into_iter::IntoIter<(usize, usize)> as core::iter::traits::iterator::Iterator>::try_fold::<isize, core::iter::adapters::map::map_try_fold<(usize, usize), core::result::Result<pyo3::instance::Bound<pyo3::types::any::PyAny>, pyo3::err::PyErr>, isize, core::ops::control_flow::ControlFlow<core::result::Result<isize, pyo3::err::PyErr>, isize>, <(usize, usize) as pyo3::conversion::IntoPyObject>::owned_sequence_into_pyobject<alloc::vec::Vec<(usize, usize)>>::{closure#0}, <core::iter::adapters::take::Take<_> as core::iter::traits::iterator::Iterator>::try_fold::check<core::result::Result<pyo3::instance::Bound<pyo3::types::any::PyAny>, pyo3::err::PyErr>, isize, core::result::Result<isize, pyo3::err::PyErr>, pyo3::types::list::try_new_from_iter<&mut core::iter::adapters::map::Map<alloc::vec::into_iter::IntoIter<(usize, usize)>, <(usize, usize) as pyo3::conversion::IntoPyObject>::owned_sequence_into_pyobject<alloc::vec::Vec<(usize, usize)>>::{closure#0}>>::{closure#0}>::{closure#0}>::{closure#0}, core::ops::control_flow::ControlFlow<core::result::Result<isize, pyo3::err::PyErr>, isize>>)
[INFO] [stdout]           >>> referenced by qoqo_for_braket_devices.a92c21ab052e4813-cgu.05
[INFO] [stdout]           >>>               /opt/rustwide/target/release/deps/qoqo_for_braket_devices-dfe5690aa871938b.qoqo_for_braket_devices.a92c21ab052e4813-cgu.05.rcgu.o:(<(usize, usize) as pyo3::conversion::IntoPyObject>::into_pyobject)
[INFO] [stdout]           >>> referenced by qoqo_iqm.77f9b85336ef7588-cgu.07
[INFO] [stdout]           >>>               qoqo_iqm-da907a6359cc38a2.qoqo_iqm.77f9b85336ef7588-cgu.07.rcgu.o:(<(usize, usize) as pyo3::conversion::IntoPyObject>::into_pyobject) in archive /opt/rustwide/target/release/deps/libqoqo_iqm-da907a6359cc38a2.rlib
[INFO] [stdout]           >>> referenced 62 more times
[INFO] [stdout]           
[INFO] [stdout]           rust-lld: error: undefined symbol: PyList_New
[INFO] [stdout]           >>> referenced by qoqo_for_braket_devices.a92c21ab052e4813-cgu.06
[INFO] [stdout]           >>>               /opt/rustwide/target/release/deps/qoqo_for_braket_devices-dfe5690aa871938b.qoqo_for_braket_devices.a92c21ab052e4813-cgu.06.rcgu.o:(<alloc::string::String as pyo3::conversion::IntoPyObject>::owned_sequence_into_pyobject::<alloc::vec::Vec<alloc::string::String>>)
[INFO] [stdout]           >>> referenced by qoqo_for_braket_devices.a92c21ab052e4813-cgu.07
[INFO] [stdout]           >>>               /opt/rustwide/target/release/deps/qoqo_for_braket_devices-dfe5690aa871938b.qoqo_for_braket_devices.a92c21ab052e4813-cgu.07.rcgu.o:(<(usize, usize) as pyo3::conversion::IntoPyObject>::owned_sequence_into_pyobject::<alloc::vec::Vec<(usize, usize)>>)
[INFO] [stdout]           >>> referenced by qoqo_for_braket_devices.a92c21ab052e4813-cgu.07
[INFO] [stdout]           >>>               /opt/rustwide/target/release/deps/qoqo_for_braket_devices-dfe5690aa871938b.qoqo_for_braket_devices.a92c21ab052e4813-cgu.07.rcgu.o:(<usize as pyo3::conversion::IntoPyObject>::owned_sequence_into_pyobject::<alloc::vec::Vec<usize>>)
[INFO] [stdout]           >>> referenced 39 more times
[INFO] [stdout]           
[INFO] [stdout]           rust-lld: error: undefined symbol: PyErr_WriteUnraisable
[INFO] [stdout]           >>> referenced by qoqo_for_braket_devices.a92c21ab052e4813-cgu.08
[INFO] [stdout]           >>>               /opt/rustwide/target/release/deps/qoqo_for_braket_devices-dfe5690aa871938b.qoqo_for_braket_devices.a92c21ab052e4813-cgu.08.rcgu.o:(pyo3::impl_::trampoline::trampoline_unraisable::<pyo3::impl_::trampoline::dealloc::{closure#0}>)
[INFO] [stdout]           >>> referenced by qoqo_iqm.77f9b85336ef7588-cgu.14
[INFO] [stdout]           >>>               qoqo_iqm-da907a6359cc38a2.qoqo_iqm.77f9b85336ef7588-cgu.14.rcgu.o:(pyo3::impl_::trampoline::trampoline_unraisable::<pyo3::impl_::trampoline::dealloc::{closure#0}>) in archive /opt/rustwide/target/release/deps/libqoqo_iqm-da907a6359cc38a2.rlib
[INFO] [stdout]           >>> referenced by qoqo.11a6c15692216048-cgu.12
[INFO] [stdout]           >>>               qoqo-d6cc511512760008.qoqo.11a6c15692216048-cgu.12.rcgu.o:(pyo3::impl_::trampoline::trampoline_unraisable::<pyo3::impl_::trampoline::dealloc::{closure#0}>) in archive /opt/rustwide/target/release/deps/libqoqo-d6cc511512760008.rlib
[INFO] [stdout]           >>> referenced 4 more times
[INFO] [stdout]           
[INFO] [stdout]           rust-lld: error: undefined symbol: PyObject_GC_UnTrack
[INFO] [stdout]           >>> referenced by qoqo_for_braket_devices.a92c21ab052e4813-cgu.08
[INFO] [stdout]           >>>               /opt/rustwide/target/release/deps/qoqo_for_braket_devices-dfe5690aa871938b.qoqo_for_braket_devices.a92c21ab052e4813-cgu.08.rcgu.o:(pyo3::impl_::pyclass::tp_dealloc_with_gc::<qoqo_for_braket_devices::devices::ionq_aria1::IonQAria1DeviceWrapper>)
[INFO] [stdout]           >>> referenced by qoqo_for_braket_devices.a92c21ab052e4813-cgu.08
[INFO] [stdout]           >>>               /opt/rustwide/target/release/deps/qoqo_for_braket_devices-dfe5690aa871938b.qoqo_for_braket_devices.a92c21ab052e4813-cgu.08.rcgu.o:(pyo3::impl_::pyclass::tp_dealloc_with_gc::<qoqo_for_braket_devices::devices::ionq_harmony::IonQHarmonyDeviceWrapper>)
[INFO] [stdout]           >>> referenced by qoqo_for_braket_devices.a92c21ab052e4813-cgu.08
[INFO] [stdout]           >>>               /opt/rustwide/target/release/deps/qoqo_for_braket_devices-dfe5690aa871938b.qoqo_for_braket_devices.a92c21ab052e4813-cgu.08.rcgu.o:(pyo3::impl_::pyclass::tp_dealloc_with_gc::<qoqo_for_braket_devices::devices::rigetti_aspenm3::RigettiAspenM3DeviceWrapper>)
[INFO] [stdout]           >>> referenced 167 more times
[INFO] [stdout]           
[INFO] [stdout]           rust-lld: error: undefined symbol: PySequence_Check
[INFO] [stdout]           >>> referenced by qoqo_for_braket_devices.a92c21ab052e4813-cgu.08
[INFO] [stdout]           >>>               /opt/rustwide/target/release/deps/qoqo_for_braket_devices-dfe5690aa871938b.qoqo_for_braket_devices.a92c21ab052e4813-cgu.08.rcgu.o:(pyo3::types::sequence::extract_sequence::<usize>)
[INFO] [stdout]           >>> referenced by qoqo_iqm.77f9b85336ef7588-cgu.08
[INFO] [stdout]           >>>               qoqo_iqm-da907a6359cc38a2.qoqo_iqm.77f9b85336ef7588-cgu.08.rcgu.o:(pyo3::types::sequence::extract_sequence::<num_complex::Complex<f64>>) in archive /opt/rustwide/target/release/deps/libqoqo_iqm-da907a6359cc38a2.rlib
[INFO] [stdout]           >>> referenced by qoqo_iqm.77f9b85336ef7588-cgu.08
[INFO] [stdout]           >>>               qoqo_iqm-da907a6359cc38a2.qoqo_iqm.77f9b85336ef7588-cgu.08.rcgu.o:(pyo3::types::sequence::extract_sequence::<pyo3::instance::Bound<pyo3::types::any::PyAny>>) in archive /opt/rustwide/target/release/deps/libqoqo_iqm-da907a6359cc38a2.rlib
[INFO] [stdout]           >>> referenced 23 more times
[INFO] [stdout]           
[INFO] [stdout]           rust-lld: error: undefined symbol: PySequence_Size
[INFO] [stdout]           >>> referenced by qoqo_for_braket_devices.a92c21ab052e4813-cgu.08
[INFO] [stdout]           >>>               /opt/rustwide/target/release/deps/qoqo_for_braket_devices-dfe5690aa871938b.qoqo_for_braket_devices.a92c21ab052e4813-cgu.08.rcgu.o:(pyo3::types::sequence::extract_sequence::<usize>)
[INFO] [stdout]           >>> referenced by qoqo_iqm.77f9b85336ef7588-cgu.08
[INFO] [stdout]           >>>               qoqo_iqm-da907a6359cc38a2.qoqo_iqm.77f9b85336ef7588-cgu.08.rcgu.o:(pyo3::types::sequence::extract_sequence::<num_complex::Complex<f64>>) in archive /opt/rustwide/target/release/deps/libqoqo_iqm-da907a6359cc38a2.rlib
[INFO] [stdout]           >>> referenced by qoqo_iqm.77f9b85336ef7588-cgu.08
[INFO] [stdout]           >>>               qoqo_iqm-da907a6359cc38a2.qoqo_iqm.77f9b85336ef7588-cgu.08.rcgu.o:(pyo3::types::sequence::extract_sequence::<pyo3::instance::Bound<pyo3::types::any::PyAny>>) in archive /opt/rustwide/target/release/deps/libqoqo_iqm-da907a6359cc38a2.rlib
[INFO] [stdout]           >>> referenced 23 more times
[INFO] [stdout]           
[INFO] [stdout]           rust-lld: error: undefined symbol: PyBaseObject_Type
[INFO] [stdout]           >>> referenced by qoqo_for_braket_devices.a92c21ab052e4813-cgu.09
[INFO] [stdout]           >>>               /opt/rustwide/target/release/deps/qoqo_for_braket_devices-dfe5690aa871938b.qoqo_for_braket_devices.a92c21ab052e4813-cgu.09.rcgu.o:(pyo3::pyclass::create_type_object::create_type_object::<qoqo_for_braket_devices::devices::ionq_aria1::IonQAria1DeviceWrapper>)
[INFO] [stdout]           >>> referenced by qoqo_for_braket_devices.a92c21ab052e4813-cgu.09
[INFO] [stdout]           >>>               /opt/rustwide/target/release/deps/qoqo_for_braket_devices-dfe5690aa871938b.qoqo_for_braket_devices.a92c21ab052e4813-cgu.09.rcgu.o:(pyo3::pyclass::create_type_object::create_type_object::<qoqo_for_braket_devices::devices::ionq_harmony::IonQHarmonyDeviceWrapper>)
[INFO] [stdout]           >>> referenced by qoqo_for_braket_devices.a92c21ab052e4813-cgu.09
[INFO] [stdout]           >>>               /opt/rustwide/target/release/deps/qoqo_for_braket_devices-dfe5690aa871938b.qoqo_for_braket_devices.a92c21ab052e4813-cgu.09.rcgu.o:(pyo3::pyclass::create_type_object::create_type_object::<qoqo_for_braket_devices::devices::rigetti_aspenm3::RigettiAspenM3DeviceWrapper>)
[INFO] [stdout]           >>> referenced 458 more times
[INFO] [stdout]           
[INFO] [stdout]           rust-lld: error: undefined symbol: PyExc_SystemError
[INFO] [stdout]           >>> referenced by qoqo_for_braket_devices.a92c21ab052e4813-cgu.08
[INFO] [stdout]           >>>               /opt/rustwide/target/release/deps/qoqo_for_braket_devices-dfe5690aa871938b.qoqo_for_braket_devices.a92c21ab052e4813-cgu.08.rcgu.o:(<<pyo3::err::PyErr>::new<pyo3::exceptions::PySystemError, &str>::{closure#0} as core::ops::function::FnOnce<(pyo3::marker::Python,)>>::call_once::{shim:vtable#0} (.llvm.15385273271472928777))
[INFO] [stdout]           >>> referenced by qoqo_iqm.77f9b85336ef7588-cgu.00
[INFO] [stdout]           >>>               qoqo_iqm-da907a6359cc38a2.qoqo_iqm.77f9b85336ef7588-cgu.00.rcgu.o:(<<pyo3::err::PyErr>::new<pyo3::exceptions::PySystemError, &str>::{closure#0} as core::ops::function::FnOnce<(pyo3::marker::Python,)>>::call_once::{shim:vtable#0}) in archive /opt/rustwide/target/release/deps/libqoqo_iqm-da907a6359cc38a2.rlib
[INFO] [stdout]           >>> referenced by qoqo_iqm.77f9b85336ef7588-cgu.08
[INFO] [stdout]           >>>               qoqo_iqm-da907a6359cc38a2.qoqo_iqm.77f9b85336ef7588-cgu.08.rcgu.o:(<<pyo3::err::PyErr>::new<pyo3::exceptions::PySystemError, &str>::{closure#0} as core::ops::function::FnOnce<(pyo3::marker::Python,)>>::call_once::{shim:vtable#0}) in archive /opt/rustwide/target/release/deps/libqoqo_iqm-da907a6359cc38a2.rlib
[INFO] [stdout]           >>> referenced 37 more times
[INFO] [stdout]           
[INFO] [stdout]           rust-lld: error: undefined symbol: PyExc_TypeError
[INFO] [stdout]           >>> referenced by qoqo_for_braket_devices.a92c21ab052e4813-cgu.09
[INFO] [stdout]           >>>               /opt/rustwide/target/release/deps/qoqo_for_braket_devices-dfe5690aa871938b.qoqo_for_braket_devices.a92c21ab052e4813-cgu.09.rcgu.o:(<<pyo3::err::PyErr>::new<pyo3::exceptions::PyTypeError, &str>::{closure#0} as core::ops::function::FnOnce<(pyo3::marker::Python,)>>::call_once::{shim:vtable#0} (.llvm.9708960178578141816))
[INFO] [stdout]           >>> referenced by qoqo_iqm.77f9b85336ef7588-cgu.00
[INFO] [stdout]           >>>               qoqo_iqm-da907a6359cc38a2.qoqo_iqm.77f9b85336ef7588-cgu.00.rcgu.o:(<<pyo3::err::PyErr>::new<pyo3::exceptions::PyTypeError, alloc::string::String>::{closure#0} as core::ops::function::FnOnce<(pyo3::marker::Python,)>>::call_once::{shim:vtable#0}) in archive /opt/rustwide/target/release/deps/libqoqo_iqm-da907a6359cc38a2.rlib
[INFO] [stdout]           >>> referenced by qoqo_iqm.77f9b85336ef7588-cgu.00
[INFO] [stdout]           >>>               qoqo_iqm-da907a6359cc38a2.qoqo_iqm.77f9b85336ef7588-cgu.00.rcgu.o:(<<pyo3::err::PyErr>::new<pyo3::exceptions::PyTypeError, &str>::{closure#0} as core::ops::function::FnOnce<(pyo3::marker::Python,)>>::call_once::{shim:vtable#0}) in archive /opt/rustwide/target/release/deps/libqoqo_iqm-da907a6359cc38a2.rlib
[INFO] [stdout]           >>> referenced 60 more times
[INFO] [stdout]           
[INFO] [stdout]           rust-lld: error: undefined symbol: PyType_IsSubtype
[INFO] [stdout]           >>> referenced by qoqo_for_braket_devices.a92c21ab052e4813-cgu.09
[INFO] [stdout]           >>>               /opt/rustwide/target/release/deps/qoqo_for_braket_devices-dfe5690aa871938b.qoqo_for_braket_devices.a92c21ab052e4813-cgu.09.rcgu.o:(<pyo3::pycell::PyRef<qoqo_for_braket_devices::devices::ionq_aria1::IonQAria1DeviceWrapper> as pyo3::conversion::FromPyObject>::extract_bound)
[INFO] [stdout]           >>> referenced by qoqo_for_braket_devices.a92c21ab052e4813-cgu.09
[INFO] [stdout]           >>>               /opt/rustwide/target/release/deps/qoqo_for_braket_devices-dfe5690aa871938b.qoqo_for_braket_devices.a92c21ab052e4813-cgu.09.rcgu.o:(<pyo3::pycell::PyRef<qoqo_for_braket_devices::devices::ionq_harmony::IonQHarmonyDeviceWrapper> as pyo3::conversion::FromPyObject>::extract_bound)
[INFO] [stdout]           >>> referenced by qoqo_for_braket_devices.a92c21ab052e4813-cgu.09
[INFO] [stdout]           >>>               /opt/rustwide/target/release/deps/qoqo_for_braket_devices-dfe5690aa871938b.qoqo_for_braket_devices.a92c21ab052e4813-cgu.09.rcgu.o:(<pyo3::pycell::PyRef<qoqo_for_braket_devices::devices::rigetti_aspenm3::RigettiAspenM3DeviceWrapper> as pyo3::conversion::FromPyObject>::extract_bound)
[INFO] [stdout]           >>> referenced 263 more times
[INFO] [stdout]           
[INFO] [stdout]           rust-lld: error: undefined symbol: PyObject_VectorcallMethod
[INFO] [stdout]           >>> referenced by qoqo_iqm.77f9b85336ef7588-cgu.00
[INFO] [stdout]           >>>               qoqo_iqm-da907a6359cc38a2.qoqo_iqm.77f9b85336ef7588-cgu.00.rcgu.o:(<pyo3::instance::Bound<pyo3::types::any::PyAny> as pyo3::types::any::PyAnyMethods>::call_method0::<&str>) in archive /opt/rustwide/target/release/deps/libqoqo_iqm-da907a6359cc38a2.rlib
[INFO] [stdout]           >>> referenced by qoqo_iqm.77f9b85336ef7588-cgu.14
[INFO] [stdout]           >>>               qoqo_iqm-da907a6359cc38a2.qoqo_iqm.77f9b85336ef7588-cgu.14.rcgu.o:(<(std::collections::hash::map::HashMap<alloc::string::String, alloc::vec::Vec<alloc::vec::Vec<bool>>>, std::collections::hash::map::HashMap<alloc::string::String, alloc::vec::Vec<alloc::vec::Vec<f64>>>, std::collections::hash::map::HashMap<alloc::string::String, alloc::vec::Vec<alloc::vec::Vec<num_complex::Complex<f64>>>>) as pyo3::call::PyCallArgs>::call_method_positional) in archive /opt/rustwide/target/release/deps/libqoqo_iqm-da907a6359cc38a2.rlib
[INFO] [stdout]           >>> referenced by qoqo.11a6c15692216048-cgu.06
[INFO] [stdout]           >>>               qoqo-d6cc511512760008.qoqo.11a6c15692216048-cgu.06.rcgu.o:(<pyo3::instance::Bound<pyo3::types::any::PyAny> as pyo3::types::any::PyAnyMethods>::call_method0::<&str>) in archive /opt/rustwide/target/release/deps/libqoqo-d6cc511512760008.rlib
[INFO] [stdout]           >>> referenced 25 more times
[INFO] [stdout]           
[INFO] [stdout]           rust-lld: error: undefined symbol: PyExc_RuntimeError
[INFO] [stdout]           >>> referenced by qoqo_iqm.77f9b85336ef7588-cgu.00
[INFO] [stdout]           >>>               qoqo_iqm-da907a6359cc38a2.qoqo_iqm.77f9b85336ef7588-cgu.00.rcgu.o:(<<pyo3::err::PyErr>::new<pyo3::exceptions::PyRuntimeError, alloc::string::String>::{closure#0} as core::ops::function::FnOnce<(pyo3::marker::Python,)>>::call_once::{shim:vtable#0}) in archive /opt/rustwide/target/release/deps/libqoqo_iqm-da907a6359cc38a2.rlib
[INFO] [stdout]           >>> referenced by qoqo_iqm.77f9b85336ef7588-cgu.00
[INFO] [stdout]           >>>               qoqo_iqm-da907a6359cc38a2.qoqo_iqm.77f9b85336ef7588-cgu.00.rcgu.o:(<<pyo3::err::PyErr>::new<pyo3::exceptions::PyRuntimeError, &str>::{closure#0} as core::ops::function::FnOnce<(pyo3::marker::Python,)>>::call_once::{shim:vtable#0}) in archive /opt/rustwide/target/release/deps/libqoqo_iqm-da907a6359cc38a2.rlib
[INFO] [stdout]           >>> referenced by qoqo.11a6c15692216048-cgu.01
[INFO] [stdout]           >>>               qoqo-d6cc511512760008.qoqo.11a6c15692216048-cgu.01.rcgu.o:(<<pyo3::err::PyErr>::new<pyo3::exceptions::PyRuntimeError, alloc::string::String>::{closure#0} as core::ops::function::FnOnce<(pyo3::marker::Python,)>>::call_once::{shim:vtable#0}) in archive /opt/rustwide/target/release/deps/libqoqo-d6cc511512760008.rlib
[INFO] [stdout]           >>> referenced 20 more times
[INFO] [stdout]           
[INFO] [stdout]           rust-lld: error: undefined symbol: PyExc_ConnectionError
[INFO] [stdout]           >>> referenced by qoqo_iqm.77f9b85336ef7588-cgu.00
[INFO] [stdout]           >>>               qoqo_iqm-da907a6359cc38a2.qoqo_iqm.77f9b85336ef7588-cgu.00.rcgu.o:(<<pyo3::err::PyErr>::new<pyo3::exceptions::PyConnectionError, alloc::string::String>::{closure#0} as core::ops::function::FnOnce<(pyo3::marker::Python,)>>::call_once::{shim:vtable#0}) in archive /opt/rustwide/target/release/deps/libqoqo_iqm-da907a6359cc38a2.rlib
[INFO] [stdout]           
[INFO] [stdout]           rust-lld: error: undefined symbol: _Py_FalseStruct
[INFO] [stdout]           >>> referenced by qoqo_iqm.77f9b85336ef7588-cgu.07
[INFO] [stdout]           >>>               qoqo_iqm-da907a6359cc38a2.qoqo_iqm.77f9b85336ef7588-cgu.07.rcgu.o:(<bool as pyo3::conversion::IntoPyObject>::owned_sequence_into_pyobject::<alloc::vec::Vec<bool>>) in archive /opt/rustwide/target/release/deps/libqoqo_iqm-da907a6359cc38a2.rlib
[INFO] [stdout]           >>> referenced by qoqo_iqm.77f9b85336ef7588-cgu.07
[INFO] [stdout]           >>>               qoqo_iqm-da907a6359cc38a2.qoqo_iqm.77f9b85336ef7588-cgu.07.rcgu.o:(<bool as pyo3::conversion::IntoPyObject>::owned_sequence_into_pyobject::<alloc::vec::Vec<bool>>) in archive /opt/rustwide/target/release/deps/libqoqo_iqm-da907a6359cc38a2.rlib
[INFO] [stdout]           >>> referenced by qoqo.11a6c15692216048-cgu.01
[INFO] [stdout]           >>>               qoqo-d6cc511512760008.qoqo.11a6c15692216048-cgu.01.rcgu.o:(<qoqo::operations::single_qubit_gate_operations::PhaseShiftState0Wrapper>::__pymethod___richcmp____) in archive /opt/rustwide/target/release/deps/libqoqo-d6cc511512760008.rlib
[INFO] [stdout]           >>> referenced 304 more times
[INFO] [stdout]           
[INFO] [stdout]           rust-lld: error: undefined symbol: _Py_TrueStruct
[INFO] [stdout]           >>> referenced by qoqo_iqm.77f9b85336ef7588-cgu.07
[INFO] [stdout]           >>>               qoqo_iqm-da907a6359cc38a2.qoqo_iqm.77f9b85336ef7588-cgu.07.rcgu.o:(<bool as pyo3::conversion::IntoPyObject>::owned_sequence_into_pyobject::<alloc::vec::Vec<bool>>) in archive /opt/rustwide/target/release/deps/libqoqo_iqm-da907a6359cc38a2.rlib
[INFO] [stdout]           >>> referenced by qoqo_iqm.77f9b85336ef7588-cgu.07
[INFO] [stdout]           >>>               qoqo_iqm-da907a6359cc38a2.qoqo_iqm.77f9b85336ef7588-cgu.07.rcgu.o:(<bool as pyo3::conversion::IntoPyObject>::owned_sequence_into_pyobject::<alloc::vec::Vec<bool>>) in archive /opt/rustwide/target/release/deps/libqoqo_iqm-da907a6359cc38a2.rlib
[INFO] [stdout]           >>> referenced by qoqo.11a6c15692216048-cgu.01
[INFO] [stdout]           >>>               qoqo-d6cc511512760008.qoqo.11a6c15692216048-cgu.01.rcgu.o:(<qoqo::operations::single_qubit_gate_operations::PhaseShiftState0Wrapper>::__pymethod___richcmp____) in archive /opt/rustwide/target/release/deps/libqoqo-d6cc511512760008.rlib
[INFO] [stdout]           >>> referenced 254 more times
[INFO] [stdout]           
[INFO] [stdout]           rust-lld: error: too many errors emitted, stopping now (use --error-limit=0 to see all errors)
[INFO] [stdout]           collect2: error: ld returned 1 exit status
[INFO] [stdout]           
[INFO] [stdout] 
[INFO] [stdout] 
[INFO] [stderr] error: could not compile `qoqo_for_braket_devices` (lib test) due to 1 previous error
[INFO] running `Command { std: "docker" "inspect" "f98752d805dea4637102f13632ea98dd334d64006b7af7d2b975f6b004dfb68a", kill_on_drop: false }`
[INFO] running `Command { std: "docker" "rm" "-f" "f98752d805dea4637102f13632ea98dd334d64006b7af7d2b975f6b004dfb68a", kill_on_drop: false }`
[INFO] [stdout] f98752d805dea4637102f13632ea98dd334d64006b7af7d2b975f6b004dfb68a
