[INFO] fetching crate qjs 0.1.2...
[INFO] testing qjs-0.1.2 against 1.100.0-beta.1+cargoflags=--release for beta-release-1.100-2
[INFO] extracting crate qjs 0.1.2 into /workspace/builds/worker-1-tc2/source
[INFO] started tweaking crates.io crate qjs 0.1.2
[INFO] finished tweaking crates.io crate qjs 0.1.2
[INFO] tweaked toml for crates.io crate qjs 0.1.2 written to /workspace/builds/worker-1-tc2/source/Cargo.toml
[INFO] validating manifest of crates.io crate qjs 0.1.2 on toolchain 1.100.0-beta.1
[INFO] running `Command { std: CARGO_HOME="/workspace/cargo-home" RUSTUP_HOME="/workspace/rustup-home" "/workspace/cargo-home/bin/cargo" "+1.100.0-beta.1" "metadata" "--manifest-path" "Cargo.toml" "--no-deps", kill_on_drop: false }`
[INFO] crate crates.io crate qjs 0.1.2 already has a lockfile, it will not be regenerated
[INFO] running `Command { std: CARGO_HOME="/workspace/cargo-home" RUSTUP_HOME="/workspace/rustup-home" "/workspace/cargo-home/bin/cargo" "+1.100.0-beta.1" "fetch" "--manifest-path" "Cargo.toml", kill_on_drop: false }`
[INFO] running `Command { std: "docker" "create" "-v" "/var/lib/crater-agent-workspace/builds/worker-1-tc2/source:/opt/rustwide/workdir:ro,Z" "-v" "/var/lib/crater-agent-workspace/builds/worker-1-tc2/target:/opt/rustwide/target:rw,Z" "-v" "/var/lib/crater-agent-workspace/cargo-home:/opt/rustwide/cargo-home:ro,Z" "-v" "/var/lib/crater-agent-workspace/rustup-home:/opt/rustwide/rustup-home:ro,Z" "-m" "1610612736" "--network" "none" "ghcr.io/rust-lang/crates-build-env/linux@sha256:77db811e55d90add9212f6832c23229e3de5f1c1f9905e8cb07319ea15df73ac" "sleep" "infinity", kill_on_drop: false }`
[INFO] [stdout] fb9c07f812158d45d37515a9d42f669d9f8ded653c0b295d9f99eb297840428d
[INFO] running `Command { std: "docker" "start" "fb9c07f812158d45d37515a9d42f669d9f8ded653c0b295d9f99eb297840428d", kill_on_drop: false }`
[INFO] running `Command { std: "docker" "inspect" "fb9c07f812158d45d37515a9d42f669d9f8ded653c0b295d9f99eb297840428d", kill_on_drop: false }`
[INFO] running `Command { std: "docker" "exec" "-e" "SOURCE_DIR=/opt/rustwide/workdir" "-e" "CARGO_HOME=/opt/rustwide/cargo-home" "-e" "RUSTUP_HOME=/opt/rustwide/rustup-home" "-e" "CARGO_TARGET_DIR=/opt/rustwide/target" "-w" "/opt/rustwide/workdir" "--user" "0:0" "fb9c07f812158d45d37515a9d42f669d9f8ded653c0b295d9f99eb297840428d" "/opt/rustwide/cargo-home/bin/cargo" "+1.100.0-beta.1" "metadata" "--no-deps" "--format-version=1", kill_on_drop: false }`
[INFO] running `Command { std: "docker" "inspect" "fb9c07f812158d45d37515a9d42f669d9f8ded653c0b295d9f99eb297840428d", kill_on_drop: false }`
[INFO] running `Command { std: "docker" "exec" "-e" "SOURCE_DIR=/opt/rustwide/workdir" "-e" "CARGO_HOME=/opt/rustwide/cargo-home" "-e" "RUSTUP_HOME=/opt/rustwide/rustup-home" "-e" "CARGO_TARGET_DIR=/opt/rustwide/target" "-e" "CARGO_INCREMENTAL=0" "-e" "RUST_BACKTRACE=full" "-e" "RUSTFLAGS=--cap-lints=warn" "-e" "RUSTDOCFLAGS=--cap-lints=warn" "-w" "/opt/rustwide/workdir" "--user" "0:0" "fb9c07f812158d45d37515a9d42f669d9f8ded653c0b295d9f99eb297840428d" "/opt/rustwide/cargo-home/bin/cargo" "+1.100.0-beta.1" "build" "--frozen" "--message-format=json" "--release", kill_on_drop: false }`
[INFO] [stderr]    Compiling libc v0.2.62
[INFO] [stderr]    Compiling proc-macro2 v0.4.30
[INFO] [stderr]    Compiling unicode-xid v0.1.0
[INFO] [stderr]    Compiling cc v1.0.40
[INFO] [stderr]    Compiling cfg-if v0.1.9
[INFO] [stderr]    Compiling syn v0.15.44
[INFO] [stderr]    Compiling proc-macro2 v1.0.0
[INFO] [stderr]    Compiling autocfg v0.1.5
[INFO] [stderr]    Compiling unicode-xid v0.2.0
[INFO] [stderr]    Compiling log v0.4.8
[INFO] [stderr]    Compiling lazy_static v1.3.0
[INFO] [stderr]    Compiling failure_derive v0.1.5
[INFO] [stderr]    Compiling memchr v2.2.1
[INFO] [stderr]    Compiling syn v1.0.1
[INFO] [stderr]    Compiling num-traits v0.2.8
[INFO] [stderr]    Compiling thread_local v0.3.6
[INFO] [stderr]    Compiling pkg-config v0.3.15
[INFO] [stderr]    Compiling num-integer v0.1.41
[INFO] [stderr]    Compiling rustc-demangle v0.1.16
[INFO] [stderr]    Compiling aho-corasick v0.7.6
[INFO] [stderr]    Compiling quote v1.0.0
[INFO] [stderr]    Compiling quote v0.6.13
[INFO] [stderr]    Compiling rust-lzma v0.4.0
[INFO] [stderr]    Compiling xattr v0.2.2
[INFO] [stderr]    Compiling backtrace-sys v0.1.31
[INFO] [stderr]    Compiling filetime v0.2.7
[INFO] [stderr]    Compiling regex-syntax v0.6.11
[INFO] [stderr]    Compiling tar v0.4.26
[INFO] [stderr]    Compiling backtrace v0.3.34
[INFO] [stderr]    Compiling time v0.1.42
[INFO] [stderr]    Compiling if_chain v1.0.0
[INFO] [stderr]    Compiling bitflags v1.1.0
[INFO] [stderr]    Compiling termcolor v0.3.6
[INFO] [stderr]    Compiling procedural-masquerade v0.1.6
[INFO] [stderr]    Compiling chrono v0.4.7
[INFO] [stderr]    Compiling foreign-types-shared v0.2.0
[INFO] [stderr]    Compiling regex v1.2.1
[INFO] [stderr]    Compiling stderrlog v0.4.1
[INFO] [stderr]    Compiling synstructure v0.10.2
[INFO] [stderr]    Compiling foreign-types-macros v0.1.0
[INFO] [stderr]    Compiling foreign-types v0.4.0
[INFO] [stderr]    Compiling failure v0.1.5
[INFO] [stderr]    Compiling qjs-sys v0.1.2
[INFO] [stderr]    Compiling qjs-derive-support v0.1.1
[INFO] [stderr]    Compiling proc-macro-hack v0.5.9
[INFO] [stderr]    Compiling cstr-macros v0.1.6
[INFO] [stderr]    Compiling cstr v0.1.7
[INFO] [stderr]    Compiling qjs-derive v0.1.1
[INFO] [stderr]    Compiling qjs v0.1.2 (/opt/rustwide/workdir)
[INFO] [stderr] 
[INFO] [stderr] thread '<unnamed>' (1141) panicked at /opt/rustwide/cargo-home/registry/src/index.crates.io-1949cf8c6b5b557f/procedural-masquerade-0.1.6/lib.rs:211:9:
[INFO] [stderr] expected suffix ").0," not found in "#[allow(unused)] enum ProceduralMasqueradeDummyType\n{ Input = (0, stringify! (\"%s\")).0 }"
[INFO] [stderr] stack backtrace:
[INFO] [stderr]    0:     0x768904d72ba1 - <<std[617be2ca0a6fd877]::sys::backtrace::BacktraceLock>::print::DisplayBacktrace as core[a373ad73a504971]::fmt::Display>::fmt
[INFO] [stderr]    1:     0x768904d83dea - core[a373ad73a504971]::fmt::write
[INFO] [stderr]    2:     0x768904d7642c - <std[617be2ca0a6fd877]::sys::stdio::unix::Stderr as core[a373ad73a504971]::io::write::Write>::write_fmt
[INFO] [stderr]    3:     0x768904d5bc36 - std[617be2ca0a6fd877]::panicking::default_hook::{closure#0}
[INFO] [stderr]    4:     0x768904d6eac1 - std[617be2ca0a6fd877]::panicking::default_hook
[INFO] [stderr]    5:     0x768904d6ee22 - std[617be2ca0a6fd877]::panicking::panic_with_hook
[INFO] [stderr]    6:     0x768904d5bce2 - std[617be2ca0a6fd877]::panicking::panic_handler::{closure#0}
[INFO] [stderr]    7:     0x768904d54fd9 - std[617be2ca0a6fd877]::sys::backtrace::__rust_end_short_backtrace::<std[617be2ca0a6fd877]::panicking::panic_handler::{closure#0}, !>
[INFO] [stderr]    8:     0x768904d5c41d - __rustc[ea4f61d10b84890b]::rust_begin_unwind
[INFO] [stderr]    9:     0x768904d8460c - core[a373ad73a504971]::panicking::panic_fmt
[INFO] [stderr]   10:     0x768904d48faa - procedural_masquerade[f4d112acd57ec4e1]::_extract_input
[INFO] [stderr]   11:     0x768904d1fecb - cstr_macros[9eb816a72a6258b8]::cstr_internal__build_bytes::{closure#0}
[INFO] [stderr]   12:     0x768904d1dd91 - std[617be2ca0a6fd877]::sys::backtrace::__rust_begin_short_backtrace::<cstr_macros[9eb816a72a6258b8]::cstr_internal__build_bytes::{closure#0}, alloc[2e1b2a31b91974c5]::string::String>
[INFO] [stderr]   13:     0x768904d1fda9 - std[617be2ca0a6fd877]::thread::lifecycle::spawn_unchecked::<cstr_macros[9eb816a72a6258b8]::cstr_internal__build_bytes::{closure#0}, alloc[2e1b2a31b91974c5]::string::String>::{closure#1}::{closure#0}
[INFO] [stderr]   14:     0x768904d242ac - <core[a373ad73a504971]::panic::unwind_safe::AssertUnwindSafe<std[617be2ca0a6fd877]::thread::lifecycle::spawn_unchecked<cstr_macros[9eb816a72a6258b8]::cstr_internal__build_bytes::{closure#0}, alloc[2e1b2a31b91974c5]::string::String>::{closure#1}::{closure#0}> as core[a373ad73a504971]::ops::function::FnOnce<()>>::call_once
[INFO] [stderr]   15:     0x768904d1f1aa - std[617be2ca0a6fd877]::panicking::catch_unwind::do_call::<core[a373ad73a504971]::panic::unwind_safe::AssertUnwindSafe<std[617be2ca0a6fd877]::thread::lifecycle::spawn_unchecked<cstr_macros[9eb816a72a6258b8]::cstr_internal__build_bytes::{closure#0}, alloc[2e1b2a31b91974c5]::string::String>::{closure#1}::{closure#0}>, alloc[2e1b2a31b91974c5]::string::String>
[INFO] [stderr]   16:     0x768904d249bb - __rust_try
[INFO] [stderr]   17:     0x768904d1f72e - std[617be2ca0a6fd877]::thread::lifecycle::spawn_unchecked::<cstr_macros[9eb816a72a6258b8]::cstr_internal__build_bytes::{closure#0}, alloc[2e1b2a31b91974c5]::string::String>::{closure#1}
[INFO] [stderr]   18:     0x768904d1ffb6 - <std[617be2ca0a6fd877]::thread::lifecycle::spawn_unchecked<cstr_macros[9eb816a72a6258b8]::cstr_internal__build_bytes::{closure#0}, alloc[2e1b2a31b91974c5]::string::String>::{closure#1} as core[a373ad73a504971]::ops::function::FnOnce<()>>::call_once::{shim:vtable#0}
[INFO] [stderr]   19:     0x768904d7248f - <std[617be2ca0a6fd877]::sys::thread::unix::Thread>::new::thread_start
[INFO] [stderr]   20:     0x768919c82dfa - <unknown>
[INFO] [stderr]   21:     0x768919d163d4 - clone
[INFO] [stderr]   22:                0x0 - <unknown>
[INFO] [stdout] error: proc-macro derive panicked
[INFO] [stdout]    --> src/error.rs:257:17
[INFO] [stdout]     |
[INFO] [stdout] 257 |                 cstr!("%s").as_ptr(),
[INFO] [stdout]     |                 ^^^^^^^^^^^
[INFO] [stdout]     |
[INFO] [stdout]     = help: message: called `Result::unwrap()` on an `Err` value: Any { .. }
[INFO] [stdout]     = note: this error originates in the macro `cstr__invoke_build_bytes` which comes from the expansion of the macro `cstr` (in Nightly builds, run with -Z macro-backtrace for more info)
[INFO] [stdout] 
[INFO] [stdout] 
[INFO] [stdout] error: proc-macro derive panicked
[INFO] [stdout]    --> src/error.rs:267:17
[INFO] [stdout]     |
[INFO] [stdout] 267 |                 cstr!("%s").as_ptr(),
[INFO] [stdout]     |                 ^^^^^^^^^^^
[INFO] [stdout]     |
[INFO] [stdout]     = help: message: called `Result::unwrap()` on an `Err` value: Any { .. }
[INFO] [stdout]     = note: this error originates in the macro `cstr__invoke_build_bytes` which comes from the expansion of the macro `cstr` (in Nightly builds, run with -Z macro-backtrace for more info)
[INFO] [stdout] 
[INFO] [stdout] 
[INFO] [stderr] 
[INFO] [stderr] thread '<unnamed>' (1142) panicked at /opt/rustwide/cargo-home/registry/src/index.crates.io-1949cf8c6b5b557f/procedural-masquerade-0.1.6/lib.rs:211:9:
[INFO] [stderr] expected suffix ").0," not found in "#[allow(unused)] enum ProceduralMasqueradeDummyType\n{ Input = (0, stringify! (\"%s\")).0 }"
[INFO] [stderr] stack backtrace:
[INFO] [stderr]    0:     0x768904d72ba1 - <<std[617be2ca0a6fd877]::sys::backtrace::BacktraceLock>::print::DisplayBacktrace as core[a373ad73a504971]::fmt::Display>::fmt
[INFO] [stderr]    1:     0x768904d83dea - core[a373ad73a504971]::fmt::write
[INFO] [stderr]    2:     0x768904d7642c - <std[617be2ca0a6fd877]::sys::stdio::unix::Stderr as core[a373ad73a504971]::io::write::Write>::write_fmt
[INFO] [stderr]    3:     0x768904d5bc36 - std[617be2ca0a6fd877]::panicking::default_hook::{closure#0}
[INFO] [stderr]    4:     0x768904d6eac1 - std[617be2ca0a6fd877]::panicking::default_hook
[INFO] [stderr]    5:     0x768904d6ee22 - std[617be2ca0a6fd877]::panicking::panic_with_hook
[INFO] [stderr]    6:     0x768904d5bce2 - std[617be2ca0a6fd877]::panicking::panic_handler::{closure#0}
[INFO] [stderr]    7:     0x768904d54fd9 - std[617be2ca0a6fd877]::sys::backtrace::__rust_end_short_backtrace::<std[617be2ca0a6fd877]::panicking::panic_handler::{closure#0}, !>
[INFO] [stderr]    8:     0x768904d5c41d - __rustc[ea4f61d10b84890b]::rust_begin_unwind
[INFO] [stderr]    9:     0x768904d8460c - core[a373ad73a504971]::panicking::panic_fmt
[INFO] [stderr]   10:     0x768904d48faa - procedural_masquerade[f4d112acd57ec4e1]::_extract_input
[INFO] [stderr]   11:     0x768904d1fecb - cstr_macros[9eb816a72a6258b8]::cstr_internal__build_bytes::{closure#0}
[INFO] [stderr]   12:     0x768904d1dd91 - std[617be2ca0a6fd877]::sys::backtrace::__rust_begin_short_backtrace::<cstr_macros[9eb816a72a6258b8]::cstr_internal__build_bytes::{closure#0}, alloc[2e1b2a31b91974c5]::string::String>
[INFO] [stderr]   13:     0x768904d1fda9 - std[617be2ca0a6fd877]::thread::lifecycle::spawn_unchecked::<cstr_macros[9eb816a72a6258b8]::cstr_internal__build_bytes::{closure#0}, alloc[2e1b2a31b91974c5]::string::String>::{closure#1}::{closure#0}
[INFO] [stderr]   14:     0x768904d242ac - <core[a373ad73a504971]::panic::unwind_safe::AssertUnwindSafe<std[617be2ca0a6fd877]::thread::lifecycle::spawn_unchecked<cstr_macros[9eb816a72a6258b8]::cstr_internal__build_bytes::{closure#0}, alloc[2e1b2a31b91974c5]::string::String>::{closure#1}::{closure#0}> as core[a373ad73a504971]::ops::function::FnOnce<()>>::call_once
[INFO] [stderr]   15:     0x768904d1f1aa - std[617be2ca0a6fd877]::panicking::catch_unwind::do_call::<core[a373ad73a504971]::panic::unwind_safe::AssertUnwindSafe<std[617be2ca0a6fd877]::thread::lifecycle::spawn_unchecked<cstr_macros[9eb816a72a6258b8]::cstr_internal__build_bytes::{closure#0}, alloc[2e1b2a31b91974c5]::string::String>::{closure#1}::{closure#0}>, alloc[2e1b2a31b91974c5]::string::String>
[INFO] [stderr]   16:     0x768904d249bb - __rust_try
[INFO] [stderr]   17:     0x768904d1f72e - std[617be2ca0a6fd877]::thread::lifecycle::spawn_unchecked::<cstr_macros[9eb816a72a6258b8]::cstr_internal__build_bytes::{closure#0}, alloc[2e1b2a31b91974c5]::string::String>::{closure#1}
[INFO] [stderr]   18:     0x768904d1ffb6 - <std[617be2ca0a6fd877]::thread::lifecycle::spawn_unchecked<cstr_macros[9eb816a72a6258b8]::cstr_internal__build_bytes::{closure#0}, alloc[2e1b2a31b91974c5]::string::String>::{closure#1} as core[a373ad73a504971]::ops::function::FnOnce<()>>::call_once::{shim:vtable#0}
[INFO] [stderr]   19:     0x768904d7248f - <std[617be2ca0a6fd877]::sys::thread::unix::Thread>::new::thread_start
[INFO] [stderr]   20:     0x768919c82dfa - <unknown>
[INFO] [stderr]   21:     0x768919d163d4 - clone
[INFO] [stderr]   22:                0x0 - <unknown>
[INFO] [stderr] 
[INFO] [stderr] thread '<unnamed>' (1143) panicked at /opt/rustwide/cargo-home/registry/src/index.crates.io-1949cf8c6b5b557f/procedural-masquerade-0.1.6/lib.rs:211:9:
[INFO] [stderr] expected suffix ").0," not found in "#[allow(unused)] enum ProceduralMasqueradeDummyType\n{ Input = (0, stringify! (\"%s\")).0 }"
[INFO] [stderr] stack backtrace:
[INFO] [stderr]    0:     0x768904d72ba1 - <<std[617be2ca0a6fd877]::sys::backtrace::BacktraceLock>::print::DisplayBacktrace as core[a373ad73a504971]::fmt::Display>::fmt
[INFO] [stderr]    1:     0x768904d83dea - core[a373ad73a504971]::fmt::write
[INFO] [stderr]    2:     0x768904d7642c - <std[617be2ca0a6fd877]::sys::stdio::unix::Stderr as core[a373ad73a504971]::io::write::Write>::write_fmt
[INFO] [stderr]    3:     0x768904d5bc36 - std[617be2ca0a6fd877]::panicking::default_hook::{closure#0}
[INFO] [stderr]    4:     0x768904d6eac1 - std[617be2ca0a6fd877]::panicking::default_hook
[INFO] [stderr]    5:     0x768904d6ee22 - std[617be2ca0a6fd877]::panicking::panic_with_hook
[INFO] [stderr]    6:     0x768904d5bce2 - std[617be2ca0a6fd877]::panicking::panic_handler::{closure#0}
[INFO] [stderr]    7:     0x768904d54fd9 - std[617be2ca0a6fd877]::sys::backtrace::__rust_end_short_backtrace::<std[617be2ca0a6fd877]::panicking::panic_handler::{closure#0}, !>
[INFO] [stderr]    8:     0x768904d5c41d - __rustc[ea4f61d10b84890b]::rust_begin_unwind
[INFO] [stderr]    9:     0x768904d8460c - core[a373ad73a504971]::panicking::panic_fmt
[INFO] [stderr]   10:     0x768904d48faa - procedural_masquerade[f4d112acd57ec4e1]::_extract_input
[INFO] [stderr]   11:     0x768904d1fecb - cstr_macros[9eb816a72a6258b8]::cstr_internal__build_bytes::{closure#0}
[INFO] [stderr]   12:     0x768904d1dd91 - std[617be2ca0a6fd877]::sys::backtrace::__rust_begin_short_backtrace::<cstr_macros[9eb816a72a6258b8]::cstr_internal__build_bytes::{closure#0}, alloc[2e1b2a31b91974c5]::string::String>
[INFO] [stderr]   13:     0x768904d1fda9 - std[617be2ca0a6fd877]::thread::lifecycle::spawn_unchecked::<cstr_macros[9eb816a72a6258b8]::cstr_internal__build_bytes::{closure#0}, alloc[2e1b2a31b91974c5]::string::String>::{closure#1}::{closure#0}
[INFO] [stderr]   14:     0x768904d242ac - <core[a373ad73a504971]::panic::unwind_safe::AssertUnwindSafe<std[617be2ca0a6fd877]::thread::lifecycle::spawn_unchecked<cstr_macros[9eb816a72a6258b8]::cstr_internal__build_bytes::{closure#0}, alloc[2e1b2a31b91974c5]::string::String>::{closure#1}::{closure#0}> as core[a373ad73a504971]::ops::function::FnOnce<()>>::call_once
[INFO] [stderr]   15:     0x768904d1f1aa - std[617be2ca0a6fd877]::panicking::catch_unwind::do_call::<core[a373ad73a504971]::panic::unwind_safe::AssertUnwindSafe<std[617be2ca0a6fd877]::thread::lifecycle::spawn_unchecked<cstr_macros[9eb816a72a6258b8]::cstr_internal__build_bytes::{closure#0}, alloc[2e1b2a31b91974c5]::string::String>::{closure#1}::{closure#0}>, alloc[2e1b2a31b91974c5]::string::String>
[INFO] [stderr]   16:     0x768904d249bb - __rust_try
[INFO] [stderr]   17:     0x768904d1f72e - std[617be2ca0a6fd877]::thread::lifecycle::spawn_unchecked::<cstr_macros[9eb816a72a6258b8]::cstr_internal__build_bytes::{closure#0}, alloc[2e1b2a31b91974c5]::string::String>::{closure#1}
[INFO] [stderr]   18:     0x768904d1ffb6 - <std[617be2ca0a6fd877]::thread::lifecycle::spawn_unchecked<cstr_macros[9eb816a72a6258b8]::cstr_internal__build_bytes::{closure#0}, alloc[2e1b2a31b91974c5]::string::String>::{closure#1} as core[a373ad73a504971]::ops::function::FnOnce<()>>::call_once::{shim:vtable#0}
[INFO] [stderr]   19:     0x768904d7248f - <std[617be2ca0a6fd877]::sys::thread::unix::Thread>::new::thread_start
[INFO] [stderr]   20:     0x768919c82dfa - <unknown>
[INFO] [stderr]   21:     0x768919d163d4 - clone
[INFO] [stderr]   22:                0x0 - <unknown>
[INFO] [stdout] error: proc-macro derive panicked
[INFO] [stdout]    --> src/error.rs:277:17
[INFO] [stdout]     |
[INFO] [stdout] 277 |                 cstr!("%s").as_ptr(),
[INFO] [stdout]     |                 ^^^^^^^^^^^
[INFO] [stdout]     |
[INFO] [stdout]     = help: message: called `Result::unwrap()` on an `Err` value: Any { .. }
[INFO] [stdout]     = note: this error originates in the macro `cstr__invoke_build_bytes` which comes from the expansion of the macro `cstr` (in Nightly builds, run with -Z macro-backtrace for more info)
[INFO] [stdout] 
[INFO] [stdout] 
[INFO] [stderr] 
[INFO] [stderr] thread '<unnamed>' (1144) panicked at /opt/rustwide/cargo-home/registry/src/index.crates.io-1949cf8c6b5b557f/procedural-masquerade-0.1.6/lib.rs:211:9:
[INFO] [stderr] expected suffix ").0," not found in "#[allow(unused)] enum ProceduralMasqueradeDummyType\n{ Input = (0, stringify! (\"%s\")).0 }"
[INFO] [stderr] stack backtrace:
[INFO] [stderr]    0:     0x768904d72ba1 - <<std[617be2ca0a6fd877]::sys::backtrace::BacktraceLock>::print::DisplayBacktrace as core[a373ad73a504971]::fmt::Display>::fmt
[INFO] [stderr]    1:     0x768904d83dea - core[a373ad73a504971]::fmt::write
[INFO] [stderr]    2:     0x768904d7642c - <std[617be2ca0a6fd877]::sys::stdio::unix::Stderr as core[a373ad73a504971]::io::write::Write>::write_fmt
[INFO] [stderr]    3:     0x768904d5bc36 - std[617be2ca0a6fd877]::panicking::default_hook::{closure#0}
[INFO] [stderr]    4:     0x768904d6eac1 - std[617be2ca0a6fd877]::panicking::default_hook
[INFO] [stderr]    5:     0x768904d6ee22 - std[617be2ca0a6fd877]::panicking::panic_with_hook
[INFO] [stderr]    6:     0x768904d5bce2 - std[617be2ca0a6fd877]::panicking::panic_handler::{closure#0}
[INFO] [stderr]    7:     0x768904d54fd9 - std[617be2ca0a6fd877]::sys::backtrace::__rust_end_short_backtrace::<std[617be2ca0a6fd877]::panicking::panic_handler::{closure#0}, !>
[INFO] [stderr]    8:     0x768904d5c41d - __rustc[ea4f61d10b84890b]::rust_begin_unwind
[INFO] [stderr]    9:     0x768904d8460c - core[a373ad73a504971]::panicking::panic_fmt
[INFO] [stderr]   10:     0x768904d48faa - procedural_masquerade[f4d112acd57ec4e1]::_extract_input
[INFO] [stderr]   11:     0x768904d1fecb - cstr_macros[9eb816a72a6258b8]::cstr_internal__build_bytes::{closure#0}
[INFO] [stderr]   12:     0x768904d1dd91 - std[617be2ca0a6fd877]::sys::backtrace::__rust_begin_short_backtrace::<cstr_macros[9eb816a72a6258b8]::cstr_internal__build_bytes::{closure#0}, alloc[2e1b2a31b91974c5]::string::String>
[INFO] [stderr]   13:     0x768904d1fda9 - std[617be2ca0a6fd877]::thread::lifecycle::spawn_unchecked::<cstr_macros[9eb816a72a6258b8]::cstr_internal__build_bytes::{closure#0}, alloc[2e1b2a31b91974c5]::string::String>::{closure#1}::{closure#0}
[INFO] [stderr]   14:     0x768904d242ac - <core[a373ad73a504971]::panic::unwind_safe::AssertUnwindSafe<std[617be2ca0a6fd877]::thread::lifecycle::spawn_unchecked<cstr_macros[9eb816a72a6258b8]::cstr_internal__build_bytes::{closure#0}, alloc[2e1b2a31b91974c5]::string::String>::{closure#1}::{closure#0}> as core[a373ad73a504971]::ops::function::FnOnce<()>>::call_once
[INFO] [stderr]   15:     0x768904d1f1aa - std[617be2ca0a6fd877]::panicking::catch_unwind::do_call::<core[a373ad73a504971]::panic::unwind_safe::AssertUnwindSafe<std[617be2ca0a6fd877]::thread::lifecycle::spawn_unchecked<cstr_macros[9eb816a72a6258b8]::cstr_internal__build_bytes::{closure#0}, alloc[2e1b2a31b91974c5]::string::String>::{closure#1}::{closure#0}>, alloc[2e1b2a31b91974c5]::string::String>
[INFO] [stderr]   16:     0x768904d249bb - __rust_try
[INFO] [stderr]   17:     0x768904d1f72e - std[617be2ca0a6fd877]::thread::lifecycle::spawn_unchecked::<cstr_macros[9eb816a72a6258b8]::cstr_internal__build_bytes::{closure#0}, alloc[2e1b2a31b91974c5]::string::String>::{closure#1}
[INFO] [stderr]   18:     0x768904d1ffb6 - <std[617be2ca0a6fd877]::thread::lifecycle::spawn_unchecked<cstr_macros[9eb816a72a6258b8]::cstr_internal__build_bytes::{closure#0}, alloc[2e1b2a31b91974c5]::string::String>::{closure#1} as core[a373ad73a504971]::ops::function::FnOnce<()>>::call_once::{shim:vtable#0}
[INFO] [stderr]   19:     0x768904d7248f - <std[617be2ca0a6fd877]::sys::thread::unix::Thread>::new::thread_start
[INFO] [stderr]   20:     0x768919c82dfa - <unknown>
[INFO] [stderr]   21:     0x768919d163d4 - clone
[INFO] [stderr]   22:                0x0 - <unknown>
[INFO] [stderr] 
[INFO] [stderr] thread '<unnamed>' (1145) panicked at /opt/rustwide/cargo-home/registry/src/index.crates.io-1949cf8c6b5b557f/procedural-masquerade-0.1.6/lib.rs:211:9:
[INFO] [stderr] expected suffix ").0," not found in "#[allow(unused)] enum ProceduralMasqueradeDummyType\n{ Input = (0, stringify! (\"%s\")).0 }"
[INFO] [stderr] stack backtrace:
[INFO] [stderr]    0:     0x768904d72ba1 - <<std[617be2ca0a6fd877]::sys::backtrace::BacktraceLock>::print::DisplayBacktrace as core[a373ad73a504971]::fmt::Display>::fmt
[INFO] [stderr]    1:     0x768904d83dea - core[a373ad73a504971]::fmt::write
[INFO] [stderr]    2:     0x768904d7642c - <std[617be2ca0a6fd877]::sys::stdio::unix::Stderr as core[a373ad73a504971]::io::write::Write>::write_fmt
[INFO] [stderr]    3:     0x768904d5bc36 - std[617be2ca0a6fd877]::panicking::default_hook::{closure#0}
[INFO] [stderr]    4:     0x768904d6eac1 - std[617be2ca0a6fd877]::panicking::default_hook
[INFO] [stderr]    5:     0x768904d6ee22 - std[617be2ca0a6fd877]::panicking::panic_with_hook
[INFO] [stderr]    6:     0x768904d5bce2 - std[617be2ca0a6fd877]::panicking::panic_handler::{closure#0}
[INFO] [stderr]    7:     0x768904d54fd9 - std[617be2ca0a6fd877]::sys::backtrace::__rust_end_short_backtrace::<std[617be2ca0a6fd877]::panicking::panic_handler::{closure#0}, !>
[INFO] [stderr]    8:     0x768904d5c41d - __rustc[ea4f61d10b84890b]::rust_begin_unwind
[INFO] [stderr]    9:     0x768904d8460c - core[a373ad73a504971]::panicking::panic_fmt
[INFO] [stderr]   10:     0x768904d48faa - procedural_masquerade[f4d112acd57ec4e1]::_extract_input
[INFO] [stderr]   11:     0x768904d1fecb - cstr_macros[9eb816a72a6258b8]::cstr_internal__build_bytes::{closure#0}
[INFO] [stderr]   12:     0x768904d1dd91 - std[617be2ca0a6fd877]::sys::backtrace::__rust_begin_short_backtrace::<cstr_macros[9eb816a72a6258b8]::cstr_internal__build_bytes::{closure#0}, alloc[2e1b2a31b91974c5]::string::String>
[INFO] [stderr]   13:     0x768904d1fda9 - std[617be2ca0a6fd877]::thread::lifecycle::spawn_unchecked::<cstr_macros[9eb816a72a6258b8]::cstr_internal__build_bytes::{closure#0}, alloc[2e1b2a31b91974c5]::string::String>::{closure#1}::{closure#0}
[INFO] [stderr]   14:     0x768904d242ac - <core[a373ad73a504971]::panic::unwind_safe::AssertUnwindSafe<std[617be2ca0a6fd877]::thread::lifecycle::spawn_unchecked<cstr_macros[9eb816a72a6258b8]::cstr_internal__build_bytes::{closure#0}, alloc[2e1b2a31b91974c5]::string::String>::{closure#1}::{closure#0}> as core[a373ad73a504971]::ops::function::FnOnce<()>>::call_once
[INFO] [stderr]   15:     0x768904d1f1aa - std[617be2ca0a6fd877]::panicking::catch_unwind::do_call::<core[a373ad73a504971]::panic::unwind_safe::AssertUnwindSafe<std[617be2ca0a6fd877]::thread::lifecycle::spawn_unchecked<cstr_macros[9eb816a72a6258b8]::cstr_internal__build_bytes::{closure#0}, alloc[2e1b2a31b91974c5]::string::String>::{closure#1}::{closure#0}>, alloc[2e1b2a31b91974c5]::string::String>
[INFO] [stderr]   16:     0x768904d249bb - __rust_try
[INFO] [stderr]   17:     0x768904d1f72e - std[617be2ca0a6fd877]::thread::lifecycle::spawn_unchecked::<cstr_macros[9eb816a72a6258b8]::cstr_internal__build_bytes::{closure#0}, alloc[2e1b2a31b91974c5]::string::String>::{closure#1}
[INFO] [stderr]   18:     0x768904d1ffb6 - <std[617be2ca0a6fd877]::thread::lifecycle::spawn_unchecked<cstr_macros[9eb816a72a6258b8]::cstr_internal__build_bytes::{closure#0}, alloc[2e1b2a31b91974c5]::string::String>::{closure#1} as core[a373ad73a504971]::ops::function::FnOnce<()>>::call_once::{shim:vtable#0}
[INFO] [stderr]   19:     0x768904d7248f - <std[617be2ca0a6fd877]::sys::thread::unix::Thread>::new::thread_start
[INFO] [stderr]   20:     0x768919c82dfa - <unknown>
[INFO] [stderr]   21:     0x768919d163d4 - clone
[INFO] [stderr]   22:                0x0 - <unknown>
[INFO] [stdout] error: proc-macro derive panicked
[INFO] [stdout]    --> src/error.rs:287:17
[INFO] [stdout]     |
[INFO] [stdout] 287 |                 cstr!("%s").as_ptr(),
[INFO] [stdout]     |                 ^^^^^^^^^^^
[INFO] [stdout]     |
[INFO] [stdout]     = help: message: called `Result::unwrap()` on an `Err` value: Any { .. }
[INFO] [stdout]     = note: this error originates in the macro `cstr__invoke_build_bytes` which comes from the expansion of the macro `cstr` (in Nightly builds, run with -Z macro-backtrace for more info)
[INFO] [stdout] 
[INFO] [stdout] 
[INFO] [stdout] error: proc-macro derive panicked
[INFO] [stdout]    --> src/error.rs:297:17
[INFO] [stdout]     |
[INFO] [stdout] 297 |                 cstr!("%s").as_ptr(),
[INFO] [stdout]     |                 ^^^^^^^^^^^
[INFO] [stdout]     |
[INFO] [stdout]     = help: message: called `Result::unwrap()` on an `Err` value: Any { .. }
[INFO] [stdout]     = note: this error originates in the macro `cstr__invoke_build_bytes` which comes from the expansion of the macro `cstr` (in Nightly builds, run with -Z macro-backtrace for more info)
[INFO] [stdout] 
[INFO] [stdout] 
[INFO] [stderr] 
[INFO] [stderr] thread '<unnamed>' (1146) panicked at /opt/rustwide/cargo-home/registry/src/index.crates.io-1949cf8c6b5b557f/procedural-masquerade-0.1.6/lib.rs:211:9:
[INFO] [stderr] expected suffix ").0," not found in "#[allow(unused)] enum ProceduralMasqueradeDummyType\n{ Input = (0, stringify! (std)).0 }"
[INFO] [stderr] stack backtrace:
[INFO] [stderr]    0:     0x768904d72ba1 - <<std[617be2ca0a6fd877]::sys::backtrace::BacktraceLock>::print::DisplayBacktrace as core[a373ad73a504971]::fmt::Display>::fmt
[INFO] [stderr]    1:     0x768904d83dea - core[a373ad73a504971]::fmt::write
[INFO] [stderr]    2:     0x768904d7642c - <std[617be2ca0a6fd877]::sys::stdio::unix::Stderr as core[a373ad73a504971]::io::write::Write>::write_fmt
[INFO] [stderr]    3:     0x768904d5bc36 - std[617be2ca0a6fd877]::panicking::default_hook::{closure#0}
[INFO] [stderr]    4:     0x768904d6eac1 - std[617be2ca0a6fd877]::panicking::default_hook
[INFO] [stderr]    5:     0x768904d6ee22 - std[617be2ca0a6fd877]::panicking::panic_with_hook
[INFO] [stderr]    6:     0x768904d5bce2 - std[617be2ca0a6fd877]::panicking::panic_handler::{closure#0}
[INFO] [stderr]    7:     0x768904d54fd9 - std[617be2ca0a6fd877]::sys::backtrace::__rust_end_short_backtrace::<std[617be2ca0a6fd877]::panicking::panic_handler::{closure#0}, !>
[INFO] [stderr]    8:     0x768904d5c41d - __rustc[ea4f61d10b84890b]::rust_begin_unwind
[INFO] [stderr]    9:     0x768904d8460c - core[a373ad73a504971]::panicking::panic_fmt
[INFO] [stderr]   10:     0x768904d48faa - procedural_masquerade[f4d112acd57ec4e1]::_extract_input
[INFO] [stderr]   11:     0x768904d1fecb - cstr_macros[9eb816a72a6258b8]::cstr_internal__build_bytes::{closure#0}
[INFO] [stderr]   12:     0x768904d1dd91 - std[617be2ca0a6fd877]::sys::backtrace::__rust_begin_short_backtrace::<cstr_macros[9eb816a72a6258b8]::cstr_internal__build_bytes::{closure#0}, alloc[2e1b2a31b91974c5]::string::String>
[INFO] [stderr]   13:     0x768904d1fda9 - std[617be2ca0a6fd877]::thread::lifecycle::spawn_unchecked::<cstr_macros[9eb816a72a6258b8]::cstr_internal__build_bytes::{closure#0}, alloc[2e1b2a31b91974c5]::string::String>::{closure#1}::{closure#0}
[INFO] [stderr]   14:     0x768904d242ac - <core[a373ad73a504971]::panic::unwind_safe::AssertUnwindSafe<std[617be2ca0a6fd877]::thread::lifecycle::spawn_unchecked<cstr_macros[9eb816a72a6258b8]::cstr_internal__build_bytes::{closure#0}, alloc[2e1b2a31b91974c5]::string::String>::{closure#1}::{closure#0}> as core[a373ad73a504971]::ops::function::FnOnce<()>>::call_once
[INFO] [stderr]   15:     0x768904d1f1aa - std[617be2ca0a6fd877]::panicking::catch_unwind::do_call::<core[a373ad73a504971]::panic::unwind_safe::AssertUnwindSafe<std[617be2ca0a6fd877]::thread::lifecycle::spawn_unchecked<cstr_macros[9eb816a72a6258b8]::cstr_internal__build_bytes::{closure#0}, alloc[2e1b2a31b91974c5]::string::String>::{closure#1}::{closure#0}>, alloc[2e1b2a31b91974c5]::string::String>
[INFO] [stderr]   16:     0x768904d249bb - __rust_try
[INFO] [stderr]   17:     0x768904d1f72e - std[617be2ca0a6fd877]::thread::lifecycle::spawn_unchecked::<cstr_macros[9eb816a72a6258b8]::cstr_internal__build_bytes::{closure#0}, alloc[2e1b2a31b91974c5]::string::String>::{closure#1}
[INFO] [stderr]   18:     0x768904d1ffb6 - <std[617be2ca0a6fd877]::thread::lifecycle::spawn_unchecked<cstr_macros[9eb816a72a6258b8]::cstr_internal__build_bytes::{closure#0}, alloc[2e1b2a31b91974c5]::string::String>::{closure#1} as core[a373ad73a504971]::ops::function::FnOnce<()>>::call_once::{shim:vtable#0}
[INFO] [stderr]   19:     0x768904d7248f - <std[617be2ca0a6fd877]::sys::thread::unix::Thread>::new::thread_start
[INFO] [stderr]   20:     0x768919c82dfa - <unknown>
[INFO] [stderr]   21:     0x768919d163d4 - clone
[INFO] [stderr]   22:                0x0 - <unknown>
[INFO] [stdout] error: proc-macro derive panicked
[INFO] [stdout]   --> src/stdlib.rs:13:73
[INFO] [stdout]    |
[INFO] [stdout] 13 |         self.check_null(unsafe { ffi::js_init_module_std(self.as_ptr(), cstr!(std).as_ptr()) })
[INFO] [stdout]    |                                                                         ^^^^^^^^^^
[INFO] [stdout]    |
[INFO] [stdout]    = help: message: called `Result::unwrap()` on an `Err` value: Any { .. }
[INFO] [stdout]    = note: this error originates in the macro `cstr__invoke_build_bytes` which comes from the expansion of the macro `cstr` (in Nightly builds, run with -Z macro-backtrace for more info)
[INFO] [stdout] 
[INFO] [stdout] 
[INFO] [stderr] 
[INFO] [stderr] thread '<unnamed>' (1147) panicked at /opt/rustwide/cargo-home/registry/src/index.crates.io-1949cf8c6b5b557f/procedural-masquerade-0.1.6/lib.rs:211:9:
[INFO] [stderr] expected suffix ").0," not found in "#[allow(unused)] enum ProceduralMasqueradeDummyType\n{ Input = (0, stringify! (os)).0 }"
[INFO] [stderr] stack backtrace:
[INFO] [stdout] error: proc-macro derive panicked
[INFO] [stdout]   --> src/stdlib.rs:19:72
[INFO] [stdout]    |
[INFO] [stdout] 19 |         self.check_null(unsafe { ffi::js_init_module_os(self.as_ptr(), cstr!(os).as_ptr()) })
[INFO] [stdout]    |                                                                        ^^^^^^^^^
[INFO] [stdout]    |
[INFO] [stdout]    = help: message: called `Result::unwrap()` on an `Err` value: Any { .. }
[INFO] [stdout]    = note: this error originates in the macro `cstr__invoke_build_bytes` which comes from the expansion of the macro `cstr` (in Nightly builds, run with -Z macro-backtrace for more info)
[INFO] [stdout] 
[INFO] [stdout] 
[INFO] [stderr]    0:     0x768904d72ba1 - <<std[617be2ca0a6fd877]::sys::backtrace::BacktraceLock>::print::DisplayBacktrace as core[a373ad73a504971]::fmt::Display>::fmt
[INFO] [stderr]    1:     0x768904d83dea - core[a373ad73a504971]::fmt::write
[INFO] [stderr]    2:     0x768904d7642c - <std[617be2ca0a6fd877]::sys::stdio::unix::Stderr as core[a373ad73a504971]::io::write::Write>::write_fmt
[INFO] [stderr]    3:     0x768904d5bc36 - std[617be2ca0a6fd877]::panicking::default_hook::{closure#0}
[INFO] [stderr]    4:     0x768904d6eac1 - std[617be2ca0a6fd877]::panicking::default_hook
[INFO] [stderr]    5:     0x768904d6ee22 - std[617be2ca0a6fd877]::panicking::panic_with_hook
[INFO] [stderr]    6:     0x768904d5bce2 - std[617be2ca0a6fd877]::panicking::panic_handler::{closure#0}
[INFO] [stderr]    7:     0x768904d54fd9 - std[617be2ca0a6fd877]::sys::backtrace::__rust_end_short_backtrace::<std[617be2ca0a6fd877]::panicking::panic_handler::{closure#0}, !>
[INFO] [stderr]    8:     0x768904d5c41d - __rustc[ea4f61d10b84890b]::rust_begin_unwind
[INFO] [stderr]    9:     0x768904d8460c - core[a373ad73a504971]::panicking::panic_fmt
[INFO] [stderr]   10:     0x768904d48faa - procedural_masquerade[f4d112acd57ec4e1]::_extract_input
[INFO] [stderr]   11:     0x768904d1fecb - cstr_macros[9eb816a72a6258b8]::cstr_internal__build_bytes::{closure#0}
[INFO] [stderr]   12:     0x768904d1dd91 - std[617be2ca0a6fd877]::sys::backtrace::__rust_begin_short_backtrace::<cstr_macros[9eb816a72a6258b8]::cstr_internal__build_bytes::{closure#0}, alloc[2e1b2a31b91974c5]::string::String>
[INFO] [stderr]   13:     0x768904d1fda9 - std[617be2ca0a6fd877]::thread::lifecycle::spawn_unchecked::<cstr_macros[9eb816a72a6258b8]::cstr_internal__build_bytes::{closure#0}, alloc[2e1b2a31b91974c5]::string::String>::{closure#1}::{closure#0}
[INFO] [stderr]   14:     0x768904d242ac - <core[a373ad73a504971]::panic::unwind_safe::AssertUnwindSafe<std[617be2ca0a6fd877]::thread::lifecycle::spawn_unchecked<cstr_macros[9eb816a72a6258b8]::cstr_internal__build_bytes::{closure#0}, alloc[2e1b2a31b91974c5]::string::String>::{closure#1}::{closure#0}> as core[a373ad73a504971]::ops::function::FnOnce<()>>::call_once
[INFO] [stderr]   15:     0x768904d1f1aa - std[617be2ca0a6fd877]::panicking::catch_unwind::do_call::<core[a373ad73a504971]::panic::unwind_safe::AssertUnwindSafe<std[617be2ca0a6fd877]::thread::lifecycle::spawn_unchecked<cstr_macros[9eb816a72a6258b8]::cstr_internal__build_bytes::{closure#0}, alloc[2e1b2a31b91974c5]::string::String>::{closure#1}::{closure#0}>, alloc[2e1b2a31b91974c5]::string::String>
[INFO] [stderr]   16:     0x768904d249bb - __rust_try
[INFO] [stderr]   17:     0x768904d1f72e - std[617be2ca0a6fd877]::thread::lifecycle::spawn_unchecked::<cstr_macros[9eb816a72a6258b8]::cstr_internal__build_bytes::{closure#0}, alloc[2e1b2a31b91974c5]::string::String>::{closure#1}
[INFO] [stderr]   18:     0x768904d1ffb6 - <std[617be2ca0a6fd877]::thread::lifecycle::spawn_unchecked<cstr_macros[9eb816a72a6258b8]::cstr_internal__build_bytes::{closure#0}, alloc[2e1b2a31b91974c5]::string::String>::{closure#1} as core[a373ad73a504971]::ops::function::FnOnce<()>>::call_once::{shim:vtable#0}
[INFO] [stderr]   19:     0x768904d7248f - <std[617be2ca0a6fd877]::sys::thread::unix::Thread>::new::thread_start
[INFO] [stderr]   20:     0x768919c82dfa - <unknown>
[INFO] [stderr]   21:     0x768919d163d4 - clone
[INFO] [stderr]   22:                0x0 - <unknown>
[INFO] [stderr] 
[INFO] [stderr] thread '<unnamed>' (1148) panicked at /opt/rustwide/cargo-home/registry/src/index.crates.io-1949cf8c6b5b557f/procedural-masquerade-0.1.6/lib.rs:211:9:
[INFO] [stderr] expected suffix ").0," not found in "#[allow(unused)] enum ProceduralMasqueradeDummyType\n{ Input = (0, stringify! (Userdata)).0 }"
[INFO] [stderr] stack backtrace:
[INFO] [stdout] error: proc-macro derive panicked
[INFO] [stdout]   --> src/userdata.rs:29:29
[INFO] [stdout]    |
[INFO] [stdout] 29 |                 class_name: cstr!(Userdata).as_ptr(),
[INFO] [stdout]    |                             ^^^^^^^^^^^^^^^
[INFO] [stdout]    |
[INFO] [stdout]    = help: message: called `Result::unwrap()` on an `Err` value: Any { .. }
[INFO] [stdout]    = note: this error originates in the macro `cstr__invoke_build_bytes` which comes from the expansion of the macro `cstr` (in Nightly builds, run with -Z macro-backtrace for more info)
[INFO] [stdout] 
[INFO] [stdout] 
[INFO] [stderr]    0:     0x768904d72ba1 - <<std[617be2ca0a6fd877]::sys::backtrace::BacktraceLock>::print::DisplayBacktrace as core[a373ad73a504971]::fmt::Display>::fmt
[INFO] [stderr]    1:     0x768904d83dea - core[a373ad73a504971]::fmt::write
[INFO] [stderr]    2:     0x768904d7642c - <std[617be2ca0a6fd877]::sys::stdio::unix::Stderr as core[a373ad73a504971]::io::write::Write>::write_fmt
[INFO] [stderr]    3:     0x768904d5bc36 - std[617be2ca0a6fd877]::panicking::default_hook::{closure#0}
[INFO] [stderr]    4:     0x768904d6eac1 - std[617be2ca0a6fd877]::panicking::default_hook
[INFO] [stderr]    5:     0x768904d6ee22 - std[617be2ca0a6fd877]::panicking::panic_with_hook
[INFO] [stderr]    6:     0x768904d5bce2 - std[617be2ca0a6fd877]::panicking::panic_handler::{closure#0}
[INFO] [stderr]    7:     0x768904d54fd9 - std[617be2ca0a6fd877]::sys::backtrace::__rust_end_short_backtrace::<std[617be2ca0a6fd877]::panicking::panic_handler::{closure#0}, !>
[INFO] [stderr]    8:     0x768904d5c41d - __rustc[ea4f61d10b84890b]::rust_begin_unwind
[INFO] [stderr]    9:     0x768904d8460c - core[a373ad73a504971]::panicking::panic_fmt
[INFO] [stderr]   10:     0x768904d48faa - procedural_masquerade[f4d112acd57ec4e1]::_extract_input
[INFO] [stderr]   11:     0x768904d1fecb - cstr_macros[9eb816a72a6258b8]::cstr_internal__build_bytes::{closure#0}
[INFO] [stderr]   12:     0x768904d1dd91 - std[617be2ca0a6fd877]::sys::backtrace::__rust_begin_short_backtrace::<cstr_macros[9eb816a72a6258b8]::cstr_internal__build_bytes::{closure#0}, alloc[2e1b2a31b91974c5]::string::String>
[INFO] [stderr]   13:     0x768904d1fda9 - std[617be2ca0a6fd877]::thread::lifecycle::spawn_unchecked::<cstr_macros[9eb816a72a6258b8]::cstr_internal__build_bytes::{closure#0}, alloc[2e1b2a31b91974c5]::string::String>::{closure#1}::{closure#0}
[INFO] [stderr]   14:     0x768904d242ac - <core[a373ad73a504971]::panic::unwind_safe::AssertUnwindSafe<std[617be2ca0a6fd877]::thread::lifecycle::spawn_unchecked<cstr_macros[9eb816a72a6258b8]::cstr_internal__build_bytes::{closure#0}, alloc[2e1b2a31b91974c5]::string::String>::{closure#1}::{closure#0}> as core[a373ad73a504971]::ops::function::FnOnce<()>>::call_once
[INFO] [stderr]   15:     0x768904d1f1aa - std[617be2ca0a6fd877]::panicking::catch_unwind::do_call::<core[a373ad73a504971]::panic::unwind_safe::AssertUnwindSafe<std[617be2ca0a6fd877]::thread::lifecycle::spawn_unchecked<cstr_macros[9eb816a72a6258b8]::cstr_internal__build_bytes::{closure#0}, alloc[2e1b2a31b91974c5]::string::String>::{closure#1}::{closure#0}>, alloc[2e1b2a31b91974c5]::string::String>
[INFO] [stderr]   16:     0x768904d249bb - __rust_try
[INFO] [stderr]   17:     0x768904d1f72e - std[617be2ca0a6fd877]::thread::lifecycle::spawn_unchecked::<cstr_macros[9eb816a72a6258b8]::cstr_internal__build_bytes::{closure#0}, alloc[2e1b2a31b91974c5]::string::String>::{closure#1}
[INFO] [stderr]   18:     0x768904d1ffb6 - <std[617be2ca0a6fd877]::thread::lifecycle::spawn_unchecked<cstr_macros[9eb816a72a6258b8]::cstr_internal__build_bytes::{closure#0}, alloc[2e1b2a31b91974c5]::string::String>::{closure#1} as core[a373ad73a504971]::ops::function::FnOnce<()>>::call_once::{shim:vtable#0}
[INFO] [stderr]   19:     0x768904d7248f - <std[617be2ca0a6fd877]::sys::thread::unix::Thread>::new::thread_start
[INFO] [stderr]   20:     0x768919c82dfa - <unknown>
[INFO] [stderr]   21:     0x768919d163d4 - clone
[INFO] [stderr]   22:                0x0 - <unknown>
[INFO] [stdout] error[E0425]: cannot find value `BYTES` in this scope
[INFO] [stdout]    --> src/error.rs:257:17
[INFO] [stdout]     |
[INFO] [stdout] 257 |                 cstr!("%s").as_ptr(),
[INFO] [stdout]     |                 ^^^^^^^^^^^ not found in this scope
[INFO] [stdout]     |
[INFO] [stdout]     = note: this error originates in the macro `cstr` (in Nightly builds, run with -Z macro-backtrace for more info)
[INFO] [stdout] 
[INFO] [stdout] 
[INFO] [stdout] error[E0425]: cannot find value `BYTES` in this scope
[INFO] [stdout]    --> src/error.rs:267:17
[INFO] [stdout]     |
[INFO] [stdout] 267 |                 cstr!("%s").as_ptr(),
[INFO] [stdout]     |                 ^^^^^^^^^^^ not found in this scope
[INFO] [stdout]     |
[INFO] [stdout]     = note: this error originates in the macro `cstr` (in Nightly builds, run with -Z macro-backtrace for more info)
[INFO] [stdout] 
[INFO] [stdout] 
[INFO] [stdout] error[E0425]: cannot find value `BYTES` in this scope
[INFO] [stdout]    --> src/error.rs:277:17
[INFO] [stdout]     |
[INFO] [stdout] 277 |                 cstr!("%s").as_ptr(),
[INFO] [stdout]     |                 ^^^^^^^^^^^ not found in this scope
[INFO] [stdout]     |
[INFO] [stdout]     = note: this error originates in the macro `cstr` (in Nightly builds, run with -Z macro-backtrace for more info)
[INFO] [stdout] 
[INFO] [stdout] 
[INFO] [stdout] error[E0425]: cannot find value `BYTES` in this scope
[INFO] [stdout]    --> src/error.rs:287:17
[INFO] [stdout]     |
[INFO] [stdout] 287 |                 cstr!("%s").as_ptr(),
[INFO] [stdout]     |                 ^^^^^^^^^^^ not found in this scope
[INFO] [stdout]     |
[INFO] [stdout]     = note: this error originates in the macro `cstr` (in Nightly builds, run with -Z macro-backtrace for more info)
[INFO] [stdout] 
[INFO] [stdout] 
[INFO] [stdout] error[E0425]: cannot find value `BYTES` in this scope
[INFO] [stdout]    --> src/error.rs:297:17
[INFO] [stdout]     |
[INFO] [stdout] 297 |                 cstr!("%s").as_ptr(),
[INFO] [stdout]     |                 ^^^^^^^^^^^ not found in this scope
[INFO] [stdout]     |
[INFO] [stdout]     = note: this error originates in the macro `cstr` (in Nightly builds, run with -Z macro-backtrace for more info)
[INFO] [stdout] 
[INFO] [stdout] 
[INFO] [stdout] error[E0425]: cannot find value `BYTES` in this scope
[INFO] [stdout]   --> src/stdlib.rs:13:73
[INFO] [stdout]    |
[INFO] [stdout] 13 |         self.check_null(unsafe { ffi::js_init_module_std(self.as_ptr(), cstr!(std).as_ptr()) })
[INFO] [stdout]    |                                                                         ^^^^^^^^^^ not found in this scope
[INFO] [stdout]    |
[INFO] [stdout]    = note: this error originates in the macro `cstr` (in Nightly builds, run with -Z macro-backtrace for more info)
[INFO] [stdout] 
[INFO] [stdout] 
[INFO] [stdout] error[E0425]: cannot find value `BYTES` in this scope
[INFO] [stdout]   --> src/stdlib.rs:19:72
[INFO] [stdout]    |
[INFO] [stdout] 19 |         self.check_null(unsafe { ffi::js_init_module_os(self.as_ptr(), cstr!(os).as_ptr()) })
[INFO] [stdout]    |                                                                        ^^^^^^^^^ not found in this scope
[INFO] [stdout]    |
[INFO] [stdout]    = note: this error originates in the macro `cstr` (in Nightly builds, run with -Z macro-backtrace for more info)
[INFO] [stdout] 
[INFO] [stdout] 
[INFO] [stdout] error[E0425]: cannot find value `BYTES` in this scope
[INFO] [stdout]   --> src/userdata.rs:29:29
[INFO] [stdout]    |
[INFO] [stdout] 29 |                 class_name: cstr!(Userdata).as_ptr(),
[INFO] [stdout]    |                             ^^^^^^^^^^^^^^^ not found in this scope
[INFO] [stdout]    |
[INFO] [stdout]    = note: this error originates in the macro `cstr` (in Nightly builds, run with -Z macro-backtrace for more info)
[INFO] [stdout] 
[INFO] [stdout] 
[INFO] [stdout] warning: use of deprecated constant `std::f64::NAN`: replaced by the `NAN` associated constant on `f64`
[INFO] [stdout]    --> src/value.rs:633:36
[INFO] [stdout]     |
[INFO] [stdout] 633 |                 float64: std::f64::NAN,
[INFO] [stdout]     |                                    ^^^
[INFO] [stdout]     |
[INFO] [stdout]     = note: `#[warn(deprecated)]` on by default
[INFO] [stdout] 
[INFO] [stdout] 
[INFO] [stdout] For more information about this error, try `rustc --explain E0425`.
[INFO] [stdout] 
[INFO] [stderr] error: could not compile `qjs` (lib) due to 16 previous errors; 1 warning emitted
[INFO] running `Command { std: "docker" "inspect" "fb9c07f812158d45d37515a9d42f669d9f8ded653c0b295d9f99eb297840428d", kill_on_drop: false }`
[INFO] running `Command { std: "docker" "rm" "-f" "fb9c07f812158d45d37515a9d42f669d9f8ded653c0b295d9f99eb297840428d", kill_on_drop: false }`
[INFO] [stdout] fb9c07f812158d45d37515a9d42f669d9f8ded653c0b295d9f99eb297840428d
